Jun 29 03:06:47 h3ulcb systemd-udevd[433]: v4l-subdev16: Failed to run built-in command "uaccess", ignoring: Operation not supported
Jun 29 03:06:47 h3ulcb systemd-udevd[341]: v4l-subdev20: /usr/lib/udev/rules.d/60-persistent-v4l.rules:16 Importing properties from results of builtin command 'path_id'
Jun 29 03:06:47 h3ulcb kernel: usb 9-1.1.3: ath9k_htc: Transferred FW: ath9k_htc/htc_9271-1.4.0.fw, size: 51008
Jun 29 03:06:47 h3ulcb systemd-udevd[363]: v4l-subdev21: Preserve permissions of /dev/v4l-subdev21, uid=0, gid=44, mode=0660
Jun 29 03:06:47 h3ulcb systemd-udevd[336]: v4l-subdev18: Device processed (SEQNUM=4524, ACTION=add)
Jun 29 03:06:47 h3ulcb systemd-udevd[433]: v4l-subdev16: Failed to get watch handle, ignoring: No such file or directory
Jun 29 03:06:47 h3ulcb systemd-udevd[341]: v4l-subdev20: /usr/lib/udev/rules.d/70-camera.rules:7 Importing properties from results of builtin command 'hwdb 'camera:usb:vp:name:fe960000.vsp rpf.3:''
Jun 29 03:06:47 h3ulcb systemd-udevd[363]: v4l-subdev21: Handling device node '/dev/v4l-subdev21', devnum=c81:41
Jun 29 03:06:47 h3ulcb systemd-udevd[335]: v4l-subdev19: /usr/lib/udev/rules.d/73-seat-late.rules:16 RUN 'uaccess'
Jun 29 03:06:47 h3ulcb systemd-udevd[336]: v4l-subdev18: sd-device-monitor: Passed 394 byte to netlink monitor
Jun 29 03:06:47 h3ulcb systemd-udevd[433]: v4l-subdev16: Device processed (SEQNUM=4522, ACTION=add)
Jun 29 03:06:47 h3ulcb systemd-udevd[341]: v4l-subdev20: No entry found from hwdb.
Jun 29 03:06:47 h3ulcb systemd-udevd[363]: v4l-subdev21: sd-device: Created db file '/run/udev/data/c81:41' for '/devices/platform/soc/fe960000.vsp/video4linux/v4l-subdev21'
Jun 29 03:06:47 h3ulcb systemd-udevd[433]: v4l-subdev16: sd-device-monitor: Passed 394 byte to netlink monitor
Jun 29 03:06:47 h3ulcb systemd-udevd[341]: v4l-subdev20: /usr/lib/udev/rules.d/70-camera.rules:7 Failed to run builtin 'hwdb 'camera:usb:vp:name:fe960000.vsp rpf.3:'': No data available
Jun 29 03:06:47 h3ulcb systemd[1]: dev-disk-by\x2dpath-platform\x2dee140000.mmc\x2dpart2.device: Changed dead -> plugged
Jun 29 03:06:47 h3ulcb systemd-udevd[363]: v4l-subdev21: Running built-in command "uaccess"
Jun 29 03:06:47 h3ulcb systemd-udevd[341]: v4l-subdev20: /usr/lib/udev/rules.d/73-seat-late.rules:16 RUN 'uaccess'
Jun 29 03:06:47 h3ulcb systemd-udevd[335]: v4l-subdev19: Preserve permissions of /dev/v4l-subdev19, uid=0, gid=44, mode=0660
Jun 29 03:06:47 h3ulcb systemd[1]: dev-disk-by\x2dpartuuid-6a130b0e\x2d02.device: Changed dead -> plugged
Jun 29 03:06:47 h3ulcb systemd-udevd[331]: video15: sd-device-monitor: Passed 226 byte to netlink monitor
Jun 29 03:06:47 h3ulcb systemd-udevd[363]: v4l-subdev21: Failed to apply ACL: Operation not supported
Jun 29 03:06:47 h3ulcb systemd-udevd[335]: v4l-subdev19: Handling device node '/dev/v4l-subdev19', devnum=c81:39
Jun 29 03:06:47 h3ulcb systemd[1]: dev-disk-by\x2did-mmc\x2dCJUD4R_0xe0555fef\x2dpart2.device: Changed dead -> plugged
Jun 29 03:06:47 h3ulcb systemd-udevd[341]: v4l-subdev20: Preserve permissions of /dev/v4l-subdev20, uid=0, gid=44, mode=0660
Jun 29 03:06:47 h3ulcb systemd-udevd[331]: video16: Device ready for processing (SEQNUM=4531, ACTION=add)
Jun 29 03:06:47 h3ulcb systemd-udevd[363]: v4l-subdev21: Failed to run built-in command "uaccess", ignoring: Operation not supported
Jun 29 03:06:47 h3ulcb systemd[1]: dev-disk-by\x2dlabel-panasonic_navi.device: Changed dead -> plugged
Jun 29 03:06:47 h3ulcb systemd-udevd[341]: v4l-subdev20: Handling device node '/dev/v4l-subdev20', devnum=c81:40
Jun 29 03:06:47 h3ulcb systemd-udevd[331]: video16: sd-device-monitor: Passed 226 byte to netlink monitor
Jun 29 03:06:47 h3ulcb systemd-udevd[363]: v4l-subdev21: Failed to get watch handle, ignoring: No such file or directory
Jun 29 03:06:47 h3ulcb systemd-udevd[373]: video16: Processing device (SEQNUM=4531, ACTION=add)
Jun 29 03:06:47 h3ulcb systemd-udevd[335]: v4l-subdev19: sd-device: Created db file '/run/udev/data/c81:39' for '/devices/platform/soc/fe960000.vsp/video4linux/v4l-subdev19'
Jun 29 03:06:47 h3ulcb systemd[1]: dev-disk-by\x2duuid-7536c307\x2dffc2\x2d4c92\x2d9503\x2da0a039abf925.device: Changed dead -> plugged
Jun 29 03:06:47 h3ulcb systemd-udevd[331]: video17: Device ready for processing (SEQNUM=4532, ACTION=add)
Jun 29 03:06:47 h3ulcb systemd-udevd[341]: v4l-subdev20: sd-device: Created db file '/run/udev/data/c81:40' for '/devices/platform/soc/fe960000.vsp/video4linux/v4l-subdev20'
Jun 29 03:06:47 h3ulcb systemd-udevd[368]: video17: Processing device (SEQNUM=4532, ACTION=add)
Jun 29 03:06:47 h3ulcb systemd-udevd[368]: video17: Failed to get watch handle, ignoring: No such file or directory
Jun 29 03:06:47 h3ulcb systemd-udevd[335]: v4l-subdev19: Running built-in command "uaccess"
Jun 29 03:06:47 h3ulcb systemd[1]: dev-mmcblk0p2.device: Changed dead -> plugged
Jun 29 03:06:47 h3ulcb systemd-udevd[331]: video17: sd-device-monitor: Passed 226 byte to netlink monitor
Jun 29 03:06:47 h3ulcb systemd-udevd[341]: v4l-subdev20: Running built-in command "uaccess"
Jun 29 03:06:47 h3ulcb systemd-udevd[363]: v4l-subdev21: Device processed (SEQNUM=4527, ACTION=add)
Jun 29 03:06:47 h3ulcb systemd-udevd[373]: video16: Failed to get watch handle, ignoring: No such file or directory
Jun 29 03:06:47 h3ulcb systemd-udevd[335]: v4l-subdev19: Failed to apply ACL: Operation not supported
Jun 29 03:06:47 h3ulcb systemd[1]: sys-devices-platform-soc-ee140000.mmc-mmc_host-mmc0-mmc0:0001-block-mmcblk0-mmcblk0p2.device: Changed dead -> plugged
Jun 29 03:06:47 h3ulcb systemd-udevd[368]: video17: /usr/lib/udev/rules.d/50-udev-default.rules:33 GROUP 44
Jun 29 03:06:47 h3ulcb systemd-udevd[341]: v4l-subdev20: Failed to apply ACL: Operation not supported
Jun 29 03:06:47 h3ulcb systemd-udevd[331]: video18: Device is queued (SEQNUM=4533, ACTION=add)
Jun 29 03:06:47 h3ulcb systemd-udevd[363]: v4l-subdev21: sd-device-monitor: Passed 394 byte to netlink monitor
Jun 29 03:06:47 h3ulcb systemd-udevd[335]: v4l-subdev19: Failed to run built-in command "uaccess", ignoring: Operation not supported
Jun 29 03:06:47 h3ulcb systemd-udevd[373]: video16: /usr/lib/udev/rules.d/50-udev-default.rules:33 GROUP 44
Jun 29 03:06:47 h3ulcb systemd-udevd[436]: v4l-subdev22: Process 'v4l_id /dev/v4l-subdev22' succeeded.
Jun 29 03:06:47 h3ulcb systemd-udevd[341]: v4l-subdev20: Failed to run built-in command "uaccess", ignoring: Operation not supported
Jun 29 03:06:47 h3ulcb systemd-udevd[368]: video17: /usr/lib/udev/rules.d/60-persistent-v4l.rules:7 Importing properties from results of 'v4l_id /dev/video17'
Jun 29 03:06:47 h3ulcb systemd-udevd[331]: video18: Device ready for processing (SEQNUM=4533, ACTION=add)
Jun 29 03:06:47 h3ulcb systemd-udevd[343]: video15: 'v4l_id /dev/video15'(out) 'ID_V4L_VERSION=2'
Jun 29 03:06:47 h3ulcb systemd-udevd[344]: video18: Processing device (SEQNUM=4533, ACTION=add)
Jun 29 03:06:47 h3ulcb systemd-udevd[373]: video16: /usr/lib/udev/rules.d/60-persistent-v4l.rules:7 Importing properties from results of 'v4l_id /dev/video16'
Jun 29 03:06:47 h3ulcb systemd-udevd[341]: v4l-subdev20: Failed to get watch handle, ignoring: No such file or directory
Jun 29 03:06:47 h3ulcb systemd-udevd[368]: video17: Starting 'v4l_id /dev/video17'
Jun 29 03:06:47 h3ulcb systemd-udevd[331]: video18: sd-device-monitor: Passed 226 byte to netlink monitor
Jun 29 03:06:47 h3ulcb systemd-udevd[343]: video15: 'v4l_id /dev/video15'(out) 'ID_V4L_PRODUCT=fe960000.vsp rpf.1 input'
Jun 29 03:06:47 h3ulcb systemd-udevd[335]: v4l-subdev19: Failed to get watch handle, ignoring: No such file or directory
Jun 29 03:06:47 h3ulcb systemd-udevd[436]: v4l-subdev22: /usr/lib/udev/rules.d/60-persistent-v4l.rules:16 Importing properties from results of builtin command 'path_id'
Jun 29 03:06:47 h3ulcb systemd-udevd[344]: video18: Failed to get watch handle, ignoring: No such file or directory
Jun 29 03:06:47 h3ulcb systemd-udevd[373]: video16: Starting 'v4l_id /dev/video16'
Jun 29 03:06:47 h3ulcb systemd-udevd[341]: v4l-subdev20: Device processed (SEQNUM=4526, ACTION=add)
Jun 29 03:06:47 h3ulcb systemd-udevd[343]: video15: 'v4l_id /dev/video15'(out) 'ID_V4L_CAPABILITIES=:video_output:'
Jun 29 03:06:47 h3ulcb systemd-udevd[335]: v4l-subdev19: Device processed (SEQNUM=4525, ACTION=add)
Jun 29 03:06:47 h3ulcb systemd-udevd[331]: video19: Device is queued (SEQNUM=4534, ACTION=add)
Jun 29 03:06:47 h3ulcb systemd-udevd[436]: v4l-subdev22: /usr/lib/udev/rules.d/70-camera.rules:7 Importing properties from results of builtin command 'hwdb 'camera:usb:vp:name:fe960000.vsp wpf.0:''
Jun 29 03:06:47 h3ulcb systemd-udevd[368]: Successfully forked off '(spawn)' as PID 538.
Jun 29 03:06:47 h3ulcb systemd-udevd[341]: v4l-subdev20: sd-device-monitor: Passed 394 byte to netlink monitor
Jun 29 03:06:47 h3ulcb systemd-udevd[434]: video14: 'v4l_id /dev/video14'(out) 'ID_V4L_VERSION=2'
Jun 29 03:06:47 h3ulcb systemd-udevd[343]: video15: Process 'v4l_id /dev/video15' succeeded.
Jun 29 03:06:47 h3ulcb systemd-udevd[344]: video18: /usr/lib/udev/rules.d/50-udev-default.rules:33 GROUP 44
Jun 29 03:06:47 h3ulcb systemd-udevd[335]: v4l-subdev19: sd-device-monitor: Passed 394 byte to netlink monitor
Jun 29 03:06:47 h3ulcb systemd-udevd[344]: video18: /usr/lib/udev/rules.d/60-persistent-v4l.rules:7 Importing properties from results of 'v4l_id /dev/video18'
Jun 29 03:06:47 h3ulcb systemd-udevd[373]: Successfully forked off '(spawn)' as PID 539.
Jun 29 03:06:47 h3ulcb systemd-udevd[436]: v4l-subdev22: No entry found from hwdb.
Jun 29 03:06:47 h3ulcb systemd-udevd[434]: video14: 'v4l_id /dev/video14'(out) 'ID_V4L_PRODUCT=fe960000.vsp rpf.0 input'
Jun 29 03:06:47 h3ulcb systemd-udevd[331]: video19: Device ready for processing (SEQNUM=4534, ACTION=add)
Jun 29 03:06:47 h3ulcb systemd-udevd[344]: video18: Starting 'v4l_id /dev/video18'
Jun 29 03:06:47 h3ulcb systemd-udevd[436]: v4l-subdev22: /usr/lib/udev/rules.d/70-camera.rules:7 Failed to run builtin 'hwdb 'camera:usb:vp:name:fe960000.vsp wpf.0:'': No data available
Jun 29 03:06:47 h3ulcb systemd-udevd[343]: video15: /usr/lib/udev/rules.d/60-persistent-v4l.rules:16 Importing properties from results of builtin command 'path_id'
Jun 29 03:06:47 h3ulcb systemd-udevd[434]: video14: 'v4l_id /dev/video14'(out) 'ID_V4L_CAPABILITIES=:video_output:'
Jun 29 03:06:47 h3ulcb systemd-udevd[331]: video19: sd-device-monitor: Passed 226 byte to netlink monitor
Jun 29 03:06:47 h3ulcb systemd-udevd[435]: video19: Processing device (SEQNUM=4534, ACTION=add)
Jun 29 03:06:47 h3ulcb systemd-udevd[343]: video15: /usr/lib/udev/rules.d/60-persistent-v4l.rules:17 LINK 'v4l/by-path/platform-fe960000.vsp-video-index1'
Jun 29 03:06:47 h3ulcb systemd-udevd[436]: v4l-subdev22: /usr/lib/udev/rules.d/73-seat-late.rules:16 RUN 'uaccess'
Jun 29 03:06:47 h3ulcb systemd-udevd[434]: video14: Process 'v4l_id /dev/video14' succeeded.
Jun 29 03:06:47 h3ulcb systemd-udevd[435]: video19: Failed to get watch handle, ignoring: No such file or directory
Jun 29 03:06:47 h3ulcb systemd-udevd[331]: fe960000.vspm: Device is queued (SEQNUM=4535, ACTION=add)
Jun 29 03:06:47 h3ulcb systemd-udevd[435]: video19: /usr/lib/udev/rules.d/50-udev-default.rules:33 GROUP 44
Jun 29 03:06:47 h3ulcb systemd-udevd[435]: video19: /usr/lib/udev/rules.d/60-persistent-v4l.rules:7 Importing properties from results of 'v4l_id /dev/video19'
Jun 29 03:06:47 h3ulcb systemd-udevd[436]: v4l-subdev22: Preserve permissions of /dev/v4l-subdev22, uid=0, gid=44, mode=0660
Jun 29 03:06:47 h3ulcb systemd-udevd[331]: fe960000.vspm: Device ready for processing (SEQNUM=4535, ACTION=add)
Jun 29 03:06:47 h3ulcb systemd-udevd[344]: Successfully forked off '(spawn)' as PID 540.
Jun 29 03:06:47 h3ulcb systemd-udevd[434]: video14: /usr/lib/udev/rules.d/60-persistent-v4l.rules:16 Importing properties from results of builtin command 'path_id'
Jun 29 03:06:47 h3ulcb systemd-udevd[435]: video19: Starting 'v4l_id /dev/video19'
Jun 29 03:06:47 h3ulcb systemd-udevd[436]: v4l-subdev22: Handling device node '/dev/v4l-subdev22', devnum=c81:42
Jun 29 03:06:47 h3ulcb systemd-udevd[331]: fe960000.vspm: sd-device-monitor: Passed 310 byte to netlink monitor
Jun 29 03:06:47 h3ulcb systemd-udevd[433]: fe960000.vspm: Processing device (SEQNUM=4535, ACTION=add)
Jun 29 03:06:47 h3ulcb systemd-udevd[343]: video15: /usr/lib/udev/rules.d/70-camera.rules:7 Importing properties from results of builtin command 'hwdb 'camera:usb:vp:name:fe960000.vsp rpf.1 input:''
Jun 29 03:06:47 h3ulcb systemd-udevd[434]: video14: /usr/lib/udev/rules.d/60-persistent-v4l.rules:17 LINK 'v4l/by-path/platform-fe960000.vsp-video-index0'
Jun 29 03:06:47 h3ulcb systemd-udevd[436]: v4l-subdev22: sd-device: Created db file '/run/udev/data/c81:42' for '/devices/platform/soc/fe960000.vsp/video4linux/v4l-subdev22'
Jun 29 03:06:47 h3ulcb systemd-udevd[435]: Successfully forked off '(spawn)' as PID 541.
Jun 29 03:06:47 h3ulcb systemd-udevd[343]: video15: No entry found from hwdb.
Jun 29 03:06:47 h3ulcb systemd-udevd[331]: fe980000.iommu: Device is queued (SEQNUM=4536, ACTION=add)
Jun 29 03:06:47 h3ulcb systemd-udevd[433]: fe960000.vspm: /usr/lib/udev/rules.d/50-udev-default.rules:14 Importing properties from results of builtin command 'hwdb --subsystem=platform'
Jun 29 03:06:47 h3ulcb systemd-udevd[434]: video14: /usr/lib/udev/rules.d/70-camera.rules:7 Importing properties from results of builtin command 'hwdb 'camera:usb:vp:name:fe960000.vsp rpf.0 input:''
Jun 29 03:06:47 h3ulcb systemd-udevd[436]: v4l-subdev22: Running built-in command "uaccess"
Jun 29 03:06:47 h3ulcb systemd-udevd[343]: video15: /usr/lib/udev/rules.d/70-camera.rules:7 Failed to run builtin 'hwdb 'camera:usb:vp:name:fe960000.vsp rpf.1 input:'': No data available
Jun 29 03:06:47 h3ulcb systemd-udevd[331]: fe980000.iommu: Device ready for processing (SEQNUM=4536, ACTION=add)
Jun 29 03:06:47 h3ulcb systemd-udevd[437]: fe980000.iommu: Processing device (SEQNUM=4536, ACTION=add)
Jun 29 03:06:47 h3ulcb systemd-udevd[434]: video14: No entry found from hwdb.
Jun 29 03:06:47 h3ulcb systemd-udevd[436]: v4l-subdev22: Failed to apply ACL: Operation not supported
Jun 29 03:06:47 h3ulcb systemd-udevd[331]: fe980000.iommu: sd-device-monitor: Passed 324 byte to netlink monitor
Jun 29 03:06:47 h3ulcb systemd-udevd[434]: video14: /usr/lib/udev/rules.d/70-camera.rules:7 Failed to run builtin 'hwdb 'camera:usb:vp:name:fe960000.vsp rpf.0 input:'': No data available
Jun 29 03:06:47 h3ulcb systemd-udevd[437]: fe980000.iommu: /usr/lib/udev/rules.d/50-udev-default.rules:14 Importing properties from results of builtin command 'hwdb --subsystem=platform'
Jun 29 03:06:47 h3ulcb systemd-udevd[433]: fe960000.vspm: hwdb modalias key: "of:NvspmT(null)Crenesas,vspm"
Jun 29 03:06:47 h3ulcb systemd-udevd[436]: v4l-subdev22: Failed to run built-in command "uaccess", ignoring: Operation not supported
Jun 29 03:06:47 h3ulcb systemd-udevd[433]: fe960000.vspm: hwdb modalias key: "of:NsocT(null)Csimple-bus"
Jun 29 03:06:47 h3ulcb systemd-udevd[437]: fe980000.iommu: hwdb modalias key: "of:NiommuT(null)Crenesas,ipmmu-mmu-r8a7795"
Jun 29 03:06:47 h3ulcb systemd-udevd[331]: fe9a0000.vsp: Device is queued (SEQNUM=4537, ACTION=add)
Jun 29 03:06:47 h3ulcb systemd-udevd[436]: v4l-subdev22: Failed to get watch handle, ignoring: No such file or directory
Jun 29 03:06:47 h3ulcb systemd-udevd[343]: video15: /usr/lib/udev/rules.d/73-seat-late.rules:16 RUN 'uaccess'
Jun 29 03:06:47 h3ulcb systemd-udevd[434]: video14: /usr/lib/udev/rules.d/73-seat-late.rules:16 RUN 'uaccess'
Jun 29 03:06:47 h3ulcb systemd-udevd[433]: fe960000.vspm: No entry found from hwdb.
Jun 29 03:06:47 h3ulcb systemd-udevd[331]: fe9a0000.vsp: Device ready for processing (SEQNUM=4537, ACTION=add)
Jun 29 03:06:47 h3ulcb systemd-udevd[436]: v4l-subdev22: Device processed (SEQNUM=4528, ACTION=add)
Jun 29 03:06:47 h3ulcb systemd-udevd[437]: fe980000.iommu: hwdb modalias key: "of:NsocT(null)Csimple-bus"
Jun 29 03:06:47 h3ulcb systemd-udevd[433]: fe960000.vspm: /usr/lib/udev/rules.d/50-udev-default.rules:14 Failed to run builtin 'hwdb --subsystem=platform': No data available
Jun 29 03:06:47 h3ulcb systemd-udevd[434]: video14: Preserve permissions of /dev/video14, uid=0, gid=44, mode=0660
Jun 29 03:06:47 h3ulcb systemd-udevd[343]: video15: Preserve permissions of /dev/video15, uid=0, gid=44, mode=0660
Jun 29 03:06:47 h3ulcb systemd-udevd[331]: fe9a0000.vsp: sd-device-monitor: Passed 312 byte to netlink monitor
Jun 29 03:06:47 h3ulcb systemd-udevd[336]: fe9a0000.vsp: Processing device (SEQNUM=4537, ACTION=add)
Jun 29 03:06:47 h3ulcb systemd-udevd[436]: v4l-subdev22: sd-device-monitor: Passed 394 byte to netlink monitor
Jun 29 03:06:47 h3ulcb systemd-udevd[336]: fe9a0000.vsp: /usr/lib/udev/rules.d/50-udev-default.rules:14 Importing properties from results of builtin command 'hwdb --subsystem=platform'
Jun 29 03:06:47 h3ulcb systemd-udevd[437]: fe980000.iommu: No entry found from hwdb.
Jun 29 03:06:47 h3ulcb systemd-udevd[434]: video14: Handling device node '/dev/video14', devnum=c81:30
Jun 29 03:06:47 h3ulcb systemd-udevd[343]: video15: Handling device node '/dev/video15', devnum=c81:31
Jun 29 03:06:47 h3ulcb systemd-udevd[331]: media3: Device is queued (SEQNUM=4538, ACTION=add)
Jun 29 03:06:47 h3ulcb systemd-udevd[433]: fe960000.vspm: /usr/lib/udev/rules.d/60-drm.rules:3 Importing properties from results of builtin command 'path_id'
Jun 29 03:06:47 h3ulcb systemd-udevd[336]: fe9a0000.vsp: hwdb modalias key: "of:NvspT(null)Crenesas,vspm-vsp2"
Jun 29 03:06:47 h3ulcb systemd-udevd[433]: fe960000.vspm: /usr/lib/udev/rules.d/80-drivers.rules:5 RUN 'kmod load '$env{MODALIAS}''
Jun 29 03:06:47 h3ulcb systemd-udevd[373]: video16: 'v4l_id /dev/video16'(out) 'ID_V4L_VERSION=2'
Jun 29 03:06:47 h3ulcb systemd-udevd[434]: video14: sd-device: Created db file '/run/udev/data/c81:30' for '/devices/platform/soc/fe960000.vsp/video4linux/video14'
Jun 29 03:06:47 h3ulcb systemd-udevd[343]: video15: sd-device: Created db file '/run/udev/data/c81:31' for '/devices/platform/soc/fe960000.vsp/video4linux/video15'
Jun 29 03:06:47 h3ulcb systemd-udevd[344]: video18: 'v4l_id /dev/video18'(out) 'ID_V4L_VERSION=2'
Jun 29 03:06:47 h3ulcb systemd-udevd[437]: fe980000.iommu: /usr/lib/udev/rules.d/50-udev-default.rules:14 Failed to run builtin 'hwdb --subsystem=platform': No data available
Jun 29 03:06:47 h3ulcb systemd-udevd[331]: media3: SEQNUM=4538 blocked by SEQNUM=4537
Jun 29 03:06:47 h3ulcb systemd-udevd[373]: video16: 'v4l_id /dev/video16'(out) 'ID_V4L_PRODUCT=fe960000.vsp rpf.2 input'
Jun 29 03:06:47 h3ulcb systemd-udevd[336]: fe9a0000.vsp: hwdb modalias key: "of:NsocT(null)Csimple-bus"
Jun 29 03:06:47 h3ulcb systemd-udevd[434]: video14: Running built-in command "uaccess"
Jun 29 03:06:47 h3ulcb systemd-udevd[343]: video15: Running built-in command "uaccess"
Jun 29 03:06:47 h3ulcb systemd-udevd[433]: fe960000.vspm: sd-device: Created db file '/run/udev/data/+platform:fe960000.vspm' for '/devices/platform/soc/fe960000.vspm'
Jun 29 03:06:47 h3ulcb systemd-udevd[344]: video18: 'v4l_id /dev/video18'(out) 'ID_V4L_PRODUCT=fe960000.vsp rpf.4 input'
Jun 29 03:06:47 h3ulcb systemd-udevd[368]: video17: 'v4l_id /dev/video17'(out) 'ID_V4L_VERSION=2'
Jun 29 03:06:47 h3ulcb systemd-udevd[437]: fe980000.iommu: /usr/lib/udev/rules.d/60-drm.rules:3 Importing properties from results of builtin command 'path_id'
Jun 29 03:06:47 h3ulcb systemd-udevd[373]: video16: 'v4l_id /dev/video16'(out) 'ID_V4L_CAPABILITIES=:video_output:'
Jun 29 03:06:47 h3ulcb systemd-udevd[336]: fe9a0000.vsp: No entry found from hwdb.
Jun 29 03:06:47 h3ulcb systemd-udevd[331]: v4l-subdev23: Device is queued (SEQNUM=4539, ACTION=add)
Jun 29 03:06:47 h3ulcb systemd-udevd[434]: video14: Failed to apply ACL: Operation not supported
Jun 29 03:06:47 h3ulcb systemd-udevd[343]: video15: Failed to apply ACL: Operation not supported
Jun 29 03:06:47 h3ulcb systemd-udevd[433]: fe960000.vspm: Running built-in command "kmod load 'of:NvspmT(null)Crenesas,vspm'"
Jun 29 03:06:47 h3ulcb systemd-udevd[344]: video18: 'v4l_id /dev/video18'(out) 'ID_V4L_CAPABILITIES=:video_output:'
Jun 29 03:06:47 h3ulcb systemd-udevd[368]: video17: 'v4l_id /dev/video17'(out) 'ID_V4L_PRODUCT=fe960000.vsp rpf.3 input'
Jun 29 03:06:47 h3ulcb systemd-udevd[373]: video16: Process 'v4l_id /dev/video16' succeeded.
Jun 29 03:06:47 h3ulcb systemd-udevd[336]: fe9a0000.vsp: /usr/lib/udev/rules.d/50-udev-default.rules:14 Failed to run builtin 'hwdb --subsystem=platform': No data available
Jun 29 03:06:47 h3ulcb systemd-udevd[437]: fe980000.iommu: /usr/lib/udev/rules.d/80-drivers.rules:5 RUN 'kmod load '$env{MODALIAS}''
Jun 29 03:06:47 h3ulcb systemd-udevd[435]: video19: 'v4l_id /dev/video19'(out) 'ID_V4L_VERSION=2'
Jun 29 03:06:47 h3ulcb systemd-udevd[331]: v4l-subdev23: SEQNUM=4539 blocked by SEQNUM=4537
Jun 29 03:06:47 h3ulcb systemd-udevd[434]: video14: Failed to run built-in command "uaccess", ignoring: Operation not supported
Jun 29 03:06:47 h3ulcb systemd-udevd[343]: video15: Failed to run built-in command "uaccess", ignoring: Operation not supported
Jun 29 03:06:47 h3ulcb systemd-udevd[433]: Loading module: of:NvspmT(null)Crenesas,vspm
Jun 29 03:06:47 h3ulcb systemd-udevd[344]: video18: Process 'v4l_id /dev/video18' succeeded.
Jun 29 03:06:47 h3ulcb systemd-udevd[368]: video17: 'v4l_id /dev/video17'(out) 'ID_V4L_CAPABILITIES=:video_output:'
Jun 29 03:06:47 h3ulcb systemd-udevd[336]: fe9a0000.vsp: /usr/lib/udev/rules.d/60-drm.rules:3 Importing properties from results of builtin command 'path_id'
Jun 29 03:06:47 h3ulcb systemd-udevd[435]: video19: 'v4l_id /dev/video19'(out) 'ID_V4L_PRODUCT=fe960000.vsp wpf.0 output'
Jun 29 03:06:47 h3ulcb systemd-udevd[373]: video16: /usr/lib/udev/rules.d/60-persistent-v4l.rules:16 Importing properties from results of builtin command 'path_id'
Jun 29 03:06:47 h3ulcb systemd-udevd[434]: video14: Failed to get watch handle, ignoring: No such file or directory
Jun 29 03:06:47 h3ulcb systemd-udevd[437]: fe980000.iommu: sd-device: Created db file '/run/udev/data/+platform:fe980000.iommu' for '/devices/platform/soc/fe980000.iommu'
Jun 29 03:06:47 h3ulcb systemd-udevd[331]: v4l-subdev24: Device is queued (SEQNUM=4540, ACTION=add)
Jun 29 03:06:47 h3ulcb systemd-udevd[343]: video15: Failed to get watch handle, ignoring: No such file or directory
Jun 29 03:06:47 h3ulcb systemd-udevd[368]: video17: Process 'v4l_id /dev/video17' succeeded.
Jun 29 03:06:47 h3ulcb systemd-udevd[435]: video19: 'v4l_id /dev/video19'(out) 'ID_V4L_CAPABILITIES=:capture:'
Jun 29 03:06:47 h3ulcb systemd-udevd[336]: fe9a0000.vsp: /usr/lib/udev/rules.d/80-drivers.rules:5 RUN 'kmod load '$env{MODALIAS}''
Jun 29 03:06:47 h3ulcb systemd-udevd[373]: video16: /usr/lib/udev/rules.d/60-persistent-v4l.rules:17 LINK 'v4l/by-path/platform-fe960000.vsp-video-index2'
Jun 29 03:06:47 h3ulcb systemd-udevd[373]: video16: /usr/lib/udev/rules.d/70-camera.rules:7 Importing properties from results of builtin command 'hwdb 'camera:usb:vp:name:fe960000.vsp rpf.2 input:''
Jun 29 03:06:47 h3ulcb systemd-udevd[336]: fe9a0000.vsp: sd-device: Created db file '/run/udev/data/+platform:fe9a0000.vsp' for '/devices/platform/soc/fe9a0000.vsp'
Jun 29 03:06:47 h3ulcb systemd-udevd[331]: v4l-subdev24: SEQNUM=4540 blocked by SEQNUM=4537
Jun 29 03:06:47 h3ulcb systemd-udevd[344]: video18: /usr/lib/udev/rules.d/60-persistent-v4l.rules:16 Importing properties from results of builtin command 'path_id'
Jun 29 03:06:47 h3ulcb systemd-udevd[368]: video17: /usr/lib/udev/rules.d/60-persistent-v4l.rules:16 Importing properties from results of builtin command 'path_id'
Jun 29 03:06:47 h3ulcb systemd-udevd[331]: v4l-subdev25: Device is queued (SEQNUM=4541, ACTION=add)
Jun 29 03:06:47 h3ulcb systemd-udevd[434]: video14: Device processed (SEQNUM=4529, ACTION=add)
Jun 29 03:06:47 h3ulcb systemd-udevd[373]: video16: No entry found from hwdb.
Jun 29 03:06:47 h3ulcb systemd-udevd[437]: fe980000.iommu: Running built-in command "kmod load 'of:NiommuT(null)Crenesas,ipmmu-mmu-r8a7795'"
Jun 29 03:06:47 h3ulcb systemd-udevd[336]: fe9a0000.vsp: Running built-in command "kmod load 'of:NvspT(null)Crenesas,vspm-vsp2'"
Jun 29 03:06:47 h3ulcb systemd-udevd[344]: video18: /usr/lib/udev/rules.d/60-persistent-v4l.rules:17 LINK 'v4l/by-path/platform-fe960000.vsp-video-index4'
Jun 29 03:06:47 h3ulcb systemd-udevd[343]: video15: Device processed (SEQNUM=4530, ACTION=add)
Jun 29 03:06:47 h3ulcb systemd-udevd[343]: video15: sd-device-monitor: Passed 537 byte to netlink monitor
Jun 29 03:06:47 h3ulcb systemd-udevd[435]: video19: Process 'v4l_id /dev/video19' succeeded.
Jun 29 03:06:47 h3ulcb systemd-udevd[331]: v4l-subdev25: SEQNUM=4541 blocked by SEQNUM=4537
Jun 29 03:06:47 h3ulcb systemd-udevd[373]: video16: /usr/lib/udev/rules.d/70-camera.rules:7 Failed to run builtin 'hwdb 'camera:usb:vp:name:fe960000.vsp rpf.2 input:'': No data available
Jun 29 03:06:47 h3ulcb systemd-udevd[434]: video14: sd-device-monitor: Passed 537 byte to netlink monitor
Jun 29 03:06:47 h3ulcb systemd-udevd[437]: Loading module: of:NiommuT(null)Crenesas,ipmmu-mmu-r8a7795
Jun 29 03:06:47 h3ulcb systemd-udevd[336]: Loading module: of:NvspT(null)Crenesas,vspm-vsp2
Jun 29 03:06:47 h3ulcb systemd-udevd[433]: Module 'uio_pdrv_genirq' is already loaded
Jun 29 03:06:47 h3ulcb systemd-udevd[344]: video18: /usr/lib/udev/rules.d/70-camera.rules:7 Importing properties from results of builtin command 'hwdb 'camera:usb:vp:name:fe960000.vsp rpf.4 input:''
Jun 29 03:06:47 h3ulcb systemd-udevd[368]: video17: /usr/lib/udev/rules.d/60-persistent-v4l.rules:17 LINK 'v4l/by-path/platform-fe960000.vsp-video-index3'
Jun 29 03:06:47 h3ulcb systemd-udevd[373]: video16: /usr/lib/udev/rules.d/73-seat-late.rules:16 RUN 'uaccess'
Jun 29 03:06:47 h3ulcb systemd-udevd[331]: v4l-subdev26: Device is queued (SEQNUM=4542, ACTION=add)
Jun 29 03:06:47 h3ulcb systemd-udevd[433]: Module 'uio_pdrv_genirq' is already loaded
Jun 29 03:06:47 h3ulcb systemd-udevd[344]: video18: No entry found from hwdb.
Jun 29 03:06:47 h3ulcb systemd-udevd[435]: video19: /usr/lib/udev/rules.d/60-persistent-v4l.rules:16 Importing properties from results of builtin command 'path_id'
Jun 29 03:06:47 h3ulcb systemd-udevd[368]: video17: /usr/lib/udev/rules.d/70-camera.rules:7 Importing properties from results of builtin command 'hwdb 'camera:usb:vp:name:fe960000.vsp rpf.3 input:''
Jun 29 03:06:47 h3ulcb systemd-udevd[331]: v4l-subdev26: SEQNUM=4542 blocked by SEQNUM=4537
Jun 29 03:06:47 h3ulcb systemd-udevd[373]: video16: Preserve permissions of /dev/video16, uid=0, gid=44, mode=0660
Jun 29 03:06:47 h3ulcb systemd-udevd[433]: fe960000.vspm: Device processed (SEQNUM=4535, ACTION=add)
Jun 29 03:06:47 h3ulcb systemd-udevd[433]: fe960000.vspm: sd-device-monitor: Passed 375 byte to netlink monitor
Jun 29 03:06:47 h3ulcb systemd-udevd[435]: video19: /usr/lib/udev/rules.d/60-persistent-v4l.rules:17 LINK 'v4l/by-path/platform-fe960000.vsp-video-index5'
Jun 29 03:06:47 h3ulcb systemd-udevd[368]: video17: No entry found from hwdb.
Jun 29 03:06:47 h3ulcb systemd-udevd[336]: Module 'uio_pdrv_genirq' is already loaded
Jun 29 03:06:47 h3ulcb systemd-udevd[373]: video16: Handling device node '/dev/video16', devnum=c81:32
Jun 29 03:06:47 h3ulcb systemd-udevd[344]: video18: /usr/lib/udev/rules.d/70-camera.rules:7 Failed to run builtin 'hwdb 'camera:usb:vp:name:fe960000.vsp rpf.4 input:'': No data available
Jun 29 03:06:47 h3ulcb systemd-udevd[331]: v4l-subdev27: Device is queued (SEQNUM=4543, ACTION=add)
Jun 29 03:06:47 h3ulcb systemd-udevd[368]: video17: /usr/lib/udev/rules.d/70-camera.rules:7 Failed to run builtin 'hwdb 'camera:usb:vp:name:fe960000.vsp rpf.3 input:'': No data available
Jun 29 03:06:47 h3ulcb systemd-udevd[435]: video19: /usr/lib/udev/rules.d/70-camera.rules:7 Importing properties from results of builtin command 'hwdb 'camera:usb:vp:name:fe960000.vsp wpf.0 output:''
Jun 29 03:06:47 h3ulcb systemd-udevd[336]: Module 'uio_pdrv_genirq' is already loaded
Jun 29 03:06:47 h3ulcb systemd-udevd[331]: v4l-subdev27: SEQNUM=4543 blocked by SEQNUM=4537
Jun 29 03:06:47 h3ulcb systemd-udevd[373]: video16: sd-device: Created db file '/run/udev/data/c81:32' for '/devices/platform/soc/fe960000.vsp/video4linux/video16'
Jun 29 03:06:47 h3ulcb systemd-udevd[435]: video19: No entry found from hwdb.
Jun 29 03:06:47 h3ulcb systemd-udevd[344]: video18: /usr/lib/udev/rules.d/73-seat-late.rules:16 RUN 'uaccess'
Jun 29 03:06:47 h3ulcb systemd-udevd[336]: Module 'vsp2' is already loaded
Jun 29 03:06:47 h3ulcb systemd-udevd[437]: Module 'uio_pdrv_genirq' is already loaded
Jun 29 03:06:47 h3ulcb systemd-udevd[368]: video17: /usr/lib/udev/rules.d/73-seat-late.rules:16 RUN 'uaccess'
Jun 29 03:06:47 h3ulcb systemd-udevd[373]: video16: Running built-in command "uaccess"
Jun 29 03:06:47 h3ulcb systemd-udevd[435]: video19: /usr/lib/udev/rules.d/70-camera.rules:7 Failed to run builtin 'hwdb 'camera:usb:vp:name:fe960000.vsp wpf.0 output:'': No data available
Jun 29 03:06:47 h3ulcb systemd-udevd[331]: v4l-subdev28: Device is queued (SEQNUM=4544, ACTION=add)
Jun 29 03:06:47 h3ulcb systemd-udevd[336]: fe9a0000.vsp: Device processed (SEQNUM=4537, ACTION=add)
Jun 29 03:06:47 h3ulcb systemd-udevd[437]: Module 'uio_pdrv_genirq' is already loaded
Jun 29 03:06:47 h3ulcb systemd-udevd[344]: video18: Preserve permissions of /dev/video18, uid=0, gid=44, mode=0660
Jun 29 03:06:47 h3ulcb systemd-udevd[373]: video16: Failed to apply ACL: Operation not supported
Jun 29 03:06:47 h3ulcb systemd-udevd[331]: v4l-subdev28: SEQNUM=4544 blocked by SEQNUM=4537
Jun 29 03:06:47 h3ulcb systemd-udevd[368]: video17: Preserve permissions of /dev/video17, uid=0, gid=44, mode=0660
Jun 29 03:06:47 h3ulcb systemd-udevd[336]: fe9a0000.vsp: sd-device-monitor: Passed 376 byte to netlink monitor
Jun 29 03:06:47 h3ulcb systemd-udevd[435]: video19: /usr/lib/udev/rules.d/73-seat-late.rules:16 RUN 'uaccess'
Jun 29 03:06:47 h3ulcb systemd-udevd[437]: fe980000.iommu: Device processed (SEQNUM=4536, ACTION=add)
Jun 29 03:06:47 h3ulcb systemd-udevd[344]: video18: Handling device node '/dev/video18', devnum=c81:34
Jun 29 03:06:47 h3ulcb systemd-udevd[373]: video16: Failed to run built-in command "uaccess", ignoring: Operation not supported
Jun 29 03:06:47 h3ulcb systemd-udevd[368]: video17: Handling device node '/dev/video17', devnum=c81:33
Jun 29 03:06:47 h3ulcb systemd-udevd[331]: v4l-subdev29: Device is queued (SEQNUM=4545, ACTION=add)
Jun 29 03:06:47 h3ulcb systemd-udevd[437]: fe980000.iommu: sd-device-monitor: Passed 392 byte to netlink monitor
Jun 29 03:06:47 h3ulcb systemd-udevd[435]: video19: Preserve permissions of /dev/video19, uid=0, gid=44, mode=0660
Jun 29 03:06:47 h3ulcb systemd-udevd[373]: video16: Failed to get watch handle, ignoring: No such file or directory
Jun 29 03:06:47 h3ulcb systemd-udevd[331]: v4l-subdev29: SEQNUM=4545 blocked by SEQNUM=4537
Jun 29 03:06:47 h3ulcb systemd-udevd[344]: video18: sd-device: Created db file '/run/udev/data/c81:34' for '/devices/platform/soc/fe960000.vsp/video4linux/video18'
Jun 29 03:06:47 h3ulcb systemd-udevd[435]: video19: Handling device node '/dev/video19', devnum=c81:35
Jun 29 03:06:47 h3ulcb systemd-udevd[368]: video17: sd-device: Created db file '/run/udev/data/c81:33' for '/devices/platform/soc/fe960000.vsp/video4linux/video17'
Jun 29 03:06:47 h3ulcb systemd-udevd[373]: video16: Device processed (SEQNUM=4531, ACTION=add)
Jun 29 03:06:47 h3ulcb systemd-udevd[344]: video18: Running built-in command "uaccess"
Jun 29 03:06:47 h3ulcb systemd-udevd[331]: media3: Device ready for processing (SEQNUM=4538, ACTION=add)
Jun 29 03:06:47 h3ulcb systemd-udevd[368]: video17: Running built-in command "uaccess"
Jun 29 03:06:47 h3ulcb systemd-udevd[373]: video16: sd-device-monitor: Passed 537 byte to netlink monitor
Jun 29 03:06:47 h3ulcb systemd-udevd[435]: video19: sd-device: Created db file '/run/udev/data/c81:35' for '/devices/platform/soc/fe960000.vsp/video4linux/video19'
Jun 29 03:06:47 h3ulcb systemd-udevd[344]: video18: Failed to apply ACL: Operation not supported
Jun 29 03:06:47 h3ulcb systemd-udevd[331]: media3: sd-device-monitor: Passed 206 byte to netlink monitor
Jun 29 03:06:47 h3ulcb systemd-udevd[368]: video17: Failed to apply ACL: Operation not supported
Jun 29 03:06:47 h3ulcb systemd-udevd[433]: media3: Processing device (SEQNUM=4538, ACTION=add)
Jun 29 03:06:47 h3ulcb systemd-udevd[435]: video19: Running built-in command "uaccess"
Jun 29 03:06:47 h3ulcb systemd-udevd[344]: video18: Failed to run built-in command "uaccess", ignoring: Operation not supported
Jun 29 03:06:47 h3ulcb systemd-udevd[331]: v4l-subdev23: Device ready for processing (SEQNUM=4539, ACTION=add)
Jun 29 03:06:47 h3ulcb systemd-udevd[368]: video17: Failed to run built-in command "uaccess", ignoring: Operation not supported
Jun 29 03:06:47 h3ulcb systemd-udevd[433]: media3: Failed to get watch handle, ignoring: No such file or directory
Jun 29 03:06:47 h3ulcb systemd-udevd[435]: video19: Failed to apply ACL: Operation not supported
Jun 29 03:06:47 h3ulcb systemd-udevd[344]: video18: Failed to get watch handle, ignoring: No such file or directory
Jun 29 03:06:47 h3ulcb systemd-udevd[331]: v4l-subdev23: sd-device-monitor: Passed 236 byte to netlink monitor
Jun 29 03:06:47 h3ulcb systemd-udevd[368]: video17: Failed to get watch handle, ignoring: No such file or directory
Jun 29 03:06:47 h3ulcb systemd-udevd[437]: v4l-subdev23: Processing device (SEQNUM=4539, ACTION=add)
Jun 29 03:06:47 h3ulcb systemd-udevd[435]: video19: Failed to run built-in command "uaccess", ignoring: Operation not supported
Jun 29 03:06:47 h3ulcb systemd-udevd[344]: video18: Device processed (SEQNUM=4533, ACTION=add)
Jun 29 03:06:47 h3ulcb systemd-udevd[433]: media3: /usr/lib/udev/rules.d/50-udev-default.rules:37 GROUP 44
Jun 29 03:06:47 h3ulcb systemd-udevd[331]: v4l-subdev24: Device ready for processing (SEQNUM=4540, ACTION=add)
Jun 29 03:06:47 h3ulcb systemd-udevd[368]: video17: Device processed (SEQNUM=4532, ACTION=add)
Jun 29 03:06:47 h3ulcb systemd-udevd[437]: v4l-subdev23: Failed to get watch handle, ignoring: No such file or directory
Jun 29 03:06:47 h3ulcb systemd-udevd[435]: video19: Failed to get watch handle, ignoring: No such file or directory
Jun 29 03:06:47 h3ulcb systemd-udevd[344]: video18: sd-device-monitor: Passed 537 byte to netlink monitor
Jun 29 03:06:47 h3ulcb systemd-udevd[331]: v4l-subdev24: sd-device-monitor: Passed 236 byte to netlink monitor
Jun 29 03:06:47 h3ulcb systemd-udevd[336]: v4l-subdev24: Processing device (SEQNUM=4540, ACTION=add)
Jun 29 03:06:47 h3ulcb systemd-udevd[433]: media3: /usr/lib/udev/rules.d/71-seat.rules:74 Importing properties from results of builtin command 'path_id'
Jun 29 03:06:47 h3ulcb systemd-udevd[368]: video17: sd-device-monitor: Passed 537 byte to netlink monitor
Jun 29 03:06:47 h3ulcb systemd-udevd[435]: video19: Device processed (SEQNUM=4534, ACTION=add)
Jun 29 03:06:47 h3ulcb systemd-udevd[331]: v4l-subdev25: Device ready for processing (SEQNUM=4541, ACTION=add)
Jun 29 03:06:47 h3ulcb systemd-udevd[336]: v4l-subdev24: Failed to get watch handle, ignoring: No such file or directory
Jun 29 03:06:47 h3ulcb systemd-udevd[335]: v4l-subdev25: Processing device (SEQNUM=4541, ACTION=add)
Jun 29 03:06:47 h3ulcb systemd-udevd[435]: video19: sd-device-monitor: Passed 533 byte to netlink monitor
Jun 29 03:06:47 h3ulcb systemd-udevd[331]: v4l-subdev25: sd-device-monitor: Passed 236 byte to netlink monitor
Jun 29 03:06:47 h3ulcb systemd-udevd[437]: v4l-subdev23: /usr/lib/udev/rules.d/50-udev-default.rules:33 GROUP 44
Jun 29 03:06:47 h3ulcb systemd-udevd[335]: v4l-subdev25: Failed to get watch handle, ignoring: No such file or directory
Jun 29 03:06:47 h3ulcb systemd-udevd[336]: v4l-subdev24: /usr/lib/udev/rules.d/50-udev-default.rules:33 GROUP 44
Jun 29 03:06:47 h3ulcb systemd-udevd[336]: v4l-subdev24: /usr/lib/udev/rules.d/60-persistent-v4l.rules:7 Importing properties from results of 'v4l_id /dev/v4l-subdev24'
Jun 29 03:06:47 h3ulcb systemd-udevd[331]: v4l-subdev26: Device ready for processing (SEQNUM=4542, ACTION=add)
Jun 29 03:06:47 h3ulcb systemd-udevd[437]: v4l-subdev23: /usr/lib/udev/rules.d/60-persistent-v4l.rules:7 Importing properties from results of 'v4l_id /dev/v4l-subdev23'
Jun 29 03:06:47 h3ulcb systemd-udevd[433]: media3: /usr/lib/udev/rules.d/73-seat-late.rules:16 RUN 'uaccess'
Jun 29 03:06:47 h3ulcb systemd-udevd[336]: v4l-subdev24: Starting 'v4l_id /dev/v4l-subdev24'
Jun 29 03:06:47 h3ulcb systemd-udevd[335]: v4l-subdev25: /usr/lib/udev/rules.d/50-udev-default.rules:33 GROUP 44
Jun 29 03:06:47 h3ulcb systemd-udevd[331]: v4l-subdev26: sd-device-monitor: Passed 236 byte to netlink monitor
Jun 29 03:06:47 h3ulcb systemd-udevd[341]: v4l-subdev26: Processing device (SEQNUM=4542, ACTION=add)
Jun 29 03:06:47 h3ulcb systemd-udevd[437]: v4l-subdev23: Starting 'v4l_id /dev/v4l-subdev23'
Jun 29 03:06:47 h3ulcb systemd-udevd[336]: Successfully forked off '(spawn)' as PID 544.
Jun 29 03:06:47 h3ulcb systemd-udevd[331]: v4l-subdev27: Device ready for processing (SEQNUM=4543, ACTION=add)
Jun 29 03:06:47 h3ulcb systemd-udevd[335]: v4l-subdev25: /usr/lib/udev/rules.d/60-persistent-v4l.rules:7 Importing properties from results of 'v4l_id /dev/v4l-subdev25'
Jun 29 03:06:47 h3ulcb systemd-udevd[341]: v4l-subdev26: Failed to get watch handle, ignoring: No such file or directory
Jun 29 03:06:47 h3ulcb systemd-udevd[433]: media3: Preserve permissions of /dev/media3, uid=0, gid=44, mode=0660
Jun 29 03:06:47 h3ulcb systemd-udevd[437]: Successfully forked off '(spawn)' as PID 545.
Jun 29 03:06:47 h3ulcb systemd-udevd[335]: v4l-subdev25: Starting 'v4l_id /dev/v4l-subdev25'
Jun 29 03:06:47 h3ulcb systemd-udevd[363]: v4l-subdev27: Processing device (SEQNUM=4543, ACTION=add)
Jun 29 03:06:47 h3ulcb systemd-udevd[433]: media3: Handling device node '/dev/media3', devnum=c250:3
Jun 29 03:06:47 h3ulcb systemd-udevd[331]: v4l-subdev27: sd-device-monitor: Passed 236 byte to netlink monitor
Jun 29 03:06:47 h3ulcb systemd-udevd[341]: v4l-subdev26: /usr/lib/udev/rules.d/50-udev-default.rules:33 GROUP 44
Jun 29 03:06:47 h3ulcb systemd-udevd[363]: v4l-subdev27: Failed to get watch handle, ignoring: No such file or directory
Jun 29 03:06:47 h3ulcb systemd-udevd[331]: v4l-subdev28: Device ready for processing (SEQNUM=4544, ACTION=add)
Jun 29 03:06:47 h3ulcb systemd-udevd[341]: v4l-subdev26: /usr/lib/udev/rules.d/60-persistent-v4l.rules:7 Importing properties from results of 'v4l_id /dev/v4l-subdev26'
Jun 29 03:06:47 h3ulcb systemd-udevd[335]: Successfully forked off '(spawn)' as PID 546.
Jun 29 03:06:47 h3ulcb systemd-udevd[433]: media3: sd-device: Created db file '/run/udev/data/c250:3' for '/devices/platform/soc/fe9a0000.vsp/media3'
Jun 29 03:06:47 h3ulcb systemd-udevd[331]: v4l-subdev28: sd-device-monitor: Passed 236 byte to netlink monitor
Jun 29 03:06:47 h3ulcb systemd-udevd[436]: v4l-subdev28: Processing device (SEQNUM=4544, ACTION=add)
Jun 29 03:06:47 h3ulcb systemd-udevd[341]: v4l-subdev26: Starting 'v4l_id /dev/v4l-subdev26'
Jun 29 03:06:47 h3ulcb systemd-udevd[363]: v4l-subdev27: /usr/lib/udev/rules.d/50-udev-default.rules:33 GROUP 44
Jun 29 03:06:47 h3ulcb systemd-udevd[433]: media3: Running built-in command "uaccess"
Jun 29 03:06:47 h3ulcb systemd-udevd[331]: v4l-subdev29: Device ready for processing (SEQNUM=4545, ACTION=add)
Jun 29 03:06:47 h3ulcb systemd-udevd[436]: v4l-subdev28: Failed to get watch handle, ignoring: No such file or directory
Jun 29 03:06:47 h3ulcb systemd-udevd[440]: v4l-subdev29: Processing device (SEQNUM=4545, ACTION=add)
Jun 29 03:06:47 h3ulcb systemd-udevd[440]: v4l-subdev29: Failed to get watch handle, ignoring: No such file or directory
Jun 29 03:06:47 h3ulcb systemd-udevd[331]: v4l-subdev29: sd-device-monitor: Passed 236 byte to netlink monitor
Jun 29 03:06:47 h3ulcb systemd-udevd[363]: v4l-subdev27: /usr/lib/udev/rules.d/60-persistent-v4l.rules:7 Importing properties from results of 'v4l_id /dev/v4l-subdev27'
Jun 29 03:06:47 h3ulcb systemd-udevd[363]: v4l-subdev27: Starting 'v4l_id /dev/v4l-subdev27'
Jun 29 03:06:47 h3ulcb systemd-udevd[436]: v4l-subdev28: /usr/lib/udev/rules.d/50-udev-default.rules:33 GROUP 44
Jun 29 03:06:47 h3ulcb systemd-udevd[433]: media3: Failed to apply ACL: Operation not supported
Jun 29 03:06:47 h3ulcb systemd-udevd[440]: v4l-subdev29: /usr/lib/udev/rules.d/50-udev-default.rules:33 GROUP 44
Jun 29 03:06:47 h3ulcb systemd-udevd[341]: Successfully forked off '(spawn)' as PID 547.
Jun 29 03:06:47 h3ulcb systemd-udevd[331]: video20: Device is queued (SEQNUM=4546, ACTION=add)
Jun 29 03:06:47 h3ulcb systemd-udevd[433]: media3: Failed to run built-in command "uaccess", ignoring: Operation not supported
Jun 29 03:06:47 h3ulcb systemd-udevd[436]: v4l-subdev28: /usr/lib/udev/rules.d/60-persistent-v4l.rules:7 Importing properties from results of 'v4l_id /dev/v4l-subdev28'
Jun 29 03:06:47 h3ulcb systemd-udevd[440]: v4l-subdev29: /usr/lib/udev/rules.d/60-persistent-v4l.rules:7 Importing properties from results of 'v4l_id /dev/v4l-subdev29'
Jun 29 03:06:47 h3ulcb systemd-udevd[363]: Successfully forked off '(spawn)' as PID 548.
Jun 29 03:06:47 h3ulcb systemd-udevd[331]: video20: Device ready for processing (SEQNUM=4546, ACTION=add)
Jun 29 03:06:47 h3ulcb systemd-udevd[436]: v4l-subdev28: Starting 'v4l_id /dev/v4l-subdev28'
Jun 29 03:06:47 h3ulcb systemd-udevd[434]: video20: Processing device (SEQNUM=4546, ACTION=add)
Jun 29 03:06:47 h3ulcb systemd-udevd[434]: video20: Failed to get watch handle, ignoring: No such file or directory
Jun 29 03:06:47 h3ulcb systemd-udevd[434]: video20: /usr/lib/udev/rules.d/50-udev-default.rules:33 GROUP 44
Jun 29 03:06:47 h3ulcb systemd-udevd[436]: Successfully forked off '(spawn)' as PID 549.
Jun 29 03:06:47 h3ulcb systemd-udevd[434]: video20: /usr/lib/udev/rules.d/60-persistent-v4l.rules:7 Importing properties from results of 'v4l_id /dev/video20'
Jun 29 03:06:47 h3ulcb systemd-udevd[434]: video20: Starting 'v4l_id /dev/video20'
Jun 29 03:06:47 h3ulcb systemd-udevd[433]: media3: Failed to get watch handle, ignoring: No such file or directory
Jun 29 03:06:47 h3ulcb systemd-udevd[433]: media3: Device processed (SEQNUM=4538, ACTION=add)
Jun 29 03:06:47 h3ulcb systemd-udevd[433]: media3: sd-device-monitor: Passed 358 byte to netlink monitor
Jun 29 03:06:47 h3ulcb systemd-udevd[434]: Successfully forked off '(spawn)' as PID 550.
Jun 29 03:06:47 h3ulcb systemd-udevd[440]: v4l-subdev29: Starting 'v4l_id /dev/v4l-subdev29'
Jun 29 03:06:47 h3ulcb systemd-udevd[437]: v4l-subdev23: Process 'v4l_id /dev/v4l-subdev23' succeeded.
Jun 29 03:06:47 h3ulcb systemd-udevd[335]: v4l-subdev25: Process 'v4l_id /dev/v4l-subdev25' succeeded.
Jun 29 03:06:47 h3ulcb systemd-udevd[440]: Successfully forked off '(spawn)' as PID 551.
Jun 29 03:06:47 h3ulcb systemd-udevd[331]: video20: sd-device-monitor: Passed 226 byte to netlink monitor
Jun 29 03:06:47 h3ulcb systemd-udevd[437]: v4l-subdev23: /usr/lib/udev/rules.d/60-persistent-v4l.rules:16 Importing properties from results of builtin command 'path_id'
Jun 29 03:06:47 h3ulcb systemd-udevd[335]: v4l-subdev25: /usr/lib/udev/rules.d/60-persistent-v4l.rules:16 Importing properties from results of builtin command 'path_id'
Jun 29 03:06:47 h3ulcb systemd-udevd[336]: v4l-subdev24: Process 'v4l_id /dev/v4l-subdev24' succeeded.
Jun 29 03:06:47 h3ulcb systemd-udevd[335]: v4l-subdev25: /usr/lib/udev/rules.d/70-camera.rules:7 Importing properties from results of builtin command 'hwdb 'camera:usb:vp:name:fe9a0000.vsp hgo:''
Jun 29 03:06:47 h3ulcb systemd-udevd[437]: v4l-subdev23: /usr/lib/udev/rules.d/70-camera.rules:7 Importing properties from results of builtin command 'hwdb 'camera:usb:vp:name:fe9a0000.vsp lut:''
Jun 29 03:06:47 h3ulcb systemd-udevd[335]: v4l-subdev25: No entry found from hwdb.
Jun 29 03:06:47 h3ulcb systemd-udevd[437]: v4l-subdev23: No entry found from hwdb.
Jun 29 03:06:47 h3ulcb systemd-udevd[335]: v4l-subdev25: /usr/lib/udev/rules.d/70-camera.rules:7 Failed to run builtin 'hwdb 'camera:usb:vp:name:fe9a0000.vsp hgo:'': No data available
Jun 29 03:06:47 h3ulcb systemd-udevd[437]: v4l-subdev23: /usr/lib/udev/rules.d/70-camera.rules:7 Failed to run builtin 'hwdb 'camera:usb:vp:name:fe9a0000.vsp lut:'': No data available
Jun 29 03:06:47 h3ulcb systemd-udevd[331]: video21: Device is queued (SEQNUM=4547, ACTION=add)
Jun 29 03:06:47 h3ulcb systemd-udevd[437]: v4l-subdev23: /usr/lib/udev/rules.d/73-seat-late.rules:16 RUN 'uaccess'
Jun 29 03:06:47 h3ulcb systemd-udevd[335]: v4l-subdev25: /usr/lib/udev/rules.d/73-seat-late.rules:16 RUN 'uaccess'
Jun 29 03:06:47 h3ulcb systemd-udevd[331]: video21: Device ready for processing (SEQNUM=4547, ACTION=add)
Jun 29 03:06:47 h3ulcb systemd-udevd[331]: video21: sd-device-monitor: Passed 226 byte to netlink monitor
Jun 29 03:06:47 h3ulcb systemd-udevd[435]: video21: Processing device (SEQNUM=4547, ACTION=add)
Jun 29 03:06:47 h3ulcb systemd-udevd[335]: v4l-subdev25: Preserve permissions of /dev/v4l-subdev25, uid=0, gid=44, mode=0660
Jun 29 03:06:47 h3ulcb systemd-udevd[435]: video21: Failed to get watch handle, ignoring: No such file or directory
Jun 29 03:06:47 h3ulcb systemd-udevd[437]: v4l-subdev23: Preserve permissions of /dev/v4l-subdev23, uid=0, gid=44, mode=0660
Jun 29 03:06:47 h3ulcb systemd-udevd[335]: v4l-subdev25: Handling device node '/dev/v4l-subdev25', devnum=c81:47
Jun 29 03:06:47 h3ulcb systemd-udevd[437]: v4l-subdev23: Handling device node '/dev/v4l-subdev23', devnum=c81:45
Jun 29 03:06:47 h3ulcb systemd-udevd[336]: v4l-subdev24: /usr/lib/udev/rules.d/60-persistent-v4l.rules:16 Importing properties from results of builtin command 'path_id'
Jun 29 03:06:47 h3ulcb systemd-udevd[331]: fe9a0000.vspm: Device is queued (SEQNUM=4548, ACTION=add)
Jun 29 03:06:47 h3ulcb systemd-udevd[331]: fe9a0000.vspm: Device ready for processing (SEQNUM=4548, ACTION=add)
Jun 29 03:06:47 h3ulcb systemd-udevd[435]: video21: /usr/lib/udev/rules.d/50-udev-default.rules:33 GROUP 44
Jun 29 03:06:47 h3ulcb systemd-udevd[336]: v4l-subdev24: /usr/lib/udev/rules.d/70-camera.rules:7 Importing properties from results of builtin command 'hwdb 'camera:usb:vp:name:fe9a0000.vsp clu:''
Jun 29 03:06:47 h3ulcb systemd-udevd[331]: fe9a0000.vspm: sd-device-monitor: Passed 310 byte to netlink monitor
Jun 29 03:06:47 h3ulcb systemd-udevd[336]: v4l-subdev24: No entry found from hwdb.
Jun 29 03:06:47 h3ulcb systemd-udevd[335]: v4l-subdev25: sd-device: Created db file '/run/udev/data/c81:47' for '/devices/platform/soc/fe9a0000.vsp/video4linux/v4l-subdev25'
Jun 29 03:06:47 h3ulcb systemd-udevd[435]: video21: /usr/lib/udev/rules.d/60-persistent-v4l.rules:7 Importing properties from results of 'v4l_id /dev/video21'
Jun 29 03:06:47 h3ulcb systemd-udevd[336]: v4l-subdev24: /usr/lib/udev/rules.d/70-camera.rules:7 Failed to run builtin 'hwdb 'camera:usb:vp:name:fe9a0000.vsp clu:'': No data available
Jun 29 03:06:47 h3ulcb systemd-udevd[437]: v4l-subdev23: sd-device: Created db file '/run/udev/data/c81:45' for '/devices/platform/soc/fe9a0000.vsp/video4linux/v4l-subdev23'
Jun 29 03:06:47 h3ulcb systemd-udevd[433]: fe9a0000.vspm: Processing device (SEQNUM=4548, ACTION=add)
Jun 29 03:06:47 h3ulcb systemd-udevd[336]: v4l-subdev24: /usr/lib/udev/rules.d/73-seat-late.rules:16 RUN 'uaccess'
Jun 29 03:06:47 h3ulcb systemd-udevd[331]: fe9b0000.vsp: Device is queued (SEQNUM=4549, ACTION=add)
Jun 29 03:06:47 h3ulcb systemd-udevd[435]: video21: Starting 'v4l_id /dev/video21'
Jun 29 03:06:47 h3ulcb systemd-udevd[336]: v4l-subdev24: Preserve permissions of /dev/v4l-subdev24, uid=0, gid=44, mode=0660
Jun 29 03:06:47 h3ulcb systemd-udevd[341]: v4l-subdev26: Process 'v4l_id /dev/v4l-subdev26' succeeded.
Jun 29 03:06:47 h3ulcb systemd-udevd[335]: v4l-subdev25: Running built-in command "uaccess"
Jun 29 03:06:47 h3ulcb systemd-udevd[435]: Successfully forked off '(spawn)' as PID 552.
Jun 29 03:06:47 h3ulcb systemd-udevd[336]: v4l-subdev24: Handling device node '/dev/v4l-subdev24', devnum=c81:46
Jun 29 03:06:47 h3ulcb systemd-udevd[433]: fe9a0000.vspm: /usr/lib/udev/rules.d/50-udev-default.rules:14 Importing properties from results of builtin command 'hwdb --subsystem=platform'
Jun 29 03:06:47 h3ulcb systemd-udevd[433]: fe9a0000.vspm: hwdb modalias key: "of:NvspmT(null)Crenesas,vspm"
Jun 29 03:06:47 h3ulcb systemd-udevd[336]: v4l-subdev24: sd-device: Created db file '/run/udev/data/c81:46' for '/devices/platform/soc/fe9a0000.vsp/video4linux/v4l-subdev24'
Jun 29 03:06:47 h3ulcb systemd-udevd[335]: v4l-subdev25: Failed to apply ACL: Operation not supported
Jun 29 03:06:47 h3ulcb systemd-udevd[331]: fe9b0000.vsp: Device ready for processing (SEQNUM=4549, ACTION=add)
Jun 29 03:06:47 h3ulcb systemd-udevd[433]: fe9a0000.vspm: hwdb modalias key: "of:NsocT(null)Csimple-bus"
Jun 29 03:06:47 h3ulcb systemd-udevd[437]: v4l-subdev23: Running built-in command "uaccess"
Jun 29 03:06:47 h3ulcb systemd-udevd[433]: fe9a0000.vspm: No entry found from hwdb.
Jun 29 03:06:47 h3ulcb systemd-udevd[336]: v4l-subdev24: Running built-in command "uaccess"
Jun 29 03:06:47 h3ulcb systemd-udevd[335]: v4l-subdev25: Failed to run built-in command "uaccess", ignoring: Operation not supported
Jun 29 03:06:47 h3ulcb systemd-udevd[343]: fe9b0000.vsp: Processing device (SEQNUM=4549, ACTION=add)
Jun 29 03:06:47 h3ulcb systemd-udevd[331]: fe9b0000.vsp: sd-device-monitor: Passed 312 byte to netlink monitor
Jun 29 03:06:47 h3ulcb systemd-udevd[363]: v4l-subdev27: Process 'v4l_id /dev/v4l-subdev27' succeeded.
Jun 29 03:06:47 h3ulcb systemd-udevd[437]: v4l-subdev23: Failed to apply ACL: Operation not supported
Jun 29 03:06:47 h3ulcb systemd-udevd[341]: v4l-subdev26: /usr/lib/udev/rules.d/60-persistent-v4l.rules:16 Importing properties from results of builtin command 'path_id'
Jun 29 03:06:47 h3ulcb systemd-udevd[433]: fe9a0000.vspm: /usr/lib/udev/rules.d/50-udev-default.rules:14 Failed to run builtin 'hwdb --subsystem=platform': No data available
Jun 29 03:06:47 h3ulcb systemd-udevd[433]: fe9a0000.vspm: /usr/lib/udev/rules.d/60-drm.rules:3 Importing properties from results of builtin command 'path_id'
