Jun 29 03:06:47 h3ulcb systemd-udevd[368]: usb3: Handling device node '/dev/bus/usb/003/001', devnum=c189:256
Jun 29 03:06:47 h3ulcb systemd-udevd[344]: phy-ee0c0200.usb-phy.8: Processing device (SEQNUM=4450, ACTION=add)
Jun 29 03:06:47 h3ulcb systemd-udevd[440]: ee0e0000.usb: sd-device-monitor: Passed 375 byte to netlink monitor
Jun 29 03:06:47 h3ulcb systemd-udevd[434]: 7-0:1.0: /usr/lib/udev/rules.d/80-drivers.rules:5 RUN 'kmod load '$env{MODALIAS}''
Jun 29 03:06:47 h3ulcb systemd-udevd[331]: phy-ee0c0200.usb-phy.9: Device ready for processing (SEQNUM=4451, ACTION=add)
Jun 29 03:06:47 h3ulcb systemd-udevd[343]: phy-ee0c0200.usb-phy.10: sd-device-monitor: Passed 343 byte to netlink monitor
Jun 29 03:06:47 h3ulcb systemd-udevd[373]: phy-ee0c0200.usb-phy.11: Device processed (SEQNUM=4449, ACTION=add)
Jun 29 03:06:47 h3ulcb systemd-udevd[368]: usb3: sd-device: Created db file '/run/udev/data/c189:256' for '/devices/platform/soc/ee0c0100.usb/usb3'
Jun 29 03:06:47 h3ulcb systemd-udevd[331]: phy-ee0c0200.usb-phy.9: sd-device-monitor: Passed 342 byte to netlink monitor
Jun 29 03:06:47 h3ulcb systemd-udevd[335]: event2: Setting permissions /dev/input/event2, uid=0, gid=19, mode=0660
Jun 29 03:06:47 h3ulcb systemd-udevd[335]: event2: Handling device node '/dev/input/event2', devnum=c13:66
Jun 29 03:06:47 h3ulcb systemd-udevd[373]: phy-ee0c0200.usb-phy.11: sd-device-monitor: Passed 343 byte to netlink monitor
Jun 29 03:06:47 h3ulcb systemd-udevd[434]: 7-0:1.0: sd-device: Created db file '/run/udev/data/+usb:7-0:1.0' for '/devices/platform/soc/ee0c0000.usb/usb7/7-0:1.0'
Jun 29 03:06:47 h3ulcb systemd-udevd[368]: usb3: Failed to get watch handle, ignoring: No such file or directory
Jun 29 03:06:47 h3ulcb systemd-udevd[331]: ee0e0100.usb: Device is queued (SEQNUM=4455, ACTION=add)
Jun 29 03:06:47 h3ulcb systemd-udevd[342]: phy-ee0c0200.usb-phy.9: Processing device (SEQNUM=4451, ACTION=add)
Jun 29 03:06:47 h3ulcb systemd-udevd[335]: event2: /run/udev/links/input\x2fby-id\x2fusb-Logitech_USB_Keyboard-event-kbd is modified, but its timestamp is not changed, updating timestamp after 10ms.
Jun 29 03:06:47 h3ulcb systemd-udevd[434]: 7-0:1.0: Running built-in command "kmod load 'usb:v1D6Bp0001d0510dc09dsc00dp00ic09isc00ip00in00'"
Jun 29 03:06:47 h3ulcb systemd-udevd[344]: phy-ee0c0200.usb-phy.8: Device processed (SEQNUM=4450, ACTION=add)
Jun 29 03:06:47 h3ulcb systemd-udevd[368]: usb3: Device processed (SEQNUM=4445, ACTION=add)
Jun 29 03:06:47 h3ulcb systemd-udevd[331]: ee0e0100.usb: Device ready for processing (SEQNUM=4455, ACTION=add)
Jun 29 03:06:47 h3ulcb systemd-udevd[434]: Loading module: usb:v1D6Bp0001d0510dc09dsc00dp00ic09isc00ip00in00
Jun 29 03:06:47 h3ulcb systemd-udevd[344]: phy-ee0c0200.usb-phy.8: sd-device-monitor: Passed 342 byte to netlink monitor
Jun 29 03:06:47 h3ulcb systemd-udevd[368]: usb3: sd-device-monitor: Passed 989 byte to netlink monitor
Jun 29 03:06:47 h3ulcb systemd-udevd[331]: ee0e0100.usb: sd-device-monitor: Passed 311 byte to netlink monitor
Jun 29 03:06:47 h3ulcb kernel: Registered IR keymap rc-empty
Jun 29 03:06:47 h3ulcb systemd[1]: dev-disk-by\x2dpath-platform\x2dee100000.mmc.device: Changed dead -> plugged
Jun 29 03:06:47 h3ulcb systemd[1]: dev-disk-by\x2did-mmc\x2dLX32G_0x4123d950.device: Changed dead -> plugged
Jun 29 03:06:47 h3ulcb kernel: rc rc0: Realtek RTL2832U reference design as /devices/platform/soc/ee000000.usb/usb9/9-1/9-1.3/rc/rc0
Jun 29 03:06:47 h3ulcb systemd[1]: dev-mmcblk1.device: Changed dead -> plugged
Jun 29 03:06:47 h3ulcb kernel: input: Realtek RTL2832U reference design as /devices/platform/soc/ee000000.usb/usb9/9-1/9-1.3/rc/rc0/input6
Jun 29 03:06:47 h3ulcb systemd[1]: sys-devices-platform-soc-ee100000.mmc-mmc_host-mmc1-mmc1:59b4-block-mmcblk1.device: Changed dead -> plugged
Jun 29 03:06:47 h3ulcb kernel: usb 9-1.3: dvb_usb_v2: schedule remote query interval to 200 msecs
Jun 29 03:06:47 h3ulcb kernel: usb 9-1.3: dvb_usb_v2: 'Realtek RTL2832U reference design' successfully initialized and connected
Jun 29 03:06:47 h3ulcb kernel: usbcore: registered new interface driver dvb_usb_rtl28xxu
Jun 29 03:06:47 h3ulcb systemd-udevd[434]: Failed to find module 'usb:v1D6Bp0001d0510dc09dsc00dp00ic09isc00ip00in00'
Jun 29 03:06:47 h3ulcb systemd-udevd[360]: ee0e0100.usb: Processing device (SEQNUM=4455, ACTION=add)
Jun 29 03:06:47 h3ulcb systemd-udevd[435]: sda1: /usr/lib/udev/rules.d/60-persistent-storage.rules:93 LINK 'disk/by-path/platform-ee000000.usb-usb-0:1.1.1:1.0-scsi-0:0:0:0-part1'
Jun 29 03:06:47 h3ulcb systemd-udevd[434]: 7-0:1.0: Device processed (SEQNUM=4443, ACTION=add)
Jun 29 03:06:47 h3ulcb systemd-udevd[331]: 3-0:1.0: Device ready for processing (SEQNUM=4446, ACTION=add)
Jun 29 03:06:47 h3ulcb systemd-udevd[342]: phy-ee0c0200.usb-phy.9: Device processed (SEQNUM=4451, ACTION=add)
Jun 29 03:06:47 h3ulcb systemd[1]: dev-disk-by\x2dpath-platform\x2dee000000.usb\x2dusb\x2d0:1.1.1:1.0\x2dscsi\x2d0:0:0:0.device: Changed dead -> plugged
Jun 29 03:06:47 h3ulcb systemd-udevd[335]: event2: /run/udev/links/input\x2fby-path\x2fplatform-ee000000.usb-usb-0:1.1.4:1.0-event-kbd is modified, but its timestamp is not changed, updating timestamp after 10ms.
Jun 29 03:06:47 h3ulcb systemd-udevd[435]: sda1: /usr/lib/udev/rules.d/60-persistent-storage.rules:110 Importing properties from results of builtin command 'blkid'
Jun 29 03:06:47 h3ulcb systemd-udevd[360]: ee0e0100.usb: /usr/lib/udev/rules.d/50-udev-default.rules:14 Importing properties from results of builtin command 'hwdb --subsystem=platform'
Jun 29 03:06:47 h3ulcb systemd-udevd[434]: 7-0:1.0: sd-device-monitor: Passed 667 byte to netlink monitor
Jun 29 03:06:47 h3ulcb systemd-udevd[331]: 3-0:1.0: sd-device-monitor: Passed 399 byte to netlink monitor
Jun 29 03:06:47 h3ulcb systemd-udevd[440]: 3-0:1.0: Processing device (SEQNUM=4446, ACTION=add)
Jun 29 03:06:47 h3ulcb systemd-udevd[342]: phy-ee0c0200.usb-phy.9: sd-device-monitor: Passed 342 byte to netlink monitor
Jun 29 03:06:47 h3ulcb systemd-udevd[440]: 3-0:1.0: /usr/lib/udev/rules.d/50-udev-default.rules:14 Importing properties from results of builtin command 'hwdb --subsystem=usb'
Jun 29 03:06:47 h3ulcb systemd-udevd[360]: ee0e0100.usb: hwdb modalias key: "of:NusbT(null)Cgeneric-ehci"
Jun 29 03:06:47 h3ulcb systemd-udevd[331]: usb8: Device ready for processing (SEQNUM=4453, ACTION=add)
Jun 29 03:06:47 h3ulcb systemd-udevd[435]: sda1: Probe /dev/sda1 with raid and offset=0
Jun 29 03:06:47 h3ulcb systemd[1]: dev-disk-by\x2did-usb\x2dJetFlash_Transcend_8GB_47II3KBM44I9523R\x2d0:0.device: Changed dead -> plugged
Jun 29 03:06:47 h3ulcb systemd-udevd[440]: 3-0:1.0: hwdb modalias key: "usb:v1D6Bp0002d0510dc09dsc00dp00ic09isc00ip00in00"
Jun 29 03:06:47 h3ulcb systemd-udevd[331]: usb8: sd-device-monitor: Passed 384 byte to netlink monitor
Jun 29 03:06:47 h3ulcb systemd-udevd[343]: usb8: Processing device (SEQNUM=4453, ACTION=add)
Jun 29 03:06:47 h3ulcb systemd-udevd[360]: ee0e0100.usb: hwdb modalias key: "of:NsocT(null)Csimple-bus"
Jun 29 03:06:47 h3ulcb systemd-udevd[335]: event2: sd-device: Created db file '/run/udev/data/c13:66' for '/devices/platform/soc/ee000000.usb/usb9/9-1/9-1.1/9-1.1.4/9-1.1.4:1.0/0003:046D:C328.0003/input/input3/event2'
Jun 29 03:06:47 h3ulcb systemd[1]: dev-sda.device: Changed dead -> plugged
Jun 29 03:06:47 h3ulcb systemd-udevd[331]: 8-0:1.0: SEQNUM=4454 blocked by SEQNUM=4453
Jun 29 03:06:47 h3ulcb systemd-udevd[440]: 3-0:1.0: /usr/lib/udev/rules.d/60-drm.rules:3 Importing properties from results of builtin command 'path_id'
Jun 29 03:06:47 h3ulcb systemd-udevd[343]: usb8: Failed to get watch handle, ignoring: No such file or directory
Jun 29 03:06:47 h3ulcb systemd-udevd[335]: event2: Failed to get watch handle, ignoring: No such file or directory
Jun 29 03:06:47 h3ulcb systemd-udevd[360]: ee0e0100.usb: No entry found from hwdb.
Jun 29 03:06:47 h3ulcb systemd[1]: sys-devices-platform-soc-ee000000.usb-usb9-9\x2d1-9\x2d1.1-9\x2d1.1.1-9\x2d1.1.1:1.0-host0-target0:0:0-0:0:0:0-block-sda.device: Changed dead -> plugged
Jun 29 03:06:47 h3ulcb systemd-udevd[331]: usb4: Device is queued (SEQNUM=4456, ACTION=add)
Jun 29 03:06:47 h3ulcb systemd-udevd[335]: event2: Device processed (SEQNUM=4389, ACTION=add)
Jun 29 03:06:47 h3ulcb systemd-udevd[343]: usb8: /usr/lib/udev/rules.d/50-udev-default.rules:13 Importing properties from results of builtin command 'usb_id'
Jun 29 03:06:47 h3ulcb systemd-udevd[360]: ee0e0100.usb: /usr/lib/udev/rules.d/50-udev-default.rules:14 Failed to run builtin 'hwdb --subsystem=platform': No data available
Jun 29 03:06:47 h3ulcb systemd-udevd[331]: usb4: SEQNUM=4456 blocked by SEQNUM=4455
Jun 29 03:06:47 h3ulcb systemd-udevd[440]: 3-0:1.0: /usr/lib/udev/rules.d/80-drivers.rules:5 RUN 'kmod load '$env{MODALIAS}''
Jun 29 03:06:47 h3ulcb systemd-udevd[335]: event2: sd-device-monitor: Passed 949 byte to netlink monitor
Jun 29 03:06:47 h3ulcb systemd-udevd[360]: ee0e0100.usb: /usr/lib/udev/rules.d/60-drm.rules:3 Importing properties from results of builtin command 'path_id'
Jun 29 03:06:47 h3ulcb systemd-udevd[343]: usb8: /usr/lib/udev/rules.d/50-udev-default.rules:13 Importing properties from results of builtin command 'hwdb --subsystem=usb'
Jun 29 03:06:47 h3ulcb systemd-udevd[343]: usb8: hwdb modalias key: "usb:v1D6Bp0001:Generic Platform OHCI controller"
Jun 29 03:06:47 h3ulcb systemd-udevd[331]: 4-0:1.0: Device is queued (SEQNUM=4457, ACTION=add)
Jun 29 03:06:47 h3ulcb systemd-udevd[360]: ee0e0100.usb: /usr/lib/udev/rules.d/80-drivers.rules:5 RUN 'kmod load '$env{MODALIAS}''
Jun 29 03:06:47 h3ulcb systemd-udevd[343]: usb8: /usr/lib/udev/rules.d/50-udev-default.rules:15 Importing properties from results of builtin command 'hwdb 'usb:v1d6bp0001''
Jun 29 03:06:47 h3ulcb systemd-udevd[331]: 4-0:1.0: SEQNUM=4457 blocked by SEQNUM=4455
Jun 29 03:06:47 h3ulcb systemd-udevd[440]: 3-0:1.0: sd-device: Created db file '/run/udev/data/+usb:3-0:1.0' for '/devices/platform/soc/ee0c0100.usb/usb3/3-0:1.0'
Jun 29 03:06:47 h3ulcb systemd-udevd[343]: usb8: No entry found from hwdb.
Jun 29 03:06:47 h3ulcb systemd-udevd[440]: 3-0:1.0: Running built-in command "kmod load 'usb:v1D6Bp0002d0510dc09dsc00dp00ic09isc00ip00in00'"
Jun 29 03:06:47 h3ulcb systemd-udevd[360]: ee0e0100.usb: sd-device: Created db file '/run/udev/data/+platform:ee0e0100.usb' for '/devices/platform/soc/ee0e0100.usb'
Jun 29 03:06:47 h3ulcb systemd-udevd[343]: usb8: /usr/lib/udev/rules.d/50-udev-default.rules:15 Failed to run builtin 'hwdb 'usb:v1d6bp0001'': No data available
Jun 29 03:06:47 h3ulcb systemd-udevd[440]: Loading module: usb:v1D6Bp0002d0510dc09dsc00dp00ic09isc00ip00in00
Jun 29 03:06:47 h3ulcb systemd-udevd[331]: ee0e0200.usb-phy: Device is queued (SEQNUM=4458, ACTION=add)
Jun 29 03:06:47 h3ulcb systemd-udevd[360]: ee0e0100.usb: Running built-in command "kmod load 'of:NusbT(null)Cgeneric-ehci'"
Jun 29 03:06:47 h3ulcb systemd-udevd[343]: usb8: /usr/lib/udev/rules.d/50-udev-default.rules:52 MODE 0664
Jun 29 03:06:47 h3ulcb systemd-udevd[440]: Failed to find module 'usb:v1D6Bp0002d0510dc09dsc00dp00ic09isc00ip00in00'
Jun 29 03:06:47 h3ulcb systemd-udevd[331]: ee0e0200.usb-phy: Device ready for processing (SEQNUM=4458, ACTION=add)
Jun 29 03:06:47 h3ulcb systemd-udevd[360]: Loading module: of:NusbT(null)Cgeneric-ehci
Jun 29 03:06:47 h3ulcb systemd-udevd[343]: usb8: /usr/lib/udev/rules.d/60-autosuspend.rules:12 ATTR '/sys/devices/platform/soc/ee0e0000.usb/usb8/power/control' writing 'auto'
Jun 29 03:06:47 h3ulcb systemd-udevd[440]: 3-0:1.0: Device processed (SEQNUM=4446, ACTION=add)
Jun 29 03:06:47 h3ulcb systemd-udevd[331]: ee0e0200.usb-phy: sd-device-monitor: Passed 426 byte to netlink monitor
Jun 29 03:06:47 h3ulcb systemd-udevd[335]: ee0e0200.usb-phy: Processing device (SEQNUM=4458, ACTION=add)
Jun 29 03:06:47 h3ulcb systemd-udevd[343]: usb8: /usr/lib/udev/rules.d/60-drm.rules:3 Importing properties from results of builtin command 'path_id'
Jun 29 03:06:47 h3ulcb systemd-udevd[440]: 3-0:1.0: sd-device-monitor: Passed 667 byte to netlink monitor
Jun 29 03:06:47 h3ulcb systemd-udevd[331]: extcon1: Device is queued (SEQNUM=4459, ACTION=add)
Jun 29 03:06:47 h3ulcb systemd-udevd[335]: ee0e0200.usb-phy: /usr/lib/udev/rules.d/50-udev-default.rules:14 Importing properties from results of builtin command 'hwdb --subsystem=platform'
Jun 29 03:06:47 h3ulcb systemd-udevd[331]: extcon1: SEQNUM=4459 blocked by SEQNUM=4458
Jun 29 03:06:47 h3ulcb systemd-udevd[335]: ee0e0200.usb-phy: hwdb modalias key: "of:Nusb-phyT(null)Crenesas,usb2-phy-r8a7795Crenesas,rcar-gen3-usb2-phy"
Jun 29 03:06:47 h3ulcb systemd-udevd[331]: phy-ee0e0200.usb-phy.12: Device is queued (SEQNUM=4460, ACTION=add)
Jun 29 03:06:47 h3ulcb systemd-udevd[331]: phy-ee0e0200.usb-phy.12: SEQNUM=4460 blocked by SEQNUM=4458
Jun 29 03:06:47 h3ulcb systemd-udevd[335]: ee0e0200.usb-phy: hwdb modalias key: "of:NsocT(null)Csimple-bus"
Jun 29 03:06:47 h3ulcb systemd-udevd[343]: usb8: Setting permissions /dev/bus/usb/008/001, uid=0, gid=0, mode=0664
Jun 29 03:06:47 h3ulcb systemd-udevd[343]: usb8: Handling device node '/dev/bus/usb/008/001', devnum=c189:896
Jun 29 03:06:47 h3ulcb systemd-udevd[331]: phy-ee0e0200.usb-phy.13: Device is queued (SEQNUM=4461, ACTION=add)
Jun 29 03:06:47 h3ulcb systemd-udevd[335]: ee0e0200.usb-phy: No entry found from hwdb.
Jun 29 03:06:47 h3ulcb systemd-udevd[331]: phy-ee0e0200.usb-phy.13: SEQNUM=4461 blocked by SEQNUM=4458
Jun 29 03:06:47 h3ulcb systemd-udevd[343]: usb8: sd-device: Created db file '/run/udev/data/c189:896' for '/devices/platform/soc/ee0e0000.usb/usb8'
Jun 29 03:06:47 h3ulcb systemd-udevd[335]: ee0e0200.usb-phy: /usr/lib/udev/rules.d/50-udev-default.rules:14 Failed to run builtin 'hwdb --subsystem=platform': No data available
Jun 29 03:06:47 h3ulcb systemd-udevd[343]: usb8: Failed to get watch handle, ignoring: No such file or directory
Jun 29 03:06:47 h3ulcb systemd-udevd[335]: ee0e0200.usb-phy: /usr/lib/udev/rules.d/60-drm.rules:3 Importing properties from results of builtin command 'path_id'
Jun 29 03:06:47 h3ulcb systemd-udevd[331]: phy-ee0e0200.usb-phy.14: Device is queued (SEQNUM=4462, ACTION=add)
Jun 29 03:06:47 h3ulcb systemd-udevd[343]: usb8: Device processed (SEQNUM=4453, ACTION=add)
Jun 29 03:06:47 h3ulcb systemd-udevd[360]: Module 'uio_pdrv_genirq' is already loaded
Jun 29 03:06:47 h3ulcb systemd-udevd[331]: phy-ee0e0200.usb-phy.14: SEQNUM=4462 blocked by SEQNUM=4458
Jun 29 03:06:47 h3ulcb systemd-udevd[335]: ee0e0200.usb-phy: /usr/lib/udev/rules.d/80-drivers.rules:5 RUN 'kmod load '$env{MODALIAS}''
Jun 29 03:06:47 h3ulcb systemd-udevd[343]: usb8: sd-device-monitor: Passed 1028 byte to netlink monitor
Jun 29 03:06:47 h3ulcb systemd-udevd[360]: Module 'uio_pdrv_genirq' is already loaded
Jun 29 03:06:47 h3ulcb systemd-udevd[331]: phy-ee0e0200.usb-phy.15: Device is queued (SEQNUM=4463, ACTION=add)
Jun 29 03:06:47 h3ulcb systemd-udevd[360]: ee0e0100.usb: Device processed (SEQNUM=4455, ACTION=add)
Jun 29 03:06:47 h3ulcb systemd-udevd[331]: phy-ee0e0200.usb-phy.15: SEQNUM=4463 blocked by SEQNUM=4458
Jun 29 03:06:47 h3ulcb systemd-udevd[335]: ee0e0200.usb-phy: sd-device: Created db file '/run/udev/data/+platform:ee0e0200.usb-phy' for '/devices/platform/soc/ee0e0200.usb-phy'
Jun 29 03:06:47 h3ulcb systemd-udevd[360]: ee0e0100.usb: sd-device-monitor: Passed 375 byte to netlink monitor
Jun 29 03:06:47 h3ulcb systemd-udevd[331]: 8-0:1.0: Device ready for processing (SEQNUM=4454, ACTION=add)
Jun 29 03:06:47 h3ulcb systemd-udevd[335]: ee0e0200.usb-phy: Running built-in command "kmod load 'of:Nusb-phyT(null)Crenesas,usb2-phy-r8a7795Crenesas,rcar-gen3-usb2-phy'"
Jun 29 03:06:47 h3ulcb systemd-udevd[331]: 8-0:1.0: sd-device-monitor: Passed 399 byte to netlink monitor
Jun 29 03:06:47 h3ulcb systemd-udevd[335]: Loading module: of:Nusb-phyT(null)Crenesas,usb2-phy-r8a7795Crenesas,rcar-gen3-usb2-phy
Jun 29 03:06:47 h3ulcb systemd-udevd[440]: 8-0:1.0: Processing device (SEQNUM=4454, ACTION=add)
Jun 29 03:06:47 h3ulcb systemd-udevd[331]: ee100000.mmc: Device is queued (SEQNUM=4464, ACTION=add)
Jun 29 03:06:47 h3ulcb systemd-udevd[331]: ee100000.mmc: Device ready for processing (SEQNUM=4464, ACTION=add)
Jun 29 03:06:47 h3ulcb systemd-udevd[440]: 8-0:1.0: /usr/lib/udev/rules.d/50-udev-default.rules:14 Importing properties from results of builtin command 'hwdb --subsystem=usb'
Jun 29 03:06:47 h3ulcb systemd-udevd[434]: ee100000.mmc: Processing device (SEQNUM=4464, ACTION=add)
Jun 29 03:06:47 h3ulcb systemd-udevd[440]: 8-0:1.0: hwdb modalias key: "usb:v1D6Bp0001d0510dc09dsc00dp00ic09isc00ip00in00"
Jun 29 03:06:47 h3ulcb systemd-udevd[331]: ee100000.mmc: sd-device-monitor: Passed 402 byte to netlink monitor
Jun 29 03:06:47 h3ulcb systemd-udevd[434]: ee100000.mmc: /usr/lib/udev/rules.d/50-udev-default.rules:14 Importing properties from results of builtin command 'hwdb --subsystem=platform'
Jun 29 03:06:47 h3ulcb systemd-udevd[331]: usb4: Device ready for processing (SEQNUM=4456, ACTION=add)
Jun 29 03:06:47 h3ulcb systemd-udevd[434]: ee100000.mmc: hwdb modalias key: "of:NmmcT(null)Crenesas,sdhi-r8a7795Crenesas,rcar-gen3-sdhi"
Jun 29 03:06:47 h3ulcb systemd-udevd[440]: 8-0:1.0: /usr/lib/udev/rules.d/60-drm.rules:3 Importing properties from results of builtin command 'path_id'
Jun 29 03:06:47 h3ulcb systemd-udevd[331]: usb4: sd-device-monitor: Passed 384 byte to netlink monitor
Jun 29 03:06:47 h3ulcb systemd-udevd[343]: usb4: Processing device (SEQNUM=4456, ACTION=add)
Jun 29 03:06:47 h3ulcb systemd-udevd[437]: event3: /usr/lib/udev/rules.d/60-input-id.rules:6 Importing properties from results of builtin command 'hwdb --subsystem=input --lookup-prefix=id-input:modalias:'
Jun 29 03:06:47 h3ulcb systemd-udevd[331]: 4-0:1.0: SEQNUM=4457 blocked by SEQNUM=4456
Jun 29 03:06:47 h3ulcb systemd-udevd[335]: Module 'uio_pdrv_genirq' is already loaded
Jun 29 03:06:47 h3ulcb systemd-udevd[440]: 8-0:1.0: /usr/lib/udev/rules.d/80-drivers.rules:5 RUN 'kmod load '$env{MODALIAS}''
Jun 29 03:06:47 h3ulcb systemd-udevd[343]: usb4: Failed to get watch handle, ignoring: No such file or directory
Jun 29 03:06:47 h3ulcb systemd-udevd[437]: event3: hwdb modalias key: "input:b0003v046DpC328e0110-e0,1,2,3,4,k71,72,73,74,77,80,82,83,85,86,87,88,89,8A,8B,8C,8E,90,96,98,9B,9C,9E,9F,A1,A3,A4,A5,A6,A7,A8,A9,AB,AC,AD,AE,B0,B1,B2,B5,B6,CE,CF,D0,D1,D2,D4,D8,D9,DB,DF,E0,E1,E4,E5,E6,E7,E8,E9,EA,EB,F0,F1,F4,100,161,162,166,16A,16E,172,174,176,177,178,179,17A,17B,17C,17D,17F,180,182,183,185,188,189,18C,18D,18E,18F,190,191,192,193,195,197,198,199,19A,19C,1A0,1A1,1A2,1A3,1A4,1A5,1A6,1A7,1A8,1A9,1AA,1AB,1AC,1AD,1AE,1AF,1B0,1B1,1B7,1BA,240,241,242,243,244,245,246,247,250,251,r6,C,a20,m4,lsfw"
Jun 29 03:06:47 h3ulcb systemd[1]: dev-disk-by\x2dpartuuid-97120d52\x2d01.device: Changed dead -> plugged
Jun 29 03:06:47 h3ulcb systemd-udevd[434]: ee100000.mmc: hwdb modalias key: "of:NsocT(null)Csimple-bus"
Jun 29 03:06:47 h3ulcb systemd-udevd[335]: Module 'uio_pdrv_genirq' is already loaded
Jun 29 03:06:47 h3ulcb systemd-udevd[331]: mmc1: Device is queued (SEQNUM=4465, ACTION=add)
Jun 29 03:06:47 h3ulcb systemd-udevd[437]: event3: No entry found from hwdb.
Jun 29 03:06:47 h3ulcb systemd-udevd[343]: usb4: /usr/lib/udev/rules.d/50-udev-default.rules:13 Importing properties from results of builtin command 'usb_id'
Jun 29 03:06:47 h3ulcb systemd-udevd[335]: ee0e0200.usb-phy: Device processed (SEQNUM=4458, ACTION=add)
Jun 29 03:06:47 h3ulcb systemd-udevd[335]: ee0e0200.usb-phy: sd-device-monitor: Passed 498 byte to netlink monitor
Jun 29 03:06:47 h3ulcb systemd-udevd[331]: mmc1: SEQNUM=4465 blocked by SEQNUM=4464
Jun 29 03:06:47 h3ulcb systemd-udevd[440]: 8-0:1.0: sd-device: Created db file '/run/udev/data/+usb:8-0:1.0' for '/devices/platform/soc/ee0e0000.usb/usb8/8-0:1.0'
Jun 29 03:06:47 h3ulcb systemd-udevd[437]: event3: /usr/lib/udev/rules.d/60-input-id.rules:6 Failed to run builtin 'hwdb --subsystem=input --lookup-prefix=id-input:modalias:': No data available
Jun 29 03:06:47 h3ulcb systemd-udevd[434]: ee100000.mmc: No entry found from hwdb.
Jun 29 03:06:47 h3ulcb systemd-udevd[343]: usb4: /usr/lib/udev/rules.d/50-udev-default.rules:13 Importing properties from results of builtin command 'hwdb --subsystem=usb'
Jun 29 03:06:47 h3ulcb systemd-udevd[331]: extcon1: Device ready for processing (SEQNUM=4459, ACTION=add)
Jun 29 03:06:47 h3ulcb systemd-udevd[440]: 8-0:1.0: Running built-in command "kmod load 'usb:v1D6Bp0001d0510dc09dsc00dp00ic09isc00ip00in00'"
Jun 29 03:06:47 h3ulcb systemd-udevd[434]: ee100000.mmc: /usr/lib/udev/rules.d/50-udev-default.rules:14 Failed to run builtin 'hwdb --subsystem=platform': No data available
Jun 29 03:06:47 h3ulcb systemd-udevd[434]: ee100000.mmc: /usr/lib/udev/rules.d/60-drm.rules:3 Importing properties from results of builtin command 'path_id'
Jun 29 03:06:47 h3ulcb systemd-udevd[331]: extcon1: sd-device-monitor: Passed 197 byte to netlink monitor
Jun 29 03:06:47 h3ulcb systemd-udevd[440]: Loading module: usb:v1D6Bp0001d0510dc09dsc00dp00ic09isc00ip00in00
Jun 29 03:06:47 h3ulcb systemd-udevd[440]: Failed to find module 'usb:v1D6Bp0001d0510dc09dsc00dp00ic09isc00ip00in00'
Jun 29 03:06:47 h3ulcb systemd-udevd[343]: usb4: hwdb modalias key: "usb:v1D6Bp0002:EHCI Host Controller"
Jun 29 03:06:47 h3ulcb systemd-udevd[331]: phy-ee0e0200.usb-phy.12: Device ready for processing (SEQNUM=4460, ACTION=add)
Jun 29 03:06:47 h3ulcb systemd-udevd[434]: ee100000.mmc: /usr/lib/udev/rules.d/80-drivers.rules:5 RUN 'kmod load '$env{MODALIAS}''
Jun 29 03:06:47 h3ulcb systemd-udevd[373]: phy-ee0e0200.usb-phy.12: Processing device (SEQNUM=4460, ACTION=add)
Jun 29 03:06:47 h3ulcb systemd-udevd[440]: 8-0:1.0: Device processed (SEQNUM=4454, ACTION=add)
Jun 29 03:06:47 h3ulcb systemd-udevd[437]: event3: /usr/lib/udev/rules.d/60-persistent-input.rules:11 Importing properties from results of builtin command 'usb_id'
Jun 29 03:06:47 h3ulcb systemd-udevd[343]: usb4: /usr/lib/udev/rules.d/50-udev-default.rules:15 Importing properties from results of builtin command 'hwdb 'usb:v1d6bp0002''
Jun 29 03:06:47 h3ulcb systemd-udevd[331]: phy-ee0e0200.usb-phy.12: sd-device-monitor: Passed 343 byte to netlink monitor
Jun 29 03:06:47 h3ulcb systemd-udevd[335]: extcon1: Processing device (SEQNUM=4459, ACTION=add)
Jun 29 03:06:47 h3ulcb systemd-udevd[440]: 8-0:1.0: sd-device-monitor: Passed 667 byte to netlink monitor
Jun 29 03:06:47 h3ulcb systemd-udevd[343]: usb4: No entry found from hwdb.
Jun 29 03:06:47 h3ulcb systemd-udevd[437]: 9-1.1.4:1.1: if_class:3 protocol:0
Jun 29 03:06:47 h3ulcb systemd-udevd[434]: ee100000.mmc: sd-device: Created db file '/run/udev/data/+platform:ee100000.mmc' for '/devices/platform/soc/ee100000.mmc'
Jun 29 03:06:47 h3ulcb systemd-udevd[331]: phy-ee0e0200.usb-phy.13: Device ready for processing (SEQNUM=4461, ACTION=add)
Jun 29 03:06:47 h3ulcb systemd-udevd[343]: usb4: /usr/lib/udev/rules.d/50-udev-default.rules:15 Failed to run builtin 'hwdb 'usb:v1d6bp0002'': No data available
Jun 29 03:06:47 h3ulcb systemd-udevd[434]: ee100000.mmc: Running built-in command "kmod load 'of:NmmcT(null)Crenesas,sdhi-r8a7795Crenesas,rcar-gen3-sdhi'"
Jun 29 03:06:47 h3ulcb systemd-udevd[331]: phy-ee0e0200.usb-phy.13: sd-device-monitor: Passed 343 byte to netlink monitor
Jun 29 03:06:47 h3ulcb systemd-udevd[343]: usb4: /usr/lib/udev/rules.d/50-udev-default.rules:52 MODE 0664
Jun 29 03:06:47 h3ulcb systemd-udevd[434]: Loading module: of:NmmcT(null)Crenesas,sdhi-r8a7795Crenesas,rcar-gen3-sdhi
Jun 29 03:06:47 h3ulcb systemd-udevd[331]: phy-ee0e0200.usb-phy.14: Device ready for processing (SEQNUM=4462, ACTION=add)
Jun 29 03:06:47 h3ulcb systemd-udevd[373]: phy-ee0e0200.usb-phy.12: Device processed (SEQNUM=4460, ACTION=add)
Jun 29 03:06:47 h3ulcb systemd-udevd[343]: usb4: /usr/lib/udev/rules.d/60-autosuspend.rules:12 ATTR '/sys/devices/platform/soc/ee0e0100.usb/usb4/power/control' writing 'auto'
Jun 29 03:06:47 h3ulcb systemd-udevd[437]: event3: /usr/lib/udev/rules.d/60-persistent-input.rules:32 LINK 'input/by-id/usb-Logitech_USB_Keyboard-event-if01'
Jun 29 03:06:47 h3ulcb systemd-udevd[331]: phy-ee0e0200.usb-phy.14: sd-device-monitor: Passed 343 byte to netlink monitor
Jun 29 03:06:47 h3ulcb systemd-udevd[373]: phy-ee0e0200.usb-phy.12: sd-device-monitor: Passed 343 byte to netlink monitor
Jun 29 03:06:47 h3ulcb systemd-udevd[344]: phy-ee0e0200.usb-phy.14: Processing device (SEQNUM=4462, ACTION=add)
Jun 29 03:06:47 h3ulcb systemd-udevd[335]: extcon1: Device processed (SEQNUM=4459, ACTION=add)
Jun 29 03:06:47 h3ulcb systemd-udevd[343]: usb4: /usr/lib/udev/rules.d/60-drm.rules:3 Importing properties from results of builtin command 'path_id'
Jun 29 03:06:47 h3ulcb systemd-udevd[437]: event3: /usr/lib/udev/rules.d/60-persistent-input.rules:35 Importing properties from results of builtin command 'path_id'
Jun 29 03:06:47 h3ulcb systemd-udevd[331]: phy-ee0e0200.usb-phy.15: Device ready for processing (SEQNUM=4463, ACTION=add)
Jun 29 03:06:47 h3ulcb systemd-udevd[335]: extcon1: sd-device-monitor: Passed 197 byte to netlink monitor
Jun 29 03:06:47 h3ulcb systemd-udevd[437]: event3: /usr/lib/udev/rules.d/60-persistent-input.rules:40 LINK 'input/by-path/platform-ee000000.usb-usb-0:1.1.4:1.1-event'
Jun 29 03:06:47 h3ulcb systemd-udevd[331]: phy-ee0e0200.usb-phy.15: sd-device-monitor: Passed 343 byte to netlink monitor
Jun 29 03:06:47 h3ulcb systemd-udevd[437]: event3: /usr/lib/udev/rules.d/80-libinput-device-groups.rules:4 Importing properties from results of 'libinput-device-group /sys/devices/platform/soc/ee000000.usb/usb9/9-1/9-1.1/9-1.1.4/9-1.1.4:1.1/0003:046D:C328.0004/input/input4/event3'
Jun 29 03:06:47 h3ulcb systemd-udevd[437]: event3: Starting 'libinput-device-group /sys/devices/platform/soc/ee000000.usb/usb9/9-1/9-1.1/9-1.1.4/9-1.1.4:1.1/0003:046D:C328.0004/input/input4/event3'
Jun 29 03:06:47 h3ulcb systemd-udevd[342]: phy-ee0e0200.usb-phy.15: Processing device (SEQNUM=4463, ACTION=add)
Jun 29 03:06:47 h3ulcb systemd-udevd[331]: mmc1:59b4: Device is queued (SEQNUM=4466, ACTION=add)
Jun 29 03:06:47 h3ulcb systemd-udevd[343]: usb4: Setting permissions /dev/bus/usb/004/001, uid=0, gid=0, mode=0664
Jun 29 03:06:47 h3ulcb systemd-udevd[368]: phy-ee0e0200.usb-phy.13: Processing device (SEQNUM=4461, ACTION=add)
Jun 29 03:06:47 h3ulcb systemd-udevd[331]: mmc1:59b4: SEQNUM=4466 blocked by SEQNUM=4464
Jun 29 03:06:47 h3ulcb systemd-udevd[437]: Successfully forked off '(spawn)' as PID 498.
Jun 29 03:06:47 h3ulcb systemd-udevd[344]: phy-ee0e0200.usb-phy.14: Device processed (SEQNUM=4462, ACTION=add)
Jun 29 03:06:47 h3ulcb systemd-udevd[344]: phy-ee0e0200.usb-phy.14: sd-device-monitor: Passed 343 byte to netlink monitor
Jun 29 03:06:47 h3ulcb systemd-udevd[434]: Module 'uio_pdrv_genirq' is already loaded
Jun 29 03:06:47 h3ulcb systemd-udevd[342]: phy-ee0e0200.usb-phy.15: Device processed (SEQNUM=4463, ACTION=add)
Jun 29 03:06:47 h3ulcb systemd-udevd[434]: Module 'uio_pdrv_genirq' is already loaded
Jun 29 03:06:47 h3ulcb systemd-udevd[341]: event4: /usr/lib/udev/rules.d/60-input-id.rules:6 Importing properties from results of builtin command 'hwdb --subsystem=input --lookup-prefix=id-input:modalias:'
Jun 29 03:06:47 h3ulcb systemd-udevd[331]: mmcblk1: Device is queued (SEQNUM=4467, ACTION=add)
Jun 29 03:06:47 h3ulcb systemd-udevd[368]: phy-ee0e0200.usb-phy.13: Device processed (SEQNUM=4461, ACTION=add)
Jun 29 03:06:47 h3ulcb systemd-udevd[343]: usb4: Handling device node '/dev/bus/usb/004/001', devnum=c189:384
Jun 29 03:06:47 h3ulcb systemd-udevd[434]: ee100000.mmc: Device processed (SEQNUM=4464, ACTION=add)
Jun 29 03:06:47 h3ulcb systemd-udevd[342]: phy-ee0e0200.usb-phy.15: sd-device-monitor: Passed 343 byte to netlink monitor
Jun 29 03:06:47 h3ulcb systemd-udevd[341]: event4: hwdb modalias key: "input:b0003v046DpC328e0110-e0,1,4,k74,8E,8F,ram4,lsfw"
Jun 29 03:06:47 h3ulcb systemd-udevd[331]: mmcblk1: SEQNUM=4467 blocked by SEQNUM=4464
Jun 29 03:06:47 h3ulcb systemd-udevd[368]: phy-ee0e0200.usb-phy.13: sd-device-monitor: Passed 343 byte to netlink monitor
Jun 29 03:06:47 h3ulcb systemd-udevd[434]: ee100000.mmc: sd-device-monitor: Passed 466 byte to netlink monitor
Jun 29 03:06:47 h3ulcb systemd-udevd[343]: usb4: sd-device: Created db file '/run/udev/data/c189:384' for '/devices/platform/soc/ee0e0100.usb/usb4'
Jun 29 03:06:47 h3ulcb systemd-udevd[341]: event4: No entry found from hwdb.
Jun 29 03:06:47 h3ulcb systemd-udevd[343]: usb4: Failed to get watch handle, ignoring: No such file or directory
Jun 29 03:06:47 h3ulcb systemd-udevd[341]: event4: /usr/lib/udev/rules.d/60-input-id.rules:6 Failed to run builtin 'hwdb --subsystem=input --lookup-prefix=id-input:modalias:': No data available
Jun 29 03:06:47 h3ulcb systemd-udevd[343]: usb4: Device processed (SEQNUM=4456, ACTION=add)
Jun 29 03:06:47 h3ulcb systemd-udevd[331]: mmcblk1p1: Device is queued (SEQNUM=4468, ACTION=add)
Jun 29 03:06:47 h3ulcb systemd-udevd[343]: usb4: sd-device-monitor: Passed 989 byte to netlink monitor
Jun 29 03:06:47 h3ulcb systemd-udevd[331]: mmcblk1p1: SEQNUM=4468 blocked by SEQNUM=4464
Jun 29 03:06:47 h3ulcb systemd-udevd[331]: 4-0:1.0: Device ready for processing (SEQNUM=4457, ACTION=add)
Jun 29 03:06:47 h3ulcb systemd-udevd[331]: 4-0:1.0: sd-device-monitor: Passed 399 byte to netlink monitor
Jun 29 03:06:47 h3ulcb systemd-udevd[331]: mmc1: Device ready for processing (SEQNUM=4465, ACTION=add)
Jun 29 03:06:47 h3ulcb systemd-udevd[331]: mmc1: sd-device-monitor: Passed 178 byte to netlink monitor
Jun 29 03:06:47 h3ulcb systemd-udevd[440]: mmc1: Processing device (SEQNUM=4465, ACTION=add)
Jun 29 03:06:47 h3ulcb systemd-udevd[331]: mmc1:59b4: SEQNUM=4466 blocked by SEQNUM=4465
Jun 29 03:06:47 h3ulcb systemd-udevd[335]: 4-0:1.0: Processing device (SEQNUM=4457, ACTION=add)
Jun 29 03:06:47 h3ulcb systemd-udevd[331]: mmcblk1: SEQNUM=4467 blocked by SEQNUM=4465
Jun 29 03:06:47 h3ulcb systemd-udevd[341]: event4: /usr/lib/udev/rules.d/60-persistent-input.rules:11 Importing properties from results of builtin command 'usb_id'
Jun 29 03:06:47 h3ulcb systemd-udevd[331]: mmcblk1p1: SEQNUM=4468 blocked by SEQNUM=4465
Jun 29 03:06:47 h3ulcb systemd-udevd[341]: 9-1.1.4:1.1: if_class:3 protocol:0
Jun 29 03:06:47 h3ulcb systemd-udevd[335]: 4-0:1.0: /usr/lib/udev/rules.d/50-udev-default.rules:14 Importing properties from results of builtin command 'hwdb --subsystem=usb'
Jun 29 03:06:47 h3ulcb systemd-udevd[335]: 4-0:1.0: hwdb modalias key: "usb:v1D6Bp0002d0510dc09dsc00dp00ic09isc00ip00in00"
Jun 29 03:06:47 h3ulcb systemd-udevd[440]: mmc1: Device processed (SEQNUM=4465, ACTION=add)
Jun 29 03:06:47 h3ulcb systemd-udevd[331]: ee140000.mmc: Device is queued (SEQNUM=4469, ACTION=add)
Jun 29 03:06:47 h3ulcb systemd-udevd[440]: mmc1: sd-device-monitor: Passed 178 byte to netlink monitor
Jun 29 03:06:47 h3ulcb systemd-udevd[331]: ee140000.mmc: Device ready for processing (SEQNUM=4469, ACTION=add)
Jun 29 03:06:47 h3ulcb systemd-udevd[335]: 4-0:1.0: /usr/lib/udev/rules.d/60-drm.rules:3 Importing properties from results of builtin command 'path_id'
Jun 29 03:06:47 h3ulcb systemd-udevd[331]: ee140000.mmc: sd-device-monitor: Passed 402 byte to netlink monitor
Jun 29 03:06:47 h3ulcb systemd-udevd[434]: ee140000.mmc: Processing device (SEQNUM=4469, ACTION=add)
Jun 29 03:06:47 h3ulcb systemd-udevd[341]: event4: /usr/lib/udev/rules.d/60-persistent-input.rules:32 LINK 'input/by-id/usb-Logitech_USB_Keyboard-event-if01'
Jun 29 03:06:47 h3ulcb systemd-udevd[331]: mmc1:59b4: Device ready for processing (SEQNUM=4466, ACTION=add)
Jun 29 03:06:47 h3ulcb systemd-udevd[341]: event4: /usr/lib/udev/rules.d/60-persistent-input.rules:35 Importing properties from results of builtin command 'path_id'
Jun 29 03:06:47 h3ulcb systemd-udevd[341]: event4: /usr/lib/udev/rules.d/60-persistent-input.rules:40 LINK 'input/by-path/platform-ee000000.usb-usb-0:1.1.4:1.1-event'
Jun 29 03:06:47 h3ulcb systemd-udevd[437]: event3: 'libinput-device-group /sys/devices/platform/soc/ee000000.usb/usb9/9-1/9-1.1/9-1.1.4/9-1.1.4:1.1/0003:046D:C328.0004/input/input4/event3'(out) 'LIBINPUT_DEVICE_GROUP=3/46d/c328:usb-ee000000.usb-1.1'
Jun 29 03:06:47 h3ulcb systemd-udevd[331]: mmc1:59b4: sd-device-monitor: Passed 243 byte to netlink monitor
Jun 29 03:06:47 h3ulcb systemd-udevd[440]: mmc1:59b4: Processing device (SEQNUM=4466, ACTION=add)
Jun 29 03:06:47 h3ulcb systemd-udevd[434]: ee140000.mmc: /usr/lib/udev/rules.d/50-udev-default.rules:14 Importing properties from results of builtin command 'hwdb --subsystem=platform'
Jun 29 03:06:47 h3ulcb systemd-udevd[437]: event3: Process 'libinput-device-group /sys/devices/platform/soc/ee000000.usb/usb9/9-1/9-1.1/9-1.1.4/9-1.1.4:1.1/0003:046D:C328.0004/input/input4/event3' succeeded.
Jun 29 03:06:47 h3ulcb systemd-udevd[331]: mmcblk1: SEQNUM=4467 blocked by SEQNUM=4466
Jun 29 03:06:47 h3ulcb systemd-udevd[341]: event4: /usr/lib/udev/rules.d/80-libinput-device-groups.rules:4 Importing properties from results of 'libinput-device-group /sys/devices/platform/soc/ee000000.usb/usb9/9-1/9-1.1/9-1.1.4/9-1.1.4:1.1/0003:046D:C328.0004/input/input5/event4'
Jun 29 03:06:47 h3ulcb systemd-udevd[440]: mmc1:59b4: /usr/lib/udev/rules.d/50-udev-default.rules:14 Importing properties from results of builtin command 'hwdb --subsystem=mmc'
Jun 29 03:06:47 h3ulcb systemd-udevd[434]: ee140000.mmc: hwdb modalias key: "of:NmmcT(null)Crenesas,sdhi-r8a7795Crenesas,rcar-gen3-sdhi"
Jun 29 03:06:47 h3ulcb systemd-udevd[335]: 4-0:1.0: /usr/lib/udev/rules.d/80-drivers.rules:5 RUN 'kmod load '$env{MODALIAS}''
Jun 29 03:06:47 h3ulcb systemd-udevd[331]: mmcblk1p1: SEQNUM=4468 blocked by SEQNUM=4466
Jun 29 03:06:47 h3ulcb systemd-udevd[341]: event4: Starting 'libinput-device-group /sys/devices/platform/soc/ee000000.usb/usb9/9-1/9-1.1/9-1.1.4/9-1.1.4:1.1/0003:046D:C328.0004/input/input5/event4'
Jun 29 03:06:47 h3ulcb systemd-udevd[440]: mmc1:59b4: hwdb modalias key: "mmc:block"
Jun 29 03:06:47 h3ulcb systemd-udevd[434]: ee140000.mmc: hwdb modalias key: "of:NsocT(null)Csimple-bus"
Jun 29 03:06:47 h3ulcb systemd-udevd[331]: mmc0: Device is queued (SEQNUM=4470, ACTION=add)
Jun 29 03:06:47 h3ulcb systemd-udevd[331]: mmc0: SEQNUM=4470 blocked by SEQNUM=4469
Jun 29 03:06:47 h3ulcb systemd-udevd[335]: 4-0:1.0: sd-device: Created db file '/run/udev/data/+usb:4-0:1.0' for '/devices/platform/soc/ee0e0100.usb/usb4/4-0:1.0'
Jun 29 03:06:47 h3ulcb systemd-udevd[434]: ee140000.mmc: No entry found from hwdb.
Jun 29 03:06:47 h3ulcb systemd-udevd[341]: Successfully forked off '(spawn)' as PID 499.
Jun 29 03:06:47 h3ulcb systemd-udevd[440]: mmc1:59b4: No entry found from hwdb.
Jun 29 03:06:47 h3ulcb systemd-udevd[335]: 4-0:1.0: Running built-in command "kmod load 'usb:v1D6Bp0002d0510dc09dsc00dp00ic09isc00ip00in00'"
Jun 29 03:06:47 h3ulcb systemd-udevd[331]: mmc0:0001: Device is queued (SEQNUM=4471, ACTION=add)
Jun 29 03:06:47 h3ulcb systemd-udevd[437]: event3: Setting permissions /dev/input/event3, uid=0, gid=19, mode=0660
Jun 29 03:06:47 h3ulcb systemd-udevd[434]: ee140000.mmc: /usr/lib/udev/rules.d/50-udev-default.rules:14 Failed to run builtin 'hwdb --subsystem=platform': No data available
Jun 29 03:06:47 h3ulcb systemd-udevd[440]: mmc1:59b4: /usr/lib/udev/rules.d/50-udev-default.rules:14 Failed to run builtin 'hwdb --subsystem=mmc': No data available
Jun 29 03:06:47 h3ulcb systemd-udevd[335]: Loading module: usb:v1D6Bp0002d0510dc09dsc00dp00ic09isc00ip00in00
Jun 29 03:06:47 h3ulcb systemd-udevd[331]: mmc0:0001: SEQNUM=4471 blocked by SEQNUM=4469
Jun 29 03:06:47 h3ulcb systemd-udevd[437]: event3: Handling device node '/dev/input/event3', devnum=c13:67
Jun 29 03:06:47 h3ulcb systemd-udevd[331]: mmcblk0: Device is queued (SEQNUM=4472, ACTION=add)
Jun 29 03:06:47 h3ulcb systemd-udevd[335]: Failed to find module 'usb:v1D6Bp0002d0510dc09dsc00dp00ic09isc00ip00in00'
Jun 29 03:06:47 h3ulcb systemd-udevd[440]: mmc1:59b4: /usr/lib/udev/rules.d/80-drivers.rules:5 RUN 'kmod load '$env{MODALIAS}''
Jun 29 03:06:47 h3ulcb systemd-udevd[434]: ee140000.mmc: /usr/lib/udev/rules.d/60-drm.rules:3 Importing properties from results of builtin command 'path_id'
Jun 29 03:06:47 h3ulcb systemd-udevd[331]: mmcblk0: SEQNUM=4472 blocked by SEQNUM=4469
Jun 29 03:06:47 h3ulcb systemd-udevd[434]: ee140000.mmc: /usr/lib/udev/rules.d/80-drivers.rules:5 RUN 'kmod load '$env{MODALIAS}''
Jun 29 03:06:47 h3ulcb systemd-udevd[335]: 4-0:1.0: Device processed (SEQNUM=4457, ACTION=add)
Jun 29 03:06:47 h3ulcb systemd-udevd[440]: mmc1:59b4: Running built-in command "kmod load 'mmc:block'"
Jun 29 03:06:47 h3ulcb systemd-udevd[437]: event3: /run/udev/links/input\x2fby-path\x2fplatform-ee000000.usb-usb-0:1.1.4:1.1-event is modified, but its timestamp is not changed, updating timestamp after 10ms.
Jun 29 03:06:47 h3ulcb systemd-udevd[331]: mmcblk0boot0: Device is queued (SEQNUM=4473, ACTION=add)
Jun 29 03:06:47 h3ulcb systemd-udevd[335]: 4-0:1.0: sd-device-monitor: Passed 667 byte to netlink monitor
Jun 29 03:06:47 h3ulcb systemd-udevd[440]: Loading module: mmc:block
Jun 29 03:06:47 h3ulcb systemd-udevd[434]: ee140000.mmc: sd-device: Created db file '/run/udev/data/+platform:ee140000.mmc' for '/devices/platform/soc/ee140000.mmc'
Jun 29 03:06:47 h3ulcb systemd-udevd[331]: mmcblk0boot0: SEQNUM=4473 blocked by SEQNUM=4469
Jun 29 03:06:47 h3ulcb systemd-udevd[440]: Module 'mmc_block' is built in
Jun 29 03:06:47 h3ulcb systemd-udevd[331]: mmcblk0boot1: Device is queued (SEQNUM=4474, ACTION=add)
Jun 29 03:06:47 h3ulcb systemd-udevd[440]: mmc1:59b4: Device processed (SEQNUM=4466, ACTION=add)
Jun 29 03:06:47 h3ulcb systemd-udevd[434]: ee140000.mmc: Running built-in command "kmod load 'of:NmmcT(null)Crenesas,sdhi-r8a7795Crenesas,rcar-gen3-sdhi'"
Jun 29 03:06:47 h3ulcb systemd-udevd[331]: mmcblk0boot1: SEQNUM=4474 blocked by SEQNUM=4469
Jun 29 03:06:47 h3ulcb systemd-udevd[440]: mmc1:59b4: sd-device-monitor: Passed 243 byte to netlink monitor
Jun 29 03:06:47 h3ulcb systemd-udevd[434]: Loading module: of:NmmcT(null)Crenesas,sdhi-r8a7795Crenesas,rcar-gen3-sdhi
Jun 29 03:06:47 h3ulcb systemd-udevd[331]: mmcblk0p1: Device is queued (SEQNUM=4475, ACTION=add)
Jun 29 03:06:47 h3ulcb systemd-udevd[331]: mmcblk0p1: SEQNUM=4475 blocked by SEQNUM=4469
Jun 29 03:06:47 h3ulcb systemd-udevd[331]: mmcblk1: Device ready for processing (SEQNUM=4467, ACTION=add)
Jun 29 03:06:47 h3ulcb systemd-udevd[331]: mmcblk1: sd-device-monitor: Passed 252 byte to netlink monitor
Jun 29 03:06:47 h3ulcb systemd-udevd[335]: mmcblk1: Processing device (SEQNUM=4467, ACTION=add)
Jun 29 03:06:47 h3ulcb systemd-udevd[331]: mmcblk1p1: SEQNUM=4468 blocked by SEQNUM=4467
Jun 29 03:06:47 h3ulcb systemd-udevd[341]: event4: 'libinput-device-group /sys/devices/platform/soc/ee000000.usb/usb9/9-1/9-1.1/9-1.1.4/9-1.1.4:1.1/0003:046D:C328.0004/input/input5/event4'(out) 'LIBINPUT_DEVICE_GROUP=3/46d/c328:usb-ee000000.usb-1.1'
Jun 29 03:06:47 h3ulcb systemd-udevd[335]: mmcblk1: Failed to get watch handle, ignoring: No such file or directory
Jun 29 03:06:47 h3ulcb systemd-udevd[341]: event4: Process 'libinput-device-group /sys/devices/platform/soc/ee000000.usb/usb9/9-1/9-1.1/9-1.1.4/9-1.1.4:1.1/0003:046D:C328.0004/input/input5/event4' succeeded.
Jun 29 03:06:47 h3ulcb systemd-udevd[331]: mmcblk0p2: Device is queued (SEQNUM=4476, ACTION=add)
Jun 29 03:06:47 h3ulcb systemd-udevd[335]: mmcblk1: /usr/lib/udev/rules.d/50-udev-default.rules:71 GROUP 6
Jun 29 03:06:47 h3ulcb systemd-udevd[331]: mmcblk0p2: SEQNUM=4476 blocked by SEQNUM=4469
Jun 29 03:06:47 h3ulcb systemd-udevd[331]: mmcblk0rpmb: Device is queued (SEQNUM=4477, ACTION=add)
Jun 29 03:06:47 h3ulcb systemd-udevd[331]: mmcblk0rpmb: SEQNUM=4477 blocked by SEQNUM=4469
Jun 29 03:06:47 h3ulcb systemd-udevd[331]: ee160000.mmc: Device is queued (SEQNUM=4478, ACTION=add)
Jun 29 03:06:47 h3ulcb systemd-udevd[335]: mmcblk1: /usr/lib/udev/rules.d/60-persistent-storage.rules:81 LINK 'disk/by-id/mmc-LX32G_0x4123d950'
Jun 29 03:06:47 h3ulcb systemd-udevd[331]: ee160000.mmc: Device ready for processing (SEQNUM=4478, ACTION=add)
Jun 29 03:06:47 h3ulcb systemd-udevd[335]: mmcblk1: /usr/lib/udev/rules.d/60-persistent-storage.rules:90 Importing properties from results of builtin command 'path_id'
Jun 29 03:06:47 h3ulcb systemd-udevd[341]: event4: Setting permissions /dev/input/event4, uid=0, gid=19, mode=0660
Jun 29 03:06:47 h3ulcb systemd-udevd[331]: ee160000.mmc: sd-device-monitor: Passed 402 byte to netlink monitor
Jun 29 03:06:47 h3ulcb systemd-udevd[440]: ee160000.mmc: Processing device (SEQNUM=4478, ACTION=add)
Jun 29 03:06:47 h3ulcb systemd-udevd[341]: event4: Handling device node '/dev/input/event4', devnum=c13:68
Jun 29 03:06:47 h3ulcb systemd-udevd[331]: mmc2: Device is queued (SEQNUM=4479, ACTION=add)
Jun 29 03:06:47 h3ulcb systemd-udevd[440]: ee160000.mmc: /usr/lib/udev/rules.d/50-udev-default.rules:14 Importing properties from results of builtin command 'hwdb --subsystem=platform'
Jun 29 03:06:47 h3ulcb systemd-udevd[335]: mmcblk1: /usr/lib/udev/rules.d/60-persistent-storage.rules:92 LINK 'disk/by-path/platform-ee100000.mmc'
Jun 29 03:06:47 h3ulcb systemd-udevd[331]: mmc2: SEQNUM=4479 blocked by SEQNUM=4478
Jun 29 03:06:47 h3ulcb systemd-udevd[440]: ee160000.mmc: hwdb modalias key: "of:NmmcT(null)Crenesas,sdhi-r8a7795Crenesas,rcar-gen3-sdhi"
Jun 29 03:06:47 h3ulcb systemd-udevd[335]: mmcblk1: /usr/lib/udev/rules.d/60-persistent-storage.rules:110 Importing properties from results of builtin command 'blkid'
Jun 29 03:06:47 h3ulcb systemd-udevd[434]: Module 'uio_pdrv_genirq' is already loaded
Jun 29 03:06:47 h3ulcb systemd-udevd[341]: event4: /run/udev/links/input\x2fby-id\x2fusb-Logitech_USB_Keyboard-event-if01 is modified, but its timestamp is not changed, updating timestamp after 10ms.
Jun 29 03:06:47 h3ulcb systemd-udevd[331]: ee800000.pcie: Device is queued (SEQNUM=4480, ACTION=add)
Jun 29 03:06:47 h3ulcb systemd-udevd[440]: ee160000.mmc: hwdb modalias key: "of:NsocT(null)Csimple-bus"
Jun 29 03:06:47 h3ulcb systemd-udevd[434]: Module 'uio_pdrv_genirq' is already loaded
Jun 29 03:06:47 h3ulcb systemd-udevd[335]: mmcblk1: Probe /dev/mmcblk1 with raid and offset=0
Jun 29 03:06:47 h3ulcb systemd-udevd[331]: ee800000.pcie: Device ready for processing (SEQNUM=4480, ACTION=add)
Jun 29 03:06:47 h3ulcb systemd-udevd[440]: ee160000.mmc: No entry found from hwdb.
Jun 29 03:06:47 h3ulcb systemd-udevd[434]: ee140000.mmc: Device processed (SEQNUM=4469, ACTION=add)
Jun 29 03:06:47 h3ulcb systemd-udevd[331]: ee800000.pcie: sd-device-monitor: Passed 381 byte to netlink monitor
Jun 29 03:06:47 h3ulcb systemd-udevd[440]: ee160000.mmc: /usr/lib/udev/rules.d/50-udev-default.rules:14 Failed to run builtin 'hwdb --subsystem=platform': No data available
Jun 29 03:06:47 h3ulcb systemd-udevd[343]: ee800000.pcie: Processing device (SEQNUM=4480, ACTION=add)
Jun 29 03:06:47 h3ulcb systemd-udevd[436]: Inserted module 'ath9k_htc'
Jun 29 03:06:47 h3ulcb systemd-udevd[434]: ee140000.mmc: sd-device-monitor: Passed 466 byte to netlink monitor
Jun 29 03:06:47 h3ulcb systemd-udevd[440]: ee160000.mmc: /usr/lib/udev/rules.d/60-drm.rules:3 Importing properties from results of builtin command 'path_id'
Jun 29 03:06:47 h3ulcb systemd-udevd[331]: fd000000.gsx: Device is queued (SEQNUM=4481, ACTION=add)
Jun 29 03:06:47 h3ulcb systemd-udevd[435]: sda1: /usr/lib/udev/rules.d/60-persistent-storage.rules:113 LINK 'disk/by-uuid/EBE1-4462'
Jun 29 03:06:47 h3ulcb systemd-udevd[343]: ee800000.pcie: /usr/lib/udev/rules.d/50-udev-default.rules:14 Importing properties from results of builtin command 'hwdb --subsystem=platform'
Jun 29 03:06:47 h3ulcb systemd-udevd[436]: 9-1.1.3:1.0: Device processed (SEQNUM=4384, ACTION=add)
Jun 29 03:06:47 h3ulcb systemd-udevd[440]: ee160000.mmc: /usr/lib/udev/rules.d/80-drivers.rules:5 RUN 'kmod load '$env{MODALIAS}''
Jun 29 03:06:47 h3ulcb systemd-udevd[331]: fd000000.gsx: Device ready for processing (SEQNUM=4481, ACTION=add)
Jun 29 03:06:47 h3ulcb systemd-udevd[435]: sda1: /usr/lib/udev/rules.d/60-persistent-storage.rules:121 LINK 'disk/by-partuuid/97120d52-01'
Jun 29 03:06:47 h3ulcb systemd-udevd[343]: ee800000.pcie: hwdb modalias key: "of:NpcieTpciCrenesas,pcie-r8a7795Crenesas,pcie-rcar-gen3"
Jun 29 03:06:47 h3ulcb systemd-udevd[436]: 9-1.1.3:1.0: sd-device-monitor: Passed 680 byte to netlink monitor
Jun 29 03:06:47 h3ulcb systemd-udevd[331]: fd000000.gsx: sd-device-monitor: Passed 288 byte to netlink monitor
Jun 29 03:06:47 h3ulcb systemd-udevd[373]: fd000000.gsx: Processing device (SEQNUM=4481, ACTION=add)
Jun 29 03:06:47 h3ulcb systemd-udevd[440]: ee160000.mmc: sd-device: Created db file '/run/udev/data/+platform:ee160000.mmc' for '/devices/platform/soc/ee160000.mmc'
Jun 29 03:06:47 h3ulcb systemd-udevd[343]: ee800000.pcie: hwdb modalias key: "of:NsocT(null)Csimple-bus"
Jun 29 03:06:47 h3ulcb systemd-udevd[437]: event3: sd-device: Created db file '/run/udev/data/c13:67' for '/devices/platform/soc/ee000000.usb/usb9/9-1/9-1.1/9-1.1.4/9-1.1.4:1.1/0003:046D:C328.0004/input/input4/event3'
Jun 29 03:06:47 h3ulcb systemd-udevd[335]: mmcblk1: Setting permissions /dev/mmcblk1, uid=0, gid=6, mode=0660
Jun 29 03:06:47 h3ulcb systemd-udevd[331]: mmc0: Device ready for processing (SEQNUM=4470, ACTION=add)
Jun 29 03:06:47 h3ulcb systemd-udevd[435]: sda1: Setting permissions /dev/sda1, uid=0, gid=6, mode=0660
Jun 29 03:06:47 h3ulcb systemd-udevd[373]: fd000000.gsx: /usr/lib/udev/rules.d/50-udev-default.rules:14 Importing properties from results of builtin command 'hwdb --subsystem=platform'
Jun 29 03:06:47 h3ulcb systemd-udevd[343]: ee800000.pcie: No entry found from hwdb.
Jun 29 03:06:47 h3ulcb systemd-udevd[437]: event3: Failed to get watch handle, ignoring: No such file or directory
Jun 29 03:06:47 h3ulcb systemd-udevd[335]: mmcblk1: Handling device node '/dev/mmcblk1', devnum=b179:96
Jun 29 03:06:47 h3ulcb systemd-udevd[331]: mmc0: sd-device-monitor: Passed 178 byte to netlink monitor
Jun 29 03:06:47 h3ulcb systemd-udevd[440]: ee160000.mmc: Running built-in command "kmod load 'of:NmmcT(null)Crenesas,sdhi-r8a7795Crenesas,rcar-gen3-sdhi'"
Jun 29 03:06:47 h3ulcb systemd-udevd[436]: mmc0: Processing device (SEQNUM=4470, ACTION=add)
Jun 29 03:06:47 h3ulcb systemd-udevd[435]: sda1: Handling device node '/dev/sda1', devnum=b8:1
Jun 29 03:06:47 h3ulcb systemd-udevd[373]: fd000000.gsx: hwdb modalias key: "of:NgsxT(null)Crenesas,gsx"
Jun 29 03:06:47 h3ulcb systemd-udevd[343]: ee800000.pcie: /usr/lib/udev/rules.d/50-udev-default.rules:14 Failed to run builtin 'hwdb --subsystem=platform': No data available
Jun 29 03:06:47 h3ulcb systemd-udevd[437]: event3: Device processed (SEQNUM=4396, ACTION=add)
Jun 29 03:06:47 h3ulcb systemd-udevd[335]: mmcblk1: /run/udev/links/disk\x2fby-id\x2fmmc-LX32G_0x4123d950 is modified, but its timestamp is not changed, updating timestamp after 10ms.
Jun 29 03:06:47 h3ulcb systemd-udevd[331]: mmc0:0001: SEQNUM=4471 blocked by SEQNUM=4470
Jun 29 03:06:47 h3ulcb systemd-udevd[440]: Loading module: of:NmmcT(null)Crenesas,sdhi-r8a7795Crenesas,rcar-gen3-sdhi
Jun 29 03:06:47 h3ulcb systemd-udevd[435]: sda1: /run/udev/links/disk\x2fby-id\x2fusb-JetFlash_Transcend_8GB_47II3KBM44I9523R-0:0-part1 is modified, but its timestamp is not changed, updating timestamp after 10ms.
Jun 29 03:06:47 h3ulcb systemd-udevd[343]: ee800000.pcie: /usr/lib/udev/rules.d/60-drm.rules:3 Importing properties from results of builtin command 'path_id'
Jun 29 03:06:47 h3ulcb systemd-udevd[373]: fd000000.gsx: hwdb modalias key: "of:NsocT(null)Csimple-bus"
Jun 29 03:06:47 h3ulcb systemd-udevd[343]: ee800000.pcie: /usr/lib/udev/rules.d/80-drivers.rules:5 RUN 'kmod load '$env{MODALIAS}''
Jun 29 03:06:47 h3ulcb systemd-udevd[331]: mmcblk0: SEQNUM=4472 blocked by SEQNUM=4470
Jun 29 03:06:47 h3ulcb systemd-udevd[436]: mmc0: Device processed (SEQNUM=4470, ACTION=add)
Jun 29 03:06:47 h3ulcb systemd-udevd[437]: event3: sd-device-monitor: Passed 909 byte to netlink monitor
Jun 29 03:06:47 h3ulcb systemd-udevd[343]: ee800000.pcie: sd-device: Created db file '/run/udev/data/+platform:ee800000.pcie' for '/devices/platform/soc/ee800000.pcie'
Jun 29 03:06:47 h3ulcb systemd-udevd[331]: mmcblk0boot0: SEQNUM=4473 blocked by SEQNUM=4470
Jun 29 03:06:47 h3ulcb systemd-udevd[436]: mmc0: sd-device-monitor: Passed 178 byte to netlink monitor
Jun 29 03:06:47 h3ulcb systemd-udevd[373]: fd000000.gsx: No entry found from hwdb.
Jun 29 03:06:47 h3ulcb systemd-udevd[343]: ee800000.pcie: Running built-in command "kmod load 'of:NpcieTpciCrenesas,pcie-r8a7795Crenesas,pcie-rcar-gen3'"
Jun 29 03:06:47 h3ulcb systemd-udevd[331]: mmcblk0boot1: SEQNUM=4474 blocked by SEQNUM=4470
Jun 29 03:06:47 h3ulcb systemd-udevd[373]: fd000000.gsx: /usr/lib/udev/rules.d/50-udev-default.rules:14 Failed to run builtin 'hwdb --subsystem=platform': No data available
Jun 29 03:06:47 h3ulcb systemd-udevd[373]: fd000000.gsx: /usr/lib/udev/rules.d/60-drm.rules:3 Importing properties from results of builtin command 'path_id'
Jun 29 03:06:47 h3ulcb systemd-udevd[331]: mmcblk0p1: SEQNUM=4475 blocked by SEQNUM=4470
Jun 29 03:06:47 h3ulcb systemd-udevd[343]: Loading module: of:NpcieTpciCrenesas,pcie-r8a7795Crenesas,pcie-rcar-gen3
Jun 29 03:06:47 h3ulcb systemd-udevd[331]: mmcblk0p2: SEQNUM=4476 blocked by SEQNUM=4470
Jun 29 03:06:47 h3ulcb systemd-udevd[373]: fd000000.gsx: /usr/lib/udev/rules.d/80-drivers.rules:5 RUN 'kmod load '$env{MODALIAS}''
Jun 29 03:06:47 h3ulcb systemd-udevd[341]: event4: sd-device: Created db file '/run/udev/data/c13:68' for '/devices/platform/soc/ee000000.usb/usb9/9-1/9-1.1/9-1.1.4/9-1.1.4:1.1/0003:046D:C328.0004/input/input5/event4'
Jun 29 03:06:47 h3ulcb systemd-udevd[331]: mmcblk0rpmb: SEQNUM=4477 blocked by SEQNUM=4470
Jun 29 03:06:47 h3ulcb systemd-udevd[341]: event4: Failed to get watch handle, ignoring: No such file or directory
Jun 29 03:06:47 h3ulcb systemd-udevd[341]: event4: Device processed (SEQNUM=4398, ACTION=add)
Jun 29 03:06:47 h3ulcb systemd-udevd[341]: event4: sd-device-monitor: Passed 909 byte to netlink monitor
Jun 29 03:06:47 h3ulcb systemd-udevd[331]: fe000000.pcie: Device is queued (SEQNUM=4482, ACTION=add)
