Jun 29 03:06:47 h3ulcb systemd-udevd[373]: fd000000.gsx: sd-device: Created db file '/run/udev/data/+platform:fd000000.gsx' for '/devices/platform/soc/fd000000.gsx'
Jun 29 03:06:47 h3ulcb systemd-udevd[331]: fe000000.pcie: Device ready for processing (SEQNUM=4482, ACTION=add)
Jun 29 03:06:47 h3ulcb systemd-udevd[440]: Module 'uio_pdrv_genirq' is already loaded
Jun 29 03:06:47 h3ulcb systemd-udevd[373]: fd000000.gsx: Running built-in command "kmod load 'of:NgsxT(null)Crenesas,gsx'"
Jun 29 03:06:47 h3ulcb systemd-udevd[331]: fe000000.pcie: sd-device-monitor: Passed 381 byte to netlink monitor
Jun 29 03:06:47 h3ulcb systemd-udevd[440]: Module 'uio_pdrv_genirq' is already loaded
Jun 29 03:06:47 h3ulcb systemd-udevd[434]: fe000000.pcie: Processing device (SEQNUM=4482, ACTION=add)
Jun 29 03:06:47 h3ulcb systemd-udevd[373]: Loading module: of:NgsxT(null)Crenesas,gsx
Jun 29 03:06:47 h3ulcb systemd-udevd[331]: mmc0:0001: Device ready for processing (SEQNUM=4471, ACTION=add)
Jun 29 03:06:47 h3ulcb systemd-udevd[440]: ee160000.mmc: Device processed (SEQNUM=4478, ACTION=add)
Jun 29 03:06:47 h3ulcb systemd-udevd[434]: fe000000.pcie: /usr/lib/udev/rules.d/50-udev-default.rules:14 Importing properties from results of builtin command 'hwdb --subsystem=platform'
Jun 29 03:06:47 h3ulcb systemd-udevd[331]: mmc0:0001: sd-device-monitor: Passed 245 byte to netlink monitor
Jun 29 03:06:47 h3ulcb systemd-udevd[437]: mmc0:0001: Processing device (SEQNUM=4471, ACTION=add)
Jun 29 03:06:47 h3ulcb systemd-udevd[440]: ee160000.mmc: sd-device-monitor: Passed 466 byte to netlink monitor
Jun 29 03:06:47 h3ulcb systemd-udevd[434]: fe000000.pcie: hwdb modalias key: "of:NpcieTpciCrenesas,pcie-r8a7795Crenesas,pcie-rcar-gen3"
Jun 29 03:06:47 h3ulcb systemd-udevd[331]: mmcblk0: SEQNUM=4472 blocked by SEQNUM=4471
Jun 29 03:06:47 h3ulcb systemd-udevd[437]: mmc0:0001: /usr/lib/udev/rules.d/50-udev-default.rules:14 Importing properties from results of builtin command 'hwdb --subsystem=mmc'
Jun 29 03:06:47 h3ulcb systemd-udevd[331]: mmcblk0boot0: SEQNUM=4473 blocked by SEQNUM=4471
Jun 29 03:06:47 h3ulcb systemd-udevd[363]: event1: /usr/lib/udev/rules.d/60-input-id.rules:6 Importing properties from results of builtin command 'hwdb --subsystem=input --lookup-prefix=id-input:modalias:'
Jun 29 03:06:47 h3ulcb systemd-udevd[437]: mmc0:0001: hwdb modalias key: "mmc:block"
Jun 29 03:06:47 h3ulcb systemd-udevd[343]: Module 'uio_pdrv_genirq' is already loaded
Jun 29 03:06:47 h3ulcb systemd-udevd[434]: fe000000.pcie: hwdb modalias key: "of:NsocT(null)Csimple-bus"
Jun 29 03:06:47 h3ulcb systemd-udevd[331]: mmcblk0boot1: SEQNUM=4474 blocked by SEQNUM=4471
Jun 29 03:06:47 h3ulcb systemd-udevd[363]: event1: hwdb modalias key: "input:b0003v222Ap0141e0110-e0,1,3,4,k110,111,112,113,114,ra0,1,m4,lsfw"
Jun 29 03:06:47 h3ulcb systemd-udevd[343]: Module 'uio_pdrv_genirq' is already loaded
Jun 29 03:06:47 h3ulcb systemd-udevd[331]: mmcblk0p1: SEQNUM=4475 blocked by SEQNUM=4471
Jun 29 03:06:47 h3ulcb systemd-udevd[434]: fe000000.pcie: No entry found from hwdb.
Jun 29 03:06:47 h3ulcb systemd-udevd[363]: event1: No entry found from hwdb.
Jun 29 03:06:47 h3ulcb systemd-udevd[437]: mmc0:0001: No entry found from hwdb.
Jun 29 03:06:47 h3ulcb systemd-udevd[343]: ee800000.pcie: Device processed (SEQNUM=4480, ACTION=add)
Jun 29 03:06:47 h3ulcb systemd-udevd[331]: mmcblk0p2: SEQNUM=4476 blocked by SEQNUM=4471
Jun 29 03:06:47 h3ulcb systemd-udevd[434]: fe000000.pcie: /usr/lib/udev/rules.d/50-udev-default.rules:14 Failed to run builtin 'hwdb --subsystem=platform': No data available
Jun 29 03:06:47 h3ulcb systemd-udevd[363]: event1: /usr/lib/udev/rules.d/60-input-id.rules:6 Failed to run builtin 'hwdb --subsystem=input --lookup-prefix=id-input:modalias:': No data available
Jun 29 03:06:47 h3ulcb systemd-udevd[373]: Module 'uio_pdrv_genirq' is already loaded
Jun 29 03:06:47 h3ulcb systemd-udevd[437]: mmc0:0001: /usr/lib/udev/rules.d/50-udev-default.rules:14 Failed to run builtin 'hwdb --subsystem=mmc': No data available
Jun 29 03:06:47 h3ulcb systemd-udevd[343]: ee800000.pcie: sd-device-monitor: Passed 447 byte to netlink monitor
Jun 29 03:06:47 h3ulcb systemd-udevd[331]: mmcblk0rpmb: SEQNUM=4477 blocked by SEQNUM=4471
Jun 29 03:06:47 h3ulcb systemd-udevd[434]: fe000000.pcie: /usr/lib/udev/rules.d/60-drm.rules:3 Importing properties from results of builtin command 'path_id'
Jun 29 03:06:47 h3ulcb systemd-udevd[373]: Module 'uio_pdrv_genirq' is already loaded
Jun 29 03:06:47 h3ulcb systemd-udevd[437]: mmc0:0001: /usr/lib/udev/rules.d/80-drivers.rules:5 RUN 'kmod load '$env{MODALIAS}''
Jun 29 03:06:47 h3ulcb systemd-udevd[331]: fe860000.imr-lx4: Device is queued (SEQNUM=4483, ACTION=add)
Jun 29 03:06:47 h3ulcb systemd-udevd[434]: fe000000.pcie: /usr/lib/udev/rules.d/80-drivers.rules:5 RUN 'kmod load '$env{MODALIAS}''
Jun 29 03:06:47 h3ulcb systemd-udevd[373]: Module 'pvrsrvkm' is deny-listed
Jun 29 03:06:47 h3ulcb systemd-udevd[331]: fe860000.imr-lx4: Device ready for processing (SEQNUM=4483, ACTION=add)
Jun 29 03:06:47 h3ulcb systemd-udevd[363]: event1: /usr/lib/udev/rules.d/60-persistent-input.rules:11 Importing properties from results of builtin command 'usb_id'
Jun 29 03:06:47 h3ulcb systemd-udevd[437]: mmc0:0001: Running built-in command "kmod load 'mmc:block'"
Jun 29 03:06:47 h3ulcb systemd-udevd[363]: 9-1.4:1.1: if_class:3 protocol:0
Jun 29 03:06:47 h3ulcb systemd-udevd[337]: event0: /usr/lib/udev/rules.d/60-input-id.rules:6 Importing properties from results of builtin command 'hwdb --subsystem=input --lookup-prefix=id-input:modalias:'
Jun 29 03:06:47 h3ulcb systemd-udevd[331]: fe860000.imr-lx4: sd-device-monitor: Passed 376 byte to netlink monitor
Jun 29 03:06:47 h3ulcb systemd-udevd[341]: fe860000.imr-lx4: Processing device (SEQNUM=4483, ACTION=add)
Jun 29 03:06:47 h3ulcb systemd-udevd[335]: mmcblk1: /run/udev/links/disk\x2fby-path\x2fplatform-ee100000.mmc is modified, but its timestamp is not changed, updating timestamp after 10ms.
Jun 29 03:06:47 h3ulcb systemd-udevd[434]: fe000000.pcie: sd-device: Created db file '/run/udev/data/+platform:fe000000.pcie' for '/devices/platform/soc/fe000000.pcie'
Jun 29 03:06:47 h3ulcb systemd-udevd[437]: Loading module: mmc:block
Jun 29 03:06:47 h3ulcb systemd-udevd[373]: fd000000.gsx: Device processed (SEQNUM=4481, ACTION=add)
Jun 29 03:06:47 h3ulcb systemd-udevd[373]: fd000000.gsx: sd-device-monitor: Passed 370 byte to netlink monitor
Jun 29 03:06:47 h3ulcb systemd-udevd[435]: sda1: /run/udev/links/disk\x2fby-path\x2fplatform-ee000000.usb-usb-0:1.1.1:1.0-scsi-0:0:0:0-part1 is modified, but its timestamp is not changed, updating timestamp after 10ms.
Jun 29 03:06:47 h3ulcb systemd-udevd[331]: mmc2: Device ready for processing (SEQNUM=4479, ACTION=add)
Jun 29 03:06:47 h3ulcb systemd-udevd[436]: mmc2: Processing device (SEQNUM=4479, ACTION=add)
Jun 29 03:06:47 h3ulcb systemd-udevd[434]: fe000000.pcie: Running built-in command "kmod load 'of:NpcieTpciCrenesas,pcie-r8a7795Crenesas,pcie-rcar-gen3'"
Jun 29 03:06:47 h3ulcb systemd-udevd[437]: Module 'mmc_block' is built in
Jun 29 03:06:47 h3ulcb systemd-udevd[337]: event0: hwdb modalias key: "input:b0003v222Ap0141e0110-e0,1,3,4,k14A,ra0,1,2F,35,36,39,m5,lsfw"
Jun 29 03:06:47 h3ulcb systemd-udevd[363]: event1: /usr/lib/udev/rules.d/60-persistent-input.rules:29 LINK 'input/by-id/usb-ILITEK_ILITEK-TP_V06.00.00.05-if01-event-mouse'
Jun 29 03:06:47 h3ulcb systemd-udevd[331]: mmc2: sd-device-monitor: Passed 178 byte to netlink monitor
Jun 29 03:06:47 h3ulcb systemd-udevd[341]: fe860000.imr-lx4: /usr/lib/udev/rules.d/50-udev-default.rules:14 Importing properties from results of builtin command 'hwdb --subsystem=platform'
Jun 29 03:06:47 h3ulcb systemd-udevd[434]: Loading module: of:NpcieTpciCrenesas,pcie-r8a7795Crenesas,pcie-rcar-gen3
Jun 29 03:06:47 h3ulcb systemd-udevd[437]: mmc0:0001: Device processed (SEQNUM=4471, ACTION=add)
Jun 29 03:06:47 h3ulcb systemd-udevd[337]: event0: No entry found from hwdb.
Jun 29 03:06:47 h3ulcb systemd-udevd[363]: event1: /usr/lib/udev/rules.d/60-persistent-input.rules:35 Importing properties from results of builtin command 'path_id'
Jun 29 03:06:47 h3ulcb systemd-udevd[341]: fe860000.imr-lx4: hwdb modalias key: "of:Nimr-lx4T(null)Crenesas,r8a7795-imr-lx4Crenesas,imr-lx4"
Jun 29 03:06:47 h3ulcb systemd-udevd[331]: fe860000.imrlx4_imr0: Device is queued (SEQNUM=4484, ACTION=add)
Jun 29 03:06:47 h3ulcb systemd-udevd[436]: mmc2: Device processed (SEQNUM=4479, ACTION=add)
Jun 29 03:06:47 h3ulcb systemd-udevd[437]: mmc0:0001: sd-device-monitor: Passed 245 byte to netlink monitor
Jun 29 03:06:47 h3ulcb systemd-udevd[337]: event0: /usr/lib/udev/rules.d/60-input-id.rules:6 Failed to run builtin 'hwdb --subsystem=input --lookup-prefix=id-input:modalias:': No data available
Jun 29 03:06:47 h3ulcb systemd-udevd[363]: event1: /usr/lib/udev/rules.d/60-persistent-input.rules:37 LINK 'input/by-path/platform-ee000000.usb-usb-0:1.4:1.1-event-mouse'
Jun 29 03:06:47 h3ulcb systemd-udevd[331]: fe860000.imrlx4_imr0: Device ready for processing (SEQNUM=4484, ACTION=add)
Jun 29 03:06:47 h3ulcb systemd-udevd[436]: mmc2: sd-device-monitor: Passed 178 byte to netlink monitor
Jun 29 03:06:47 h3ulcb systemd-udevd[440]: fe860000.imrlx4_imr0: Processing device (SEQNUM=4484, ACTION=add)
Jun 29 03:06:47 h3ulcb systemd-udevd[363]: event1: /usr/lib/udev/rules.d/70-mouse.rules:10 Importing properties from results of builtin command 'hwdb 'mouse:usb:v222ap0141:name:ILITEK ILITEK-TP Mouse:''
Jun 29 03:06:47 h3ulcb systemd-udevd[331]: fe860000.imrlx4_imr0: sd-device-monitor: Passed 334 byte to netlink monitor
Jun 29 03:06:47 h3ulcb systemd-udevd[341]: fe860000.imr-lx4: hwdb modalias key: "of:NsocT(null)Csimple-bus"
Jun 29 03:06:47 h3ulcb systemd-udevd[363]: event1: No entry found from hwdb.
Jun 29 03:06:47 h3ulcb systemd-udevd[337]: event0: /usr/lib/udev/rules.d/60-persistent-input.rules:11 Importing properties from results of builtin command 'usb_id'
Jun 29 03:06:47 h3ulcb systemd-udevd[440]: fe860000.imrlx4_imr0: /usr/lib/udev/rules.d/50-udev-default.rules:14 Importing properties from results of builtin command 'hwdb --subsystem=platform'
Jun 29 03:06:47 h3ulcb systemd-udevd[331]: mmcblk0: Device ready for processing (SEQNUM=4472, ACTION=add)
Jun 29 03:06:47 h3ulcb systemd-udevd[363]: event1: /usr/lib/udev/rules.d/70-mouse.rules:10 Failed to run builtin 'hwdb 'mouse:usb:v222ap0141:name:ILITEK ILITEK-TP Mouse:'': No data available
Jun 29 03:06:47 h3ulcb systemd-udevd[341]: fe860000.imr-lx4: No entry found from hwdb.
Jun 29 03:06:47 h3ulcb systemd-udevd[337]: 9-1.4:1.0: if_class:3 protocol:0
Jun 29 03:06:47 h3ulcb systemd-udevd[440]: fe860000.imrlx4_imr0: hwdb modalias key: "of:Nimrlx4_imr0T(null)Cgeneric-uio"
Jun 29 03:06:47 h3ulcb systemd-udevd[331]: mmcblk0: sd-device-monitor: Passed 251 byte to netlink monitor
Jun 29 03:06:47 h3ulcb systemd-udevd[437]: mmcblk0: Processing device (SEQNUM=4472, ACTION=add)
Jun 29 03:06:47 h3ulcb systemd-udevd[341]: fe860000.imr-lx4: /usr/lib/udev/rules.d/50-udev-default.rules:14 Failed to run builtin 'hwdb --subsystem=platform': No data available
Jun 29 03:06:47 h3ulcb systemd-udevd[363]: event1: /usr/lib/udev/rules.d/80-libinput-device-groups.rules:4 Importing properties from results of 'libinput-device-group /sys/devices/platform/soc/ee000000.usb/usb9/9-1/9-1.4/9-1.4:1.1/0003:222A:0141.0002/input/input1/event1'
Jun 29 03:06:47 h3ulcb systemd-udevd[331]: mmcblk0boot0: SEQNUM=4473 blocked by SEQNUM=4472
Jun 29 03:06:47 h3ulcb systemd-udevd[440]: fe860000.imrlx4_imr0: hwdb modalias key: "of:NsocT(null)Csimple-bus"
Jun 29 03:06:47 h3ulcb systemd-udevd[337]: event0: /usr/lib/udev/rules.d/60-persistent-input.rules:32 LINK 'input/by-id/usb-ILITEK_ILITEK-TP_V06.00.00.05-event-if00'
Jun 29 03:06:47 h3ulcb systemd-udevd[437]: mmcblk0: Failed to get watch handle, ignoring: No such file or directory
Jun 29 03:06:47 h3ulcb systemd-udevd[341]: fe860000.imr-lx4: /usr/lib/udev/rules.d/60-drm.rules:3 Importing properties from results of builtin command 'path_id'
Jun 29 03:06:47 h3ulcb systemd-udevd[363]: event1: Starting 'libinput-device-group /sys/devices/platform/soc/ee000000.usb/usb9/9-1/9-1.4/9-1.4:1.1/0003:222A:0141.0002/input/input1/event1'
Jun 29 03:06:47 h3ulcb systemd-udevd[434]: Module 'uio_pdrv_genirq' is already loaded
Jun 29 03:06:47 h3ulcb systemd-udevd[331]: mmcblk0boot1: SEQNUM=4474 blocked by SEQNUM=4472
Jun 29 03:06:47 h3ulcb systemd-udevd[337]: event0: /usr/lib/udev/rules.d/60-persistent-input.rules:35 Importing properties from results of builtin command 'path_id'
Jun 29 03:06:47 h3ulcb systemd-udevd[440]: fe860000.imrlx4_imr0: No entry found from hwdb.
Jun 29 03:06:47 h3ulcb systemd-udevd[437]: mmcblk0: /usr/lib/udev/rules.d/50-udev-default.rules:71 GROUP 6
Jun 29 03:06:47 h3ulcb systemd-udevd[341]: fe860000.imr-lx4: /usr/lib/udev/rules.d/80-drivers.rules:5 RUN 'kmod load '$env{MODALIAS}''
Jun 29 03:06:47 h3ulcb systemd-udevd[434]: Module 'uio_pdrv_genirq' is already loaded
Jun 29 03:06:47 h3ulcb systemd-udevd[331]: mmcblk0p1: SEQNUM=4475 blocked by SEQNUM=4472
Jun 29 03:06:47 h3ulcb systemd-udevd[363]: Successfully forked off '(spawn)' as PID 500.
Jun 29 03:06:47 h3ulcb systemd-udevd[337]: event0: /usr/lib/udev/rules.d/60-persistent-input.rules:40 LINK 'input/by-path/platform-ee000000.usb-usb-0:1.4:1.0-event'
Jun 29 03:06:47 h3ulcb systemd-udevd[440]: fe860000.imrlx4_imr0: /usr/lib/udev/rules.d/50-udev-default.rules:14 Failed to run builtin 'hwdb --subsystem=platform': No data available
Jun 29 03:06:47 h3ulcb systemd-udevd[434]: fe000000.pcie: Device processed (SEQNUM=4482, ACTION=add)
Jun 29 03:06:47 h3ulcb systemd-udevd[331]: mmcblk0p2: SEQNUM=4476 blocked by SEQNUM=4472
Jun 29 03:06:47 h3ulcb systemd-udevd[341]: fe860000.imr-lx4: sd-device: Created db file '/run/udev/data/+platform:fe860000.imr-lx4' for '/devices/platform/soc/fe860000.imr-lx4'
Jun 29 03:06:47 h3ulcb systemd-udevd[440]: fe860000.imrlx4_imr0: /usr/lib/udev/rules.d/60-drm.rules:3 Importing properties from results of builtin command 'path_id'
Jun 29 03:06:47 h3ulcb systemd-udevd[337]: event0: /usr/lib/udev/rules.d/80-libinput-device-groups.rules:4 Importing properties from results of 'libinput-device-group /sys/devices/platform/soc/ee000000.usb/usb9/9-1/9-1.4/9-1.4:1.0/0003:222A:0141.0001/input/input0/event0'
Jun 29 03:06:47 h3ulcb systemd-udevd[435]: sda1: /run/udev/links/disk\x2fby-uuid\x2fEBE1-4462 is modified, but its timestamp is not changed, updating timestamp after 10ms.
Jun 29 03:06:47 h3ulcb systemd-udevd[434]: fe000000.pcie: sd-device-monitor: Passed 447 byte to netlink monitor
Jun 29 03:06:47 h3ulcb systemd-udevd[331]: mmcblk0rpmb: Device ready for processing (SEQNUM=4477, ACTION=add)
Jun 29 03:06:47 h3ulcb systemd-udevd[331]: mmcblk0rpmb: sd-device-monitor: Passed 243 byte to netlink monitor
Jun 29 03:06:47 h3ulcb systemd-udevd[335]: mmcblk1: sd-device: Created db file '/run/udev/data/b179:96' for '/devices/platform/soc/ee100000.mmc/mmc_host/mmc1/mmc1:59b4/block/mmcblk1'
Jun 29 03:06:47 h3ulcb systemd-udevd[440]: fe860000.imrlx4_imr0: /usr/lib/udev/rules.d/80-drivers.rules:5 RUN 'kmod load '$env{MODALIAS}''
Jun 29 03:06:47 h3ulcb systemd-udevd[337]: event0: Starting 'libinput-device-group /sys/devices/platform/soc/ee000000.usb/usb9/9-1/9-1.4/9-1.4:1.0/0003:222A:0141.0001/input/input0/event0'
Jun 29 03:06:47 h3ulcb systemd-udevd[437]: mmcblk0: /usr/lib/udev/rules.d/60-persistent-storage.rules:81 LINK 'disk/by-id/mmc-CJUD4R_0xe0555fef'
Jun 29 03:06:47 h3ulcb systemd-udevd[341]: fe860000.imr-lx4: Running built-in command "kmod load 'of:Nimr-lx4T(null)Crenesas,r8a7795-imr-lx4Crenesas,imr-lx4'"
Jun 29 03:06:47 h3ulcb systemd-udevd[436]: mmcblk0rpmb: Processing device (SEQNUM=4477, ACTION=add)
Jun 29 03:06:47 h3ulcb systemd-udevd[335]: mmcblk1: Adding watch on '/dev/mmcblk1'
Jun 29 03:06:47 h3ulcb systemd-udevd[363]: event1: 'libinput-device-group /sys/devices/platform/soc/ee000000.usb/usb9/9-1/9-1.4/9-1.4:1.1/0003:222A:0141.0002/input/input1/event1'(out) 'LIBINPUT_DEVICE_GROUP=3/222a/141:usb-ee000000.usb-1'
Jun 29 03:06:47 h3ulcb systemd-udevd[437]: mmcblk0: /usr/lib/udev/rules.d/60-persistent-storage.rules:90 Importing properties from results of builtin command 'path_id'
Jun 29 03:06:47 h3ulcb systemd-udevd[440]: fe860000.imrlx4_imr0: sd-device: Created db file '/run/udev/data/+platform:fe860000.imrlx4_imr0' for '/devices/platform/soc/fe860000.imrlx4_imr0'
Jun 29 03:06:47 h3ulcb systemd-udevd[341]: Loading module: of:Nimr-lx4T(null)Crenesas,r8a7795-imr-lx4Crenesas,imr-lx4
Jun 29 03:06:47 h3ulcb systemd-udevd[436]: mmcblk0rpmb: Failed to get watch handle, ignoring: No such file or directory
Jun 29 03:06:47 h3ulcb systemd-udevd[335]: mmcblk1: Device processed (SEQNUM=4467, ACTION=add)
Jun 29 03:06:47 h3ulcb systemd-udevd[331]: uio0: Device is queued (SEQNUM=4485, ACTION=add)
Jun 29 03:06:47 h3ulcb systemd-udevd[337]: Successfully forked off '(spawn)' as PID 501.
Jun 29 03:06:47 h3ulcb systemd-udevd[437]: mmcblk0: /usr/lib/udev/rules.d/60-persistent-storage.rules:92 LINK 'disk/by-path/platform-ee140000.mmc'
Jun 29 03:06:47 h3ulcb systemd-udevd[437]: mmcblk0: /usr/lib/udev/rules.d/60-persistent-storage.rules:110 Importing properties from results of builtin command 'blkid'
Jun 29 03:06:47 h3ulcb systemd-udevd[331]: uio0: SEQNUM=4485 blocked by SEQNUM=4484
Jun 29 03:06:47 h3ulcb systemd-udevd[437]: mmcblk0: Probe /dev/mmcblk0 with raid and offset=0
Jun 29 03:06:47 h3ulcb systemd-udevd[331]: fe870000.imr-lx4: Device is queued (SEQNUM=4486, ACTION=add)
Jun 29 03:06:47 h3ulcb systemd-udevd[331]: fe870000.imr-lx4: Device ready for processing (SEQNUM=4486, ACTION=add)
Jun 29 03:06:47 h3ulcb systemd-udevd[341]: Module 'uio_pdrv_genirq' is already loaded
Jun 29 03:06:47 h3ulcb systemd-udevd[335]: mmcblk1: sd-device-monitor: Passed 613 byte to netlink monitor
Jun 29 03:06:47 h3ulcb systemd-udevd[331]: fe870000.imr-lx4: sd-device-monitor: Passed 376 byte to netlink monitor
Jun 29 03:06:47 h3ulcb systemd-udevd[341]: Module 'uio_pdrv_genirq' is already loaded
Jun 29 03:06:47 h3ulcb systemd-udevd[363]: event1: Process 'libinput-device-group /sys/devices/platform/soc/ee000000.usb/usb9/9-1/9-1.4/9-1.4:1.1/0003:222A:0141.0002/input/input1/event1' succeeded.
Jun 29 03:06:47 h3ulcb systemd-udevd[436]: mmcblk0rpmb: Preserve permissions of /dev/mmcblk0rpmb, uid=0, gid=0, mode=0600
Jun 29 03:06:47 h3ulcb systemd-udevd[440]: fe860000.imrlx4_imr0: Running built-in command "kmod load 'of:Nimrlx4_imr0T(null)Cgeneric-uio'"
Jun 29 03:06:47 h3ulcb systemd-udevd[434]: fe870000.imr-lx4: Processing device (SEQNUM=4486, ACTION=add)
Jun 29 03:06:47 h3ulcb systemd-udevd[331]: mmcblk1p1: Device ready for processing (SEQNUM=4468, ACTION=add)
Jun 29 03:06:47 h3ulcb systemd-udevd[341]: fe860000.imr-lx4: Device processed (SEQNUM=4483, ACTION=add)
Jun 29 03:06:47 h3ulcb systemd-udevd[363]: event1: Setting permissions /dev/input/event1, uid=0, gid=19, mode=0660
Jun 29 03:06:47 h3ulcb systemd-udevd[337]: event0: 'libinput-device-group /sys/devices/platform/soc/ee000000.usb/usb9/9-1/9-1.4/9-1.4:1.0/0003:222A:0141.0001/input/input0/event0'(out) 'LIBINPUT_DEVICE_GROUP=3/222a/141:usb-ee000000.usb-1'
Jun 29 03:06:47 h3ulcb systemd-udevd[435]: sda1: /run/udev/links/disk\x2fby-partuuid\x2f97120d52-01 is modified, but its timestamp is not changed, updating timestamp after 10ms.
Jun 29 03:06:47 h3ulcb systemd-udevd[437]: mmcblk0: Setting permissions /dev/mmcblk0, uid=0, gid=6, mode=0660
Jun 29 03:06:47 h3ulcb systemd-udevd[336]: Inserted module 'dvb_usb_rtl28xxu'
Jun 29 03:06:47 h3ulcb systemd-udevd[433]: Inserted module 'dvb_usb_rtl28xxu'
Jun 29 03:06:47 h3ulcb systemd-udevd[436]: mmcblk0rpmb: Handling device node '/dev/mmcblk0rpmb', devnum=c508:0
Jun 29 03:06:47 h3ulcb systemd-udevd[440]: Loading module: of:Nimrlx4_imr0T(null)Cgeneric-uio
Jun 29 03:06:47 h3ulcb systemd-udevd[331]: mmcblk1p1: sd-device-monitor: Passed 277 byte to netlink monitor
Jun 29 03:06:47 h3ulcb systemd-udevd[341]: fe860000.imr-lx4: sd-device-monitor: Passed 448 byte to netlink monitor
Jun 29 03:06:47 h3ulcb systemd-udevd[331]: fe870000.imrlx4_imr1: Device is queued (SEQNUM=4487, ACTION=add)
Jun 29 03:06:47 h3ulcb systemd-udevd[434]: fe870000.imr-lx4: /usr/lib/udev/rules.d/50-udev-default.rules:14 Importing properties from results of builtin command 'hwdb --subsystem=platform'
Jun 29 03:06:47 h3ulcb systemd-udevd[363]: event1: Handling device node '/dev/input/event1', devnum=c13:65
Jun 29 03:06:47 h3ulcb systemd-udevd[337]: event0: Process 'libinput-device-group /sys/devices/platform/soc/ee000000.usb/usb9/9-1/9-1.4/9-1.4:1.0/0003:222A:0141.0001/input/input0/event0' succeeded.
Jun 29 03:06:47 h3ulcb systemd-udevd[437]: mmcblk0: Handling device node '/dev/mmcblk0', devnum=b179:0
Jun 29 03:06:47 h3ulcb systemd-udevd[336]: 9-1.3:1.1: Device processed (SEQNUM=4403, ACTION=add)
Jun 29 03:06:47 h3ulcb systemd-udevd[433]: 9-1.3:1.0: Device processed (SEQNUM=4402, ACTION=add)
Jun 29 03:06:47 h3ulcb systemd-udevd[436]: mmcblk0rpmb: sd-device: Created empty file '/run/udev/data/c508:0' for '/devices/platform/soc/ee140000.mmc/mmc_host/mmc0/mmc0:0001/mmcblk0rpmb'
Jun 29 03:06:47 h3ulcb systemd-udevd[331]: fe870000.imrlx4_imr1: Device ready for processing (SEQNUM=4487, ACTION=add)
Jun 29 03:06:47 h3ulcb systemd-udevd[335]: mmcblk1p1: Processing device (SEQNUM=4468, ACTION=add)
Jun 29 03:06:47 h3ulcb systemd-udevd[434]: fe870000.imr-lx4: hwdb modalias key: "of:Nimr-lx4T(null)Crenesas,r8a7795-imr-lx4Crenesas,imr-lx4"
Jun 29 03:06:47 h3ulcb systemd-udevd[363]: event1: /run/udev/links/input\x2fby-id\x2fusb-ILITEK_ILITEK-TP_V06.00.00.05-if01-event-mouse is modified, but its timestamp is not changed, updating timestamp after 10ms.
Jun 29 03:06:47 h3ulcb systemd-udevd[437]: mmcblk0: /run/udev/links/disk\x2fby-path\x2fplatform-ee140000.mmc is modified, but its timestamp is not changed, updating timestamp after 10ms.
Jun 29 03:06:47 h3ulcb systemd-udevd[336]: 9-1.3:1.1: sd-device-monitor: Passed 500 byte to netlink monitor
Jun 29 03:06:47 h3ulcb systemd-udevd[433]: 9-1.3:1.0: sd-device-monitor: Passed 500 byte to netlink monitor
Jun 29 03:06:47 h3ulcb systemd-udevd[436]: mmcblk0rpmb: Failed to get watch handle, ignoring: No such file or directory
Jun 29 03:06:47 h3ulcb systemd-udevd[331]: fe870000.imrlx4_imr1: sd-device-monitor: Passed 334 byte to netlink monitor
Jun 29 03:06:47 h3ulcb systemd-udevd[343]: fe870000.imrlx4_imr1: Processing device (SEQNUM=4487, ACTION=add)
Jun 29 03:06:47 h3ulcb systemd-udevd[337]: event0: /usr/lib/udev/rules.d/90-libinput-fuzz-override.rules:25 Importing properties from results of 'libinput-fuzz-extract /sys/devices/platform/soc/ee000000.usb/usb9/9-1/9-1.4/9-1.4:1.0/0003:222A:0141.0001/input/input0/event0'
Jun 29 03:06:47 h3ulcb systemd-udevd[335]: mmcblk1p1: Failed to get watch handle, ignoring: No such file or directory
Jun 29 03:06:47 h3ulcb systemd-udevd[343]: fe870000.imrlx4_imr1: /usr/lib/udev/rules.d/50-udev-default.rules:14 Importing properties from results of builtin command 'hwdb --subsystem=platform'
Jun 29 03:06:47 h3ulcb systemd-udevd[436]: mmcblk0rpmb: Device processed (SEQNUM=4477, ACTION=add)
Jun 29 03:06:47 h3ulcb systemd-udevd[331]: uio1: Device is queued (SEQNUM=4488, ACTION=add)
Jun 29 03:06:47 h3ulcb systemd-udevd[337]: event0: Starting 'libinput-fuzz-extract /sys/devices/platform/soc/ee000000.usb/usb9/9-1/9-1.4/9-1.4:1.0/0003:222A:0141.0001/input/input0/event0'
Jun 29 03:06:47 h3ulcb systemd-udevd[434]: fe870000.imr-lx4: hwdb modalias key: "of:NsocT(null)Csimple-bus"
Jun 29 03:06:47 h3ulcb systemd-udevd[440]: Module 'uio_pdrv_genirq' is already loaded
Jun 29 03:06:47 h3ulcb systemd-udevd[434]: fe870000.imr-lx4: No entry found from hwdb.
Jun 29 03:06:47 h3ulcb systemd-udevd[335]: mmcblk1p1: /usr/lib/udev/rules.d/50-udev-default.rules:71 GROUP 6
Jun 29 03:06:47 h3ulcb systemd-udevd[436]: mmcblk0rpmb: sd-device-monitor: Passed 243 byte to netlink monitor
Jun 29 03:06:47 h3ulcb systemd-udevd[331]: uio1: SEQNUM=4488 blocked by SEQNUM=4487
Jun 29 03:06:47 h3ulcb systemd-udevd[440]: Module 'uio_pdrv_genirq' is already loaded
Jun 29 03:06:47 h3ulcb systemd-udevd[337]: Successfully forked off '(spawn)' as PID 504.
Jun 29 03:06:47 h3ulcb systemd-udevd[335]: mmcblk1p1: /usr/lib/udev/rules.d/60-persistent-storage.rules:82 LINK 'disk/by-id/mmc-LX32G_0x4123d950-part1'
Jun 29 03:06:47 h3ulcb systemd-udevd[440]: fe860000.imrlx4_imr0: Device processed (SEQNUM=4484, ACTION=add)
Jun 29 03:06:47 h3ulcb systemd-udevd[331]: fe880000.imr-lx4: Device is queued (SEQNUM=4489, ACTION=add)
Jun 29 03:06:47 h3ulcb systemd-udevd[434]: fe870000.imr-lx4: /usr/lib/udev/rules.d/50-udev-default.rules:14 Failed to run builtin 'hwdb --subsystem=platform': No data available
Jun 29 03:06:47 h3ulcb systemd-udevd[343]: fe870000.imrlx4_imr1: hwdb modalias key: "of:Nimrlx4_imr1T(null)Cgeneric-uio"
Jun 29 03:06:47 h3ulcb systemd-udevd[335]: mmcblk1p1: /usr/lib/udev/rules.d/60-persistent-storage.rules:93 LINK 'disk/by-path/platform-ee100000.mmc-part1'
Jun 29 03:06:47 h3ulcb systemd-udevd[440]: fe860000.imrlx4_imr0: sd-device-monitor: Passed 413 byte to netlink monitor
Jun 29 03:06:47 h3ulcb systemd-udevd[331]: fe880000.imr-lx4: Device ready for processing (SEQNUM=4489, ACTION=add)
Jun 29 03:06:47 h3ulcb systemd-udevd[434]: fe870000.imr-lx4: /usr/lib/udev/rules.d/60-drm.rules:3 Importing properties from results of builtin command 'path_id'
Jun 29 03:06:47 h3ulcb systemd-udevd[335]: mmcblk1p1: /usr/lib/udev/rules.d/60-persistent-storage.rules:110 Importing properties from results of builtin command 'blkid'
Jun 29 03:06:47 h3ulcb systemd-udevd[343]: fe870000.imrlx4_imr1: hwdb modalias key: "of:NsocT(null)Csimple-bus"
Jun 29 03:06:47 h3ulcb systemd-udevd[331]: fe880000.imr-lx4: sd-device-monitor: Passed 376 byte to netlink monitor
Jun 29 03:06:47 h3ulcb systemd-udevd[433]: fe880000.imr-lx4: Processing device (SEQNUM=4489, ACTION=add)
Jun 29 03:06:47 h3ulcb systemd-udevd[335]: mmcblk1p1: Probe /dev/mmcblk1p1 with raid and offset=0
Jun 29 03:06:47 h3ulcb systemd-udevd[343]: fe870000.imrlx4_imr1: No entry found from hwdb.
Jun 29 03:06:47 h3ulcb systemd-udevd[331]: uio0: Device ready for processing (SEQNUM=4485, ACTION=add)
Jun 29 03:06:47 h3ulcb systemd-udevd[434]: fe870000.imr-lx4: /usr/lib/udev/rules.d/80-drivers.rules:5 RUN 'kmod load '$env{MODALIAS}''
Jun 29 03:06:47 h3ulcb systemd-udevd[343]: fe870000.imrlx4_imr1: /usr/lib/udev/rules.d/50-udev-default.rules:14 Failed to run builtin 'hwdb --subsystem=platform': No data available
Jun 29 03:06:47 h3ulcb systemd-udevd[433]: fe880000.imr-lx4: /usr/lib/udev/rules.d/50-udev-default.rules:14 Importing properties from results of builtin command 'hwdb --subsystem=platform'
Jun 29 03:06:47 h3ulcb systemd-udevd[434]: fe870000.imr-lx4: sd-device: Created db file '/run/udev/data/+platform:fe870000.imr-lx4' for '/devices/platform/soc/fe870000.imr-lx4'
Jun 29 03:06:47 h3ulcb systemd-udevd[336]: uio0: Processing device (SEQNUM=4485, ACTION=add)
Jun 29 03:06:47 h3ulcb systemd-udevd[343]: fe870000.imrlx4_imr1: /usr/lib/udev/rules.d/60-drm.rules:3 Importing properties from results of builtin command 'path_id'
Jun 29 03:06:47 h3ulcb systemd-udevd[433]: fe880000.imr-lx4: hwdb modalias key: "of:Nimr-lx4T(null)Crenesas,r8a7795-imr-lx4Crenesas,imr-lx4"
Jun 29 03:06:47 h3ulcb systemd-udevd[331]: uio0: sd-device-monitor: Passed 212 byte to netlink monitor
Jun 29 03:06:47 h3ulcb systemd-udevd[434]: fe870000.imr-lx4: Running built-in command "kmod load 'of:Nimr-lx4T(null)Crenesas,r8a7795-imr-lx4Crenesas,imr-lx4'"
Jun 29 03:06:47 h3ulcb systemd-udevd[336]: uio0: Failed to get watch handle, ignoring: No such file or directory
Jun 29 03:06:47 h3ulcb systemd-udevd[343]: fe870000.imrlx4_imr1: /usr/lib/udev/rules.d/80-drivers.rules:5 RUN 'kmod load '$env{MODALIAS}''
Jun 29 03:06:47 h3ulcb systemd-udevd[434]: Loading module: of:Nimr-lx4T(null)Crenesas,r8a7795-imr-lx4Crenesas,imr-lx4
Jun 29 03:06:47 h3ulcb systemd-udevd[433]: fe880000.imr-lx4: hwdb modalias key: "of:NsocT(null)Csimple-bus"
Jun 29 03:06:47 h3ulcb systemd-udevd[331]: fe880000.imrlx4_imr2: Device is queued (SEQNUM=4490, ACTION=add)
Jun 29 03:06:47 h3ulcb systemd-udevd[343]: fe870000.imrlx4_imr1: sd-device: Created db file '/run/udev/data/+platform:fe870000.imrlx4_imr1' for '/devices/platform/soc/fe870000.imrlx4_imr1'
Jun 29 03:06:47 h3ulcb systemd-udevd[331]: fe880000.imrlx4_imr2: Device ready for processing (SEQNUM=4490, ACTION=add)
Jun 29 03:06:47 h3ulcb systemd-udevd[343]: fe870000.imrlx4_imr1: Running built-in command "kmod load 'of:Nimrlx4_imr1T(null)Cgeneric-uio'"
Jun 29 03:06:47 h3ulcb systemd-udevd[433]: fe880000.imr-lx4: No entry found from hwdb.
Jun 29 03:06:47 h3ulcb systemd-udevd[331]: fe880000.imrlx4_imr2: sd-device-monitor: Passed 334 byte to netlink monitor
Jun 29 03:06:47 h3ulcb systemd-udevd[343]: Loading module: of:Nimrlx4_imr1T(null)Cgeneric-uio
Jun 29 03:06:47 h3ulcb systemd-udevd[341]: fe880000.imrlx4_imr2: Processing device (SEQNUM=4490, ACTION=add)
Jun 29 03:06:47 h3ulcb systemd-udevd[331]: uio2: Device is queued (SEQNUM=4491, ACTION=add)
Jun 29 03:06:47 h3ulcb systemd-udevd[341]: fe880000.imrlx4_imr2: /usr/lib/udev/rules.d/50-udev-default.rules:14 Importing properties from results of builtin command 'hwdb --subsystem=platform'
Jun 29 03:06:47 h3ulcb systemd-udevd[331]: uio2: SEQNUM=4491 blocked by SEQNUM=4490
Jun 29 03:06:47 h3ulcb systemd-udevd[433]: fe880000.imr-lx4: /usr/lib/udev/rules.d/50-udev-default.rules:14 Failed to run builtin 'hwdb --subsystem=platform': No data available
Jun 29 03:06:47 h3ulcb systemd-udevd[336]: uio0: Preserve permissions of /dev/uio0, uid=0, gid=0, mode=0600
Jun 29 03:06:47 h3ulcb systemd-udevd[341]: fe880000.imrlx4_imr2: hwdb modalias key: "of:Nimrlx4_imr2T(null)Cgeneric-uio"
Jun 29 03:06:47 h3ulcb systemd-udevd[435]: sda1: sd-device: Created db file '/run/udev/data/b8:1' for '/devices/platform/soc/ee000000.usb/usb9/9-1/9-1.1/9-1.1.1/9-1.1.1:1.0/host0/target0:0:0/0:0:0:0/block/sda/sda1'
Jun 29 03:06:47 h3ulcb systemd-udevd[433]: fe880000.imr-lx4: /usr/lib/udev/rules.d/60-drm.rules:3 Importing properties from results of builtin command 'path_id'
Jun 29 03:06:47 h3ulcb systemd-udevd[336]: uio0: Handling device node '/dev/uio0', devnum=c511:0
Jun 29 03:06:47 h3ulcb systemd-udevd[331]: fe890000.imr-lx4: Device is queued (SEQNUM=4492, ACTION=add)
Jun 29 03:06:47 h3ulcb systemd-udevd[435]: sda1: Adding watch on '/dev/sda1'
Jun 29 03:06:47 h3ulcb systemd-udevd[341]: fe880000.imrlx4_imr2: hwdb modalias key: "of:NsocT(null)Csimple-bus"
Jun 29 03:06:47 h3ulcb systemd-udevd[433]: fe880000.imr-lx4: /usr/lib/udev/rules.d/80-drivers.rules:5 RUN 'kmod load '$env{MODALIAS}''
Jun 29 03:06:47 h3ulcb systemd-udevd[336]: uio0: sd-device: Created empty file '/run/udev/data/c511:0' for '/devices/platform/soc/fe860000.imrlx4_imr0/uio/uio0'
Jun 29 03:06:47 h3ulcb systemd-udevd[331]: fe890000.imr-lx4: Device ready for processing (SEQNUM=4492, ACTION=add)
Jun 29 03:06:47 h3ulcb systemd-udevd[435]: sda1: Device processed (SEQNUM=4376, ACTION=add)
Jun 29 03:06:47 h3ulcb systemd-udevd[341]: fe880000.imrlx4_imr2: No entry found from hwdb.
Jun 29 03:06:47 h3ulcb systemd-udevd[336]: uio0: Failed to get watch handle, ignoring: No such file or directory
Jun 29 03:06:47 h3ulcb systemd-udevd[331]: fe890000.imr-lx4: sd-device-monitor: Passed 376 byte to netlink monitor
Jun 29 03:06:47 h3ulcb systemd-udevd[436]: fe890000.imr-lx4: Processing device (SEQNUM=4492, ACTION=add)
Jun 29 03:06:47 h3ulcb systemd-udevd[331]: fe890000.imrlx4_imr3: Device is queued (SEQNUM=4493, ACTION=add)
Jun 29 03:06:47 h3ulcb systemd-udevd[341]: fe880000.imrlx4_imr2: /usr/lib/udev/rules.d/50-udev-default.rules:14 Failed to run builtin 'hwdb --subsystem=platform': No data available
Jun 29 03:06:47 h3ulcb systemd-udevd[336]: uio0: Device processed (SEQNUM=4485, ACTION=add)
Jun 29 03:06:47 h3ulcb systemd-udevd[435]: sda1: sd-device-monitor: Passed 1437 byte to netlink monitor
Jun 29 03:06:47 h3ulcb systemd-udevd[434]: Module 'uio_pdrv_genirq' is already loaded
Jun 29 03:06:47 h3ulcb systemd-udevd[331]: fe890000.imrlx4_imr3: Device ready for processing (SEQNUM=4493, ACTION=add)
Jun 29 03:06:47 h3ulcb systemd-udevd[363]: event1: /run/udev/links/input\x2fby-path\x2fplatform-ee000000.usb-usb-0:1.4:1.1-event-mouse is modified, but its timestamp is not changed, updating timestamp after 10ms.
Jun 29 03:06:47 h3ulcb systemd-udevd[440]: fe890000.imrlx4_imr3: Processing device (SEQNUM=4493, ACTION=add)
Jun 29 03:06:47 h3ulcb systemd-udevd[436]: fe890000.imr-lx4: /usr/lib/udev/rules.d/50-udev-default.rules:14 Importing properties from results of builtin command 'hwdb --subsystem=platform'
Jun 29 03:06:47 h3ulcb systemd-udevd[343]: Module 'uio_pdrv_genirq' is already loaded
Jun 29 03:06:47 h3ulcb systemd-udevd[341]: fe880000.imrlx4_imr2: /usr/lib/udev/rules.d/60-drm.rules:3 Importing properties from results of builtin command 'path_id'
Jun 29 03:06:47 h3ulcb systemd-udevd[336]: uio0: sd-device-monitor: Passed 212 byte to netlink monitor
Jun 29 03:06:47 h3ulcb systemd-udevd[434]: Module 'uio_pdrv_genirq' is already loaded
Jun 29 03:06:47 h3ulcb systemd-udevd[331]: fe890000.imrlx4_imr3: sd-device-monitor: Passed 334 byte to netlink monitor
Jun 29 03:06:47 h3ulcb systemd-udevd[437]: mmcblk0: /run/udev/links/disk\x2fby-id\x2fmmc-CJUD4R_0xe0555fef is modified, but its timestamp is not changed, updating timestamp after 10ms.
Jun 29 03:06:47 h3ulcb systemd-udevd[436]: fe890000.imr-lx4: hwdb modalias key: "of:Nimr-lx4T(null)Crenesas,r8a7795-imr-lx4Crenesas,imr-lx4"
Jun 29 03:06:47 h3ulcb systemd-udevd[331]: uio3: Device is queued (SEQNUM=4494, ACTION=add)
Jun 29 03:06:47 h3ulcb systemd-udevd[440]: fe890000.imrlx4_imr3: /usr/lib/udev/rules.d/50-udev-default.rules:14 Importing properties from results of builtin command 'hwdb --subsystem=platform'
Jun 29 03:06:47 h3ulcb systemd-udevd[433]: fe880000.imr-lx4: sd-device: Created db file '/run/udev/data/+platform:fe880000.imr-lx4' for '/devices/platform/soc/fe880000.imr-lx4'
Jun 29 03:06:47 h3ulcb systemd-udevd[363]: event1: sd-device: Created db file '/run/udev/data/c13:65' for '/devices/platform/soc/ee000000.usb/usb9/9-1/9-1.4/9-1.4:1.1/0003:222A:0141.0002/input/input1/event1'
Jun 29 03:06:47 h3ulcb systemd-udevd[341]: fe880000.imrlx4_imr2: /usr/lib/udev/rules.d/80-drivers.rules:5 RUN 'kmod load '$env{MODALIAS}''
Jun 29 03:06:47 h3ulcb systemd-udevd[434]: fe870000.imr-lx4: Device processed (SEQNUM=4486, ACTION=add)
Jun 29 03:06:47 h3ulcb systemd-udevd[343]: Module 'uio_pdrv_genirq' is already loaded
Jun 29 03:06:47 h3ulcb systemd-udevd[331]: uio3: SEQNUM=4494 blocked by SEQNUM=4493
Jun 29 03:06:47 h3ulcb systemd-udevd[440]: fe890000.imrlx4_imr3: hwdb modalias key: "of:Nimrlx4_imr3T(null)Cgeneric-uio"
Jun 29 03:06:47 h3ulcb systemd-udevd[331]: fe8d0000.vcp4: Device is queued (SEQNUM=4495, ACTION=add)
Jun 29 03:06:47 h3ulcb systemd-udevd[436]: fe890000.imr-lx4: hwdb modalias key: "of:NsocT(null)Csimple-bus"
Jun 29 03:06:47 h3ulcb systemd-udevd[363]: event1: Failed to get watch handle, ignoring: No such file or directory
Jun 29 03:06:47 h3ulcb systemd-udevd[434]: fe870000.imr-lx4: sd-device-monitor: Passed 448 byte to netlink monitor
Jun 29 03:06:47 h3ulcb systemd-udevd[343]: fe870000.imrlx4_imr1: Device processed (SEQNUM=4487, ACTION=add)
Jun 29 03:06:47 h3ulcb systemd-udevd[341]: fe880000.imrlx4_imr2: sd-device: Created db file '/run/udev/data/+platform:fe880000.imrlx4_imr2' for '/devices/platform/soc/fe880000.imrlx4_imr2'
Jun 29 03:06:47 h3ulcb systemd-udevd[433]: fe880000.imr-lx4: Running built-in command "kmod load 'of:Nimr-lx4T(null)Crenesas,r8a7795-imr-lx4Crenesas,imr-lx4'"
Jun 29 03:06:47 h3ulcb systemd-udevd[331]: fe8d0000.vcp4: Device ready for processing (SEQNUM=4495, ACTION=add)
Jun 29 03:06:47 h3ulcb systemd-udevd[440]: fe890000.imrlx4_imr3: hwdb modalias key: "of:NsocT(null)Csimple-bus"
Jun 29 03:06:47 h3ulcb systemd-udevd[363]: event1: Device processed (SEQNUM=4412, ACTION=add)
Jun 29 03:06:47 h3ulcb systemd-udevd[436]: fe890000.imr-lx4: No entry found from hwdb.
Jun 29 03:06:47 h3ulcb systemd-udevd[343]: fe870000.imrlx4_imr1: sd-device-monitor: Passed 413 byte to netlink monitor
Jun 29 03:06:47 h3ulcb systemd-udevd[341]: fe880000.imrlx4_imr2: Running built-in command "kmod load 'of:Nimrlx4_imr2T(null)Cgeneric-uio'"
Jun 29 03:06:47 h3ulcb systemd-udevd[433]: Loading module: of:Nimr-lx4T(null)Crenesas,r8a7795-imr-lx4Crenesas,imr-lx4
Jun 29 03:06:47 h3ulcb systemd-udevd[331]: fe8d0000.vcp4: sd-device-monitor: Passed 320 byte to netlink monitor
Jun 29 03:06:47 h3ulcb systemd-udevd[331]: uio1: Device ready for processing (SEQNUM=4488, ACTION=add)
Jun 29 03:06:47 h3ulcb systemd-udevd[440]: fe890000.imrlx4_imr3: No entry found from hwdb.
Jun 29 03:06:47 h3ulcb systemd-udevd[363]: event1: sd-device-monitor: Passed 946 byte to netlink monitor
Jun 29 03:06:47 h3ulcb systemd-udevd[436]: fe890000.imr-lx4: /usr/lib/udev/rules.d/50-udev-default.rules:14 Failed to run builtin 'hwdb --subsystem=platform': No data available
Jun 29 03:06:47 h3ulcb systemd-udevd[436]: fe890000.imr-lx4: /usr/lib/udev/rules.d/60-drm.rules:3 Importing properties from results of builtin command 'path_id'
Jun 29 03:06:47 h3ulcb systemd-udevd[435]: fe8d0000.vcp4: Processing device (SEQNUM=4495, ACTION=add)
Jun 29 03:06:47 h3ulcb systemd-udevd[331]: uio1: sd-device-monitor: Passed 212 byte to netlink monitor
Jun 29 03:06:47 h3ulcb systemd-udevd[336]: uio1: Processing device (SEQNUM=4488, ACTION=add)
Jun 29 03:06:47 h3ulcb systemd-udevd[331]: fe900000.vcp4: Device is queued (SEQNUM=4496, ACTION=add)
Jun 29 03:06:47 h3ulcb systemd-udevd[341]: Loading module: of:Nimrlx4_imr2T(null)Cgeneric-uio
Jun 29 03:06:47 h3ulcb systemd-udevd[436]: fe890000.imr-lx4: /usr/lib/udev/rules.d/80-drivers.rules:5 RUN 'kmod load '$env{MODALIAS}''
Jun 29 03:06:47 h3ulcb systemd-udevd[336]: uio1: Failed to get watch handle, ignoring: No such file or directory
Jun 29 03:06:47 h3ulcb systemd-udevd[440]: fe890000.imrlx4_imr3: /usr/lib/udev/rules.d/50-udev-default.rules:14 Failed to run builtin 'hwdb --subsystem=platform': No data available
Jun 29 03:06:47 h3ulcb systemd-udevd[440]: fe890000.imrlx4_imr3: /usr/lib/udev/rules.d/60-drm.rules:3 Importing properties from results of builtin command 'path_id'
Jun 29 03:06:47 h3ulcb systemd-udevd[435]: fe8d0000.vcp4: /usr/lib/udev/rules.d/50-udev-default.rules:14 Importing properties from results of builtin command 'hwdb --subsystem=platform'
Jun 29 03:06:47 h3ulcb systemd-udevd[433]: Module 'uio_pdrv_genirq' is already loaded
Jun 29 03:06:47 h3ulcb systemd-udevd[331]: fe900000.vcp4: Device ready for processing (SEQNUM=4496, ACTION=add)
Jun 29 03:06:47 h3ulcb systemd-udevd[436]: fe890000.imr-lx4: sd-device: Created db file '/run/udev/data/+platform:fe890000.imr-lx4' for '/devices/platform/soc/fe890000.imr-lx4'
Jun 29 03:06:47 h3ulcb systemd-udevd[435]: fe8d0000.vcp4: hwdb modalias key: "of:Nvcp4T(null)Crenesas,vcp4-ivdp1c"
Jun 29 03:06:47 h3ulcb systemd-udevd[440]: fe890000.imrlx4_imr3: /usr/lib/udev/rules.d/80-drivers.rules:5 RUN 'kmod load '$env{MODALIAS}''
Jun 29 03:06:47 h3ulcb systemd-udevd[433]: Module 'uio_pdrv_genirq' is already loaded
Jun 29 03:06:47 h3ulcb systemd-udevd[331]: fe900000.vcp4: sd-device-monitor: Passed 316 byte to netlink monitor
Jun 29 03:06:47 h3ulcb systemd-udevd[436]: fe890000.imr-lx4: Running built-in command "kmod load 'of:Nimr-lx4T(null)Crenesas,r8a7795-imr-lx4Crenesas,imr-lx4'"
Jun 29 03:06:47 h3ulcb systemd-udevd[434]: fe900000.vcp4: Processing device (SEQNUM=4496, ACTION=add)
Jun 29 03:06:47 h3ulcb systemd-udevd[433]: fe880000.imr-lx4: Device processed (SEQNUM=4489, ACTION=add)
Jun 29 03:06:47 h3ulcb systemd-udevd[336]: uio1: Preserve permissions of /dev/uio1, uid=0, gid=0, mode=0600
Jun 29 03:06:47 h3ulcb systemd-udevd[435]: fe8d0000.vcp4: hwdb modalias key: "of:NsocT(null)Csimple-bus"
Jun 29 03:06:47 h3ulcb systemd-udevd[436]: Loading module: of:Nimr-lx4T(null)Crenesas,r8a7795-imr-lx4Crenesas,imr-lx4
Jun 29 03:06:47 h3ulcb systemd-udevd[331]: fe90f000.vcp4: Device is queued (SEQNUM=4497, ACTION=add)
Jun 29 03:06:47 h3ulcb systemd-udevd[440]: fe890000.imrlx4_imr3: sd-device: Created db file '/run/udev/data/+platform:fe890000.imrlx4_imr3' for '/devices/platform/soc/fe890000.imrlx4_imr3'
Jun 29 03:06:47 h3ulcb systemd-udevd[433]: fe880000.imr-lx4: sd-device-monitor: Passed 448 byte to netlink monitor
Jun 29 03:06:47 h3ulcb systemd-udevd[336]: uio1: Handling device node '/dev/uio1', devnum=c511:1
Jun 29 03:06:47 h3ulcb systemd-udevd[434]: fe900000.vcp4: /usr/lib/udev/rules.d/50-udev-default.rules:14 Importing properties from results of builtin command 'hwdb --subsystem=platform'
Jun 29 03:06:47 h3ulcb systemd-udevd[435]: fe8d0000.vcp4: No entry found from hwdb.
Jun 29 03:06:47 h3ulcb systemd-udevd[341]: Module 'uio_pdrv_genirq' is already loaded
Jun 29 03:06:47 h3ulcb systemd-udevd[331]: fe90f000.vcp4: Device ready for processing (SEQNUM=4497, ACTION=add)
Jun 29 03:06:47 h3ulcb systemd-udevd[440]: fe890000.imrlx4_imr3: Running built-in command "kmod load 'of:Nimrlx4_imr3T(null)Cgeneric-uio'"
Jun 29 03:06:47 h3ulcb systemd-udevd[363]: fe90f000.vcp4: Processing device (SEQNUM=4497, ACTION=add)
Jun 29 03:06:47 h3ulcb systemd-udevd[434]: fe900000.vcp4: hwdb modalias key: "of:Nvcp4T(null)Crenesas,vcp4-vdpb"
Jun 29 03:06:47 h3ulcb systemd-udevd[435]: fe8d0000.vcp4: /usr/lib/udev/rules.d/50-udev-default.rules:14 Failed to run builtin 'hwdb --subsystem=platform': No data available
Jun 29 03:06:47 h3ulcb systemd-udevd[341]: Module 'uio_pdrv_genirq' is already loaded
Jun 29 03:06:47 h3ulcb systemd-udevd[331]: fe90f000.vcp4: sd-device-monitor: Passed 318 byte to netlink monitor
Jun 29 03:06:47 h3ulcb systemd-udevd[440]: Loading module: of:Nimrlx4_imr3T(null)Cgeneric-uio
Jun 29 03:06:47 h3ulcb systemd-udevd[336]: uio1: sd-device: Created empty file '/run/udev/data/c511:1' for '/devices/platform/soc/fe870000.imrlx4_imr1/uio/uio1'
Jun 29 03:06:47 h3ulcb systemd-udevd[435]: fe8d0000.vcp4: /usr/lib/udev/rules.d/60-drm.rules:3 Importing properties from results of builtin command 'path_id'
Jun 29 03:06:47 h3ulcb systemd-udevd[341]: fe880000.imrlx4_imr2: Device processed (SEQNUM=4490, ACTION=add)
Jun 29 03:06:47 h3ulcb systemd-udevd[363]: fe90f000.vcp4: /usr/lib/udev/rules.d/50-udev-default.rules:14 Importing properties from results of builtin command 'hwdb --subsystem=platform'
Jun 29 03:06:47 h3ulcb systemd-udevd[434]: fe900000.vcp4: hwdb modalias key: "of:NsocT(null)Csimple-bus"
Jun 29 03:06:47 h3ulcb systemd-udevd[331]: fe910000.vcp4: Device is queued (SEQNUM=4498, ACTION=add)
Jun 29 03:06:47 h3ulcb systemd-udevd[336]: uio1: Failed to get watch handle, ignoring: No such file or directory
Jun 29 03:06:47 h3ulcb systemd-udevd[435]: fe8d0000.vcp4: /usr/lib/udev/rules.d/80-drivers.rules:5 RUN 'kmod load '$env{MODALIAS}''
Jun 29 03:06:47 h3ulcb systemd-udevd[341]: fe880000.imrlx4_imr2: sd-device-monitor: Passed 413 byte to netlink monitor
Jun 29 03:06:47 h3ulcb systemd-udevd[363]: fe90f000.vcp4: hwdb modalias key: "of:Nvcp4T(null)Crenesas,vcp4-fcpcs"
Jun 29 03:06:47 h3ulcb systemd-udevd[331]: fe910000.vcp4: Device ready for processing (SEQNUM=4498, ACTION=add)
Jun 29 03:06:47 h3ulcb systemd-udevd[436]: Module 'uio_pdrv_genirq' is already loaded
Jun 29 03:06:47 h3ulcb systemd-udevd[434]: fe900000.vcp4: No entry found from hwdb.
Jun 29 03:06:47 h3ulcb systemd-udevd[336]: uio1: Device processed (SEQNUM=4488, ACTION=add)
Jun 29 03:06:47 h3ulcb systemd-udevd[437]: mmcblk0: sd-device: Created db file '/run/udev/data/b179:0' for '/devices/platform/soc/ee140000.mmc/mmc_host/mmc0/mmc0:0001/block/mmcblk0'
Jun 29 03:06:47 h3ulcb systemd-udevd[435]: fe8d0000.vcp4: sd-device: Created db file '/run/udev/data/+platform:fe8d0000.vcp4' for '/devices/platform/soc/fe8d0000.vcp4'
Jun 29 03:06:47 h3ulcb systemd-udevd[331]: fe910000.vcp4: sd-device-monitor: Passed 318 byte to netlink monitor
Jun 29 03:06:47 h3ulcb systemd-udevd[363]: fe90f000.vcp4: hwdb modalias key: "of:NsocT(null)Csimple-bus"
Jun 29 03:06:47 h3ulcb systemd-udevd[433]: fe910000.vcp4: Processing device (SEQNUM=4498, ACTION=add)
Jun 29 03:06:47 h3ulcb systemd-udevd[436]: Module 'uio_pdrv_genirq' is already loaded
Jun 29 03:06:47 h3ulcb systemd-udevd[434]: fe900000.vcp4: /usr/lib/udev/rules.d/50-udev-default.rules:14 Failed to run builtin 'hwdb --subsystem=platform': No data available
Jun 29 03:06:47 h3ulcb systemd-udevd[336]: uio1: sd-device-monitor: Passed 212 byte to netlink monitor
Jun 29 03:06:47 h3ulcb systemd-udevd[437]: mmcblk0: Adding watch on '/dev/mmcblk0'
Jun 29 03:06:47 h3ulcb systemd-udevd[435]: fe8d0000.vcp4: Running built-in command "kmod load 'of:Nvcp4T(null)Crenesas,vcp4-ivdp1c'"
Jun 29 03:06:47 h3ulcb systemd-udevd[331]: uio2: Device ready for processing (SEQNUM=4491, ACTION=add)
Jun 29 03:06:47 h3ulcb systemd-udevd[363]: fe90f000.vcp4: No entry found from hwdb.
Jun 29 03:06:47 h3ulcb systemd-udevd[436]: fe890000.imr-lx4: Device processed (SEQNUM=4492, ACTION=add)
Jun 29 03:06:47 h3ulcb systemd-udevd[436]: fe890000.imr-lx4: sd-device-monitor: Passed 448 byte to netlink monitor
Jun 29 03:06:47 h3ulcb systemd-udevd[433]: fe910000.vcp4: /usr/lib/udev/rules.d/50-udev-default.rules:14 Importing properties from results of builtin command 'hwdb --subsystem=platform'
Jun 29 03:06:47 h3ulcb systemd-udevd[440]: Module 'uio_pdrv_genirq' is already loaded
Jun 29 03:06:47 h3ulcb systemd-udevd[435]: Loading module: of:Nvcp4T(null)Crenesas,vcp4-ivdp1c
Jun 29 03:06:47 h3ulcb systemd-udevd[437]: mmcblk0: Device processed (SEQNUM=4472, ACTION=add)
Jun 29 03:06:47 h3ulcb systemd-udevd[331]: uio2: sd-device-monitor: Passed 212 byte to netlink monitor
Jun 29 03:06:47 h3ulcb systemd-udevd[363]: fe90f000.vcp4: /usr/lib/udev/rules.d/50-udev-default.rules:14 Failed to run builtin 'hwdb --subsystem=platform': No data available
Jun 29 03:06:47 h3ulcb systemd-udevd[341]: uio2: Processing device (SEQNUM=4491, ACTION=add)
Jun 29 03:06:47 h3ulcb systemd-udevd[341]: uio2: Failed to get watch handle, ignoring: No such file or directory
Jun 29 03:06:47 h3ulcb systemd-udevd[433]: fe910000.vcp4: hwdb modalias key: "of:Nvcp4T(null)Crenesas,vcp4-vcplf"
Jun 29 03:06:47 h3ulcb systemd-udevd[440]: Module 'uio_pdrv_genirq' is already loaded
Jun 29 03:06:47 h3ulcb systemd-udevd[331]: fe920000.vsp: Device is queued (SEQNUM=4499, ACTION=add)
Jun 29 03:06:47 h3ulcb systemd-udevd[363]: fe90f000.vcp4: /usr/lib/udev/rules.d/60-drm.rules:3 Importing properties from results of builtin command 'path_id'
Jun 29 03:06:47 h3ulcb systemd-udevd[434]: fe900000.vcp4: /usr/lib/udev/rules.d/60-drm.rules:3 Importing properties from results of builtin command 'path_id'
Jun 29 03:06:47 h3ulcb systemd-udevd[437]: mmcblk0: sd-device-monitor: Passed 617 byte to netlink monitor
Jun 29 03:06:47 h3ulcb systemd-udevd[440]: fe890000.imrlx4_imr3: Device processed (SEQNUM=4493, ACTION=add)
Jun 29 03:06:47 h3ulcb systemd-udevd[331]: fe920000.vsp: Device ready for processing (SEQNUM=4499, ACTION=add)
Jun 29 03:06:47 h3ulcb systemd-udevd[433]: fe910000.vcp4: hwdb modalias key: "of:NsocT(null)Csimple-bus"
Jun 29 03:06:47 h3ulcb systemd-udevd[363]: fe90f000.vcp4: /usr/lib/udev/rules.d/80-drivers.rules:5 RUN 'kmod load '$env{MODALIAS}''
Jun 29 03:06:47 h3ulcb systemd-udevd[435]: Module 'uio_pdrv_genirq' is already loaded
Jun 29 03:06:47 h3ulcb systemd-udevd[434]: fe900000.vcp4: /usr/lib/udev/rules.d/80-drivers.rules:5 RUN 'kmod load '$env{MODALIAS}''
Jun 29 03:06:47 h3ulcb systemd-udevd[440]: fe890000.imrlx4_imr3: sd-device-monitor: Passed 413 byte to netlink monitor
Jun 29 03:06:47 h3ulcb systemd-udevd[331]: fe920000.vsp: sd-device-monitor: Passed 312 byte to netlink monitor
Jun 29 03:06:47 h3ulcb systemd-udevd[343]: fe920000.vsp: Processing device (SEQNUM=4499, ACTION=add)
Jun 29 03:06:47 h3ulcb systemd-udevd[433]: fe910000.vcp4: No entry found from hwdb.
Jun 29 03:06:47 h3ulcb systemd-udevd[435]: Module 'uio_pdrv_genirq' is already loaded
Jun 29 03:06:47 h3ulcb systemd-udevd[363]: fe90f000.vcp4: sd-device: Created db file '/run/udev/data/+platform:fe90f000.vcp4' for '/devices/platform/soc/fe90f000.vcp4'
Jun 29 03:06:47 h3ulcb systemd-udevd[341]: uio2: Preserve permissions of /dev/uio2, uid=0, gid=0, mode=0600
Jun 29 03:06:47 h3ulcb systemd-udevd[331]: mmcblk0boot0: Device ready for processing (SEQNUM=4473, ACTION=add)
Jun 29 03:06:47 h3ulcb systemd-udevd[434]: fe900000.vcp4: sd-device: Created db file '/run/udev/data/+platform:fe900000.vcp4' for '/devices/platform/soc/fe900000.vcp4'
Jun 29 03:06:47 h3ulcb systemd-udevd[433]: fe910000.vcp4: /usr/lib/udev/rules.d/50-udev-default.rules:14 Failed to run builtin 'hwdb --subsystem=platform': No data available
Jun 29 03:06:47 h3ulcb systemd-udevd[343]: fe920000.vsp: /usr/lib/udev/rules.d/50-udev-default.rules:14 Importing properties from results of builtin command 'hwdb --subsystem=platform'
Jun 29 03:06:47 h3ulcb systemd-udevd[435]: fe8d0000.vcp4: Device processed (SEQNUM=4495, ACTION=add)
Jun 29 03:06:47 h3ulcb systemd-udevd[363]: fe90f000.vcp4: Running built-in command "kmod load 'of:Nvcp4T(null)Crenesas,vcp4-fcpcs'"
Jun 29 03:06:47 h3ulcb systemd-udevd[341]: uio2: Handling device node '/dev/uio2', devnum=c511:2
Jun 29 03:06:47 h3ulcb systemd-udevd[331]: mmcblk0boot0: sd-device-monitor: Passed 270 byte to netlink monitor
Jun 29 03:06:47 h3ulcb systemd-udevd[434]: fe900000.vcp4: Running built-in command "kmod load 'of:Nvcp4T(null)Crenesas,vcp4-vdpb'"
Jun 29 03:06:47 h3ulcb systemd-udevd[437]: mmcblk0boot0: Processing device (SEQNUM=4473, ACTION=add)
Jun 29 03:06:47 h3ulcb systemd-udevd[433]: fe910000.vcp4: /usr/lib/udev/rules.d/60-drm.rules:3 Importing properties from results of builtin command 'path_id'
Jun 29 03:06:47 h3ulcb systemd-udevd[343]: fe920000.vsp: hwdb modalias key: "of:NvspT(null)Crenesas,vspm-vsp2"
Jun 29 03:06:47 h3ulcb systemd-udevd[435]: fe8d0000.vcp4: sd-device-monitor: Passed 385 byte to netlink monitor
Jun 29 03:06:47 h3ulcb systemd-udevd[363]: Loading module: of:Nvcp4T(null)Crenesas,vcp4-fcpcs
