Jun 29 03:06:45 h3ulcb systemd-udevd[362]: v4l-subdev29: /usr/lib/udev/rules.d/70-camera.rules:7 Failed to run builtin 'hwdb 'camera:usb:vp:name:fe9a0000.vsp wpf.0:'': No data available
Jun 29 03:06:45 h3ulcb systemd-udevd[337]: v4l-subdev26: sd-device: Created db file '/run/udev/data/c81:48' for '/devices/platform/soc/fe9a0000.vsp/video4linux/v4l-subdev26'
Jun 29 03:06:45 h3ulcb systemd-udevd[343]: v4l-subdev30: /usr/lib/udev/rules.d/70-camera.rules:7 Failed to run builtin 'hwdb 'camera:usb:vp:name:fe9b0000.vsp lut:'': No data available
Jun 29 03:06:45 h3ulcb systemd-udevd[375]: video21: Running built-in command "uaccess"
Jun 29 03:06:45 h3ulcb systemd-udevd[373]: video22: /usr/lib/udev/rules.d/60-persistent-v4l.rules:16 Importing properties from results of builtin command 'path_id'
Jun 29 03:06:45 h3ulcb systemd-udevd[373]: video22: /usr/lib/udev/rules.d/60-persistent-v4l.rules:17 LINK 'v4l/by-path/platform-fe9b0000.vsp-video-index0'
Jun 29 03:06:45 h3ulcb systemd-udevd[340]: video23: /usr/lib/udev/rules.d/60-persistent-v4l.rules:17 LINK 'v4l/by-path/platform-fe9b0000.vsp-video-index1'
Jun 29 03:06:45 h3ulcb systemd-udevd[368]: v4l-subdev34: /usr/lib/udev/rules.d/60-persistent-v4l.rules:7 Importing properties from results of 'v4l_id /dev/v4l-subdev34'
Jun 29 03:06:45 h3ulcb systemd-udevd[367]: v4l-subdev27: sd-device: Created db file '/run/udev/data/c81:49' for '/devices/platform/soc/fe9a0000.vsp/video4linux/v4l-subdev27'
Jun 29 03:06:45 h3ulcb systemd-udevd[353]: v4l-subdev28: Failed to apply ACL: Operation not supported
Jun 29 03:06:45 h3ulcb journalctl[345]: Found 4d4408cfd0d144859184d1e65d7c8a65, language be
Jun 29 03:06:45 h3ulcb systemd-udevd[335]: v4l-subdev31: Process 'v4l_id /dev/v4l-subdev31' succeeded.
Jun 29 03:06:45 h3ulcb systemd-udevd[341]: Successfully forked off '(spawn)' as PID 412.
Jun 29 03:06:45 h3ulcb systemd-udevd[337]: v4l-subdev26: Running built-in command "uaccess"
Jun 29 03:06:45 h3ulcb systemd-udevd[337]: v4l-subdev26: Failed to apply ACL: Operation not supported
Jun 29 03:06:45 h3ulcb systemd-udevd[362]: v4l-subdev29: /usr/lib/udev/rules.d/73-seat-late.rules:16 RUN 'uaccess'
Jun 29 03:06:45 h3ulcb systemd-udevd[331]: fe960000.vsp: Device ready for processing (SEQNUM=3014, ACTION=bind)
Jun 29 03:06:45 h3ulcb systemd-udevd[343]: v4l-subdev30: /usr/lib/udev/rules.d/73-seat-late.rules:16 RUN 'uaccess'
Jun 29 03:06:45 h3ulcb systemd-udevd[362]: v4l-subdev29: Setting permissions /dev/v4l-subdev29, uid=0, gid=44, mode=0660
Jun 29 03:06:45 h3ulcb systemd-udevd[340]: video23: /usr/lib/udev/rules.d/70-camera.rules:7 Importing properties from results of builtin command 'hwdb 'camera:usb:vp:name:fe9b0000.vsp wpf.0 output:''
Jun 29 03:06:45 h3ulcb systemd-udevd[368]: v4l-subdev34: Starting 'v4l_id /dev/v4l-subdev34'
Jun 29 03:06:45 h3ulcb systemd-udevd[367]: v4l-subdev27: Running built-in command "uaccess"
Jun 29 03:06:45 h3ulcb systemd-udevd[353]: v4l-subdev28: Failed to run built-in command "uaccess", ignoring: Operation not supported
Jun 29 03:06:45 h3ulcb journalctl[345]: Found f77379a8490b408bbe5f6940505a777b, language be@latin
Jun 29 03:06:45 h3ulcb systemd-udevd[375]: video21: Failed to apply ACL: Operation not supported
Jun 29 03:06:45 h3ulcb systemd-udevd[337]: v4l-subdev26: Failed to run built-in command "uaccess", ignoring: Operation not supported
Jun 29 03:06:45 h3ulcb systemd-udevd[331]: fe960000.vsp: sd-device-monitor: Passed 300 byte to netlink monitor
Jun 29 03:06:45 h3ulcb systemd-udevd[359]: fe960000.vsp: Processing device (SEQNUM=3014, ACTION=bind)
Jun 29 03:06:45 h3ulcb systemd-udevd[362]: v4l-subdev29: Handling device node '/dev/v4l-subdev29', devnum=c81:51
Jun 29 03:06:45 h3ulcb systemd-udevd[338]: video20: sd-device: Created db file '/run/udev/data/c81:43' for '/devices/platform/soc/fe9a0000.vsp/video4linux/video20'
Jun 29 03:06:45 h3ulcb systemd-udevd[335]: v4l-subdev31: /usr/lib/udev/rules.d/60-persistent-v4l.rules:16 Importing properties from results of builtin command 'path_id'
Jun 29 03:06:45 h3ulcb systemd-udevd[373]: video22: /usr/lib/udev/rules.d/70-camera.rules:7 Importing properties from results of builtin command 'hwdb 'camera:usb:vp:name:fe9b0000.vsp rpf.0 input:''
Jun 29 03:06:45 h3ulcb systemd-udevd[340]: video23: No entry found from hwdb.
Jun 29 03:06:45 h3ulcb systemd-udevd[343]: v4l-subdev30: Setting permissions /dev/v4l-subdev30, uid=0, gid=44, mode=0660
Jun 29 03:06:45 h3ulcb systemd-udevd[367]: v4l-subdev27: Failed to apply ACL: Operation not supported
Jun 29 03:06:45 h3ulcb systemd-udevd[353]: v4l-subdev28: Failed to get watch handle, ignoring: No such file or directory
Jun 29 03:06:45 h3ulcb journalctl[345]: Found d93fb3c9c24d451a97cea615ce59c00b, language be@latin
Jun 29 03:06:45 h3ulcb systemd-udevd[375]: video21: Failed to run built-in command "uaccess", ignoring: Operation not supported
Jun 29 03:06:45 h3ulcb systemd-udevd[337]: v4l-subdev26: Failed to get watch handle, ignoring: No such file or directory
Jun 29 03:06:45 h3ulcb systemd-udevd[368]: Successfully forked off '(spawn)' as PID 413.
Jun 29 03:06:45 h3ulcb systemd-udevd[331]: v4l-subdev35: Device is queued (SEQNUM=3033, ACTION=add)
Jun 29 03:06:45 h3ulcb systemd-udevd[359]: fe960000.vsp: /usr/lib/udev/rules.d/50-udev-default.rules:14 Importing properties from results of builtin command 'hwdb --subsystem=platform'
Jun 29 03:06:45 h3ulcb systemd-udevd[338]: video20: Running built-in command "uaccess"
Jun 29 03:06:45 h3ulcb systemd-udevd[362]: v4l-subdev29: sd-device: Created db file '/run/udev/data/c81:51' for '/devices/platform/soc/fe9a0000.vsp/video4linux/v4l-subdev29'
Jun 29 03:06:45 h3ulcb systemd-udevd[373]: video22: No entry found from hwdb.
Jun 29 03:06:45 h3ulcb systemd-udevd[335]: v4l-subdev31: /usr/lib/udev/rules.d/70-camera.rules:7 Importing properties from results of builtin command 'hwdb 'camera:usb:vp:name:fe9b0000.vsp clu:''
Jun 29 03:06:45 h3ulcb systemd-udevd[340]: video23: /usr/lib/udev/rules.d/70-camera.rules:7 Failed to run builtin 'hwdb 'camera:usb:vp:name:fe9b0000.vsp wpf.0 output:'': No data available
Jun 29 03:06:45 h3ulcb systemd-udevd[343]: v4l-subdev30: Handling device node '/dev/v4l-subdev30', devnum=c81:54
Jun 29 03:06:45 h3ulcb systemd-udevd[360]: v4l-subdev32: Process 'v4l_id /dev/v4l-subdev32' succeeded.
Jun 29 03:06:45 h3ulcb systemd-udevd[367]: v4l-subdev27: Failed to run built-in command "uaccess", ignoring: Operation not supported
Jun 29 03:06:45 h3ulcb systemd-udevd[353]: v4l-subdev28: Device processed (SEQNUM=3022, ACTION=add)
Jun 29 03:06:45 h3ulcb journalctl[345]: Found ec387f577b844b8fa948f33cad9a75e6, language be@latin
Jun 29 03:06:45 h3ulcb systemd-udevd[375]: video21: Failed to get watch handle, ignoring: No such file or directory
Jun 29 03:06:45 h3ulcb systemd-udevd[337]: v4l-subdev26: Device processed (SEQNUM=3020, ACTION=add)
Jun 29 03:06:45 h3ulcb systemd-udevd[331]: v4l-subdev35: Device ready for processing (SEQNUM=3033, ACTION=add)
Jun 29 03:06:45 h3ulcb systemd-udevd[359]: fe960000.vsp: hwdb modalias key: "of:NvspT(null)Crenesas,vspm-vsp2"
Jun 29 03:06:45 h3ulcb systemd-udevd[338]: video20: Failed to apply ACL: Operation not supported
Jun 29 03:06:45 h3ulcb systemd-udevd[362]: v4l-subdev29: Running built-in command "uaccess"
Jun 29 03:06:45 h3ulcb systemd-udevd[373]: video22: /usr/lib/udev/rules.d/70-camera.rules:7 Failed to run builtin 'hwdb 'camera:usb:vp:name:fe9b0000.vsp rpf.0 input:'': No data available
Jun 29 03:06:45 h3ulcb systemd[1]: systemd-random-seed.service: Control group is empty.
Jun 29 03:06:45 h3ulcb systemd-udevd[335]: v4l-subdev31: No entry found from hwdb.
Jun 29 03:06:45 h3ulcb systemd-udevd[367]: v4l-subdev27: Failed to get watch handle, ignoring: No such file or directory
Jun 29 03:06:45 h3ulcb systemd-udevd[353]: v4l-subdev28: sd-device-monitor: Passed 381 byte to netlink monitor
Jun 29 03:06:45 h3ulcb systemd-udevd[340]: video23: /usr/lib/udev/rules.d/73-seat-late.rules:16 RUN 'uaccess'
Jun 29 03:06:45 h3ulcb journalctl[345]: Found a596d6fe7bfa4994828e72309e95d61e, language be@latin
Jun 29 03:06:45 h3ulcb systemd-udevd[343]: v4l-subdev30: sd-device: Created db file '/run/udev/data/c81:54' for '/devices/platform/soc/fe9b0000.vsp/video4linux/v4l-subdev30'
Jun 29 03:06:45 h3ulcb systemd-udevd[375]: video21: Device processed (SEQNUM=3016, ACTION=add)
Jun 29 03:06:45 h3ulcb systemd-udevd[337]: v4l-subdev26: sd-device-monitor: Passed 381 byte to netlink monitor
Jun 29 03:06:45 h3ulcb systemd-udevd[331]: v4l-subdev35: sd-device-monitor: Passed 223 byte to netlink monitor
Jun 29 03:06:45 h3ulcb systemd-udevd[339]: v4l-subdev35: Processing device (SEQNUM=3033, ACTION=add)
Jun 29 03:06:45 h3ulcb systemd-udevd[360]: v4l-subdev32: /usr/lib/udev/rules.d/60-persistent-v4l.rules:16 Importing properties from results of builtin command 'path_id'
Jun 29 03:06:45 h3ulcb systemd-udevd[338]: video20: Failed to run built-in command "uaccess", ignoring: Operation not supported
Jun 29 03:06:45 h3ulcb systemd-udevd[359]: fe960000.vsp: hwdb modalias key: "of:NsocT(null)Csimple-bus"
Jun 29 03:06:45 h3ulcb systemd-udevd[362]: v4l-subdev29: Failed to apply ACL: Operation not supported
Jun 29 03:06:45 h3ulcb systemd[1]: first-boot-complete.target: ConditionFirstBoot=yes failed.
Jun 29 03:06:45 h3ulcb systemd-udevd[335]: v4l-subdev31: /usr/lib/udev/rules.d/70-camera.rules:7 Failed to run builtin 'hwdb 'camera:usb:vp:name:fe9b0000.vsp clu:'': No data available
Jun 29 03:06:45 h3ulcb systemd-udevd[367]: v4l-subdev27: Device processed (SEQNUM=3021, ACTION=add)
Jun 29 03:06:45 h3ulcb systemd-udevd[373]: video22: /usr/lib/udev/rules.d/73-seat-late.rules:16 RUN 'uaccess'
Jun 29 03:06:45 h3ulcb journalctl[345]: Found e9bf28e6e834481bb6f48f548ad13606, language be@latin
Jun 29 03:06:45 h3ulcb systemd-udevd[343]: v4l-subdev30: Running built-in command "uaccess"
Jun 29 03:06:45 h3ulcb systemd-udevd[375]: video21: sd-device-monitor: Passed 520 byte to netlink monitor
Jun 29 03:06:45 h3ulcb systemd-udevd[340]: video23: Setting permissions /dev/video23, uid=0, gid=44, mode=0660
Jun 29 03:06:45 h3ulcb systemd-udevd[339]: v4l-subdev35: Failed to get watch handle, ignoring: No such file or directory
Jun 29 03:06:45 h3ulcb systemd-udevd[331]: v4l-subdev36: Device is queued (SEQNUM=3034, ACTION=add)
Jun 29 03:06:45 h3ulcb systemd-udevd[338]: video20: Failed to get watch handle, ignoring: No such file or directory
Jun 29 03:06:45 h3ulcb systemd-udevd[360]: v4l-subdev32: /usr/lib/udev/rules.d/70-camera.rules:7 Importing properties from results of builtin command 'hwdb 'camera:usb:vp:name:fe9b0000.vsp hgo:''
Jun 29 03:06:45 h3ulcb systemd-udevd[359]: fe960000.vsp: No entry found from hwdb.
Jun 29 03:06:45 h3ulcb systemd-udevd[362]: v4l-subdev29: Failed to run built-in command "uaccess", ignoring: Operation not supported
Jun 29 03:06:45 h3ulcb systemd[1]: first-boot-complete.target: Starting requested but condition failed. Not starting unit.
Jun 29 03:06:45 h3ulcb systemd-udevd[367]: v4l-subdev27: sd-device-monitor: Passed 381 byte to netlink monitor
Jun 29 03:06:45 h3ulcb journalctl[345]: Found fc2e22bc6ee647b6b90729ab34a250b1, language be@latin
Jun 29 03:06:45 h3ulcb systemd-udevd[335]: v4l-subdev31: /usr/lib/udev/rules.d/73-seat-late.rules:16 RUN 'uaccess'
Jun 29 03:06:45 h3ulcb systemd-udevd[373]: video22: Setting permissions /dev/video22, uid=0, gid=44, mode=0660
Jun 29 03:06:45 h3ulcb systemd-udevd[343]: v4l-subdev30: Failed to apply ACL: Operation not supported
Jun 29 03:06:45 h3ulcb systemd-udevd[340]: video23: Handling device node '/dev/video23', devnum=c81:53
Jun 29 03:06:45 h3ulcb systemd-udevd[335]: v4l-subdev31: Setting permissions /dev/v4l-subdev31, uid=0, gid=44, mode=0660
Jun 29 03:06:45 h3ulcb systemd-udevd[339]: v4l-subdev35: /usr/lib/udev/rules.d/50-udev-default.rules:33 GROUP 44
Jun 29 03:06:45 h3ulcb systemd-udevd[338]: video20: Device processed (SEQNUM=3015, ACTION=add)
Jun 29 03:06:45 h3ulcb systemd-udevd[341]: v4l-subdev33: Process 'v4l_id /dev/v4l-subdev33' succeeded.
Jun 29 03:06:45 h3ulcb systemd-udevd[360]: v4l-subdev32: No entry found from hwdb.
Jun 29 03:06:45 h3ulcb systemd-udevd[359]: fe960000.vsp: /usr/lib/udev/rules.d/50-udev-default.rules:14 Failed to run builtin 'hwdb --subsystem=platform': No data available
Jun 29 03:06:45 h3ulcb systemd-udevd[362]: v4l-subdev29: Failed to get watch handle, ignoring: No such file or directory
Jun 29 03:06:45 h3ulcb systemd[1]: first-boot-complete.target: Job 23 first-boot-complete.target/start finished, result=done
Jun 29 03:06:45 h3ulcb journalctl[345]: Found 8d45620c1a4348dbb17410da57c60c66, language be@latin
Jun 29 03:06:45 h3ulcb systemd-udevd[373]: video22: Handling device node '/dev/video22', devnum=c81:52
Jun 29 03:06:45 h3ulcb systemd-udevd[343]: v4l-subdev30: Failed to run built-in command "uaccess", ignoring: Operation not supported
Jun 29 03:06:45 h3ulcb systemd-udevd[331]: v4l-subdev36: Device ready for processing (SEQNUM=3034, ACTION=add)
Jun 29 03:06:45 h3ulcb systemd-udevd[335]: v4l-subdev31: Handling device node '/dev/v4l-subdev31', devnum=c81:55
Jun 29 03:06:45 h3ulcb systemd-udevd[340]: video23: /run/udev/links/v4l\x2fby-path\x2fplatform-fe9b0000.vsp-video-index1 is modified, but its timestamp is not changed, updating timestamp after 10ms.
Jun 29 03:06:45 h3ulcb systemd-udevd[339]: v4l-subdev35: /usr/lib/udev/rules.d/60-persistent-v4l.rules:7 Importing properties from results of 'v4l_id /dev/v4l-subdev35'
Jun 29 03:06:45 h3ulcb systemd-udevd[338]: video20: sd-device-monitor: Passed 524 byte to netlink monitor
Jun 29 03:06:45 h3ulcb systemd-udevd[360]: v4l-subdev32: /usr/lib/udev/rules.d/70-camera.rules:7 Failed to run builtin 'hwdb 'camera:usb:vp:name:fe9b0000.vsp hgo:'': No data available
Jun 29 03:06:45 h3ulcb systemd-udevd[359]: fe960000.vsp: /usr/lib/udev/rules.d/60-drm.rules:3 Importing properties from results of builtin command 'path_id'
Jun 29 03:06:45 h3ulcb systemd-udevd[362]: v4l-subdev29: Device processed (SEQNUM=3023, ACTION=add)
Jun 29 03:06:45 h3ulcb systemd[1]: First Boot Complete was skipped because of a failed condition check (ConditionFirstBoot=yes).
Jun 29 03:06:45 h3ulcb journalctl[345]: Found 3354939424b4456d9802ca8333ed424a, language be@latin
Jun 29 03:06:45 h3ulcb systemd-udevd[373]: video22: /run/udev/links/v4l\x2fby-path\x2fplatform-fe9b0000.vsp-video-index0 is modified, but its timestamp is not changed, updating timestamp after 10ms.
Jun 29 03:06:45 h3ulcb systemd-udevd[343]: v4l-subdev30: Failed to get watch handle, ignoring: No such file or directory
Jun 29 03:06:45 h3ulcb systemd-udevd[341]: v4l-subdev33: /usr/lib/udev/rules.d/60-persistent-v4l.rules:16 Importing properties from results of builtin command 'path_id'
Jun 29 03:06:45 h3ulcb systemd-udevd[331]: v4l-subdev36: sd-device-monitor: Passed 223 byte to netlink monitor
Jun 29 03:06:45 h3ulcb systemd-udevd[342]: v4l-subdev36: Processing device (SEQNUM=3034, ACTION=add)
Jun 29 03:06:45 h3ulcb systemd-udevd[339]: v4l-subdev35: Starting 'v4l_id /dev/v4l-subdev35'
Jun 29 03:06:45 h3ulcb systemd-udevd[335]: v4l-subdev31: sd-device: Created db file '/run/udev/data/c81:55' for '/devices/platform/soc/fe9b0000.vsp/video4linux/v4l-subdev31'
Jun 29 03:06:45 h3ulcb systemd-udevd[362]: v4l-subdev29: sd-device-monitor: Passed 381 byte to netlink monitor
Jun 29 03:06:45 h3ulcb systemd[1]: systemd-machine-id-commit.service: ConditionPathIsMountPoint=/etc/machine-id failed.
Jun 29 03:06:45 h3ulcb systemd-udevd[360]: v4l-subdev32: /usr/lib/udev/rules.d/73-seat-late.rules:16 RUN 'uaccess'
Jun 29 03:06:45 h3ulcb journalctl[345]: Found fcbefc5da23d428093f97c82a9290f7b, language be@latin
Jun 29 03:06:45 h3ulcb systemd-udevd[359]: fe960000.vsp: sd-device: Created db file '/run/udev/data/+platform:fe960000.vsp' for '/devices/platform/soc/fe960000.vsp'
Jun 29 03:06:45 h3ulcb systemd-udevd[343]: v4l-subdev30: Device processed (SEQNUM=3028, ACTION=add)
Jun 29 03:06:45 h3ulcb systemd-udevd[368]: v4l-subdev34: Process 'v4l_id /dev/v4l-subdev34' succeeded.
Jun 29 03:06:45 h3ulcb systemd-udevd[331]: fe9a0000.vsp: SEQNUM=3025 blocked by SEQNUM=3023
Jun 29 03:06:45 h3ulcb systemd-udevd[341]: v4l-subdev33: /usr/lib/udev/rules.d/70-camera.rules:7 Importing properties from results of builtin command 'hwdb 'camera:usb:vp:name:fe9b0000.vsp hgt:''
Jun 29 03:06:45 h3ulcb systemd-udevd[342]: v4l-subdev36: Failed to get watch handle, ignoring: No such file or directory
Jun 29 03:06:45 h3ulcb systemd-udevd[335]: v4l-subdev31: Running built-in command "uaccess"
Jun 29 03:06:45 h3ulcb systemd[1]: systemd-machine-id-commit.service: Starting requested but condition failed. Not starting unit.
Jun 29 03:06:45 h3ulcb systemd-udevd[339]: Successfully forked off '(spawn)' as PID 414.
Jun 29 03:06:45 h3ulcb journalctl[345]: Found e7852bfe46784ed0accde04bc864c2d5, language be@latin
Jun 29 03:06:45 h3ulcb systemd-udevd[359]: fe960000.vsp: Device processed (SEQNUM=3014, ACTION=bind)
Jun 29 03:06:45 h3ulcb systemd-udevd[360]: v4l-subdev32: Setting permissions /dev/v4l-subdev32, uid=0, gid=44, mode=0660
Jun 29 03:06:45 h3ulcb systemd-udevd[343]: v4l-subdev30: sd-device-monitor: Passed 381 byte to netlink monitor
Jun 29 03:06:45 h3ulcb systemd-udevd[341]: v4l-subdev33: No entry found from hwdb.
Jun 29 03:06:45 h3ulcb systemd-udevd[331]: media4: Device is queued (SEQNUM=3035, ACTION=add)
Jun 29 03:06:45 h3ulcb systemd[1]: systemd-machine-id-commit.service: Job 43 systemd-machine-id-commit.service/start finished, result=done
Jun 29 03:06:45 h3ulcb systemd-udevd[335]: v4l-subdev31: Failed to apply ACL: Operation not supported
Jun 29 03:06:45 h3ulcb systemd-udevd[342]: v4l-subdev36: /usr/lib/udev/rules.d/50-udev-default.rules:33 GROUP 44
Jun 29 03:06:45 h3ulcb journalctl[345]: Found c7a787079b354eaaa9e77b371893cd27, language be@latin
Jun 29 03:06:45 h3ulcb systemd-udevd[342]: v4l-subdev36: /usr/lib/udev/rules.d/60-persistent-v4l.rules:7 Importing properties from results of 'v4l_id /dev/v4l-subdev36'
Jun 29 03:06:45 h3ulcb systemd-udevd[359]: fe960000.vsp: sd-device-monitor: Passed 364 byte to netlink monitor
Jun 29 03:06:45 h3ulcb systemd-udevd[360]: v4l-subdev32: Handling device node '/dev/v4l-subdev32', devnum=c81:56
Jun 29 03:06:45 h3ulcb systemd-udevd[341]: v4l-subdev33: /usr/lib/udev/rules.d/70-camera.rules:7 Failed to run builtin 'hwdb 'camera:usb:vp:name:fe9b0000.vsp hgt:'': No data available
Jun 29 03:06:45 h3ulcb systemd-udevd[331]: media4: Device ready for processing (SEQNUM=3035, ACTION=add)
Jun 29 03:06:45 h3ulcb systemd[1]: Commit a transient machine-id on disk was skipped because of a failed condition check (ConditionPathIsMountPoint=/etc/machine-id).
Jun 29 03:06:45 h3ulcb systemd-udevd[335]: v4l-subdev31: Failed to run built-in command "uaccess", ignoring: Operation not supported
Jun 29 03:06:45 h3ulcb journalctl[345]: Found 45f82f4aef7a4bbf942ce861d1f20990, language be@latin
Jun 29 03:06:45 h3ulcb systemd-udevd[368]: v4l-subdev34: /usr/lib/udev/rules.d/60-persistent-v4l.rules:16 Importing properties from results of builtin command 'path_id'
Jun 29 03:06:45 h3ulcb systemd-udevd[342]: v4l-subdev36: Starting 'v4l_id /dev/v4l-subdev36'
Jun 29 03:06:45 h3ulcb systemd-udevd[360]: v4l-subdev32: sd-device: Created db file '/run/udev/data/c81:56' for '/devices/platform/soc/fe9b0000.vsp/video4linux/v4l-subdev32'
Jun 29 03:06:45 h3ulcb systemd-udevd[331]: media4: sd-device-monitor: Passed 193 byte to netlink monitor
Jun 29 03:06:45 h3ulcb systemd-udevd[367]: media4: Processing device (SEQNUM=3035, ACTION=add)
Jun 29 03:06:45 h3ulcb systemd-udevd[341]: v4l-subdev33: /usr/lib/udev/rules.d/73-seat-late.rules:16 RUN 'uaccess'
Jun 29 03:06:45 h3ulcb systemd-udevd[335]: v4l-subdev31: Failed to get watch handle, ignoring: No such file or directory
Jun 29 03:06:45 h3ulcb journalctl[345]: Found b07a249cd024414a82dd00cd181378ff, language be@latin
Jun 29 03:06:45 h3ulcb systemd-udevd[360]: v4l-subdev32: Running built-in command "uaccess"
Jun 29 03:06:45 h3ulcb systemd-udevd[368]: v4l-subdev34: /usr/lib/udev/rules.d/70-camera.rules:7 Importing properties from results of builtin command 'hwdb 'camera:usb:vp:name:fe9b0000.vsp rpf.0:''
Jun 29 03:06:45 h3ulcb systemd-udevd[331]: fe9a0000.vsp: Device ready for processing (SEQNUM=3025, ACTION=bind)
Jun 29 03:06:45 h3ulcb systemd-udevd[367]: media4: Failed to get watch handle, ignoring: No such file or directory
Jun 29 03:06:45 h3ulcb systemd-udevd[335]: v4l-subdev31: Device processed (SEQNUM=3029, ACTION=add)
Jun 29 03:06:45 h3ulcb journalctl[345]: Found 6bbd95ee977941e497c48be27c254128, language be@latin
Jun 29 03:06:45 h3ulcb systemd-udevd[342]: Successfully forked off '(spawn)' as PID 415.
Jun 29 03:06:45 h3ulcb systemd-udevd[360]: v4l-subdev32: Failed to apply ACL: Operation not supported
Jun 29 03:06:45 h3ulcb systemd-udevd[341]: v4l-subdev33: Setting permissions /dev/v4l-subdev33, uid=0, gid=44, mode=0660
Jun 29 03:06:45 h3ulcb systemd-udevd[368]: v4l-subdev34: No entry found from hwdb.
Jun 29 03:06:45 h3ulcb systemd-udevd[331]: fe9a0000.vsp: sd-device-monitor: Passed 300 byte to netlink monitor
Jun 29 03:06:45 h3ulcb systemd-udevd[359]: fe9a0000.vsp: Processing device (SEQNUM=3025, ACTION=bind)
Jun 29 03:06:45 h3ulcb systemd-udevd[335]: v4l-subdev31: sd-device-monitor: Passed 381 byte to netlink monitor
Jun 29 03:06:45 h3ulcb systemd-udevd[367]: media4: /usr/lib/udev/rules.d/50-udev-default.rules:37 GROUP 44
Jun 29 03:06:45 h3ulcb journalctl[345]: Found 8811e6df2a8e40f58a94cea26f8ebf14, language be@latin
Jun 29 03:06:45 h3ulcb systemd-udevd[360]: v4l-subdev32: Failed to run built-in command "uaccess", ignoring: Operation not supported
Jun 29 03:06:45 h3ulcb systemd-udevd[367]: media4: /usr/lib/udev/rules.d/71-seat.rules:74 Importing properties from results of builtin command 'path_id'
Jun 29 03:06:45 h3ulcb systemd-udevd[368]: v4l-subdev34: /usr/lib/udev/rules.d/70-camera.rules:7 Failed to run builtin 'hwdb 'camera:usb:vp:name:fe9b0000.vsp rpf.0:'': No data available
Jun 29 03:06:45 h3ulcb systemd-udevd[331]: fe9b0000.vsp: Device is queued (SEQNUM=3036, ACTION=bind)
Jun 29 03:06:45 h3ulcb systemd-udevd[359]: fe9a0000.vsp: /usr/lib/udev/rules.d/50-udev-default.rules:14 Importing properties from results of builtin command 'hwdb --subsystem=platform'
Jun 29 03:06:45 h3ulcb journalctl[345]: Found 98268866d1d54a499c4e98921d93bc40, language be@latin
Jun 29 03:06:45 h3ulcb systemd-udevd[360]: v4l-subdev32: Failed to get watch handle, ignoring: No such file or directory
Jun 29 03:06:45 h3ulcb systemd-udevd[341]: v4l-subdev33: Handling device node '/dev/v4l-subdev33', devnum=c81:57
Jun 29 03:06:45 h3ulcb systemd-udevd[340]: video23: sd-device: Created db file '/run/udev/data/c81:53' for '/devices/platform/soc/fe9b0000.vsp/video4linux/video23'
Jun 29 03:06:45 h3ulcb systemd-udevd[331]: fe9b0000.vsp: SEQNUM=3036 blocked by SEQNUM=3026
Jun 29 03:06:45 h3ulcb systemd-udevd[359]: fe9a0000.vsp: hwdb modalias key: "of:NvspT(null)Crenesas,vspm-vsp2"
Jun 29 03:06:45 h3ulcb systemd-udevd[331]: vsp2: Device is queued (SEQNUM=3037, ACTION=add)
Jun 29 03:06:45 h3ulcb systemd-udevd[368]: v4l-subdev34: /usr/lib/udev/rules.d/73-seat-late.rules:16 RUN 'uaccess'
Jun 29 03:06:45 h3ulcb systemd-udevd[360]: v4l-subdev32: Device processed (SEQNUM=3030, ACTION=add)
Jun 29 03:06:45 h3ulcb systemd-udevd[367]: media4: /usr/lib/udev/rules.d/73-seat-late.rules:16 RUN 'uaccess'
Jun 29 03:06:45 h3ulcb systemd-udevd[340]: video23: Running built-in command "uaccess"
Jun 29 03:06:45 h3ulcb systemd-udevd[373]: video22: sd-device: Created db file '/run/udev/data/c81:52' for '/devices/platform/soc/fe9b0000.vsp/video4linux/video22'
Jun 29 03:06:45 h3ulcb systemd-udevd[341]: v4l-subdev33: sd-device: Created db file '/run/udev/data/c81:57' for '/devices/platform/soc/fe9b0000.vsp/video4linux/v4l-subdev33'
Jun 29 03:06:45 h3ulcb journalctl[345]: Found 7d4958e842da4a758f6c1cdc7b36dcc5, language be@latin
Jun 29 03:06:45 h3ulcb systemd-udevd[331]: vsp2: Device ready for processing (SEQNUM=3037, ACTION=add)
Jun 29 03:06:45 h3ulcb systemd-udevd[359]: fe9a0000.vsp: hwdb modalias key: "of:NsocT(null)Csimple-bus"
Jun 29 03:06:45 h3ulcb systemd-udevd[360]: v4l-subdev32: sd-device-monitor: Passed 381 byte to netlink monitor
Jun 29 03:06:45 h3ulcb systemd-udevd[368]: v4l-subdev34: Setting permissions /dev/v4l-subdev34, uid=0, gid=44, mode=0660
Jun 29 03:06:45 h3ulcb systemd-udevd[368]: v4l-subdev34: Handling device node '/dev/v4l-subdev34', devnum=c81:58
Jun 29 03:06:45 h3ulcb systemd-udevd[373]: video22: Running built-in command "uaccess"
Jun 29 03:06:45 h3ulcb systemd-udevd[367]: media4: Setting permissions /dev/media4, uid=0, gid=44, mode=0660
Jun 29 03:06:45 h3ulcb systemd-udevd[341]: v4l-subdev33: Running built-in command "uaccess"
Jun 29 03:06:45 h3ulcb journalctl[345]: Found 39f53479d3a045ac8e11786248231fbf, language be@latin
Jun 29 03:06:45 h3ulcb systemd-udevd[331]: vsp2: sd-device-monitor: Passed 142 byte to netlink monitor
Jun 29 03:06:45 h3ulcb systemd-udevd[375]: vsp2: Processing device (SEQNUM=3037, ACTION=add)
Jun 29 03:06:45 h3ulcb systemd-udevd[340]: video23: Failed to apply ACL: Operation not supported
Jun 29 03:06:45 h3ulcb systemd-udevd[359]: fe9a0000.vsp: No entry found from hwdb.
Jun 29 03:06:45 h3ulcb systemd-udevd[373]: video22: Failed to apply ACL: Operation not supported
Jun 29 03:06:45 h3ulcb systemd-udevd[367]: media4: Handling device node '/dev/media4', devnum=c250:4
Jun 29 03:06:45 h3ulcb systemd-udevd[368]: v4l-subdev34: sd-device: Created db file '/run/udev/data/c81:58' for '/devices/platform/soc/fe9b0000.vsp/video4linux/v4l-subdev34'
Jun 29 03:06:45 h3ulcb systemd-udevd[341]: v4l-subdev33: Failed to apply ACL: Operation not supported
Jun 29 03:06:45 h3ulcb journalctl[345]: Found de5b426a63be47a7b6ac3eaac82e2f6f, language be@latin
Jun 29 03:06:45 h3ulcb systemd-udevd[367]: media4: sd-device: Created db file '/run/udev/data/c250:4' for '/devices/platform/soc/fe9b0000.vsp/media4'
Jun 29 03:06:45 h3ulcb systemd-udevd[340]: video23: Failed to run built-in command "uaccess", ignoring: Operation not supported
Jun 29 03:06:45 h3ulcb systemd-udevd[359]: fe9a0000.vsp: /usr/lib/udev/rules.d/50-udev-default.rules:14 Failed to run builtin 'hwdb --subsystem=platform': No data available
Jun 29 03:06:45 h3ulcb systemd-udevd[373]: video22: Failed to run built-in command "uaccess", ignoring: Operation not supported
Jun 29 03:06:45 h3ulcb systemd-udevd[368]: v4l-subdev34: Running built-in command "uaccess"
Jun 29 03:06:45 h3ulcb systemd-udevd[341]: v4l-subdev33: Failed to run built-in command "uaccess", ignoring: Operation not supported
Jun 29 03:06:45 h3ulcb journalctl[345]: Found 9d1aaa27d60140bd96365438aad20286, language be@latin
Jun 29 03:06:45 h3ulcb systemd-udevd[331]: vsp2: Device is queued (SEQNUM=3038, ACTION=add)
Jun 29 03:06:45 h3ulcb systemd-udevd[367]: media4: Running built-in command "uaccess"
Jun 29 03:06:45 h3ulcb systemd-udevd[375]: vsp2: Device processed (SEQNUM=3037, ACTION=add)
Jun 29 03:06:45 h3ulcb systemd-udevd[375]: vsp2: sd-device-monitor: Passed 142 byte to netlink monitor
Jun 29 03:06:45 h3ulcb systemd-udevd[359]: fe9a0000.vsp: /usr/lib/udev/rules.d/60-drm.rules:3 Importing properties from results of builtin command 'path_id'
Jun 29 03:06:45 h3ulcb systemd-udevd[373]: video22: Failed to get watch handle, ignoring: No such file or directory
Jun 29 03:06:45 h3ulcb systemd-udevd[339]: v4l-subdev35: Process 'v4l_id /dev/v4l-subdev35' succeeded.
Jun 29 03:06:45 h3ulcb systemd-udevd[368]: v4l-subdev34: Failed to apply ACL: Operation not supported
Jun 29 03:06:45 h3ulcb systemd-udevd[341]: v4l-subdev33: Failed to get watch handle, ignoring: No such file or directory
Jun 29 03:06:45 h3ulcb journalctl[345]: Found be02cf6855d2428ba40df7e9d022f03d, language be@latin
Jun 29 03:06:45 h3ulcb systemd-udevd[331]: vsp2: Device ready for processing (SEQNUM=3038, ACTION=add)
Jun 29 03:06:45 h3ulcb systemd-udevd[367]: media4: Failed to apply ACL: Operation not supported
Jun 29 03:06:45 h3ulcb systemd-udevd[340]: video23: Failed to get watch handle, ignoring: No such file or directory
Jun 29 03:06:45 h3ulcb systemd-udevd[373]: video22: Device processed (SEQNUM=3026, ACTION=add)
Jun 29 03:06:45 h3ulcb systemd-udevd[339]: v4l-subdev35: /usr/lib/udev/rules.d/60-persistent-v4l.rules:16 Importing properties from results of builtin command 'path_id'
Jun 29 03:06:45 h3ulcb systemd-udevd[341]: v4l-subdev33: Device processed (SEQNUM=3031, ACTION=add)
Jun 29 03:06:45 h3ulcb journalctl[345]: Found d34d037fff1847e6ae669a370e694725, language be@latin
Jun 29 03:06:45 h3ulcb systemd-udevd[359]: fe9a0000.vsp: sd-device: Created db file '/run/udev/data/+platform:fe9a0000.vsp' for '/devices/platform/soc/fe9a0000.vsp'
Jun 29 03:06:45 h3ulcb systemd-udevd[331]: vsp2: sd-device-monitor: Passed 127 byte to netlink monitor
Jun 29 03:06:45 h3ulcb systemd-udevd[337]: vsp2: Processing device (SEQNUM=3038, ACTION=add)
Jun 29 03:06:45 h3ulcb systemd-udevd[367]: media4: Failed to run built-in command "uaccess", ignoring: Operation not supported
Jun 29 03:06:45 h3ulcb systemd-udevd[340]: video23: Device processed (SEQNUM=3027, ACTION=add)
Jun 29 03:06:45 h3ulcb systemd-udevd[340]: video23: sd-device-monitor: Passed 520 byte to netlink monitor
Jun 29 03:06:45 h3ulcb systemd-udevd[368]: v4l-subdev34: Failed to run built-in command "uaccess", ignoring: Operation not supported
Jun 29 03:06:45 h3ulcb systemd-udevd[341]: v4l-subdev33: sd-device-monitor: Passed 381 byte to netlink monitor
Jun 29 03:06:45 h3ulcb systemd-udevd[339]: v4l-subdev35: /usr/lib/udev/rules.d/70-camera.rules:7 Importing properties from results of builtin command 'hwdb 'camera:usb:vp:name:fe9b0000.vsp uds.0:''
Jun 29 03:06:45 h3ulcb systemd-udevd[337]: vsp2: Device processed (SEQNUM=3038, ACTION=add)
Jun 29 03:06:45 h3ulcb systemd-udevd[359]: fe9a0000.vsp: Device processed (SEQNUM=3025, ACTION=bind)
Jun 29 03:06:45 h3ulcb systemd-udevd[331]: amba: Device is queued (SEQNUM=3039, ACTION=add)
Jun 29 03:06:45 h3ulcb systemd-udevd[367]: media4: Failed to get watch handle, ignoring: No such file or directory
Jun 29 03:06:45 h3ulcb systemd-udevd[373]: video22: sd-device-monitor: Passed 524 byte to netlink monitor
Jun 29 03:06:45 h3ulcb systemd-udevd[342]: v4l-subdev36: Process 'v4l_id /dev/v4l-subdev36' succeeded.
Jun 29 03:06:45 h3ulcb systemd-udevd[368]: v4l-subdev34: Failed to get watch handle, ignoring: No such file or directory
Jun 29 03:06:45 h3ulcb systemd-udevd[339]: v4l-subdev35: No entry found from hwdb.
Jun 29 03:06:45 h3ulcb journalctl[345]: Found 7b05ebc668384222baa8881179cfda54, language be@latin
Jun 29 03:06:45 h3ulcb systemd-udevd[337]: vsp2: sd-device-monitor: Passed 127 byte to netlink monitor
Jun 29 03:06:45 h3ulcb systemd-udevd[359]: fe9a0000.vsp: sd-device-monitor: Passed 364 byte to netlink monitor
Jun 29 03:06:45 h3ulcb systemd-udevd[331]: amba: Device ready for processing (SEQNUM=3039, ACTION=add)
Jun 29 03:06:45 h3ulcb systemd-udevd[367]: media4: Device processed (SEQNUM=3035, ACTION=add)
Jun 29 03:06:45 h3ulcb systemd-udevd[368]: v4l-subdev34: Device processed (SEQNUM=3032, ACTION=add)
Jun 29 03:06:45 h3ulcb systemd-udevd[368]: v4l-subdev34: sd-device-monitor: Passed 381 byte to netlink monitor
Jun 29 03:06:45 h3ulcb journalctl[345]: Found 641257651c1b4ec9a8624d7a40a9e1e7, language be@latin
Jun 29 03:06:45 h3ulcb systemd-udevd[331]: amba: sd-device-monitor: Passed 134 byte to netlink monitor
Jun 29 03:06:45 h3ulcb systemd-udevd[375]: amba: Processing device (SEQNUM=3039, ACTION=add)
Jun 29 03:06:45 h3ulcb systemd-udevd[367]: media4: sd-device-monitor: Passed 345 byte to netlink monitor
Jun 29 03:06:45 h3ulcb systemd-udevd[342]: v4l-subdev36: /usr/lib/udev/rules.d/60-persistent-v4l.rules:16 Importing properties from results of builtin command 'path_id'
Jun 29 03:06:45 h3ulcb systemd-udevd[339]: v4l-subdev35: /usr/lib/udev/rules.d/70-camera.rules:7 Failed to run builtin 'hwdb 'camera:usb:vp:name:fe9b0000.vsp uds.0:'': No data available
Jun 29 03:06:45 h3ulcb journalctl[345]: Found 0027229ca0644181a76c4e92458afa2e, language be@latin
Jun 29 03:06:45 h3ulcb systemd-udevd[331]: fe9b0000.vsp: SEQNUM=3036 blocked by SEQNUM=3033
Jun 29 03:06:45 h3ulcb systemd-udevd[342]: v4l-subdev36: /usr/lib/udev/rules.d/70-camera.rules:7 Importing properties from results of builtin command 'hwdb 'camera:usb:vp:name:fe9b0000.vsp wpf.0:''
Jun 29 03:06:45 h3ulcb journalctl[345]: Found 1dee0369c7fc4736b7099b38ecb46ee7, language be@latin
Jun 29 03:06:45 h3ulcb systemd-udevd[331]: dma-pl330: Device is queued (SEQNUM=3040, ACTION=add)
Jun 29 03:06:45 h3ulcb systemd-udevd[342]: v4l-subdev36: No entry found from hwdb.
Jun 29 03:06:45 h3ulcb systemd-udevd[375]: amba: Device processed (SEQNUM=3039, ACTION=add)
Jun 29 03:06:45 h3ulcb journalctl[345]: Found 24d8d4452573402496068381a6312df2, language be@latin
Jun 29 03:06:45 h3ulcb systemd-udevd[339]: v4l-subdev35: /usr/lib/udev/rules.d/73-seat-late.rules:16 RUN 'uaccess'
Jun 29 03:06:45 h3ulcb systemd-udevd[331]: dma-pl330: SEQNUM=3040 blocked by SEQNUM=3039
Jun 29 03:06:45 h3ulcb systemd-udevd[342]: v4l-subdev36: /usr/lib/udev/rules.d/70-camera.rules:7 Failed to run builtin 'hwdb 'camera:usb:vp:name:fe9b0000.vsp wpf.0:'': No data available
Jun 29 03:06:45 h3ulcb systemd-udevd[375]: amba: sd-device-monitor: Passed 134 byte to netlink monitor
Jun 29 03:06:45 h3ulcb journalctl[345]: Found 58432bd3bace477cb514b56381b8a758, language be@latin
Jun 29 03:06:45 h3ulcb systemd-udevd[331]: kmi-pl050: Device is queued (SEQNUM=3041, ACTION=add)
Jun 29 03:06:45 h3ulcb systemd-udevd[339]: v4l-subdev35: Setting permissions /dev/v4l-subdev35, uid=0, gid=44, mode=0660
Jun 29 03:06:45 h3ulcb journalctl[345]: Found 36db2dfa5a9045e1bd4af5f93e1cf057, language be@latin
Jun 29 03:06:45 h3ulcb systemd-udevd[342]: v4l-subdev36: /usr/lib/udev/rules.d/73-seat-late.rules:16 RUN 'uaccess'
Jun 29 03:06:45 h3ulcb systemd-udevd[331]: kmi-pl050: SEQNUM=3041 blocked by SEQNUM=3039
Jun 29 03:06:45 h3ulcb systemd-udevd[339]: v4l-subdev35: Handling device node '/dev/v4l-subdev35', devnum=c81:59
Jun 29 03:06:45 h3ulcb systemd-udevd[342]: v4l-subdev36: Setting permissions /dev/v4l-subdev36, uid=0, gid=44, mode=0660
Jun 29 03:06:45 h3ulcb systemd-udevd[331]: dma-pl330: Device ready for processing (SEQNUM=3040, ACTION=add)
Jun 29 03:06:45 h3ulcb journalctl[345]: Found 1675d7f172174098b1108bf8c7dc8f5d, language be@latin
Jun 29 03:06:45 h3ulcb systemd-udevd[342]: v4l-subdev36: Handling device node '/dev/v4l-subdev36', devnum=c81:60
Jun 29 03:06:45 h3ulcb systemd-udevd[331]: dma-pl330: sd-device-monitor: Passed 156 byte to netlink monitor
Jun 29 03:06:45 h3ulcb journalctl[345]: Found 4d4408cfd0d144859184d1e65d7c8a65, language be@latin
Jun 29 03:06:45 h3ulcb systemd-udevd[359]: dma-pl330: Processing device (SEQNUM=3040, ACTION=add)
Jun 29 03:06:45 h3ulcb systemd-udevd[339]: v4l-subdev35: sd-device: Created db file '/run/udev/data/c81:59' for '/devices/platform/soc/fe9b0000.vsp/video4linux/v4l-subdev35'
Jun 29 03:06:45 h3ulcb systemd-udevd[331]: kmi-pl050: Device ready for processing (SEQNUM=3041, ACTION=add)
Jun 29 03:06:45 h3ulcb journalctl[345]: Found f77379a8490b408bbe5f6940505a777b, language bg
Jun 29 03:06:45 h3ulcb systemd-udevd[342]: v4l-subdev36: sd-device: Created db file '/run/udev/data/c81:60' for '/devices/platform/soc/fe9b0000.vsp/video4linux/v4l-subdev36'
Jun 29 03:06:45 h3ulcb systemd-udevd[339]: v4l-subdev35: Running built-in command "uaccess"
Jun 29 03:06:45 h3ulcb systemd-udevd[331]: kmi-pl050: sd-device-monitor: Passed 156 byte to netlink monitor
Jun 29 03:06:45 h3ulcb systemd-udevd[331]: mhu: Device is queued (SEQNUM=3042, ACTION=add)
Jun 29 03:06:45 h3ulcb systemd-udevd[367]: kmi-pl050: Processing device (SEQNUM=3041, ACTION=add)
Jun 29 03:06:45 h3ulcb systemd-udevd[342]: v4l-subdev36: Running built-in command "uaccess"
Jun 29 03:06:45 h3ulcb systemd-udevd[339]: v4l-subdev35: Failed to apply ACL: Operation not supported
Jun 29 03:06:45 h3ulcb journalctl[345]: Found d93fb3c9c24d451a97cea615ce59c00b, language bg
Jun 29 03:06:45 h3ulcb systemd-udevd[331]: mhu: Device ready for processing (SEQNUM=3042, ACTION=add)
Jun 29 03:06:45 h3ulcb systemd-udevd[359]: dma-pl330: Device processed (SEQNUM=3040, ACTION=add)
Jun 29 03:06:45 h3ulcb systemd-udevd[359]: dma-pl330: sd-device-monitor: Passed 156 byte to netlink monitor
Jun 29 03:06:45 h3ulcb systemd-udevd[339]: v4l-subdev35: Failed to run built-in command "uaccess", ignoring: Operation not supported
Jun 29 03:06:45 h3ulcb journalctl[345]: Found ec387f577b844b8fa948f33cad9a75e6, language bg
Jun 29 03:06:45 h3ulcb systemd-udevd[331]: mhu: sd-device-monitor: Passed 150 byte to netlink monitor
Jun 29 03:06:45 h3ulcb systemd-udevd[375]: mhu: Processing device (SEQNUM=3042, ACTION=add)
Jun 29 03:06:45 h3ulcb systemd-udevd[339]: v4l-subdev35: Failed to get watch handle, ignoring: No such file or directory
Jun 29 03:06:45 h3ulcb systemd-udevd[342]: v4l-subdev36: Failed to apply ACL: Operation not supported
Jun 29 03:06:45 h3ulcb journalctl[345]: Found a596d6fe7bfa4994828e72309e95d61e, language bg
Jun 29 03:06:45 h3ulcb systemd-udevd[367]: kmi-pl050: Device processed (SEQNUM=3041, ACTION=add)
Jun 29 03:06:45 h3ulcb systemd-udevd[331]: mhu-doorbell: Device is queued (SEQNUM=3043, ACTION=add)
Jun 29 03:06:45 h3ulcb systemd-udevd[339]: v4l-subdev35: Device processed (SEQNUM=3033, ACTION=add)
Jun 29 03:06:45 h3ulcb systemd-udevd[342]: v4l-subdev36: Failed to run built-in command "uaccess", ignoring: Operation not supported
Jun 29 03:06:45 h3ulcb journalctl[345]: Found e9bf28e6e834481bb6f48f548ad13606, language bg
Jun 29 03:06:45 h3ulcb systemd-udevd[367]: kmi-pl050: sd-device-monitor: Passed 156 byte to netlink monitor
Jun 29 03:06:45 h3ulcb systemd-udevd[331]: mhu-doorbell: Device ready for processing (SEQNUM=3043, ACTION=add)
Jun 29 03:06:45 h3ulcb systemd-udevd[339]: v4l-subdev35: sd-device-monitor: Passed 381 byte to netlink monitor
Jun 29 03:06:45 h3ulcb systemd-udevd[342]: v4l-subdev36: Failed to get watch handle, ignoring: No such file or directory
Jun 29 03:06:45 h3ulcb systemd-udevd[375]: mhu: Device processed (SEQNUM=3042, ACTION=add)
Jun 29 03:06:45 h3ulcb journalctl[345]: Found fc2e22bc6ee647b6b90729ab34a250b1, language bg
Jun 29 03:06:45 h3ulcb systemd-udevd[331]: mhu-doorbell: sd-device-monitor: Passed 159 byte to netlink monitor
Jun 29 03:06:45 h3ulcb systemd-udevd[359]: mhu-doorbell: Processing device (SEQNUM=3043, ACTION=add)
Jun 29 03:06:45 h3ulcb systemd-udevd[342]: v4l-subdev36: Device processed (SEQNUM=3034, ACTION=add)
Jun 29 03:06:45 h3ulcb systemd-udevd[375]: mhu: sd-device-monitor: Passed 150 byte to netlink monitor
Jun 29 03:06:45 h3ulcb journalctl[345]: Found 8d45620c1a4348dbb17410da57c60c66, language bg
Jun 29 03:06:45 h3ulcb systemd-udevd[331]: fe9b0000.vsp: SEQNUM=3036 blocked by SEQNUM=3034
Jun 29 03:06:45 h3ulcb systemd-udevd[342]: v4l-subdev36: sd-device-monitor: Passed 381 byte to netlink monitor
Jun 29 03:06:45 h3ulcb journalctl[345]: Found 3354939424b4456d9802ca8333ed424a, language bg
Jun 29 03:06:45 h3ulcb systemd-udevd[331]: mmci-pl18x: Device is queued (SEQNUM=3044, ACTION=add)
Jun 29 03:06:45 h3ulcb journalctl[345]: Found fcbefc5da23d428093f97c82a9290f7b, language bg
Jun 29 03:06:45 h3ulcb systemd-udevd[331]: mmci-pl18x: Device ready for processing (SEQNUM=3044, ACTION=add)
Jun 29 03:06:45 h3ulcb systemd-udevd[339]: mmci-pl18x: Processing device (SEQNUM=3044, ACTION=add)
Jun 29 03:06:45 h3ulcb systemd-udevd[359]: mhu-doorbell: Device processed (SEQNUM=3043, ACTION=add)
Jun 29 03:06:45 h3ulcb systemd-udevd[331]: mmci-pl18x: sd-device-monitor: Passed 157 byte to netlink monitor
Jun 29 03:06:45 h3ulcb systemd-udevd[359]: mhu-doorbell: sd-device-monitor: Passed 159 byte to netlink monitor
Jun 29 03:06:45 h3ulcb journalctl[345]: Found e7852bfe46784ed0accde04bc864c2d5, language bg
Jun 29 03:06:45 h3ulcb systemd-udevd[331]: fe9b0000.vsp: Device ready for processing (SEQNUM=3036, ACTION=bind)
Jun 29 03:06:45 h3ulcb journalctl[345]: Found c7a787079b354eaaa9e77b371893cd27, language bg
Jun 29 03:06:45 h3ulcb systemd-udevd[331]: fe9b0000.vsp: sd-device-monitor: Passed 300 byte to netlink monitor
Jun 29 03:06:45 h3ulcb systemd-udevd[342]: fe9b0000.vsp: Processing device (SEQNUM=3036, ACTION=bind)
Jun 29 03:06:45 h3ulcb journalctl[345]: Found 45f82f4aef7a4bbf942ce861d1f20990, language bg
Jun 29 03:06:45 h3ulcb systemd-udevd[331]: pl061_gpio: Device is queued (SEQNUM=3045, ACTION=add)
Jun 29 03:06:45 h3ulcb journalctl[345]: Found b07a249cd024414a82dd00cd181378ff, language bg
Jun 29 03:06:45 h3ulcb systemd-udevd[339]: mmci-pl18x: Device processed (SEQNUM=3044, ACTION=add)
Jun 29 03:06:45 h3ulcb systemd-udevd[331]: pl061_gpio: Device ready for processing (SEQNUM=3045, ACTION=add)
Jun 29 03:06:45 h3ulcb systemd-udevd[342]: fe9b0000.vsp: /usr/lib/udev/rules.d/50-udev-default.rules:14 Importing properties from results of builtin command 'hwdb --subsystem=platform'
Jun 29 03:06:45 h3ulcb journalctl[345]: Found 6bbd95ee977941e497c48be27c254128, language bg
Jun 29 03:06:45 h3ulcb systemd-udevd[339]: mmci-pl18x: sd-device-monitor: Passed 157 byte to netlink monitor
Jun 29 03:06:45 h3ulcb systemd-udevd[331]: pl061_gpio: sd-device-monitor: Passed 157 byte to netlink monitor
Jun 29 03:06:45 h3ulcb systemd-udevd[367]: pl061_gpio: Processing device (SEQNUM=3045, ACTION=add)
Jun 29 03:06:45 h3ulcb systemd-udevd[342]: fe9b0000.vsp: hwdb modalias key: "of:NvspT(null)Crenesas,vspm-vsp2"
Jun 29 03:06:45 h3ulcb journalctl[345]: Found 8811e6df2a8e40f58a94cea26f8ebf14, language bg
Jun 29 03:06:45 h3ulcb systemd-udevd[331]: rtc-pl031: Device is queued (SEQNUM=3046, ACTION=add)
Jun 29 03:06:45 h3ulcb journalctl[345]: Found 98268866d1d54a499c4e98921d93bc40, language bg
Jun 29 03:06:45 h3ulcb systemd-udevd[331]: rtc-pl031: Device ready for processing (SEQNUM=3046, ACTION=add)
Jun 29 03:06:45 h3ulcb systemd-udevd[342]: fe9b0000.vsp: hwdb modalias key: "of:NsocT(null)Csimple-bus"
Jun 29 03:06:45 h3ulcb journalctl[345]: Found 7d4958e842da4a758f6c1cdc7b36dcc5, language bg
Jun 29 03:06:45 h3ulcb systemd-udevd[331]: rtc-pl031: sd-device-monitor: Passed 156 byte to netlink monitor
Jun 29 03:06:45 h3ulcb systemd-udevd[367]: pl061_gpio: Device processed (SEQNUM=3045, ACTION=add)
Jun 29 03:06:45 h3ulcb journalctl[345]: Found 39f53479d3a045ac8e11786248231fbf, language bg
Jun 29 03:06:45 h3ulcb systemd-udevd[342]: fe9b0000.vsp: No entry found from hwdb.
Jun 29 03:06:45 h3ulcb systemd-udevd[331]: sp805-wdt: Device is queued (SEQNUM=3047, ACTION=add)
Jun 29 03:06:45 h3ulcb systemd-udevd[359]: rtc-pl031: Processing device (SEQNUM=3046, ACTION=add)
Jun 29 03:06:45 h3ulcb systemd-udevd[367]: pl061_gpio: sd-device-monitor: Passed 157 byte to netlink monitor
Jun 29 03:06:45 h3ulcb journalctl[345]: Found de5b426a63be47a7b6ac3eaac82e2f6f, language bg
Jun 29 03:06:45 h3ulcb systemd-udevd[342]: fe9b0000.vsp: /usr/lib/udev/rules.d/50-udev-default.rules:14 Failed to run builtin 'hwdb --subsystem=platform': No data available
Jun 29 03:06:45 h3ulcb systemd-udevd[331]: sp805-wdt: Device ready for processing (SEQNUM=3047, ACTION=add)
Jun 29 03:06:45 h3ulcb journalctl[345]: Found 9d1aaa27d60140bd96365438aad20286, language bg
Jun 29 03:06:45 h3ulcb systemd-udevd[342]: fe9b0000.vsp: /usr/lib/udev/rules.d/60-drm.rules:3 Importing properties from results of builtin command 'path_id'
Jun 29 03:06:45 h3ulcb systemd-udevd[331]: sp805-wdt: sd-device-monitor: Passed 156 byte to netlink monitor
Jun 29 03:06:45 h3ulcb systemd-udevd[339]: sp805-wdt: Processing device (SEQNUM=3047, ACTION=add)
Jun 29 03:06:45 h3ulcb journalctl[345]: Found be02cf6855d2428ba40df7e9d022f03d, language bg
Jun 29 03:06:45 h3ulcb systemd-udevd[331]: ssp-pl022: Device is queued (SEQNUM=3048, ACTION=add)
Jun 29 03:06:45 h3ulcb systemd-udevd[359]: rtc-pl031: Device processed (SEQNUM=3046, ACTION=add)
Jun 29 03:06:45 h3ulcb journalctl[345]: Found d34d037fff1847e6ae669a370e694725, language bg
Jun 29 03:06:45 h3ulcb systemd-udevd[331]: ssp-pl022: Device ready for processing (SEQNUM=3048, ACTION=add)
Jun 29 03:06:45 h3ulcb systemd-udevd[359]: rtc-pl031: sd-device-monitor: Passed 156 byte to netlink monitor
Jun 29 03:06:45 h3ulcb systemd-udevd[342]: fe9b0000.vsp: sd-device: Created db file '/run/udev/data/+platform:fe9b0000.vsp' for '/devices/platform/soc/fe9b0000.vsp'
Jun 29 03:06:45 h3ulcb journalctl[345]: Found 7b05ebc668384222baa8881179cfda54, language bg
Jun 29 03:06:45 h3ulcb systemd-udevd[331]: ssp-pl022: sd-device-monitor: Passed 156 byte to netlink monitor
Jun 29 03:06:45 h3ulcb systemd-udevd[367]: ssp-pl022: Processing device (SEQNUM=3048, ACTION=add)
Jun 29 03:06:45 h3ulcb systemd-udevd[342]: fe9b0000.vsp: Device processed (SEQNUM=3036, ACTION=bind)
Jun 29 03:06:45 h3ulcb journalctl[345]: Found 641257651c1b4ec9a8624d7a40a9e1e7, language bg
Jun 29 03:06:45 h3ulcb systemd-udevd[339]: sp805-wdt: Device processed (SEQNUM=3047, ACTION=add)
Jun 29 03:06:45 h3ulcb systemd-udevd[331]: uart-pl011: Device is queued (SEQNUM=3049, ACTION=add)
Jun 29 03:06:45 h3ulcb systemd-udevd[342]: fe9b0000.vsp: sd-device-monitor: Passed 364 byte to netlink monitor
Jun 29 03:06:45 h3ulcb journalctl[345]: Found 0027229ca0644181a76c4e92458afa2e, language bg
Jun 29 03:06:45 h3ulcb systemd-udevd[339]: sp805-wdt: sd-device-monitor: Passed 156 byte to netlink monitor
Jun 29 03:06:45 h3ulcb systemd-udevd[331]: uart-pl011: Device ready for processing (SEQNUM=3049, ACTION=add)
Jun 29 03:06:45 h3ulcb journalctl[345]: Found 1dee0369c7fc4736b7099b38ecb46ee7, language bg
Jun 29 03:06:45 h3ulcb systemd-udevd[331]: uart-pl011: sd-device-monitor: Passed 157 byte to netlink monitor
Jun 29 03:06:45 h3ulcb systemd-udevd[367]: ssp-pl022: Device processed (SEQNUM=3048, ACTION=add)
Jun 29 03:06:45 h3ulcb systemd-udevd[359]: uart-pl011: Processing device (SEQNUM=3049, ACTION=add)
Jun 29 03:06:45 h3ulcb journalctl[345]: Found 24d8d4452573402496068381a6312df2, language bg
Jun 29 03:06:45 h3ulcb systemd-udevd[331]: cec: Device is queued (SEQNUM=3050, ACTION=add)
Jun 29 03:06:45 h3ulcb systemd-udevd[367]: ssp-pl022: sd-device-monitor: Passed 156 byte to netlink monitor
Jun 29 03:06:45 h3ulcb journalctl[345]: Found 58432bd3bace477cb514b56381b8a758, language bg
Jun 29 03:06:45 h3ulcb systemd-udevd[331]: cec: Device ready for processing (SEQNUM=3050, ACTION=add)
Jun 29 03:06:45 h3ulcb systemd-udevd[342]: cec: Processing device (SEQNUM=3050, ACTION=add)
Jun 29 03:06:45 h3ulcb systemd-udevd[331]: cec: sd-device-monitor: Passed 133 byte to netlink monitor
Jun 29 03:06:45 h3ulcb journalctl[345]: Found 36db2dfa5a9045e1bd4af5f93e1cf057, language bg
Jun 29 03:06:45 h3ulcb systemd-udevd[331]: clockevents: Device is queued (SEQNUM=3051, ACTION=add)
Jun 29 03:06:45 h3ulcb journalctl[345]: Found 1675d7f172174098b1108bf8c7dc8f5d, language bg
Jun 29 03:06:45 h3ulcb systemd-udevd[359]: uart-pl011: Device processed (SEQNUM=3049, ACTION=add)
Jun 29 03:06:45 h3ulcb systemd-udevd[331]: clockevents: Device ready for processing (SEQNUM=3051, ACTION=add)
Jun 29 03:06:45 h3ulcb systemd-udevd[339]: clockevents: Processing device (SEQNUM=3051, ACTION=add)
Jun 29 03:06:45 h3ulcb systemd-udevd[359]: uart-pl011: sd-device-monitor: Passed 157 byte to netlink monitor
Jun 29 03:06:45 h3ulcb systemd-udevd[331]: clockevents: sd-device-monitor: Passed 141 byte to netlink monitor
Jun 29 03:06:45 h3ulcb systemd-udevd[342]: cec: Device processed (SEQNUM=3050, ACTION=add)
Jun 29 03:06:45 h3ulcb journalctl[345]: Found 4d4408cfd0d144859184d1e65d7c8a65, language bg
Jun 29 03:06:45 h3ulcb systemd-udevd[331]: clocksource: Device is queued (SEQNUM=3052, ACTION=add)
Jun 29 03:06:45 h3ulcb systemd-udevd[339]: clockevents: Device processed (SEQNUM=3051, ACTION=add)
Jun 29 03:06:45 h3ulcb journalctl[345]: Found f77379a8490b408bbe5f6940505a777b, language C
Jun 29 03:06:45 h3ulcb systemd-udevd[331]: clocksource: Device ready for processing (SEQNUM=3052, ACTION=add)
Jun 29 03:06:45 h3ulcb systemd-udevd[342]: cec: sd-device-monitor: Passed 133 byte to netlink monitor
Jun 29 03:06:45 h3ulcb systemd-udevd[339]: clockevents: sd-device-monitor: Passed 141 byte to netlink monitor
Jun 29 03:06:45 h3ulcb journalctl[345]: Found d93fb3c9c24d451a97cea615ce59c00b, language C
Jun 29 03:06:45 h3ulcb systemd-udevd[331]: clocksource: sd-device-monitor: Passed 141 byte to netlink monitor
Jun 29 03:06:45 h3ulcb systemd-udevd[359]: clocksource: Processing device (SEQNUM=3052, ACTION=add)
Jun 29 03:06:45 h3ulcb journalctl[345]: Found ec387f577b844b8fa948f33cad9a75e6, language C
Jun 29 03:06:45 h3ulcb systemd-udevd[331]: container: Device is queued (SEQNUM=3053, ACTION=add)
Jun 29 03:06:45 h3ulcb journalctl[345]: Found a596d6fe7bfa4994828e72309e95d61e, language C
Jun 29 03:06:45 h3ulcb systemd-udevd[331]: container: Device ready for processing (SEQNUM=3053, ACTION=add)
Jun 29 03:06:45 h3ulcb systemd-udevd[342]: container: Processing device (SEQNUM=3053, ACTION=add)
Jun 29 03:06:45 h3ulcb systemd-udevd[331]: container: sd-device-monitor: Passed 139 byte to netlink monitor
Jun 29 03:06:45 h3ulcb journalctl[345]: Found e9bf28e6e834481bb6f48f548ad13606, language C
Jun 29 03:06:45 h3ulcb systemd-udevd[359]: clocksource: Device processed (SEQNUM=3052, ACTION=add)
Jun 29 03:06:45 h3ulcb systemd-udevd[331]: cpu: Device is queued (SEQNUM=3054, ACTION=add)
Jun 29 03:06:45 h3ulcb journalctl[345]: Found fc2e22bc6ee647b6b90729ab34a250b1, language C
Jun 29 03:06:45 h3ulcb systemd-udevd[359]: clocksource: sd-device-monitor: Passed 141 byte to netlink monitor
Jun 29 03:06:45 h3ulcb systemd-udevd[331]: cpu: Device ready for processing (SEQNUM=3054, ACTION=add)
Jun 29 03:06:45 h3ulcb systemd-udevd[339]: cpu: Processing device (SEQNUM=3054, ACTION=add)
Jun 29 03:06:45 h3ulcb systemd-udevd[342]: container: Device processed (SEQNUM=3053, ACTION=add)
Jun 29 03:06:45 h3ulcb systemd-udevd[331]: cpu: sd-device-monitor: Passed 133 byte to netlink monitor
Jun 29 03:06:45 h3ulcb journalctl[345]: Found 5aadd8e954dc4b1a8c954d63fd9e1137, language C
Jun 29 03:06:45 h3ulcb systemd-udevd[342]: container: sd-device-monitor: Passed 139 byte to netlink monitor
