Jun 29 03:06:45 h3ulcb systemd-udevd[331]: platform:e6180000.system-controller--platform:fe880000.imrlx4_imr2: Worker [342] is forked for processing SEQNUM=2938.
Jun 29 03:06:45 h3ulcb systemd-udevd[337]: uio2: Preserve permissions of /dev/uio2, uid=0, gid=0, mode=0600
Jun 29 03:06:45 h3ulcb systemd-udevd[340]: uio0: sd-device: Created empty file '/run/udev/data/c511:0' for '/devices/platform/soc/fe860000.imrlx4_imr0/uio/uio0'
Jun 29 03:06:45 h3ulcb systemd-udevd[337]: uio2: Handling device node '/dev/uio2', devnum=c511:2
Jun 29 03:06:45 h3ulcb systemd-udevd[340]: uio0: Failed to get watch handle, ignoring: No such file or directory
Jun 29 03:06:45 h3ulcb systemd-udevd[340]: uio0: Device processed (SEQNUM=2928, ACTION=add)
Jun 29 03:06:45 h3ulcb systemd-udevd[337]: uio2: sd-device: Created empty file '/run/udev/data/c511:2' for '/devices/platform/soc/fe880000.imrlx4_imr2/uio/uio2'
Jun 29 03:06:45 h3ulcb systemd-udevd[337]: uio2: Failed to get watch handle, ignoring: No such file or directory
Jun 29 03:06:45 h3ulcb systemd-udevd[337]: uio2: Device processed (SEQNUM=2936, ACTION=add)
Jun 29 03:06:45 h3ulcb systemd-udevd[337]: uio2: sd-device-monitor: Passed 198 byte to netlink monitor
Jun 29 03:06:45 h3ulcb systemd-udevd[340]: uio0: sd-device-monitor: Passed 198 byte to netlink monitor
Jun 29 03:06:45 h3ulcb systemd-udevd[331]: fe880000.imrlx4_imr2: Device is queued (SEQNUM=2939, ACTION=bind)
Jun 29 03:06:45 h3ulcb systemd-udevd[331]: fe880000.imrlx4_imr2: SEQNUM=2939 blocked by SEQNUM=2936
Jun 29 03:06:45 h3ulcb systemd-udevd[331]: fe860000.imrlx4_imr0: Device ready for processing (SEQNUM=2931, ACTION=bind)
Jun 29 03:06:45 h3ulcb systemd-udevd[331]: fe860000.imrlx4_imr0: sd-device-monitor: Passed 321 byte to netlink monitor
Jun 29 03:06:45 h3ulcb systemd-udevd[331]: fe880000.imrlx4_imr2: Device ready for processing (SEQNUM=2939, ACTION=bind)
Jun 29 03:06:45 h3ulcb systemd-udevd[331]: fe880000.imrlx4_imr2: sd-device-monitor: Passed 321 byte to netlink monitor
Jun 29 03:06:45 h3ulcb systemd-udevd[341]: uio1: Preserve permissions of /dev/uio1, uid=0, gid=0, mode=0600
Jun 29 03:06:45 h3ulcb systemd-udevd[339]: fe860000.imrlx4_imr0: Processing device (SEQNUM=2931, ACTION=bind)
Jun 29 03:06:45 h3ulcb systemd-udevd[341]: uio1: Handling device node '/dev/uio1', devnum=c511:1
Jun 29 03:06:45 h3ulcb systemd-udevd[342]: platform:e6180000.system-controller--platform:fe880000.imrlx4_imr2: Processing device (SEQNUM=2938, ACTION=remove)
Jun 29 03:06:45 h3ulcb systemd-udevd[331]: uio3: Device is queued (SEQNUM=2940, ACTION=add)
Jun 29 03:06:45 h3ulcb systemd-udevd[340]: fe880000.imrlx4_imr2: Processing device (SEQNUM=2939, ACTION=bind)
Jun 29 03:06:45 h3ulcb systemd-udevd[331]: uio3: Device ready for processing (SEQNUM=2940, ACTION=add)
Jun 29 03:06:45 h3ulcb systemd-udevd[331]: uio3: sd-device-monitor: Passed 198 byte to netlink monitor
Jun 29 03:06:45 h3ulcb systemd-udevd[339]: fe860000.imrlx4_imr0: /usr/lib/udev/rules.d/50-udev-default.rules:14 Importing properties from results of builtin command 'hwdb --subsystem=platform'
Jun 29 03:06:45 h3ulcb systemd-udevd[331]: platform:e6150000.clock-controller--platform:fe890000.imrlx4_imr3: Device is queued (SEQNUM=2941, ACTION=remove)
Jun 29 03:06:45 h3ulcb systemd-udevd[339]: fe860000.imrlx4_imr0: hwdb modalias key: "of:Nimrlx4_imr0T(null)Cgeneric-uio"
Jun 29 03:06:45 h3ulcb systemd-udevd[331]: platform:e6150000.clock-controller--platform:fe890000.imrlx4_imr3: Device ready for processing (SEQNUM=2941, ACTION=remove)
Jun 29 03:06:45 h3ulcb systemd-udevd[341]: uio1: sd-device: Created empty file '/run/udev/data/c511:1' for '/devices/platform/soc/fe870000.imrlx4_imr1/uio/uio1'
Jun 29 03:06:45 h3ulcb systemd-udevd[331]: platform:e6150000.clock-controller--platform:fe890000.imrlx4_imr3: sd-device-monitor: Passed 208 byte to netlink monitor
Jun 29 03:06:45 h3ulcb systemd-udevd[336]: uio3: Processing device (SEQNUM=2940, ACTION=add)
Jun 29 03:06:45 h3ulcb systemd-udevd[341]: uio1: Failed to get watch handle, ignoring: No such file or directory
Jun 29 03:06:45 h3ulcb systemd-udevd[337]: platform:e6150000.clock-controller--platform:fe890000.imrlx4_imr3: Processing device (SEQNUM=2941, ACTION=remove)
Jun 29 03:06:45 h3ulcb systemd-udevd[336]: uio3: Failed to get watch handle, ignoring: No such file or directory
Jun 29 03:06:45 h3ulcb systemd-udevd[341]: uio1: Device processed (SEQNUM=2932, ACTION=add)
Jun 29 03:06:45 h3ulcb systemd-udevd[331]: platform:e6180000.system-controller--platform:fe890000.imrlx4_imr3: Device is queued (SEQNUM=2942, ACTION=remove)
Jun 29 03:06:45 h3ulcb systemd-udevd[331]: platform:e6180000.system-controller--platform:fe890000.imrlx4_imr3: Device ready for processing (SEQNUM=2942, ACTION=remove)
Jun 29 03:06:45 h3ulcb systemd-udevd[340]: fe880000.imrlx4_imr2: /usr/lib/udev/rules.d/50-udev-default.rules:14 Importing properties from results of builtin command 'hwdb --subsystem=platform'
Jun 29 03:06:45 h3ulcb systemd-udevd[341]: uio1: sd-device-monitor: Passed 198 byte to netlink monitor
Jun 29 03:06:45 h3ulcb systemd-udevd[340]: fe880000.imrlx4_imr2: hwdb modalias key: "of:Nimrlx4_imr2T(null)Cgeneric-uio"
Jun 29 03:06:45 h3ulcb systemd-udevd[337]: platform:e6150000.clock-controller--platform:fe890000.imrlx4_imr3: Device processed (SEQNUM=2941, ACTION=remove)
Jun 29 03:06:45 h3ulcb systemd-udevd[337]: platform:e6150000.clock-controller--platform:fe890000.imrlx4_imr3: sd-device-monitor: Passed 208 byte to netlink monitor
Jun 29 03:06:45 h3ulcb systemd-udevd[342]: platform:e6180000.system-controller--platform:fe880000.imrlx4_imr2: Device processed (SEQNUM=2938, ACTION=remove)
Jun 29 03:06:45 h3ulcb systemd-udevd[331]: Successfully forked off 'n/a' as PID 343.
Jun 29 03:06:45 h3ulcb systemd[1]: systemd-tmpfiles-setup.service: Control group is empty.
Jun 29 03:06:45 h3ulcb systemd-udevd[342]: platform:e6180000.system-controller--platform:fe880000.imrlx4_imr2: sd-device-monitor: Passed 209 byte to netlink monitor
Jun 29 03:06:45 h3ulcb systemd-udevd[331]: platform:e6180000.system-controller--platform:fe890000.imrlx4_imr3: Worker [343] is forked for processing SEQNUM=2942.
Jun 29 03:06:45 h3ulcb systemd-udevd[331]: fe870000.imrlx4_imr1: Device ready for processing (SEQNUM=2935, ACTION=bind)
Jun 29 03:06:45 h3ulcb systemd-udevd[331]: fe870000.imrlx4_imr1: sd-device-monitor: Passed 321 byte to netlink monitor
Jun 29 03:06:45 h3ulcb systemd-udevd[338]: mmngr: No entry found from hwdb.
Jun 29 03:06:45 h3ulcb systemd-udevd[338]: mmngr: /usr/lib/udev/rules.d/50-udev-default.rules:14 Failed to run builtin 'hwdb --subsystem=platform': No data available
Jun 29 03:06:45 h3ulcb systemd-udevd[335]: mmngrbuf: No entry found from hwdb.
Jun 29 03:06:45 h3ulcb systemd-udevd[335]: mmngrbuf: /usr/lib/udev/rules.d/50-udev-default.rules:14 Failed to run builtin 'hwdb --subsystem=platform': No data available
Jun 29 03:06:45 h3ulcb systemd[1]: sys-module-fuse.device: Changed dead -> plugged
Jun 29 03:06:45 h3ulcb systemd-udevd[338]: mmngr: /usr/lib/udev/rules.d/60-drm.rules:3 Importing properties from results of builtin command 'path_id'
Jun 29 03:06:45 h3ulcb systemd-udevd[335]: mmngrbuf: /usr/lib/udev/rules.d/60-drm.rules:3 Importing properties from results of builtin command 'path_id'
Jun 29 03:06:45 h3ulcb systemd-udevd[331]: fe890000.imrlx4_imr3: Device is queued (SEQNUM=2943, ACTION=bind)
Jun 29 03:06:45 h3ulcb systemd-udevd[340]: fe880000.imrlx4_imr2: hwdb modalias key: "of:NsocT(null)Csimple-bus"
Jun 29 03:06:45 h3ulcb systemd[1]: sysinit.target: starting held back, waiting for: systemd-update-done.service
Jun 29 03:06:45 h3ulcb systemd-udevd[331]: fe890000.imrlx4_imr3: SEQNUM=2943 blocked by SEQNUM=2940
Jun 29 03:06:45 h3ulcb systemd[1]: rngd.service: starting held back, waiting for: systemd-udev-settle.service
Jun 29 03:06:45 h3ulcb systemd-udevd[331]: uio_pdrv_genirq: Device is queued (SEQNUM=2944, ACTION=add)
Jun 29 03:06:45 h3ulcb systemd-udevd[331]: uio_pdrv_genirq: Device ready for processing (SEQNUM=2944, ACTION=add)
Jun 29 03:06:45 h3ulcb systemd[1]: systemd-journal-catalog-update.service: ConditionNeedsUpdate=/var succeeded.
Jun 29 03:06:45 h3ulcb systemd-udevd[331]: uio_pdrv_genirq: sd-device-monitor: Passed 152 byte to netlink monitor
Jun 29 03:06:45 h3ulcb systemd-udevd[340]: fe880000.imrlx4_imr2: No entry found from hwdb.
Jun 29 03:06:45 h3ulcb systemd-udevd[340]: fe880000.imrlx4_imr2: /usr/lib/udev/rules.d/50-udev-default.rules:14 Failed to run builtin 'hwdb --subsystem=platform': No data available
Jun 29 03:06:45 h3ulcb systemd-udevd[340]: fe880000.imrlx4_imr2: /usr/lib/udev/rules.d/60-drm.rules:3 Importing properties from results of builtin command 'path_id'
Jun 29 03:06:45 h3ulcb systemd-udevd[331]: uio_pdrv_genirq: Device is queued (SEQNUM=2945, ACTION=add)
Jun 29 03:06:45 h3ulcb systemd-udevd[331]: uio_pdrv_genirq: Device ready for processing (SEQNUM=2945, ACTION=add)
Jun 29 03:06:45 h3ulcb systemd-udevd[343]: platform:e6180000.system-controller--platform:fe890000.imrlx4_imr3: Processing device (SEQNUM=2942, ACTION=remove)
Jun 29 03:06:45 h3ulcb systemd-udevd[336]: uio3: Preserve permissions of /dev/uio3, uid=0, gid=0, mode=0600
Jun 29 03:06:45 h3ulcb systemd-udevd[331]: uio_pdrv_genirq: sd-device-monitor: Passed 137 byte to netlink monitor
Jun 29 03:06:45 h3ulcb systemd-udevd[336]: uio3: Handling device node '/dev/uio3', devnum=c511:3
Jun 29 03:06:45 h3ulcb systemd-udevd[331]: platform:e6150000.clock-controller--platform:fe90f000.vcp4: Device is queued (SEQNUM=2946, ACTION=remove)
Jun 29 03:06:45 h3ulcb systemd-udevd[331]: platform:e6150000.clock-controller--platform:fe90f000.vcp4: Device ready for processing (SEQNUM=2946, ACTION=remove)
Jun 29 03:06:45 h3ulcb systemd-udevd[336]: uio3: sd-device: Created empty file '/run/udev/data/c511:3' for '/devices/platform/soc/fe890000.imrlx4_imr3/uio/uio3'
Jun 29 03:06:45 h3ulcb systemd-udevd[335]: mmngrbuf: sd-device: Created db file '/run/udev/data/+platform:mmngrbuf' for '/devices/platform/mmngrbuf'
Jun 29 03:06:45 h3ulcb systemd-udevd[335]: mmngrbuf: Device processed (SEQNUM=2925, ACTION=bind)
Jun 29 03:06:45 h3ulcb systemd-udevd[335]: mmngrbuf: sd-device-monitor: Passed 355 byte to netlink monitor
Jun 29 03:06:45 h3ulcb systemd-udevd[338]: mmngr: sd-device: Created db file '/run/udev/data/+platform:mmngr' for '/devices/platform/mmngr'
Jun 29 03:06:45 h3ulcb systemd-udevd[338]: mmngr: Device processed (SEQNUM=2921, ACTION=bind)
Jun 29 03:06:45 h3ulcb systemd-udevd[338]: mmngr: sd-device-monitor: Passed 328 byte to netlink monitor
Jun 29 03:06:45 h3ulcb systemd-udevd[341]: uio_pdrv_genirq: Processing device (SEQNUM=2944, ACTION=add)
Jun 29 03:06:45 h3ulcb systemd-udevd[340]: fe880000.imrlx4_imr2: sd-device: Created db file '/run/udev/data/+platform:fe880000.imrlx4_imr2' for '/devices/platform/soc/fe880000.imrlx4_imr2'
Jun 29 03:06:45 h3ulcb systemd-udevd[340]: fe880000.imrlx4_imr2: Device processed (SEQNUM=2939, ACTION=bind)
Jun 29 03:06:45 h3ulcb systemd-udevd[340]: fe880000.imrlx4_imr2: sd-device-monitor: Passed 401 byte to netlink monitor
Jun 29 03:06:45 h3ulcb systemd-udevd[331]: Successfully forked off 'n/a' as PID 344.
Jun 29 03:06:45 h3ulcb systemd-udevd[343]: platform:e6180000.system-controller--platform:fe890000.imrlx4_imr3: Device processed (SEQNUM=2942, ACTION=remove)
Jun 29 03:06:45 h3ulcb systemd-udevd[343]: platform:e6180000.system-controller--platform:fe890000.imrlx4_imr3: sd-device-monitor: Passed 209 byte to netlink monitor
Jun 29 03:06:45 h3ulcb systemd-udevd[331]: platform:e6150000.clock-controller--platform:fe90f000.vcp4: Worker [344] is forked for processing SEQNUM=2946.
Jun 29 03:06:45 h3ulcb systemd-udevd[336]: uio3: Failed to get watch handle, ignoring: No such file or directory
Jun 29 03:06:45 h3ulcb systemd-udevd[336]: uio3: Device processed (SEQNUM=2940, ACTION=add)
Jun 29 03:06:45 h3ulcb systemd-udevd[336]: uio3: sd-device-monitor: Passed 198 byte to netlink monitor
Jun 29 03:06:45 h3ulcb systemd-udevd[339]: fe860000.imrlx4_imr0: hwdb modalias key: "of:NsocT(null)Csimple-bus"
Jun 29 03:06:45 h3ulcb systemd[1]: Failed to read pids.max attribute of root cgroup, ignoring: No data available
Jun 29 03:06:45 h3ulcb systemd-udevd[339]: fe860000.imrlx4_imr0: No entry found from hwdb.
Jun 29 03:06:45 h3ulcb systemd[1]: systemd-journal-catalog-update.service: Passing 0 fds to service
Jun 29 03:06:45 h3ulcb systemd-udevd[339]: fe860000.imrlx4_imr0: /usr/lib/udev/rules.d/50-udev-default.rules:14 Failed to run builtin 'hwdb --subsystem=platform': No data available
Jun 29 03:06:45 h3ulcb systemd[1]: systemd-journal-catalog-update.service: About to execute journalctl --update-catalog
Jun 29 03:06:45 h3ulcb systemd-udevd[339]: fe860000.imrlx4_imr0: /usr/lib/udev/rules.d/60-drm.rules:3 Importing properties from results of builtin command 'path_id'
Jun 29 03:06:45 h3ulcb systemd-udevd[331]: fe890000.imrlx4_imr3: Device ready for processing (SEQNUM=2943, ACTION=bind)
Jun 29 03:06:45 h3ulcb systemd-udevd[331]: fe890000.imrlx4_imr3: sd-device-monitor: Passed 321 byte to netlink monitor
Jun 29 03:06:45 h3ulcb systemd-udevd[341]: uio_pdrv_genirq: Device processed (SEQNUM=2944, ACTION=add)
Jun 29 03:06:45 h3ulcb systemd-udevd[331]: platform:e6180000.system-controller--platform:fe90f000.vcp4: Device is queued (SEQNUM=2947, ACTION=remove)
Jun 29 03:06:45 h3ulcb systemd-udevd[343]: fe890000.imrlx4_imr3: Processing device (SEQNUM=2943, ACTION=bind)
Jun 29 03:06:45 h3ulcb systemd-udevd[341]: uio_pdrv_genirq: sd-device-monitor: Passed 152 byte to netlink monitor
Jun 29 03:06:45 h3ulcb systemd-udevd[331]: platform:e6180000.system-controller--platform:fe90f000.vcp4: Device ready for processing (SEQNUM=2947, ACTION=remove)
Jun 29 03:06:45 h3ulcb systemd-udevd[344]: platform:e6150000.clock-controller--platform:fe90f000.vcp4: Processing device (SEQNUM=2946, ACTION=remove)
Jun 29 03:06:45 h3ulcb systemd-udevd[340]: platform:e6180000.system-controller--platform:fe90f000.vcp4: Processing device (SEQNUM=2947, ACTION=remove)
Jun 29 03:06:45 h3ulcb systemd[1]: systemd-journal-catalog-update.service: Forked journalctl as 345
Jun 29 03:06:45 h3ulcb systemd-udevd[343]: fe890000.imrlx4_imr3: /usr/lib/udev/rules.d/50-udev-default.rules:14 Importing properties from results of builtin command 'hwdb --subsystem=platform'
Jun 29 03:06:45 h3ulcb systemd-udevd[343]: fe890000.imrlx4_imr3: hwdb modalias key: "of:Nimrlx4_imr3T(null)Cgeneric-uio"
Jun 29 03:06:45 h3ulcb systemd-udevd[340]: platform:e6180000.system-controller--platform:fe90f000.vcp4: Device processed (SEQNUM=2947, ACTION=remove)
Jun 29 03:06:45 h3ulcb systemd-udevd[339]: fe860000.imrlx4_imr0: sd-device: Created db file '/run/udev/data/+platform:fe860000.imrlx4_imr0' for '/devices/platform/soc/fe860000.imrlx4_imr0'
Jun 29 03:06:45 h3ulcb systemd-udevd[339]: fe860000.imrlx4_imr0: Device processed (SEQNUM=2931, ACTION=bind)
Jun 29 03:06:45 h3ulcb systemd-udevd[340]: platform:e6180000.system-controller--platform:fe90f000.vcp4: sd-device-monitor: Passed 202 byte to netlink monitor
Jun 29 03:06:45 h3ulcb systemd-udevd[339]: fe860000.imrlx4_imr0: sd-device-monitor: Passed 401 byte to netlink monitor
Jun 29 03:06:45 h3ulcb systemd-udevd[343]: fe890000.imrlx4_imr3: hwdb modalias key: "of:NsocT(null)Csimple-bus"
Jun 29 03:06:45 h3ulcb systemd-udevd[342]: fe870000.imrlx4_imr1: Processing device (SEQNUM=2935, ACTION=bind)
Jun 29 03:06:45 h3ulcb systemd-udevd[343]: fe890000.imrlx4_imr3: No entry found from hwdb.
Jun 29 03:06:45 h3ulcb systemd-udevd[342]: fe870000.imrlx4_imr1: /usr/lib/udev/rules.d/50-udev-default.rules:14 Importing properties from results of builtin command 'hwdb --subsystem=platform'
Jun 29 03:06:45 h3ulcb systemd-udevd[343]: fe890000.imrlx4_imr3: /usr/lib/udev/rules.d/50-udev-default.rules:14 Failed to run builtin 'hwdb --subsystem=platform': No data available
Jun 29 03:06:45 h3ulcb systemd-udevd[342]: fe870000.imrlx4_imr1: hwdb modalias key: "of:Nimrlx4_imr1T(null)Cgeneric-uio"
Jun 29 03:06:45 h3ulcb systemd[1]: systemd-journal-catalog-update.service: Changed dead -> start
Jun 29 03:06:45 h3ulcb systemd-udevd[343]: fe890000.imrlx4_imr3: /usr/lib/udev/rules.d/60-drm.rules:3 Importing properties from results of builtin command 'path_id'
Jun 29 03:06:45 h3ulcb systemd-udevd[344]: platform:e6150000.clock-controller--platform:fe90f000.vcp4: Device processed (SEQNUM=2946, ACTION=remove)
Jun 29 03:06:45 h3ulcb systemd[1]: Starting Rebuild Journal Catalog...
Jun 29 03:06:45 h3ulcb systemd-udevd[344]: platform:e6150000.clock-controller--platform:fe90f000.vcp4: sd-device-monitor: Passed 201 byte to netlink monitor
Jun 29 03:06:45 h3ulcb systemd-udevd[342]: fe870000.imrlx4_imr1: hwdb modalias key: "of:NsocT(null)Csimple-bus"
Jun 29 03:06:45 h3ulcb systemd-udevd[342]: fe870000.imrlx4_imr1: No entry found from hwdb.
Jun 29 03:06:45 h3ulcb systemd-udevd[342]: fe870000.imrlx4_imr1: /usr/lib/udev/rules.d/50-udev-default.rules:14 Failed to run builtin 'hwdb --subsystem=platform': No data available
Jun 29 03:06:45 h3ulcb systemd-udevd[337]: uio_pdrv_genirq: Processing device (SEQNUM=2945, ACTION=add)
Jun 29 03:06:45 h3ulcb systemd-udevd[342]: fe870000.imrlx4_imr1: /usr/lib/udev/rules.d/60-drm.rules:3 Importing properties from results of builtin command 'path_id'
Jun 29 03:06:45 h3ulcb systemd-udevd[343]: fe890000.imrlx4_imr3: sd-device: Created db file '/run/udev/data/+platform:fe890000.imrlx4_imr3' for '/devices/platform/soc/fe890000.imrlx4_imr3'
Jun 29 03:06:45 h3ulcb systemd-udevd[343]: fe890000.imrlx4_imr3: Device processed (SEQNUM=2943, ACTION=bind)
Jun 29 03:06:45 h3ulcb systemd-udevd[342]: fe870000.imrlx4_imr1: sd-device: Created db file '/run/udev/data/+platform:fe870000.imrlx4_imr1' for '/devices/platform/soc/fe870000.imrlx4_imr1'
Jun 29 03:06:45 h3ulcb systemd-udevd[342]: fe870000.imrlx4_imr1: Device processed (SEQNUM=2935, ACTION=bind)
Jun 29 03:06:45 h3ulcb systemd-udevd[337]: uio_pdrv_genirq: Device processed (SEQNUM=2945, ACTION=add)
Jun 29 03:06:45 h3ulcb systemd-udevd[343]: fe890000.imrlx4_imr3: sd-device-monitor: Passed 401 byte to netlink monitor
Jun 29 03:06:45 h3ulcb systemd-udevd[342]: fe870000.imrlx4_imr1: sd-device-monitor: Passed 401 byte to netlink monitor
Jun 29 03:06:45 h3ulcb systemd-udevd[337]: uio_pdrv_genirq: sd-device-monitor: Passed 137 byte to netlink monitor
Jun 29 03:06:45 h3ulcb systemd-udevd[331]: platform:e6180000.system-controller--platform:fe90f000.vcp4: sd-device-monitor: Passed 202 byte to netlink monitor
Jun 29 03:06:45 h3ulcb systemd[345]: systemd-journal-catalog-update.service: Executing: journalctl --update-catalog
Jun 29 03:06:45 h3ulcb systemd-udevd[331]: fe90f000.vcp4: Device is queued (SEQNUM=2948, ACTION=bind)
Jun 29 03:06:45 h3ulcb systemd-udevd[331]: fe90f000.vcp4: Device ready for processing (SEQNUM=2948, ACTION=bind)
Jun 29 03:06:45 h3ulcb systemd-udevd[331]: fe90f000.vcp4: sd-device-monitor: Passed 305 byte to netlink monitor
Jun 29 03:06:45 h3ulcb systemd-udevd[331]: platform:e6150000.clock-controller--platform:fe8d0000.vcp4: Device is queued (SEQNUM=2949, ACTION=remove)
Jun 29 03:06:45 h3ulcb systemd-udevd[331]: platform:e6150000.clock-controller--platform:fe8d0000.vcp4: Device ready for processing (SEQNUM=2949, ACTION=remove)
Jun 29 03:06:45 h3ulcb systemd-udevd[342]: fe90f000.vcp4: Processing device (SEQNUM=2948, ACTION=bind)
Jun 29 03:06:45 h3ulcb systemd-udevd[331]: platform:e6150000.clock-controller--platform:fe8d0000.vcp4: sd-device-monitor: Passed 201 byte to netlink monitor
Jun 29 03:06:45 h3ulcb systemd-udevd[339]: platform:e6150000.clock-controller--platform:fe8d0000.vcp4: Processing device (SEQNUM=2949, ACTION=remove)
Jun 29 03:06:45 h3ulcb systemd-udevd[331]: platform:e6180000.system-controller--platform:fe8d0000.vcp4: Device is queued (SEQNUM=2950, ACTION=remove)
Jun 29 03:06:45 h3ulcb systemd-udevd[331]: platform:e6180000.system-controller--platform:fe8d0000.vcp4: Device ready for processing (SEQNUM=2950, ACTION=remove)
Jun 29 03:06:45 h3ulcb systemd-udevd[331]: platform:e6180000.system-controller--platform:fe8d0000.vcp4: sd-device-monitor: Passed 202 byte to netlink monitor
Jun 29 03:06:45 h3ulcb systemd-udevd[342]: fe90f000.vcp4: /usr/lib/udev/rules.d/50-udev-default.rules:14 Importing properties from results of builtin command 'hwdb --subsystem=platform'
Jun 29 03:06:45 h3ulcb systemd-udevd[343]: platform:e6180000.system-controller--platform:fe8d0000.vcp4: Processing device (SEQNUM=2950, ACTION=remove)
Jun 29 03:06:45 h3ulcb systemd-udevd[342]: fe90f000.vcp4: hwdb modalias key: "of:Nvcp4T(null)Crenesas,vcp4-fcpcs"
Jun 29 03:06:45 h3ulcb systemd-udevd[331]: fe8d0000.vcp4: Device is queued (SEQNUM=2951, ACTION=bind)
Jun 29 03:06:45 h3ulcb systemd-udevd[331]: fe8d0000.vcp4: Device ready for processing (SEQNUM=2951, ACTION=bind)
Jun 29 03:06:45 h3ulcb systemd-udevd[331]: fe8d0000.vcp4: sd-device-monitor: Passed 307 byte to netlink monitor
Jun 29 03:06:45 h3ulcb systemd-udevd[339]: platform:e6150000.clock-controller--platform:fe8d0000.vcp4: Device processed (SEQNUM=2949, ACTION=remove)
Jun 29 03:06:45 h3ulcb systemd-udevd[331]: platform:e6150000.clock-controller--platform:fe910000.vcp4: Device is queued (SEQNUM=2952, ACTION=remove)
Jun 29 03:06:45 h3ulcb systemd-udevd[331]: platform:e6150000.clock-controller--platform:fe910000.vcp4: Device ready for processing (SEQNUM=2952, ACTION=remove)
Jun 29 03:06:45 h3ulcb systemd-udevd[339]: platform:e6150000.clock-controller--platform:fe8d0000.vcp4: sd-device-monitor: Passed 201 byte to netlink monitor
Jun 29 03:06:45 h3ulcb systemd-udevd[331]: platform:e6150000.clock-controller--platform:fe910000.vcp4: sd-device-monitor: Passed 201 byte to netlink monitor
Jun 29 03:06:45 h3ulcb systemd-udevd[340]: fe8d0000.vcp4: Processing device (SEQNUM=2951, ACTION=bind)
Jun 29 03:06:45 h3ulcb systemd-udevd[342]: fe90f000.vcp4: hwdb modalias key: "of:NsocT(null)Csimple-bus"
Jun 29 03:06:45 h3ulcb systemd-udevd[336]: platform:e6150000.clock-controller--platform:fe910000.vcp4: Processing device (SEQNUM=2952, ACTION=remove)
Jun 29 03:06:45 h3ulcb systemd-udevd[331]: platform:e6180000.system-controller--platform:fe910000.vcp4: Device is queued (SEQNUM=2953, ACTION=remove)
Jun 29 03:06:45 h3ulcb systemd-udevd[331]: platform:e6180000.system-controller--platform:fe910000.vcp4: Device ready for processing (SEQNUM=2953, ACTION=remove)
Jun 29 03:06:45 h3ulcb systemd-udevd[340]: fe8d0000.vcp4: /usr/lib/udev/rules.d/50-udev-default.rules:14 Importing properties from results of builtin command 'hwdb --subsystem=platform'
Jun 29 03:06:45 h3ulcb systemd-udevd[331]: platform:e6180000.system-controller--platform:fe910000.vcp4: sd-device-monitor: Passed 202 byte to netlink monitor
Jun 29 03:06:45 h3ulcb systemd-udevd[342]: fe90f000.vcp4: No entry found from hwdb.
Jun 29 03:06:45 h3ulcb systemd-udevd[340]: fe8d0000.vcp4: hwdb modalias key: "of:Nvcp4T(null)Crenesas,vcp4-ivdp1c"
Jun 29 03:06:45 h3ulcb systemd-udevd[342]: fe90f000.vcp4: /usr/lib/udev/rules.d/50-udev-default.rules:14 Failed to run builtin 'hwdb --subsystem=platform': No data available
Jun 29 03:06:45 h3ulcb systemd-udevd[339]: platform:e6180000.system-controller--platform:fe910000.vcp4: Processing device (SEQNUM=2953, ACTION=remove)
Jun 29 03:06:45 h3ulcb systemd-udevd[342]: fe90f000.vcp4: /usr/lib/udev/rules.d/60-drm.rules:3 Importing properties from results of builtin command 'path_id'
Jun 29 03:06:45 h3ulcb systemd-udevd[343]: platform:e6180000.system-controller--platform:fe8d0000.vcp4: Device processed (SEQNUM=2950, ACTION=remove)
Jun 29 03:06:45 h3ulcb systemd-udevd[343]: platform:e6180000.system-controller--platform:fe8d0000.vcp4: sd-device-monitor: Passed 202 byte to netlink monitor
Jun 29 03:06:45 h3ulcb systemd-udevd[331]: fe910000.vcp4: Device is queued (SEQNUM=2954, ACTION=bind)
Jun 29 03:06:45 h3ulcb systemd-udevd[331]: fe910000.vcp4: Device ready for processing (SEQNUM=2954, ACTION=bind)
Jun 29 03:06:45 h3ulcb systemd-udevd[336]: platform:e6150000.clock-controller--platform:fe910000.vcp4: Device processed (SEQNUM=2952, ACTION=remove)
Jun 29 03:06:45 h3ulcb systemd-udevd[336]: platform:e6150000.clock-controller--platform:fe910000.vcp4: sd-device-monitor: Passed 201 byte to netlink monitor
Jun 29 03:06:45 h3ulcb systemd-udevd[335]: fe910000.vcp4: Processing device (SEQNUM=2954, ACTION=bind)
Jun 29 03:06:45 h3ulcb systemd-udevd[340]: fe8d0000.vcp4: hwdb modalias key: "of:NsocT(null)Csimple-bus"
Jun 29 03:06:45 h3ulcb systemd-udevd[335]: fe910000.vcp4: /usr/lib/udev/rules.d/50-udev-default.rules:14 Importing properties from results of builtin command 'hwdb --subsystem=platform'
Jun 29 03:06:45 h3ulcb systemd-udevd[339]: platform:e6180000.system-controller--platform:fe910000.vcp4: Device processed (SEQNUM=2953, ACTION=remove)
Jun 29 03:06:45 h3ulcb systemd-udevd[335]: fe910000.vcp4: hwdb modalias key: "of:Nvcp4T(null)Crenesas,vcp4-vcplf"
Jun 29 03:06:45 h3ulcb systemd-udevd[339]: platform:e6180000.system-controller--platform:fe910000.vcp4: sd-device-monitor: Passed 202 byte to netlink monitor
Jun 29 03:06:45 h3ulcb systemd-udevd[340]: fe8d0000.vcp4: No entry found from hwdb.
Jun 29 03:06:45 h3ulcb systemd-udevd[340]: fe8d0000.vcp4: /usr/lib/udev/rules.d/50-udev-default.rules:14 Failed to run builtin 'hwdb --subsystem=platform': No data available
Jun 29 03:06:45 h3ulcb systemd-udevd[335]: fe910000.vcp4: hwdb modalias key: "of:NsocT(null)Csimple-bus"
Jun 29 03:06:45 h3ulcb systemd-udevd[340]: fe8d0000.vcp4: /usr/lib/udev/rules.d/60-drm.rules:3 Importing properties from results of builtin command 'path_id'
Jun 29 03:06:45 h3ulcb systemd-udevd[342]: fe90f000.vcp4: sd-device: Created db file '/run/udev/data/+platform:fe90f000.vcp4' for '/devices/platform/soc/fe90f000.vcp4'
Jun 29 03:06:45 h3ulcb systemd-udevd[342]: fe90f000.vcp4: Device processed (SEQNUM=2948, ACTION=bind)
Jun 29 03:06:45 h3ulcb systemd-udevd[335]: fe910000.vcp4: No entry found from hwdb.
Jun 29 03:06:45 h3ulcb systemd-udevd[335]: fe910000.vcp4: /usr/lib/udev/rules.d/50-udev-default.rules:14 Failed to run builtin 'hwdb --subsystem=platform': No data available
Jun 29 03:06:45 h3ulcb systemd-udevd[335]: fe910000.vcp4: /usr/lib/udev/rules.d/60-drm.rules:3 Importing properties from results of builtin command 'path_id'
Jun 29 03:06:45 h3ulcb systemd-udevd[342]: fe90f000.vcp4: sd-device-monitor: Passed 371 byte to netlink monitor
Jun 29 03:06:45 h3ulcb systemd-udevd[335]: fe910000.vcp4: sd-device: Created db file '/run/udev/data/+platform:fe910000.vcp4' for '/devices/platform/soc/fe910000.vcp4'
Jun 29 03:06:45 h3ulcb systemd-udevd[335]: fe910000.vcp4: Device processed (SEQNUM=2954, ACTION=bind)
Jun 29 03:06:45 h3ulcb systemd-udevd[340]: fe8d0000.vcp4: sd-device: Created db file '/run/udev/data/+platform:fe8d0000.vcp4' for '/devices/platform/soc/fe8d0000.vcp4'
Jun 29 03:06:45 h3ulcb systemd-udevd[335]: fe910000.vcp4: sd-device-monitor: Passed 371 byte to netlink monitor
Jun 29 03:06:45 h3ulcb systemd-udevd[340]: fe8d0000.vcp4: Device processed (SEQNUM=2951, ACTION=bind)
Jun 29 03:06:45 h3ulcb systemd-udevd[331]: fe910000.vcp4: sd-device-monitor: Passed 305 byte to netlink monitor
Jun 29 03:06:45 h3ulcb systemd-udevd[340]: fe8d0000.vcp4: sd-device-monitor: Passed 373 byte to netlink monitor
Jun 29 03:06:45 h3ulcb systemd-udevd[331]: platform:e6150000.clock-controller--platform:fe900000.vcp4: Device is queued (SEQNUM=2955, ACTION=remove)
Jun 29 03:06:45 h3ulcb systemd-udevd[331]: platform:e6150000.clock-controller--platform:fe900000.vcp4: Device ready for processing (SEQNUM=2955, ACTION=remove)
Jun 29 03:06:45 h3ulcb systemd-udevd[331]: platform:e6150000.clock-controller--platform:fe900000.vcp4: sd-device-monitor: Passed 201 byte to netlink monitor
Jun 29 03:06:45 h3ulcb systemd-udevd[342]: platform:e6150000.clock-controller--platform:fe900000.vcp4: Processing device (SEQNUM=2955, ACTION=remove)
Jun 29 03:06:45 h3ulcb systemd-udevd[331]: platform:e6180000.system-controller--platform:fe900000.vcp4: Device is queued (SEQNUM=2956, ACTION=remove)
Jun 29 03:06:45 h3ulcb systemd-udevd[331]: platform:e6180000.system-controller--platform:fe900000.vcp4: Device ready for processing (SEQNUM=2956, ACTION=remove)
Jun 29 03:06:45 h3ulcb systemd-udevd[331]: platform:e6180000.system-controller--platform:fe900000.vcp4: sd-device-monitor: Passed 202 byte to netlink monitor
Jun 29 03:06:45 h3ulcb systemd-udevd[339]: platform:e6180000.system-controller--platform:fe900000.vcp4: Processing device (SEQNUM=2956, ACTION=remove)
Jun 29 03:06:45 h3ulcb systemd-udevd[331]: fe900000.vcp4: Device is queued (SEQNUM=2957, ACTION=bind)
Jun 29 03:06:45 h3ulcb systemd-udevd[331]: fe900000.vcp4: Device ready for processing (SEQNUM=2957, ACTION=bind)
Jun 29 03:06:45 h3ulcb systemd-udevd[331]: fe900000.vcp4: sd-device-monitor: Passed 303 byte to netlink monitor
Jun 29 03:06:45 h3ulcb systemd-udevd[331]: uvcs: Device is queued (SEQNUM=2958, ACTION=add)
Jun 29 03:06:45 h3ulcb systemd-udevd[331]: uvcs: Device ready for processing (SEQNUM=2958, ACTION=add)
Jun 29 03:06:45 h3ulcb systemd-udevd[343]: fe900000.vcp4: Processing device (SEQNUM=2957, ACTION=bind)
Jun 29 03:06:45 h3ulcb systemd-udevd[331]: uvcs: sd-device-monitor: Passed 141 byte to netlink monitor
Jun 29 03:06:45 h3ulcb systemd-udevd[340]: uvcs: Processing device (SEQNUM=2958, ACTION=add)
Jun 29 03:06:45 h3ulcb systemd-udevd[339]: platform:e6180000.system-controller--platform:fe900000.vcp4: Device processed (SEQNUM=2956, ACTION=remove)
Jun 29 03:06:45 h3ulcb systemd-udevd[331]: uvcs: Device is queued (SEQNUM=2959, ACTION=add)
Jun 29 03:06:45 h3ulcb systemd-udevd[339]: platform:e6180000.system-controller--platform:fe900000.vcp4: sd-device-monitor: Passed 202 byte to netlink monitor
Jun 29 03:06:45 h3ulcb systemd-udevd[331]: uvcs: Device ready for processing (SEQNUM=2959, ACTION=add)
Jun 29 03:06:45 h3ulcb systemd-udevd[342]: platform:e6150000.clock-controller--platform:fe900000.vcp4: Device processed (SEQNUM=2955, ACTION=remove)
Jun 29 03:06:45 h3ulcb systemd-udevd[343]: fe900000.vcp4: /usr/lib/udev/rules.d/50-udev-default.rules:14 Importing properties from results of builtin command 'hwdb --subsystem=platform'
Jun 29 03:06:45 h3ulcb systemd-udevd[331]: uvcs: sd-device-monitor: Passed 174 byte to netlink monitor
Jun 29 03:06:45 h3ulcb systemd-udevd[343]: fe900000.vcp4: hwdb modalias key: "of:Nvcp4T(null)Crenesas,vcp4-vdpb"
Jun 29 03:06:45 h3ulcb systemd-udevd[342]: platform:e6150000.clock-controller--platform:fe900000.vcp4: sd-device-monitor: Passed 201 byte to netlink monitor
Jun 29 03:06:45 h3ulcb systemd-udevd[336]: uvcs: Processing device (SEQNUM=2959, ACTION=add)
Jun 29 03:06:45 h3ulcb systemd-udevd[336]: uvcs: Failed to get watch handle, ignoring: No such file or directory
Jun 29 03:06:45 h3ulcb systemd-udevd[331]: uvcs_drv: Device is queued (SEQNUM=2960, ACTION=add)
Jun 29 03:06:45 h3ulcb systemd-udevd[331]: uvcs_drv: Device ready for processing (SEQNUM=2960, ACTION=add)
Jun 29 03:06:45 h3ulcb systemd-udevd[331]: uvcs_drv: sd-device-monitor: Passed 130 byte to netlink monitor
Jun 29 03:06:45 h3ulcb systemd-udevd[339]: uvcs_drv: Processing device (SEQNUM=2960, ACTION=add)
Jun 29 03:06:45 h3ulcb systemd-udevd[331]: platform:e6150000.clock-controller--platform:fe920000.vspm: Device is queued (SEQNUM=2961, ACTION=remove)
Jun 29 03:06:45 h3ulcb systemd-udevd[331]: platform:e6150000.clock-controller--platform:fe920000.vspm: Device ready for processing (SEQNUM=2961, ACTION=remove)
Jun 29 03:06:45 h3ulcb systemd-udevd[343]: fe900000.vcp4: hwdb modalias key: "of:NsocT(null)Csimple-bus"
Jun 29 03:06:45 h3ulcb systemd-udevd[331]: platform:e6150000.clock-controller--platform:fe920000.vspm: sd-device-monitor: Passed 201 byte to netlink monitor
Jun 29 03:06:45 h3ulcb systemd-udevd[331]: platform:e6180000.system-controller--platform:fe920000.vspm: Device is queued (SEQNUM=2962, ACTION=remove)
Jun 29 03:06:45 h3ulcb systemd-udevd[342]: platform:e6150000.clock-controller--platform:fe920000.vspm: Processing device (SEQNUM=2961, ACTION=remove)
Jun 29 03:06:45 h3ulcb systemd-udevd[331]: platform:e6180000.system-controller--platform:fe920000.vspm: Device ready for processing (SEQNUM=2962, ACTION=remove)
Jun 29 03:06:45 h3ulcb systemd-udevd[335]: platform:e6180000.system-controller--platform:fe920000.vspm: Processing device (SEQNUM=2962, ACTION=remove)
Jun 29 03:06:45 h3ulcb systemd-udevd[343]: fe900000.vcp4: No entry found from hwdb.
Jun 29 03:06:45 h3ulcb systemd-udevd[343]: fe900000.vcp4: /usr/lib/udev/rules.d/50-udev-default.rules:14 Failed to run builtin 'hwdb --subsystem=platform': No data available
Jun 29 03:06:45 h3ulcb systemd-udevd[343]: fe900000.vcp4: /usr/lib/udev/rules.d/60-drm.rules:3 Importing properties from results of builtin command 'path_id'
Jun 29 03:06:45 h3ulcb systemd-udevd[339]: uvcs_drv: Device processed (SEQNUM=2960, ACTION=add)
Jun 29 03:06:45 h3ulcb systemd-udevd[339]: uvcs_drv: sd-device-monitor: Passed 130 byte to netlink monitor
Jun 29 03:06:45 h3ulcb systemd-udevd[336]: uvcs: Preserve permissions of /dev/uvcs, uid=0, gid=0, mode=0600
Jun 29 03:06:45 h3ulcb systemd-udevd[336]: uvcs: Handling device node '/dev/uvcs', devnum=c10:59
Jun 29 03:06:45 h3ulcb systemd-udevd[335]: platform:e6180000.system-controller--platform:fe920000.vspm: Device processed (SEQNUM=2962, ACTION=remove)
Jun 29 03:06:45 h3ulcb systemd-udevd[340]: uvcs: Device processed (SEQNUM=2958, ACTION=add)
Jun 29 03:06:45 h3ulcb systemd-udevd[335]: platform:e6180000.system-controller--platform:fe920000.vspm: sd-device-monitor: Passed 202 byte to netlink monitor
Jun 29 03:06:45 h3ulcb systemd-udevd[340]: uvcs: sd-device-monitor: Passed 141 byte to netlink monitor
Jun 29 03:06:45 h3ulcb systemd-udevd[331]: platform:e6180000.system-controller--platform:fe920000.vspm: sd-device-monitor: Passed 202 byte to netlink monitor
Jun 29 03:06:45 h3ulcb systemd-udevd[342]: platform:e6150000.clock-controller--platform:fe920000.vspm: Device processed (SEQNUM=2961, ACTION=remove)
Jun 29 03:06:45 h3ulcb systemd-udevd[336]: uvcs: sd-device: Created empty file '/run/udev/data/c10:59' for '/devices/virtual/misc/uvcs'
Jun 29 03:06:45 h3ulcb systemd-udevd[342]: platform:e6150000.clock-controller--platform:fe920000.vspm: sd-device-monitor: Passed 201 byte to netlink monitor
Jun 29 03:06:45 h3ulcb systemd-udevd[336]: uvcs: Failed to get watch handle, ignoring: No such file or directory
Jun 29 03:06:45 h3ulcb systemd-udevd[336]: uvcs: Device processed (SEQNUM=2959, ACTION=add)
Jun 29 03:06:45 h3ulcb systemd-udevd[336]: uvcs: sd-device-monitor: Passed 174 byte to netlink monitor
Jun 29 03:06:45 h3ulcb systemd-udevd[331]: fe920000.vspm: Device is queued (SEQNUM=2963, ACTION=bind)
Jun 29 03:06:45 h3ulcb systemd-udevd[331]: fe920000.vspm: Device ready for processing (SEQNUM=2963, ACTION=bind)
Jun 29 03:06:45 h3ulcb systemd-udevd[331]: fe920000.vspm: sd-device-monitor: Passed 297 byte to netlink monitor
Jun 29 03:06:45 h3ulcb systemd-udevd[343]: fe900000.vcp4: sd-device: Created db file '/run/udev/data/+platform:fe900000.vcp4' for '/devices/platform/soc/fe900000.vcp4'
Jun 29 03:06:45 h3ulcb systemd-udevd[343]: fe900000.vcp4: Device processed (SEQNUM=2957, ACTION=bind)
Jun 29 03:06:45 h3ulcb systemd-udevd[343]: fe900000.vcp4: sd-device-monitor: Passed 369 byte to netlink monitor
Jun 29 03:06:45 h3ulcb systemd-udevd[331]: platform:e6150000.clock-controller--platform:fe960000.vspm: Device is queued (SEQNUM=2964, ACTION=remove)
Jun 29 03:06:45 h3ulcb systemd-udevd[342]: fe920000.vspm: Processing device (SEQNUM=2963, ACTION=bind)
Jun 29 03:06:45 h3ulcb systemd-udevd[331]: platform:e6150000.clock-controller--platform:fe960000.vspm: Device ready for processing (SEQNUM=2964, ACTION=remove)
Jun 29 03:06:45 h3ulcb systemd-udevd[331]: platform:e6150000.clock-controller--platform:fe960000.vspm: sd-device-monitor: Passed 201 byte to netlink monitor
Jun 29 03:06:45 h3ulcb systemd-udevd[339]: platform:e6150000.clock-controller--platform:fe960000.vspm: Processing device (SEQNUM=2964, ACTION=remove)
Jun 29 03:06:45 h3ulcb systemd-udevd[331]: platform:e6180000.system-controller--platform:fe960000.vspm: Device is queued (SEQNUM=2965, ACTION=remove)
Jun 29 03:06:45 h3ulcb systemd-udevd[331]: platform:e6180000.system-controller--platform:fe960000.vspm: Device ready for processing (SEQNUM=2965, ACTION=remove)
Jun 29 03:06:45 h3ulcb systemd-udevd[331]: platform:e6180000.system-controller--platform:fe960000.vspm: sd-device-monitor: Passed 202 byte to netlink monitor
Jun 29 03:06:45 h3ulcb systemd-udevd[342]: fe920000.vspm: /usr/lib/udev/rules.d/50-udev-default.rules:14 Importing properties from results of builtin command 'hwdb --subsystem=platform'
Jun 29 03:06:45 h3ulcb systemd-udevd[342]: fe920000.vspm: hwdb modalias key: "of:NvspmT(null)Crenesas,vspm"
Jun 29 03:06:45 h3ulcb systemd-udevd[343]: platform:e6180000.system-controller--platform:fe960000.vspm: Processing device (SEQNUM=2965, ACTION=remove)
Jun 29 03:06:45 h3ulcb systemd-udevd[331]: fe960000.vspm: Device is queued (SEQNUM=2966, ACTION=bind)
Jun 29 03:06:45 h3ulcb systemd-udevd[331]: fe960000.vspm: Device ready for processing (SEQNUM=2966, ACTION=bind)
Jun 29 03:06:45 h3ulcb systemd-udevd[339]: platform:e6150000.clock-controller--platform:fe960000.vspm: Device processed (SEQNUM=2964, ACTION=remove)
Jun 29 03:06:45 h3ulcb systemd-udevd[331]: fe960000.vspm: sd-device-monitor: Passed 297 byte to netlink monitor
Jun 29 03:06:45 h3ulcb systemd-udevd[339]: platform:e6150000.clock-controller--platform:fe960000.vspm: sd-device-monitor: Passed 201 byte to netlink monitor
Jun 29 03:06:45 h3ulcb systemd-udevd[331]: platform:e6150000.clock-controller--platform:fe9a0000.vspm: Device is queued (SEQNUM=2967, ACTION=remove)
Jun 29 03:06:45 h3ulcb systemd-udevd[340]: fe960000.vspm: Processing device (SEQNUM=2966, ACTION=bind)
Jun 29 03:06:45 h3ulcb systemd-udevd[342]: fe920000.vspm: hwdb modalias key: "of:NsocT(null)Csimple-bus"
Jun 29 03:06:45 h3ulcb systemd-udevd[331]: platform:e6150000.clock-controller--platform:fe9a0000.vspm: Device ready for processing (SEQNUM=2967, ACTION=remove)
Jun 29 03:06:45 h3ulcb systemd-udevd[331]: platform:e6150000.clock-controller--platform:fe9a0000.vspm: sd-device-monitor: Passed 201 byte to netlink monitor
Jun 29 03:06:45 h3ulcb systemd-udevd[339]: platform:e6150000.clock-controller--platform:fe9a0000.vspm: Processing device (SEQNUM=2967, ACTION=remove)
Jun 29 03:06:45 h3ulcb systemd-udevd[331]: platform:e6180000.system-controller--platform:fe9a0000.vspm: Device is queued (SEQNUM=2968, ACTION=remove)
Jun 29 03:06:45 h3ulcb systemd-udevd[331]: platform:e6180000.system-controller--platform:fe9a0000.vspm: Device ready for processing (SEQNUM=2968, ACTION=remove)
Jun 29 03:06:45 h3ulcb systemd-udevd[331]: platform:e6180000.system-controller--platform:fe9a0000.vspm: sd-device-monitor: Passed 202 byte to netlink monitor
Jun 29 03:06:45 h3ulcb systemd-udevd[340]: fe960000.vspm: /usr/lib/udev/rules.d/50-udev-default.rules:14 Importing properties from results of builtin command 'hwdb --subsystem=platform'
Jun 29 03:06:45 h3ulcb systemd-udevd[342]: fe920000.vspm: No entry found from hwdb.
Jun 29 03:06:45 h3ulcb systemd-udevd[336]: platform:e6180000.system-controller--platform:fe9a0000.vspm: Processing device (SEQNUM=2968, ACTION=remove)
Jun 29 03:06:45 h3ulcb systemd-udevd[342]: fe920000.vspm: /usr/lib/udev/rules.d/50-udev-default.rules:14 Failed to run builtin 'hwdb --subsystem=platform': No data available
Jun 29 03:06:45 h3ulcb systemd-udevd[340]: fe960000.vspm: hwdb modalias key: "of:NvspmT(null)Crenesas,vspm"
Jun 29 03:06:45 h3ulcb systemd-udevd[342]: fe920000.vspm: /usr/lib/udev/rules.d/60-drm.rules:3 Importing properties from results of builtin command 'path_id'
Jun 29 03:06:45 h3ulcb systemd-udevd[343]: platform:e6180000.system-controller--platform:fe960000.vspm: Device processed (SEQNUM=2965, ACTION=remove)
Jun 29 03:06:45 h3ulcb systemd-udevd[331]: fe9a0000.vspm: Device is queued (SEQNUM=2969, ACTION=bind)
Jun 29 03:06:45 h3ulcb systemd-udevd[339]: platform:e6150000.clock-controller--platform:fe9a0000.vspm: Device processed (SEQNUM=2967, ACTION=remove)
Jun 29 03:06:45 h3ulcb systemd-udevd[331]: fe9a0000.vspm: Device ready for processing (SEQNUM=2969, ACTION=bind)
Jun 29 03:06:45 h3ulcb systemd-udevd[339]: platform:e6150000.clock-controller--platform:fe9a0000.vspm: sd-device-monitor: Passed 201 byte to netlink monitor
Jun 29 03:06:45 h3ulcb systemd-udevd[343]: platform:e6180000.system-controller--platform:fe960000.vspm: sd-device-monitor: Passed 202 byte to netlink monitor
Jun 29 03:06:45 h3ulcb systemd-udevd[335]: fe9a0000.vspm: Processing device (SEQNUM=2969, ACTION=bind)
Jun 29 03:06:45 h3ulcb systemd-udevd[340]: fe960000.vspm: hwdb modalias key: "of:NsocT(null)Csimple-bus"
Jun 29 03:06:45 h3ulcb systemd-udevd[336]: platform:e6180000.system-controller--platform:fe9a0000.vspm: Device processed (SEQNUM=2968, ACTION=remove)
Jun 29 03:06:45 h3ulcb systemd-udevd[336]: platform:e6180000.system-controller--platform:fe9a0000.vspm: sd-device-monitor: Passed 202 byte to netlink monitor
Jun 29 03:06:45 h3ulcb systemd-udevd[335]: fe9a0000.vspm: /usr/lib/udev/rules.d/50-udev-default.rules:14 Importing properties from results of builtin command 'hwdb --subsystem=platform'
Jun 29 03:06:45 h3ulcb systemd-udevd[335]: fe9a0000.vspm: hwdb modalias key: "of:NvspmT(null)Crenesas,vspm"
Jun 29 03:06:45 h3ulcb systemd-udevd[340]: fe960000.vspm: No entry found from hwdb.
Jun 29 03:06:45 h3ulcb systemd-udevd[340]: fe960000.vspm: /usr/lib/udev/rules.d/50-udev-default.rules:14 Failed to run builtin 'hwdb --subsystem=platform': No data available
Jun 29 03:06:45 h3ulcb systemd-udevd[335]: fe9a0000.vspm: hwdb modalias key: "of:NsocT(null)Csimple-bus"
Jun 29 03:06:45 h3ulcb systemd-udevd[340]: fe960000.vspm: /usr/lib/udev/rules.d/60-drm.rules:3 Importing properties from results of builtin command 'path_id'
Jun 29 03:06:45 h3ulcb systemd-udevd[335]: fe9a0000.vspm: No entry found from hwdb.
Jun 29 03:06:45 h3ulcb systemd-udevd[335]: fe9a0000.vspm: /usr/lib/udev/rules.d/50-udev-default.rules:14 Failed to run builtin 'hwdb --subsystem=platform': No data available
Jun 29 03:06:45 h3ulcb systemd-udevd[335]: fe9a0000.vspm: /usr/lib/udev/rules.d/60-drm.rules:3 Importing properties from results of builtin command 'path_id'
Jun 29 03:06:45 h3ulcb systemd-udevd[342]: fe920000.vspm: sd-device: Created db file '/run/udev/data/+platform:fe920000.vspm' for '/devices/platform/soc/fe920000.vspm'
Jun 29 03:06:45 h3ulcb systemd-udevd[342]: fe920000.vspm: Device processed (SEQNUM=2963, ACTION=bind)
Jun 29 03:06:45 h3ulcb systemd-udevd[342]: fe920000.vspm: sd-device-monitor: Passed 363 byte to netlink monitor
Jun 29 03:06:45 h3ulcb systemd-udevd[335]: fe9a0000.vspm: sd-device: Created db file '/run/udev/data/+platform:fe9a0000.vspm' for '/devices/platform/soc/fe9a0000.vspm'
Jun 29 03:06:45 h3ulcb systemd-udevd[335]: fe9a0000.vspm: Device processed (SEQNUM=2969, ACTION=bind)
Jun 29 03:06:45 h3ulcb systemd-udevd[335]: fe9a0000.vspm: sd-device-monitor: Passed 363 byte to netlink monitor
Jun 29 03:06:45 h3ulcb systemd-udevd[331]: fe9a0000.vspm: sd-device-monitor: Passed 297 byte to netlink monitor
Jun 29 03:06:45 h3ulcb systemd-udevd[340]: fe960000.vspm: sd-device: Created db file '/run/udev/data/+platform:fe960000.vspm' for '/devices/platform/soc/fe960000.vspm'
Jun 29 03:06:45 h3ulcb systemd-udevd[340]: fe960000.vspm: Device processed (SEQNUM=2966, ACTION=bind)
Jun 29 03:06:45 h3ulcb systemd-udevd[340]: fe960000.vspm: sd-device-monitor: Passed 363 byte to netlink monitor
Jun 29 03:06:45 h3ulcb systemd-udevd[331]: platform:e6150000.clock-controller--platform:fe9b0000.vspm: Device is queued (SEQNUM=2970, ACTION=remove)
Jun 29 03:06:45 h3ulcb systemd-udevd[331]: platform:e6150000.clock-controller--platform:fe9b0000.vspm: Device ready for processing (SEQNUM=2970, ACTION=remove)
Jun 29 03:06:45 h3ulcb systemd-udevd[331]: platform:e6150000.clock-controller--platform:fe9b0000.vspm: sd-device-monitor: Passed 201 byte to netlink monitor
Jun 29 03:06:45 h3ulcb systemd-udevd[342]: platform:e6150000.clock-controller--platform:fe9b0000.vspm: Processing device (SEQNUM=2970, ACTION=remove)
Jun 29 03:06:45 h3ulcb systemd-udevd[331]: platform:e6180000.system-controller--platform:fe9b0000.vspm: Device is queued (SEQNUM=2971, ACTION=remove)
Jun 29 03:06:45 h3ulcb systemd-udevd[331]: platform:e6180000.system-controller--platform:fe9b0000.vspm: Device ready for processing (SEQNUM=2971, ACTION=remove)
Jun 29 03:06:45 h3ulcb systemd-udevd[331]: platform:e6180000.system-controller--platform:fe9b0000.vspm: sd-device-monitor: Passed 202 byte to netlink monitor
Jun 29 03:06:45 h3ulcb systemd-udevd[339]: platform:e6180000.system-controller--platform:fe9b0000.vspm: Processing device (SEQNUM=2971, ACTION=remove)
Jun 29 03:06:45 h3ulcb systemd-udevd[331]: fe9b0000.vspm: Device is queued (SEQNUM=2972, ACTION=bind)
Jun 29 03:06:45 h3ulcb systemd-udevd[331]: fe9b0000.vspm: Device ready for processing (SEQNUM=2972, ACTION=bind)
Jun 29 03:06:45 h3ulcb systemd-udevd[331]: fe9b0000.vspm: sd-device-monitor: Passed 297 byte to netlink monitor
Jun 29 03:06:45 h3ulcb systemd-udevd[331]: vspm-vsp: Device is queued (SEQNUM=2973, ACTION=add)
Jun 29 03:06:45 h3ulcb systemd-udevd[339]: platform:e6180000.system-controller--platform:fe9b0000.vspm: Device processed (SEQNUM=2971, ACTION=remove)
Jun 29 03:06:45 h3ulcb systemd-udevd[331]: vspm-vsp: Device ready for processing (SEQNUM=2973, ACTION=add)
Jun 29 03:06:45 h3ulcb systemd-udevd[343]: fe9b0000.vspm: Processing device (SEQNUM=2972, ACTION=bind)
Jun 29 03:06:45 h3ulcb systemd-udevd[339]: platform:e6180000.system-controller--platform:fe9b0000.vspm: sd-device-monitor: Passed 202 byte to netlink monitor
Jun 29 03:06:45 h3ulcb systemd-udevd[331]: vspm-vsp: sd-device-monitor: Passed 145 byte to netlink monitor
Jun 29 03:06:45 h3ulcb systemd-udevd[340]: vspm-vsp: Processing device (SEQNUM=2973, ACTION=add)
Jun 29 03:06:45 h3ulcb systemd-udevd[331]: platform:e6150000.clock-controller--platform:fe940000.fdpm: Device is queued (SEQNUM=2974, ACTION=remove)
Jun 29 03:06:45 h3ulcb systemd-udevd[331]: platform:e6150000.clock-controller--platform:fe940000.fdpm: Device ready for processing (SEQNUM=2974, ACTION=remove)
Jun 29 03:06:45 h3ulcb systemd-udevd[331]: platform:e6150000.clock-controller--platform:fe940000.fdpm: sd-device-monitor: Passed 201 byte to netlink monitor
Jun 29 03:06:45 h3ulcb systemd-udevd[342]: platform:e6150000.clock-controller--platform:fe9b0000.vspm: Device processed (SEQNUM=2970, ACTION=remove)
Jun 29 03:06:45 h3ulcb systemd-udevd[343]: fe9b0000.vspm: /usr/lib/udev/rules.d/50-udev-default.rules:14 Importing properties from results of builtin command 'hwdb --subsystem=platform'
Jun 29 03:06:45 h3ulcb systemd-udevd[339]: platform:e6150000.clock-controller--platform:fe940000.fdpm: Processing device (SEQNUM=2974, ACTION=remove)
Jun 29 03:06:45 h3ulcb systemd-udevd[342]: platform:e6150000.clock-controller--platform:fe9b0000.vspm: sd-device-monitor: Passed 201 byte to netlink monitor
Jun 29 03:06:45 h3ulcb systemd-udevd[343]: fe9b0000.vspm: hwdb modalias key: "of:NvspmT(null)Crenesas,vspm"
Jun 29 03:06:45 h3ulcb systemd-udevd[331]: platform:e6180000.system-controller--platform:fe940000.fdpm: Device is queued (SEQNUM=2975, ACTION=remove)
Jun 29 03:06:45 h3ulcb systemd-udevd[331]: platform:e6180000.system-controller--platform:fe940000.fdpm: Device ready for processing (SEQNUM=2975, ACTION=remove)
Jun 29 03:06:45 h3ulcb systemd-udevd[331]: platform:e6180000.system-controller--platform:fe940000.fdpm: sd-device-monitor: Passed 202 byte to netlink monitor
Jun 29 03:06:45 h3ulcb systemd-udevd[336]: platform:e6180000.system-controller--platform:fe940000.fdpm: Processing device (SEQNUM=2975, ACTION=remove)
Jun 29 03:06:45 h3ulcb systemd-udevd[339]: platform:e6150000.clock-controller--platform:fe940000.fdpm: Device processed (SEQNUM=2974, ACTION=remove)
Jun 29 03:06:45 h3ulcb systemd-udevd[331]: fe940000.fdpm: Device is queued (SEQNUM=2976, ACTION=bind)
Jun 29 03:06:45 h3ulcb systemd-udevd[331]: fe940000.fdpm: Device ready for processing (SEQNUM=2976, ACTION=bind)
Jun 29 03:06:45 h3ulcb systemd-udevd[343]: fe9b0000.vspm: hwdb modalias key: "of:NsocT(null)Csimple-bus"
Jun 29 03:06:45 h3ulcb systemd-udevd[339]: platform:e6150000.clock-controller--platform:fe940000.fdpm: sd-device-monitor: Passed 201 byte to netlink monitor
Jun 29 03:06:45 h3ulcb systemd-udevd[331]: fe940000.fdpm: sd-device-monitor: Passed 297 byte to netlink monitor
Jun 29 03:06:45 h3ulcb systemd-udevd[336]: platform:e6180000.system-controller--platform:fe940000.fdpm: Device processed (SEQNUM=2975, ACTION=remove)
Jun 29 03:06:45 h3ulcb systemd-udevd[342]: fe940000.fdpm: Processing device (SEQNUM=2976, ACTION=bind)
Jun 29 03:06:45 h3ulcb systemd-udevd[331]: platform:e6150000.clock-controller--platform:fe944000.fdpm: Device is queued (SEQNUM=2977, ACTION=remove)
Jun 29 03:06:45 h3ulcb systemd-udevd[336]: platform:e6180000.system-controller--platform:fe940000.fdpm: sd-device-monitor: Passed 202 byte to netlink monitor
Jun 29 03:06:45 h3ulcb systemd-udevd[331]: platform:e6150000.clock-controller--platform:fe944000.fdpm: Device ready for processing (SEQNUM=2977, ACTION=remove)
Jun 29 03:06:45 h3ulcb systemd-udevd[331]: platform:e6150000.clock-controller--platform:fe944000.fdpm: sd-device-monitor: Passed 201 byte to netlink monitor
Jun 29 03:06:45 h3ulcb systemd-udevd[343]: fe9b0000.vspm: No entry found from hwdb.
Jun 29 03:06:45 h3ulcb systemd-udevd[339]: platform:e6150000.clock-controller--platform:fe944000.fdpm: Processing device (SEQNUM=2977, ACTION=remove)
Jun 29 03:06:45 h3ulcb systemd-udevd[343]: fe9b0000.vspm: /usr/lib/udev/rules.d/50-udev-default.rules:14 Failed to run builtin 'hwdb --subsystem=platform': No data available
Jun 29 03:06:45 h3ulcb systemd-udevd[343]: fe9b0000.vspm: /usr/lib/udev/rules.d/60-drm.rules:3 Importing properties from results of builtin command 'path_id'
Jun 29 03:06:45 h3ulcb systemd-udevd[331]: platform:e6180000.system-controller--platform:fe944000.fdpm: Device is queued (SEQNUM=2978, ACTION=remove)
