Jun 29 03:06:46 h3ulcb systemd-udevd[375]: i2c-5: sd-device-monitor: Passed 219 byte to netlink monitor
Jun 29 03:06:46 h3ulcb systemd-udevd[331]: dma0chan12: Device is queued (SEQNUM=4244, ACTION=add)
Jun 29 03:06:46 h3ulcb systemd-udevd[339]: Module 'uio_pdrv_genirq' is already loaded
Jun 29 03:06:46 h3ulcb systemd-udevd[331]: dma0chan12: Device ready for processing (SEQNUM=4244, ACTION=add)
Jun 29 03:06:46 h3ulcb systemd-udevd[339]: Module 'uio_pdrv_genirq' is already loaded
Jun 29 03:06:46 h3ulcb systemd-udevd[331]: dma0chan12: sd-device-monitor: Passed 185 byte to netlink monitor
Jun 29 03:06:46 h3ulcb systemd-udevd[373]: dma0chan10: Device processed (SEQNUM=4242, ACTION=add)
Jun 29 03:06:46 h3ulcb systemd-udevd[339]: 5-0010: Device processed (SEQNUM=4237, ACTION=add)
Jun 29 03:06:46 h3ulcb systemd-udevd[367]: dma0chan12: Processing device (SEQNUM=4244, ACTION=add)
Jun 29 03:06:46 h3ulcb systemd-udevd[373]: dma0chan10: sd-device-monitor: Passed 185 byte to netlink monitor
Jun 29 03:06:46 h3ulcb systemd-udevd[331]: dma0chan13: Device is queued (SEQNUM=4245, ACTION=add)
Jun 29 03:06:46 h3ulcb systemd-udevd[339]: 5-0010: sd-device-monitor: Passed 343 byte to netlink monitor
Jun 29 03:06:46 h3ulcb systemd-udevd[331]: dma0chan13: Device ready for processing (SEQNUM=4245, ACTION=add)
Jun 29 03:06:46 h3ulcb systemd-udevd[375]: dma0chan13: Processing device (SEQNUM=4245, ACTION=add)
Jun 29 03:06:46 h3ulcb systemd-udevd[331]: dma0chan13: sd-device-monitor: Passed 185 byte to netlink monitor
Jun 29 03:06:46 h3ulcb systemd-udevd[359]: dma0chan11: Device processed (SEQNUM=4243, ACTION=add)
Jun 29 03:06:46 h3ulcb systemd-udevd[359]: dma0chan11: sd-device-monitor: Passed 185 byte to netlink monitor
Jun 29 03:06:46 h3ulcb systemd-udevd[367]: dma0chan12: Device processed (SEQNUM=4244, ACTION=add)
Jun 29 03:06:46 h3ulcb kernel: rcar_canfd e66c0000.can: global operational state (clk 0, fdmode 1)
Jun 29 03:06:46 h3ulcb systemd-udevd[331]: dma0chan14: Device is queued (SEQNUM=4246, ACTION=add)
Jun 29 03:06:46 h3ulcb systemd-udevd[367]: dma0chan12: sd-device-monitor: Passed 185 byte to netlink monitor
Jun 29 03:06:46 h3ulcb systemd-udevd[331]: dma0chan14: Device ready for processing (SEQNUM=4246, ACTION=add)
Jun 29 03:06:46 h3ulcb systemd-udevd[375]: dma0chan13: Device processed (SEQNUM=4245, ACTION=add)
Jun 29 03:06:46 h3ulcb systemd-udevd[339]: dma0chan14: Processing device (SEQNUM=4246, ACTION=add)
Jun 29 03:06:46 h3ulcb systemd-udevd[331]: dma0chan14: sd-device-monitor: Passed 185 byte to netlink monitor
Jun 29 03:06:46 h3ulcb systemd-udevd[375]: dma0chan13: sd-device-monitor: Passed 185 byte to netlink monitor
Jun 29 03:06:46 h3ulcb systemd-udevd[331]: dma0chan15: Device is queued (SEQNUM=4247, ACTION=add)
Jun 29 03:06:46 h3ulcb systemd-udevd[331]: dma0chan15: Device ready for processing (SEQNUM=4247, ACTION=add)
Jun 29 03:06:46 h3ulcb systemd-udevd[331]: dma0chan15: sd-device-monitor: Passed 185 byte to netlink monitor
Jun 29 03:06:46 h3ulcb systemd-udevd[359]: dma0chan15: Processing device (SEQNUM=4247, ACTION=add)
Jun 29 03:06:46 h3ulcb systemd-udevd[331]: dma0chan2: Device is queued (SEQNUM=4248, ACTION=add)
Jun 29 03:06:46 h3ulcb systemd-udevd[331]: dma0chan2: Device ready for processing (SEQNUM=4248, ACTION=add)
Jun 29 03:06:46 h3ulcb systemd-udevd[339]: dma0chan14: Device processed (SEQNUM=4246, ACTION=add)
Jun 29 03:06:46 h3ulcb systemd-udevd[331]: dma0chan2: sd-device-monitor: Passed 184 byte to netlink monitor
Jun 29 03:06:46 h3ulcb systemd-udevd[367]: dma0chan2: Processing device (SEQNUM=4248, ACTION=add)
Jun 29 03:06:46 h3ulcb systemd-udevd[339]: dma0chan14: sd-device-monitor: Passed 185 byte to netlink monitor
Jun 29 03:06:46 h3ulcb systemd-udevd[331]: dma0chan3: Device is queued (SEQNUM=4249, ACTION=add)
Jun 29 03:06:46 h3ulcb systemd-udevd[331]: dma0chan3: Device ready for processing (SEQNUM=4249, ACTION=add)
Jun 29 03:06:46 h3ulcb systemd-udevd[331]: dma0chan3: sd-device-monitor: Passed 184 byte to netlink monitor
Jun 29 03:06:46 h3ulcb systemd-udevd[375]: dma0chan3: Processing device (SEQNUM=4249, ACTION=add)
Jun 29 03:06:46 h3ulcb systemd-udevd[331]: dma0chan4: Device is queued (SEQNUM=4250, ACTION=add)
Jun 29 03:06:46 h3ulcb systemd-udevd[331]: dma0chan4: Device ready for processing (SEQNUM=4250, ACTION=add)
Jun 29 03:06:46 h3ulcb systemd-udevd[367]: dma0chan2: Device processed (SEQNUM=4248, ACTION=add)
Jun 29 03:06:46 h3ulcb systemd-udevd[331]: dma0chan4: sd-device-monitor: Passed 184 byte to netlink monitor
Jun 29 03:06:46 h3ulcb systemd-udevd[359]: dma0chan15: Device processed (SEQNUM=4247, ACTION=add)
Jun 29 03:06:46 h3ulcb systemd-udevd[339]: dma0chan4: Processing device (SEQNUM=4250, ACTION=add)
Jun 29 03:06:46 h3ulcb systemd-udevd[367]: dma0chan2: sd-device-monitor: Passed 184 byte to netlink monitor
Jun 29 03:06:46 h3ulcb systemd-udevd[359]: dma0chan15: sd-device-monitor: Passed 185 byte to netlink monitor
Jun 29 03:06:46 h3ulcb systemd-udevd[331]: dma0chan5: Device is queued (SEQNUM=4251, ACTION=add)
Jun 29 03:06:46 h3ulcb systemd-udevd[375]: dma0chan3: Device processed (SEQNUM=4249, ACTION=add)
Jun 29 03:06:46 h3ulcb systemd-udevd[331]: dma0chan5: Device ready for processing (SEQNUM=4251, ACTION=add)
Jun 29 03:06:46 h3ulcb systemd-udevd[375]: dma0chan3: sd-device-monitor: Passed 184 byte to netlink monitor
Jun 29 03:06:46 h3ulcb systemd-udevd[331]: dma0chan5: sd-device-monitor: Passed 184 byte to netlink monitor
Jun 29 03:06:46 h3ulcb systemd-udevd[337]: dma0chan5: Processing device (SEQNUM=4251, ACTION=add)
Jun 29 03:06:46 h3ulcb systemd-udevd[331]: dma0chan6: Device is queued (SEQNUM=4252, ACTION=add)
Jun 29 03:06:46 h3ulcb systemd-udevd[331]: dma0chan6: Device ready for processing (SEQNUM=4252, ACTION=add)
Jun 29 03:06:46 h3ulcb systemd-udevd[331]: dma0chan6: sd-device-monitor: Passed 184 byte to netlink monitor
Jun 29 03:06:46 h3ulcb systemd-udevd[359]: dma0chan6: Processing device (SEQNUM=4252, ACTION=add)
Jun 29 03:06:46 h3ulcb systemd-udevd[339]: dma0chan4: Device processed (SEQNUM=4250, ACTION=add)
Jun 29 03:06:46 h3ulcb systemd-udevd[331]: dma0chan7: Device is queued (SEQNUM=4253, ACTION=add)
Jun 29 03:06:46 h3ulcb systemd-udevd[339]: dma0chan4: sd-device-monitor: Passed 184 byte to netlink monitor
Jun 29 03:06:46 h3ulcb systemd-udevd[331]: dma0chan7: Device ready for processing (SEQNUM=4253, ACTION=add)
Jun 29 03:06:46 h3ulcb systemd-udevd[337]: dma0chan5: Device processed (SEQNUM=4251, ACTION=add)
Jun 29 03:06:46 h3ulcb systemd-udevd[331]: dma0chan7: sd-device-monitor: Passed 184 byte to netlink monitor
Jun 29 03:06:46 h3ulcb systemd-udevd[367]: dma0chan7: Processing device (SEQNUM=4253, ACTION=add)
Jun 29 03:06:46 h3ulcb systemd-udevd[337]: dma0chan5: sd-device-monitor: Passed 184 byte to netlink monitor
Jun 29 03:06:46 h3ulcb systemd-udevd[331]: dma0chan8: Device is queued (SEQNUM=4254, ACTION=add)
Jun 29 03:06:46 h3ulcb systemd-udevd[331]: dma0chan8: Device ready for processing (SEQNUM=4254, ACTION=add)
Jun 29 03:06:46 h3ulcb systemd-udevd[331]: dma0chan8: sd-device-monitor: Passed 184 byte to netlink monitor
Jun 29 03:06:46 h3ulcb systemd-udevd[339]: dma0chan8: Processing device (SEQNUM=4254, ACTION=add)
Jun 29 03:06:46 h3ulcb systemd-udevd[359]: dma0chan6: Device processed (SEQNUM=4252, ACTION=add)
Jun 29 03:06:46 h3ulcb systemd-udevd[331]: dma0chan9: Device is queued (SEQNUM=4255, ACTION=add)
Jun 29 03:06:46 h3ulcb systemd-udevd[359]: dma0chan6: sd-device-monitor: Passed 184 byte to netlink monitor
Jun 29 03:06:46 h3ulcb systemd-udevd[367]: dma0chan7: Device processed (SEQNUM=4253, ACTION=add)
Jun 29 03:06:46 h3ulcb systemd-udevd[331]: dma0chan9: Device ready for processing (SEQNUM=4255, ACTION=add)
Jun 29 03:06:46 h3ulcb systemd-udevd[375]: dma0chan9: Processing device (SEQNUM=4255, ACTION=add)
Jun 29 03:06:46 h3ulcb systemd-udevd[331]: dma0chan9: sd-device-monitor: Passed 184 byte to netlink monitor
Jun 29 03:06:46 h3ulcb systemd-udevd[367]: dma0chan7: sd-device-monitor: Passed 184 byte to netlink monitor
Jun 29 03:06:46 h3ulcb systemd-udevd[331]: e67b0000.iommu: Device is queued (SEQNUM=4256, ACTION=add)
Jun 29 03:06:46 h3ulcb systemd-udevd[331]: e67b0000.iommu: Device ready for processing (SEQNUM=4256, ACTION=add)
Jun 29 03:06:46 h3ulcb systemd-udevd[331]: e67b0000.iommu: sd-device-monitor: Passed 334 byte to netlink monitor
Jun 29 03:06:46 h3ulcb systemd-udevd[359]: e67b0000.iommu: Processing device (SEQNUM=4256, ACTION=add)
Jun 29 03:06:46 h3ulcb systemd-udevd[339]: dma0chan8: Device processed (SEQNUM=4254, ACTION=add)
Jun 29 03:06:46 h3ulcb systemd-udevd[375]: dma0chan9: Device processed (SEQNUM=4255, ACTION=add)
Jun 29 03:06:46 h3ulcb systemd-udevd[339]: dma0chan8: sd-device-monitor: Passed 184 byte to netlink monitor
Jun 29 03:06:46 h3ulcb systemd-udevd[331]: e67e0000.qos: Device is queued (SEQNUM=4257, ACTION=add)
Jun 29 03:06:46 h3ulcb systemd-udevd[359]: e67b0000.iommu: /usr/lib/udev/rules.d/50-udev-default.rules:14 Importing properties from results of builtin command 'hwdb --subsystem=platform'
Jun 29 03:06:46 h3ulcb systemd-udevd[375]: dma0chan9: sd-device-monitor: Passed 184 byte to netlink monitor
Jun 29 03:06:46 h3ulcb systemd-udevd[331]: e67e0000.qos: Device ready for processing (SEQNUM=4257, ACTION=add)
Jun 29 03:06:46 h3ulcb systemd-udevd[359]: e67b0000.iommu: hwdb modalias key: "of:NiommuT(null)Crenesas,ipmmu-r8a7795"
Jun 29 03:06:46 h3ulcb systemd-udevd[331]: e67e0000.qos: sd-device-monitor: Passed 288 byte to netlink monitor
Jun 29 03:06:46 h3ulcb systemd-udevd[367]: e67e0000.qos: Processing device (SEQNUM=4257, ACTION=add)
Jun 29 03:06:46 h3ulcb systemd-udevd[359]: e67b0000.iommu: hwdb modalias key: "of:NsocT(null)Csimple-bus"
Jun 29 03:06:46 h3ulcb systemd-udevd[367]: e67e0000.qos: /usr/lib/udev/rules.d/50-udev-default.rules:14 Importing properties from results of builtin command 'hwdb --subsystem=platform'
Jun 29 03:06:46 h3ulcb systemd-udevd[367]: e67e0000.qos: hwdb modalias key: "of:NqosT(null)Crenesas,qos"
Jun 29 03:06:46 h3ulcb systemd-udevd[331]: e6800000.ethernet: Device is queued (SEQNUM=4258, ACTION=add)
Jun 29 03:06:46 h3ulcb systemd-udevd[359]: e67b0000.iommu: No entry found from hwdb.
Jun 29 03:06:46 h3ulcb systemd-udevd[331]: e6800000.ethernet: Device ready for processing (SEQNUM=4258, ACTION=add)
Jun 29 03:06:46 h3ulcb systemd-udevd[359]: e67b0000.iommu: /usr/lib/udev/rules.d/50-udev-default.rules:14 Failed to run builtin 'hwdb --subsystem=platform': No data available
Jun 29 03:06:46 h3ulcb systemd-udevd[359]: e67b0000.iommu: /usr/lib/udev/rules.d/60-drm.rules:3 Importing properties from results of builtin command 'path_id'
Jun 29 03:06:46 h3ulcb systemd-udevd[331]: e6800000.ethernet: sd-device-monitor: Passed 437 byte to netlink monitor
Jun 29 03:06:46 h3ulcb systemd-udevd[359]: e67b0000.iommu: /usr/lib/udev/rules.d/80-drivers.rules:5 RUN 'kmod load '$env{MODALIAS}''
Jun 29 03:06:46 h3ulcb systemd-udevd[367]: e67e0000.qos: hwdb modalias key: "of:NsocT(null)Csimple-bus"
Jun 29 03:06:46 h3ulcb systemd-udevd[339]: e6800000.ethernet: Processing device (SEQNUM=4258, ACTION=add)
Jun 29 03:06:46 h3ulcb systemd-udevd[367]: e67e0000.qos: No entry found from hwdb.
Jun 29 03:06:46 h3ulcb systemd-udevd[331]: e6800000.ethernet-ffffffff: Device is queued (SEQNUM=4259, ACTION=add)
Jun 29 03:06:46 h3ulcb systemd-udevd[367]: e67e0000.qos: /usr/lib/udev/rules.d/50-udev-default.rules:14 Failed to run builtin 'hwdb --subsystem=platform': No data available
Jun 29 03:06:46 h3ulcb systemd-udevd[339]: e6800000.ethernet: /usr/lib/udev/rules.d/50-udev-default.rules:14 Importing properties from results of builtin command 'hwdb --subsystem=platform'
Jun 29 03:06:46 h3ulcb systemd-udevd[359]: e67b0000.iommu: sd-device: Created db file '/run/udev/data/+platform:e67b0000.iommu' for '/devices/platform/soc/e67b0000.iommu'
Jun 29 03:06:46 h3ulcb systemd-udevd[331]: e6800000.ethernet-ffffffff: SEQNUM=4259 blocked by SEQNUM=4258
Jun 29 03:06:46 h3ulcb systemd-udevd[367]: e67e0000.qos: /usr/lib/udev/rules.d/60-drm.rules:3 Importing properties from results of builtin command 'path_id'
Jun 29 03:06:46 h3ulcb systemd-udevd[339]: e6800000.ethernet: hwdb modalias key: "of:NethernetT(null)Crenesas,etheravb-r8a7795Crenesas,etheravb-rcar-gen3"
Jun 29 03:06:46 h3ulcb systemd-udevd[359]: e67b0000.iommu: Running built-in command "kmod load 'of:NiommuT(null)Crenesas,ipmmu-r8a7795'"
Jun 29 03:06:46 h3ulcb systemd-udevd[367]: e67e0000.qos: /usr/lib/udev/rules.d/80-drivers.rules:5 RUN 'kmod load '$env{MODALIAS}''
Jun 29 03:06:46 h3ulcb systemd-udevd[331]: e6800000.ethernet-ffffffff:00: Device is queued (SEQNUM=4260, ACTION=add)
Jun 29 03:06:46 h3ulcb systemd-udevd[359]: Loading module: of:NiommuT(null)Crenesas,ipmmu-r8a7795
Jun 29 03:06:46 h3ulcb systemd-udevd[339]: e6800000.ethernet: hwdb modalias key: "of:NsocT(null)Csimple-bus"
Jun 29 03:06:46 h3ulcb systemd-udevd[331]: e6800000.ethernet-ffffffff:00: SEQNUM=4260 blocked by SEQNUM=4258
Jun 29 03:06:46 h3ulcb systemd-udevd[367]: e67e0000.qos: sd-device: Created db file '/run/udev/data/+platform:e67e0000.qos' for '/devices/platform/soc/e67e0000.qos'
Jun 29 03:06:46 h3ulcb systemd-udevd[339]: e6800000.ethernet: No entry found from hwdb.
Jun 29 03:06:46 h3ulcb systemd[1]: systemd-networkd.socket: Incoming traffic
Jun 29 03:06:46 h3ulcb systemd-udevd[367]: e67e0000.qos: Running built-in command "kmod load 'of:NqosT(null)Crenesas,qos'"
Jun 29 03:06:46 h3ulcb systemd-udevd[331]: eth0: Device is queued (SEQNUM=4261, ACTION=add)
Jun 29 03:06:46 h3ulcb systemd-udevd[339]: e6800000.ethernet: /usr/lib/udev/rules.d/50-udev-default.rules:14 Failed to run builtin 'hwdb --subsystem=platform': No data available
Jun 29 03:06:46 h3ulcb systemd[1]: systemd-networkd.socket: Changed listening -> running
Jun 29 03:06:46 h3ulcb systemd-udevd[367]: Loading module: of:NqosT(null)Crenesas,qos
Jun 29 03:06:46 h3ulcb systemd-udevd[331]: eth0: SEQNUM=4261 blocked by SEQNUM=4258
Jun 29 03:06:46 h3ulcb systemd-udevd[339]: e6800000.ethernet: /usr/lib/udev/rules.d/60-drm.rules:3 Importing properties from results of builtin command 'path_id'
Jun 29 03:06:46 h3ulcb systemd-udevd[331]: ptp0: Device is queued (SEQNUM=4262, ACTION=add)
Jun 29 03:06:46 h3ulcb systemd-udevd[339]: e6800000.ethernet: /usr/lib/udev/rules.d/80-drivers.rules:5 RUN 'kmod load '$env{MODALIAS}''
Jun 29 03:06:46 h3ulcb systemd-udevd[331]: ptp0: SEQNUM=4262 blocked by SEQNUM=4258
Jun 29 03:06:46 h3ulcb systemd-udevd[359]: Module 'uio_pdrv_genirq' is already loaded
Jun 29 03:06:46 h3ulcb systemd-udevd[359]: Module 'uio_pdrv_genirq' is already loaded
Jun 29 03:06:46 h3ulcb systemd-udevd[339]: e6800000.ethernet: sd-device: Created db file '/run/udev/data/+platform:e6800000.ethernet' for '/devices/platform/soc/e6800000.ethernet'
Jun 29 03:06:46 h3ulcb systemd-udevd[359]: e67b0000.iommu: Device processed (SEQNUM=4256, ACTION=add)
Jun 29 03:06:46 h3ulcb systemd-udevd[359]: e67b0000.iommu: sd-device-monitor: Passed 402 byte to netlink monitor
Jun 29 03:06:46 h3ulcb systemd-udevd[339]: e6800000.ethernet: Running built-in command "kmod load 'of:NethernetT(null)Crenesas,etheravb-r8a7795Crenesas,etheravb-rcar-gen3'"
Jun 29 03:06:46 h3ulcb systemd-udevd[331]: e6e68000.serial: Device is queued (SEQNUM=4263, ACTION=add)
Jun 29 03:06:46 h3ulcb systemd-udevd[339]: Loading module: of:NethernetT(null)Crenesas,etheravb-r8a7795Crenesas,etheravb-rcar-gen3
Jun 29 03:06:46 h3ulcb systemd-udevd[331]: e6e68000.serial: Device ready for processing (SEQNUM=4263, ACTION=add)
Jun 29 03:06:46 h3ulcb systemd-udevd[331]: e6e68000.serial: sd-device-monitor: Passed 455 byte to netlink monitor
Jun 29 03:06:46 h3ulcb systemd-udevd[375]: e6e68000.serial: Processing device (SEQNUM=4263, ACTION=add)
Jun 29 03:06:46 h3ulcb systemd-udevd[375]: e6e68000.serial: /usr/lib/udev/rules.d/50-udev-default.rules:14 Importing properties from results of builtin command 'hwdb --subsystem=platform'
Jun 29 03:06:46 h3ulcb systemd-udevd[375]: e6e68000.serial: hwdb modalias key: "of:NserialT(null)Crenesas,scif-r8a7795Crenesas,rcar-gen3-scifCrenesas,scif"
Jun 29 03:06:46 h3ulcb systemd-udevd[331]: ttySC1: Device is queued (SEQNUM=4264, ACTION=add)
Jun 29 03:06:46 h3ulcb systemd-udevd[375]: e6e68000.serial: hwdb modalias key: "of:NsocT(null)Csimple-bus"
Jun 29 03:06:46 h3ulcb systemd-udevd[331]: ttySC1: SEQNUM=4264 blocked by SEQNUM=4263
Jun 29 03:06:46 h3ulcb systemd-udevd[367]: Module 'uio_pdrv_genirq' is already loaded
Jun 29 03:06:46 h3ulcb systemd-udevd[375]: e6e68000.serial: No entry found from hwdb.
Jun 29 03:06:46 h3ulcb systemd-udevd[367]: Module 'uio_pdrv_genirq' is already loaded
Jun 29 03:06:46 h3ulcb systemd-udevd[375]: e6e68000.serial: /usr/lib/udev/rules.d/50-udev-default.rules:14 Failed to run builtin 'hwdb --subsystem=platform': No data available
Jun 29 03:06:46 h3ulcb systemd-udevd[331]: e6e88000.serial: Device is queued (SEQNUM=4265, ACTION=add)
Jun 29 03:06:46 h3ulcb systemd-udevd[339]: Module 'uio_pdrv_genirq' is already loaded
Jun 29 03:06:46 h3ulcb systemd-udevd[367]: e67e0000.qos: Device processed (SEQNUM=4257, ACTION=add)
Jun 29 03:06:46 h3ulcb systemd-udevd[375]: e6e68000.serial: /usr/lib/udev/rules.d/60-drm.rules:3 Importing properties from results of builtin command 'path_id'
Jun 29 03:06:46 h3ulcb systemd-udevd[331]: e6e88000.serial: Device ready for processing (SEQNUM=4265, ACTION=add)
Jun 29 03:06:46 h3ulcb systemd-udevd[339]: Module 'uio_pdrv_genirq' is already loaded
Jun 29 03:06:46 h3ulcb systemd-udevd[367]: e67e0000.qos: sd-device-monitor: Passed 352 byte to netlink monitor
Jun 29 03:06:46 h3ulcb systemd-udevd[375]: e6e68000.serial: /usr/lib/udev/rules.d/80-drivers.rules:5 RUN 'kmod load '$env{MODALIAS}''
Jun 29 03:06:46 h3ulcb systemd-udevd[331]: e6e88000.serial: sd-device-monitor: Passed 455 byte to netlink monitor
Jun 29 03:06:46 h3ulcb systemd-udevd[339]: e6800000.ethernet: Device processed (SEQNUM=4258, ACTION=add)
Jun 29 03:06:46 h3ulcb systemd-udevd[359]: e6e88000.serial: Processing device (SEQNUM=4265, ACTION=add)
Jun 29 03:06:46 h3ulcb systemd-udevd[375]: e6e68000.serial: sd-device: Created db file '/run/udev/data/+platform:e6e68000.serial' for '/devices/platform/soc/e6e68000.serial'
Jun 29 03:06:46 h3ulcb systemd-udevd[339]: e6800000.ethernet: sd-device-monitor: Passed 511 byte to netlink monitor
Jun 29 03:06:46 h3ulcb systemd-udevd[331]: ttySC0: Device is queued (SEQNUM=4266, ACTION=add)
Jun 29 03:06:46 h3ulcb systemd-udevd[375]: e6e68000.serial: Running built-in command "kmod load 'of:NserialT(null)Crenesas,scif-r8a7795Crenesas,rcar-gen3-scifCrenesas,scif'"
Jun 29 03:06:46 h3ulcb systemd-udevd[359]: e6e88000.serial: /usr/lib/udev/rules.d/50-udev-default.rules:14 Importing properties from results of builtin command 'hwdb --subsystem=platform'
Jun 29 03:06:46 h3ulcb systemd-udevd[331]: ttySC0: SEQNUM=4266 blocked by SEQNUM=4265
Jun 29 03:06:46 h3ulcb systemd-udevd[375]: Loading module: of:NserialT(null)Crenesas,scif-r8a7795Crenesas,rcar-gen3-scifCrenesas,scif
Jun 29 03:06:46 h3ulcb systemd-udevd[359]: e6e88000.serial: hwdb modalias key: "of:NserialT(null)Crenesas,scif-r8a7795Crenesas,rcar-gen3-scifCrenesas,scif"
Jun 29 03:06:46 h3ulcb systemd-udevd[331]: e6800000.ethernet-ffffffff: Device ready for processing (SEQNUM=4259, ACTION=add)
Jun 29 03:06:46 h3ulcb systemd-udevd[331]: e6800000.ethernet-ffffffff: sd-device-monitor: Passed 380 byte to netlink monitor
Jun 29 03:06:46 h3ulcb systemd-udevd[339]: e6800000.ethernet-ffffffff: Processing device (SEQNUM=4259, ACTION=add)
Jun 29 03:06:46 h3ulcb systemd-udevd[331]: e6800000.ethernet-ffffffff:00: SEQNUM=4260 blocked by SEQNUM=4259
Jun 29 03:06:46 h3ulcb systemd-udevd[359]: e6e88000.serial: hwdb modalias key: "of:NsocT(null)Csimple-bus"
Jun 29 03:06:46 h3ulcb systemd-udevd[331]: eth0: Device ready for processing (SEQNUM=4261, ACTION=add)
Jun 29 03:06:46 h3ulcb systemd-udevd[359]: e6e88000.serial: No entry found from hwdb.
Jun 29 03:06:46 h3ulcb systemd-udevd[331]: eth0: sd-device-monitor: Passed 198 byte to netlink monitor
Jun 29 03:06:46 h3ulcb systemd-udevd[367]: eth0: Processing device (SEQNUM=4261, ACTION=add)
Jun 29 03:06:46 h3ulcb systemd-udevd[359]: e6e88000.serial: /usr/lib/udev/rules.d/50-udev-default.rules:14 Failed to run builtin 'hwdb --subsystem=platform': No data available
Jun 29 03:06:46 h3ulcb systemd-udevd[331]: ptp0: Device ready for processing (SEQNUM=4262, ACTION=add)
Jun 29 03:06:46 h3ulcb systemd-udevd[359]: e6e88000.serial: /usr/lib/udev/rules.d/60-drm.rules:3 Importing properties from results of builtin command 'path_id'
Jun 29 03:06:46 h3ulcb systemd-udevd[339]: e6800000.ethernet-ffffffff: Device processed (SEQNUM=4259, ACTION=add)
Jun 29 03:06:46 h3ulcb systemd-udevd[359]: e6e88000.serial: /usr/lib/udev/rules.d/80-drivers.rules:5 RUN 'kmod load '$env{MODALIAS}''
Jun 29 03:06:46 h3ulcb systemd-udevd[337]: ptp0: Processing device (SEQNUM=4262, ACTION=add)
Jun 29 03:06:46 h3ulcb systemd-udevd[375]: Module 'uio_pdrv_genirq' is already loaded
Jun 29 03:06:46 h3ulcb systemd-udevd[339]: e6800000.ethernet-ffffffff: sd-device-monitor: Passed 380 byte to netlink monitor
Jun 29 03:06:46 h3ulcb systemd-udevd[331]: ptp0: sd-device-monitor: Passed 209 byte to netlink monitor
Jun 29 03:06:46 h3ulcb systemd-udevd[337]: ptp0: Failed to get watch handle, ignoring: No such file or directory
Jun 29 03:06:46 h3ulcb systemd-udevd[375]: Module 'uio_pdrv_genirq' is already loaded
Jun 29 03:06:46 h3ulcb systemd-udevd[331]: e6ef0000.video: Device is queued (SEQNUM=4267, ACTION=add)
Jun 29 03:06:46 h3ulcb systemd-udevd[359]: e6e88000.serial: sd-device: Created db file '/run/udev/data/+platform:e6e88000.serial' for '/devices/platform/soc/e6e88000.serial'
Jun 29 03:06:46 h3ulcb systemd-udevd[375]: e6e68000.serial: Device processed (SEQNUM=4263, ACTION=add)
Jun 29 03:06:46 h3ulcb systemd-udevd[367]: eth0: /usr/lib/udev/rules.d/75-net-description.rules:6 Importing properties from results of builtin command 'net_id'
Jun 29 03:06:46 h3ulcb systemd-udevd[331]: e6ef0000.video: Device ready for processing (SEQNUM=4267, ACTION=add)
Jun 29 03:06:46 h3ulcb systemd-udevd[359]: e6e88000.serial: Running built-in command "kmod load 'of:NserialT(null)Crenesas,scif-r8a7795Crenesas,rcar-gen3-scifCrenesas,scif'"
Jun 29 03:06:46 h3ulcb systemd-udevd[375]: e6e68000.serial: sd-device-monitor: Passed 525 byte to netlink monitor
Jun 29 03:06:46 h3ulcb systemd-udevd[331]: e6ef0000.video: sd-device-monitor: Passed 328 byte to netlink monitor
Jun 29 03:06:46 h3ulcb systemd-udevd[359]: Loading module: of:NserialT(null)Crenesas,scif-r8a7795Crenesas,rcar-gen3-scifCrenesas,scif
Jun 29 03:06:46 h3ulcb systemd-udevd[336]: e6ef0000.video: Processing device (SEQNUM=4267, ACTION=add)
Jun 29 03:06:46 h3ulcb systemd-udevd[367]: Using default interface naming scheme 'v250'.
Jun 29 03:06:46 h3ulcb systemd-udevd[337]: ptp0: Preserve permissions of /dev/ptp0, uid=0, gid=0, mode=0600
Jun 29 03:06:46 h3ulcb systemd-udevd[331]: e6800000.ethernet-ffffffff:00: Device ready for processing (SEQNUM=4260, ACTION=add)
Jun 29 03:06:46 h3ulcb systemd-udevd[336]: e6ef0000.video: /usr/lib/udev/rules.d/50-udev-default.rules:14 Importing properties from results of builtin command 'hwdb --subsystem=platform'
Jun 29 03:06:46 h3ulcb systemd-udevd[337]: ptp0: Handling device node '/dev/ptp0', devnum=c247:0
Jun 29 03:06:46 h3ulcb systemd-udevd[367]: eth0: MAC address identifier: hw_addr=00:80:45:1b:40:7b → x0080451b407b
Jun 29 03:06:46 h3ulcb systemd-udevd[331]: e6800000.ethernet-ffffffff:00: sd-device-monitor: Passed 403 byte to netlink monitor
Jun 29 03:06:46 h3ulcb systemd-udevd[339]: e6800000.ethernet-ffffffff:00: Processing device (SEQNUM=4260, ACTION=add)
Jun 29 03:06:46 h3ulcb systemd-udevd[336]: e6ef0000.video: hwdb modalias key: "of:NvideoT(null)Crenesas,vin-r8a7795"
Jun 29 03:06:46 h3ulcb systemd-udevd[337]: ptp0: sd-device: Created empty file '/run/udev/data/c247:0' for '/devices/platform/soc/e6800000.ethernet/ptp/ptp0'
Jun 29 03:06:46 h3ulcb systemd-udevd[331]: ttySC1: Device ready for processing (SEQNUM=4264, ACTION=add)
Jun 29 03:06:46 h3ulcb systemd-udevd[339]: e6800000.ethernet-ffffffff:00: /usr/lib/udev/rules.d/50-udev-default.rules:14 Importing properties from results of builtin command 'hwdb --subsystem=mdio_bus'
Jun 29 03:06:46 h3ulcb systemd-udevd[337]: ptp0: Failed to get watch handle, ignoring: No such file or directory
Jun 29 03:06:46 h3ulcb systemd-udevd[336]: e6ef0000.video: hwdb modalias key: "of:NsocT(null)Csimple-bus"
Jun 29 03:06:46 h3ulcb systemd-udevd[331]: ttySC1: sd-device-monitor: Passed 211 byte to netlink monitor
Jun 29 03:06:46 h3ulcb systemd-udevd[375]: ttySC1: Processing device (SEQNUM=4264, ACTION=add)
Jun 29 03:06:46 h3ulcb systemd-udevd[339]: e6800000.ethernet-ffffffff:00: hwdb modalias key: "of:Nethernet-phyT(null)"
Jun 29 03:06:46 h3ulcb systemd-udevd[337]: ptp0: Device processed (SEQNUM=4262, ACTION=add)
Jun 29 03:06:46 h3ulcb systemd-udevd[336]: e6ef0000.video: No entry found from hwdb.
Jun 29 03:06:46 h3ulcb systemd-udevd[375]: ttySC1: Failed to get watch handle, ignoring: No such file or directory
Jun 29 03:06:46 h3ulcb systemd-udevd[331]: media0: Device is queued (SEQNUM=4268, ACTION=add)
Jun 29 03:06:46 h3ulcb systemd-udevd[337]: ptp0: sd-device-monitor: Passed 209 byte to netlink monitor
Jun 29 03:06:46 h3ulcb systemd-udevd[336]: e6ef0000.video: /usr/lib/udev/rules.d/50-udev-default.rules:14 Failed to run builtin 'hwdb --subsystem=platform': No data available
Jun 29 03:06:46 h3ulcb systemd-udevd[336]: e6ef0000.video: /usr/lib/udev/rules.d/60-drm.rules:3 Importing properties from results of builtin command 'path_id'
Jun 29 03:06:46 h3ulcb systemd-udevd[339]: e6800000.ethernet-ffffffff:00: No entry found from hwdb.
Jun 29 03:06:46 h3ulcb systemd-udevd[331]: media0: SEQNUM=4268 blocked by SEQNUM=4267
Jun 29 03:06:46 h3ulcb systemd-udevd[375]: ttySC1: /usr/lib/udev/rules.d/50-udev-default.rules:26 GROUP 20
Jun 29 03:06:46 h3ulcb systemd-udevd[336]: e6ef0000.video: /usr/lib/udev/rules.d/80-drivers.rules:5 RUN 'kmod load '$env{MODALIAS}''
Jun 29 03:06:46 h3ulcb systemd-udevd[339]: e6800000.ethernet-ffffffff:00: /usr/lib/udev/rules.d/50-udev-default.rules:14 Failed to run builtin 'hwdb --subsystem=mdio_bus': No data available
Jun 29 03:06:46 h3ulcb systemd-udevd[331]: video0: Device is queued (SEQNUM=4269, ACTION=add)
Jun 29 03:06:46 h3ulcb systemd-udevd[359]: Module 'uio_pdrv_genirq' is already loaded
Jun 29 03:06:46 h3ulcb systemd-udevd[336]: e6ef0000.video: sd-device: Created db file '/run/udev/data/+platform:e6ef0000.video' for '/devices/platform/soc/e6ef0000.video'
Jun 29 03:06:46 h3ulcb systemd-udevd[339]: e6800000.ethernet-ffffffff:00: /usr/lib/udev/rules.d/80-drivers.rules:5 RUN 'kmod load '$env{MODALIAS}''
Jun 29 03:06:46 h3ulcb systemd-udevd[375]: ttySC1: Setting permissions /dev/ttySC1, uid=0, gid=20, mode=0660
Jun 29 03:06:46 h3ulcb systemd-udevd[359]: Module 'uio_pdrv_genirq' is already loaded
Jun 29 03:06:46 h3ulcb systemd-udevd[331]: video0: SEQNUM=4269 blocked by SEQNUM=4267
Jun 29 03:06:46 h3ulcb systemd-udevd[336]: e6ef0000.video: Running built-in command "kmod load 'of:NvideoT(null)Crenesas,vin-r8a7795'"
Jun 29 03:06:46 h3ulcb systemd-udevd[375]: ttySC1: Handling device node '/dev/ttySC1', devnum=c204:9
Jun 29 03:06:46 h3ulcb systemd-udevd[339]: e6800000.ethernet-ffffffff:00: Running built-in command "kmod load 'of:Nethernet-phyT(null)'"
Jun 29 03:06:46 h3ulcb systemd-udevd[375]: ttySC1: sd-device: Created db file '/run/udev/data/c204:9' for '/devices/platform/soc/e6e68000.serial/tty/ttySC1'
Jun 29 03:06:46 h3ulcb systemd-udevd[336]: Loading module: of:NvideoT(null)Crenesas,vin-r8a7795
Jun 29 03:06:46 h3ulcb systemd-udevd[331]: e6ef1000.video: Device is queued (SEQNUM=4270, ACTION=add)
Jun 29 03:06:46 h3ulcb systemd-udevd[339]: Loading module: of:Nethernet-phyT(null)
Jun 29 03:06:46 h3ulcb systemd-udevd[359]: e6e88000.serial: Device processed (SEQNUM=4265, ACTION=add)
Jun 29 03:06:46 h3ulcb systemd-udevd[375]: ttySC1: Failed to get watch handle, ignoring: No such file or directory
Jun 29 03:06:46 h3ulcb systemd-udevd[331]: e6ef1000.video: Device ready for processing (SEQNUM=4270, ACTION=add)
Jun 29 03:06:46 h3ulcb systemd-udevd[359]: e6e88000.serial: sd-device-monitor: Passed 525 byte to netlink monitor
Jun 29 03:06:46 h3ulcb systemd-udevd[375]: ttySC1: Device processed (SEQNUM=4264, ACTION=add)
Jun 29 03:06:46 h3ulcb systemd-udevd[331]: e6ef1000.video: sd-device-monitor: Passed 328 byte to netlink monitor
Jun 29 03:06:46 h3ulcb systemd-udevd[337]: e6ef1000.video: Processing device (SEQNUM=4270, ACTION=add)
Jun 29 03:06:46 h3ulcb systemd-udevd[375]: ttySC1: sd-device-monitor: Passed 249 byte to netlink monitor
Jun 29 03:06:46 h3ulcb systemd-udevd[331]: ttySC0: Device ready for processing (SEQNUM=4266, ACTION=add)
Jun 29 03:06:46 h3ulcb systemd-udevd[337]: e6ef1000.video: /usr/lib/udev/rules.d/50-udev-default.rules:14 Importing properties from results of builtin command 'hwdb --subsystem=platform'
Jun 29 03:06:46 h3ulcb systemd-udevd[339]: Module 'uio_pdrv_genirq' is already loaded
Jun 29 03:06:46 h3ulcb systemd-udevd[331]: ttySC0: sd-device-monitor: Passed 211 byte to netlink monitor
Jun 29 03:06:46 h3ulcb systemd-udevd[337]: e6ef1000.video: hwdb modalias key: "of:NvideoT(null)Crenesas,vin-r8a7795"
Jun 29 03:06:46 h3ulcb systemd-udevd[359]: ttySC0: Processing device (SEQNUM=4266, ACTION=add)
Jun 29 03:06:46 h3ulcb systemd-udevd[339]: e6800000.ethernet-ffffffff:00: Device processed (SEQNUM=4260, ACTION=add)
Jun 29 03:06:46 h3ulcb systemd-udevd[331]: video1: Device is queued (SEQNUM=4271, ACTION=add)
Jun 29 03:06:46 h3ulcb systemd-udevd[359]: ttySC0: Failed to get watch handle, ignoring: No such file or directory
Jun 29 03:06:46 h3ulcb systemd-udevd[337]: e6ef1000.video: hwdb modalias key: "of:NsocT(null)Csimple-bus"
Jun 29 03:06:46 h3ulcb systemd-udevd[339]: e6800000.ethernet-ffffffff:00: sd-device-monitor: Passed 403 byte to netlink monitor
Jun 29 03:06:46 h3ulcb systemd-udevd[331]: video1: SEQNUM=4271 blocked by SEQNUM=4270
Jun 29 03:06:46 h3ulcb systemd-udevd[337]: e6ef1000.video: No entry found from hwdb.
Jun 29 03:06:46 h3ulcb systemd-udevd[336]: Module 'uio_pdrv_genirq' is already loaded
Jun 29 03:06:46 h3ulcb systemd-udevd[359]: ttySC0: /usr/lib/udev/rules.d/50-udev-default.rules:26 GROUP 20
Jun 29 03:06:46 h3ulcb systemd-udevd[337]: e6ef1000.video: /usr/lib/udev/rules.d/50-udev-default.rules:14 Failed to run builtin 'hwdb --subsystem=platform': No data available
Jun 29 03:06:46 h3ulcb systemd-udevd[336]: Module 'uio_pdrv_genirq' is already loaded
Jun 29 03:06:46 h3ulcb systemd-udevd[331]: e6ef2000.video: Device is queued (SEQNUM=4272, ACTION=add)
Jun 29 03:06:46 h3ulcb systemd-udevd[337]: e6ef1000.video: /usr/lib/udev/rules.d/60-drm.rules:3 Importing properties from results of builtin command 'path_id'
Jun 29 03:06:46 h3ulcb systemd-udevd[336]: e6ef0000.video: Device processed (SEQNUM=4267, ACTION=add)
Jun 29 03:06:46 h3ulcb systemd-udevd[331]: e6ef2000.video: Device ready for processing (SEQNUM=4272, ACTION=add)
Jun 29 03:06:46 h3ulcb systemd-udevd[359]: ttySC0: Setting permissions /dev/ttySC0, uid=0, gid=20, mode=0660
Jun 29 03:06:46 h3ulcb systemd-udevd[337]: e6ef1000.video: /usr/lib/udev/rules.d/80-drivers.rules:5 RUN 'kmod load '$env{MODALIAS}''
Jun 29 03:06:46 h3ulcb systemd-udevd[336]: e6ef0000.video: sd-device-monitor: Passed 396 byte to netlink monitor
Jun 29 03:06:46 h3ulcb systemd-udevd[331]: e6ef2000.video: sd-device-monitor: Passed 328 byte to netlink monitor
Jun 29 03:06:46 h3ulcb systemd-udevd[331]: media0: Device ready for processing (SEQNUM=4268, ACTION=add)
Jun 29 03:06:46 h3ulcb systemd[1]: dev-ttySC1.device: Changed dead -> plugged
Jun 29 03:06:46 h3ulcb systemd-udevd[337]: e6ef1000.video: sd-device: Created db file '/run/udev/data/+platform:e6ef1000.video' for '/devices/platform/soc/e6ef1000.video'
Jun 29 03:06:46 h3ulcb systemd-udevd[339]: e6ef2000.video: Processing device (SEQNUM=4272, ACTION=add)
Jun 29 03:06:46 h3ulcb systemd-udevd[331]: media0: sd-device-monitor: Passed 208 byte to netlink monitor
Jun 29 03:06:46 h3ulcb systemd-udevd[359]: ttySC0: Handling device node '/dev/ttySC0', devnum=c204:8
Jun 29 03:06:46 h3ulcb systemd-udevd[375]: media0: Processing device (SEQNUM=4268, ACTION=add)
Jun 29 03:06:46 h3ulcb systemd-udevd[359]: ttySC0: sd-device: Created db file '/run/udev/data/c204:8' for '/devices/platform/soc/e6e88000.serial/tty/ttySC0'
Jun 29 03:06:46 h3ulcb systemd-udevd[337]: e6ef1000.video: Running built-in command "kmod load 'of:NvideoT(null)Crenesas,vin-r8a7795'"
Jun 29 03:06:46 h3ulcb systemd-udevd[331]: video0: Device ready for processing (SEQNUM=4269, ACTION=add)
Jun 29 03:06:46 h3ulcb systemd-udevd[339]: e6ef2000.video: /usr/lib/udev/rules.d/50-udev-default.rules:14 Importing properties from results of builtin command 'hwdb --subsystem=platform'
Jun 29 03:06:46 h3ulcb systemd-udevd[375]: media0: Failed to get watch handle, ignoring: No such file or directory
Jun 29 03:06:46 h3ulcb systemd[1]: sys-devices-platform-soc-e6e68000.serial-tty-ttySC1.device: Changed dead -> plugged
Jun 29 03:06:46 h3ulcb systemd-udevd[359]: ttySC0: Failed to get watch handle, ignoring: No such file or directory
Jun 29 03:06:46 h3ulcb systemd-udevd[331]: video0: sd-device-monitor: Passed 225 byte to netlink monitor
Jun 29 03:06:46 h3ulcb systemd-udevd[339]: e6ef2000.video: hwdb modalias key: "of:NvideoT(null)Crenesas,vin-r8a7795"
Jun 29 03:06:46 h3ulcb systemd-udevd[336]: video0: Processing device (SEQNUM=4269, ACTION=add)
Jun 29 03:06:46 h3ulcb systemd-udevd[337]: Loading module: of:NvideoT(null)Crenesas,vin-r8a7795
Jun 29 03:06:46 h3ulcb systemd-udevd[375]: media0: /usr/lib/udev/rules.d/50-udev-default.rules:37 GROUP 44
Jun 29 03:06:46 h3ulcb systemd-udevd[359]: ttySC0: Device processed (SEQNUM=4266, ACTION=add)
Jun 29 03:06:46 h3ulcb systemd-udevd[359]: ttySC0: sd-device-monitor: Passed 249 byte to netlink monitor
Jun 29 03:06:46 h3ulcb systemd-udevd[336]: video0: Failed to get watch handle, ignoring: No such file or directory
Jun 29 03:06:46 h3ulcb systemd-udevd[339]: e6ef2000.video: hwdb modalias key: "of:NsocT(null)Csimple-bus"
Jun 29 03:06:46 h3ulcb systemd-udevd[375]: media0: /usr/lib/udev/rules.d/71-seat.rules:74 Importing properties from results of builtin command 'path_id'
Jun 29 03:06:46 h3ulcb systemd-udevd[331]: video2: Device is queued (SEQNUM=4273, ACTION=add)
Jun 29 03:06:46 h3ulcb systemd-udevd[336]: video0: /usr/lib/udev/rules.d/50-udev-default.rules:33 GROUP 44
Jun 29 03:06:46 h3ulcb systemd-udevd[339]: e6ef2000.video: No entry found from hwdb.
Jun 29 03:06:46 h3ulcb systemd-udevd[331]: video2: SEQNUM=4273 blocked by SEQNUM=4272
Jun 29 03:06:46 h3ulcb systemd-udevd[339]: e6ef2000.video: /usr/lib/udev/rules.d/50-udev-default.rules:14 Failed to run builtin 'hwdb --subsystem=platform': No data available
Jun 29 03:06:46 h3ulcb systemd-udevd[336]: video0: /usr/lib/udev/rules.d/60-persistent-v4l.rules:7 Importing properties from results of 'v4l_id /dev/video0'
Jun 29 03:06:46 h3ulcb systemd-udevd[337]: Module 'uio_pdrv_genirq' is already loaded
Jun 29 03:06:46 h3ulcb systemd-udevd[339]: e6ef2000.video: /usr/lib/udev/rules.d/60-drm.rules:3 Importing properties from results of builtin command 'path_id'
Jun 29 03:06:46 h3ulcb systemd-udevd[375]: media0: /usr/lib/udev/rules.d/73-seat-late.rules:16 RUN 'uaccess'
Jun 29 03:06:46 h3ulcb systemd-udevd[336]: video0: Starting 'v4l_id /dev/video0'
Jun 29 03:06:46 h3ulcb systemd-udevd[331]: e6ef3000.video: Device is queued (SEQNUM=4274, ACTION=add)
Jun 29 03:06:46 h3ulcb systemd-udevd[375]: media0: Setting permissions /dev/media0, uid=0, gid=44, mode=0660
Jun 29 03:06:46 h3ulcb systemd-udevd[339]: e6ef2000.video: /usr/lib/udev/rules.d/80-drivers.rules:5 RUN 'kmod load '$env{MODALIAS}''
Jun 29 03:06:46 h3ulcb systemd-udevd[331]: e6ef3000.video: Device ready for processing (SEQNUM=4274, ACTION=add)
Jun 29 03:06:46 h3ulcb systemd-udevd[336]: Successfully forked off '(spawn)' as PID 425.
Jun 29 03:06:46 h3ulcb systemd-udevd[375]: media0: Handling device node '/dev/media0', devnum=c250:0
Jun 29 03:06:46 h3ulcb systemd-udevd[331]: e6ef3000.video: sd-device-monitor: Passed 328 byte to netlink monitor
Jun 29 03:06:46 h3ulcb systemd-udevd[339]: e6ef2000.video: sd-device: Created db file '/run/udev/data/+platform:e6ef2000.video' for '/devices/platform/soc/e6ef2000.video'
Jun 29 03:06:46 h3ulcb systemd-udevd[337]: Module 'uio_pdrv_genirq' is already loaded
Jun 29 03:06:46 h3ulcb systemd-udevd[359]: e6ef3000.video: Processing device (SEQNUM=4274, ACTION=add)
Jun 29 03:06:46 h3ulcb systemd-udevd[339]: e6ef2000.video: Running built-in command "kmod load 'of:NvideoT(null)Crenesas,vin-r8a7795'"
Jun 29 03:06:46 h3ulcb systemd-udevd[375]: media0: sd-device: Created db file '/run/udev/data/c250:0' for '/devices/platform/soc/e6ef0000.video/media0'
Jun 29 03:06:46 h3ulcb systemd-udevd[337]: e6ef1000.video: Device processed (SEQNUM=4270, ACTION=add)
Jun 29 03:06:46 h3ulcb systemd-udevd[331]: video3: Device is queued (SEQNUM=4275, ACTION=add)
Jun 29 03:06:46 h3ulcb systemd-udevd[339]: Loading module: of:NvideoT(null)Crenesas,vin-r8a7795
Jun 29 03:06:46 h3ulcb systemd-udevd[375]: media0: Running built-in command "uaccess"
Jun 29 03:06:46 h3ulcb systemd-udevd[359]: e6ef3000.video: /usr/lib/udev/rules.d/50-udev-default.rules:14 Importing properties from results of builtin command 'hwdb --subsystem=platform'
Jun 29 03:06:46 h3ulcb systemd[1]: dev-ttySC0.device: Changed dead -> plugged
Jun 29 03:06:46 h3ulcb systemd-udevd[337]: e6ef1000.video: sd-device-monitor: Passed 396 byte to netlink monitor
Jun 29 03:06:46 h3ulcb systemd-udevd[331]: video3: SEQNUM=4275 blocked by SEQNUM=4274
Jun 29 03:06:46 h3ulcb systemd-udevd[375]: media0: Failed to apply ACL: Operation not supported
Jun 29 03:06:46 h3ulcb systemd-udevd[359]: e6ef3000.video: hwdb modalias key: "of:NvideoT(null)Crenesas,vin-r8a7795"
Jun 29 03:06:46 h3ulcb systemd[1]: sys-devices-platform-soc-e6e88000.serial-tty-ttySC0.device: Changed dead -> plugged
Jun 29 03:06:46 h3ulcb systemd-udevd[375]: media0: Failed to run built-in command "uaccess", ignoring: Operation not supported
Jun 29 03:06:46 h3ulcb systemd-udevd[331]: video1: Device ready for processing (SEQNUM=4271, ACTION=add)
Jun 29 03:06:46 h3ulcb systemd-udevd[331]: video1: sd-device-monitor: Passed 225 byte to netlink monitor
Jun 29 03:06:46 h3ulcb systemd-udevd[359]: e6ef3000.video: hwdb modalias key: "of:NsocT(null)Csimple-bus"
Jun 29 03:06:46 h3ulcb systemd-udevd[339]: Module 'uio_pdrv_genirq' is already loaded
Jun 29 03:06:46 h3ulcb systemd-udevd[337]: video1: Processing device (SEQNUM=4271, ACTION=add)
Jun 29 03:06:46 h3ulcb systemd-udevd[375]: media0: Failed to get watch handle, ignoring: No such file or directory
Jun 29 03:06:46 h3ulcb systemd-udevd[339]: Module 'uio_pdrv_genirq' is already loaded
Jun 29 03:06:46 h3ulcb systemd-udevd[359]: e6ef3000.video: No entry found from hwdb.
Jun 29 03:06:46 h3ulcb systemd-udevd[331]: e6ef4000.video: Device is queued (SEQNUM=4276, ACTION=add)
Jun 29 03:06:46 h3ulcb systemd-udevd[337]: video1: Failed to get watch handle, ignoring: No such file or directory
Jun 29 03:06:46 h3ulcb systemd-udevd[375]: media0: Device processed (SEQNUM=4268, ACTION=add)
Jun 29 03:06:46 h3ulcb systemd-udevd[375]: media0: sd-device-monitor: Passed 366 byte to netlink monitor
Jun 29 03:06:46 h3ulcb systemd-udevd[359]: e6ef3000.video: /usr/lib/udev/rules.d/50-udev-default.rules:14 Failed to run builtin 'hwdb --subsystem=platform': No data available
Jun 29 03:06:46 h3ulcb systemd-udevd[359]: e6ef3000.video: /usr/lib/udev/rules.d/60-drm.rules:3 Importing properties from results of builtin command 'path_id'
Jun 29 03:06:46 h3ulcb systemd-udevd[337]: video1: /usr/lib/udev/rules.d/50-udev-default.rules:33 GROUP 44
Jun 29 03:06:46 h3ulcb systemd-udevd[337]: video1: /usr/lib/udev/rules.d/60-persistent-v4l.rules:7 Importing properties from results of 'v4l_id /dev/video1'
Jun 29 03:06:46 h3ulcb systemd-udevd[331]: e6ef4000.video: Device ready for processing (SEQNUM=4276, ACTION=add)
Jun 29 03:06:46 h3ulcb systemd-udevd[359]: e6ef3000.video: /usr/lib/udev/rules.d/80-drivers.rules:5 RUN 'kmod load '$env{MODALIAS}''
Jun 29 03:06:46 h3ulcb systemd-udevd[339]: e6ef2000.video: Device processed (SEQNUM=4272, ACTION=add)
Jun 29 03:06:46 h3ulcb systemd-udevd[337]: video1: Starting 'v4l_id /dev/video1'
Jun 29 03:06:46 h3ulcb systemd-udevd[331]: e6ef4000.video: sd-device-monitor: Passed 328 byte to netlink monitor
Jun 29 03:06:46 h3ulcb systemd-udevd[338]: e6ef4000.video: Processing device (SEQNUM=4276, ACTION=add)
Jun 29 03:06:46 h3ulcb systemd-udevd[339]: e6ef2000.video: sd-device-monitor: Passed 396 byte to netlink monitor
Jun 29 03:06:46 h3ulcb systemd-udevd[359]: e6ef3000.video: sd-device: Created db file '/run/udev/data/+platform:e6ef3000.video' for '/devices/platform/soc/e6ef3000.video'
Jun 29 03:06:46 h3ulcb systemd-udevd[338]: e6ef4000.video: /usr/lib/udev/rules.d/50-udev-default.rules:14 Importing properties from results of builtin command 'hwdb --subsystem=platform'
Jun 29 03:06:46 h3ulcb systemd-udevd[331]: video4: Device is queued (SEQNUM=4277, ACTION=add)
Jun 29 03:06:46 h3ulcb systemd-udevd[359]: e6ef3000.video: Running built-in command "kmod load 'of:NvideoT(null)Crenesas,vin-r8a7795'"
Jun 29 03:06:46 h3ulcb systemd-udevd[337]: Successfully forked off '(spawn)' as PID 426.
Jun 29 03:06:46 h3ulcb systemd-udevd[338]: e6ef4000.video: hwdb modalias key: "of:NvideoT(null)Crenesas,vin-r8a7795"
Jun 29 03:06:46 h3ulcb systemd-udevd[331]: video4: SEQNUM=4277 blocked by SEQNUM=4276
Jun 29 03:06:46 h3ulcb systemd-udevd[359]: Loading module: of:NvideoT(null)Crenesas,vin-r8a7795
Jun 29 03:06:46 h3ulcb systemd-udevd[331]: video2: Device ready for processing (SEQNUM=4273, ACTION=add)
Jun 29 03:06:46 h3ulcb systemd-udevd[338]: e6ef4000.video: hwdb modalias key: "of:NsocT(null)Csimple-bus"
Jun 29 03:06:46 h3ulcb systemd-udevd[331]: video2: sd-device-monitor: Passed 225 byte to netlink monitor
Jun 29 03:06:46 h3ulcb systemd-udevd[338]: e6ef4000.video: No entry found from hwdb.
Jun 29 03:06:46 h3ulcb systemd-udevd[338]: e6ef4000.video: /usr/lib/udev/rules.d/50-udev-default.rules:14 Failed to run builtin 'hwdb --subsystem=platform': No data available
Jun 29 03:06:46 h3ulcb systemd-udevd[331]: e6ef5000.video: Device is queued (SEQNUM=4278, ACTION=add)
Jun 29 03:06:46 h3ulcb systemd-udevd[338]: e6ef4000.video: /usr/lib/udev/rules.d/60-drm.rules:3 Importing properties from results of builtin command 'path_id'
Jun 29 03:06:46 h3ulcb systemd-udevd[331]: e6ef5000.video: Device ready for processing (SEQNUM=4278, ACTION=add)
Jun 29 03:06:46 h3ulcb systemd-udevd[339]: video2: Processing device (SEQNUM=4273, ACTION=add)
Jun 29 03:06:46 h3ulcb systemd-udevd[331]: e6ef5000.video: sd-device-monitor: Passed 328 byte to netlink monitor
Jun 29 03:06:46 h3ulcb systemd-udevd[338]: e6ef4000.video: /usr/lib/udev/rules.d/80-drivers.rules:5 RUN 'kmod load '$env{MODALIAS}''
Jun 29 03:06:46 h3ulcb systemd-udevd[339]: video2: Failed to get watch handle, ignoring: No such file or directory
Jun 29 03:06:46 h3ulcb systemd-udevd[331]: video5: Device is queued (SEQNUM=4279, ACTION=add)
Jun 29 03:06:46 h3ulcb systemd-udevd[359]: Module 'uio_pdrv_genirq' is already loaded
Jun 29 03:06:46 h3ulcb systemd-udevd[375]: e6ef5000.video: Processing device (SEQNUM=4278, ACTION=add)
Jun 29 03:06:46 h3ulcb systemd-udevd[331]: video5: SEQNUM=4279 blocked by SEQNUM=4278
Jun 29 03:06:46 h3ulcb systemd-udevd[339]: video2: /usr/lib/udev/rules.d/50-udev-default.rules:33 GROUP 44
Jun 29 03:06:46 h3ulcb systemd-udevd[339]: video2: /usr/lib/udev/rules.d/60-persistent-v4l.rules:7 Importing properties from results of 'v4l_id /dev/video2'
Jun 29 03:06:46 h3ulcb systemd-udevd[338]: e6ef4000.video: sd-device: Created db file '/run/udev/data/+platform:e6ef4000.video' for '/devices/platform/soc/e6ef4000.video'
Jun 29 03:06:46 h3ulcb systemd-udevd[375]: e6ef5000.video: /usr/lib/udev/rules.d/50-udev-default.rules:14 Importing properties from results of builtin command 'hwdb --subsystem=platform'
Jun 29 03:06:46 h3ulcb systemd-udevd[359]: Module 'uio_pdrv_genirq' is already loaded
Jun 29 03:06:46 h3ulcb systemd-udevd[339]: video2: Starting 'v4l_id /dev/video2'
Jun 29 03:06:46 h3ulcb systemd-udevd[331]: e6ef6000.video: Device is queued (SEQNUM=4280, ACTION=add)
Jun 29 03:06:46 h3ulcb systemd-udevd[338]: e6ef4000.video: Running built-in command "kmod load 'of:NvideoT(null)Crenesas,vin-r8a7795'"
Jun 29 03:06:46 h3ulcb systemd-udevd[375]: e6ef5000.video: hwdb modalias key: "of:NvideoT(null)Crenesas,vin-r8a7795"
Jun 29 03:06:46 h3ulcb systemd-udevd[359]: e6ef3000.video: Device processed (SEQNUM=4274, ACTION=add)
Jun 29 03:06:46 h3ulcb systemd-udevd[359]: e6ef3000.video: sd-device-monitor: Passed 396 byte to netlink monitor
Jun 29 03:06:46 h3ulcb systemd-udevd[331]: e6ef6000.video: Device ready for processing (SEQNUM=4280, ACTION=add)
Jun 29 03:06:46 h3ulcb systemd-udevd[338]: Loading module: of:NvideoT(null)Crenesas,vin-r8a7795
Jun 29 03:06:46 h3ulcb systemd-udevd[375]: e6ef5000.video: hwdb modalias key: "of:NsocT(null)Csimple-bus"
Jun 29 03:06:46 h3ulcb systemd-udevd[375]: e6ef5000.video: No entry found from hwdb.
Jun 29 03:06:46 h3ulcb systemd-udevd[373]: e6ef6000.video: Processing device (SEQNUM=4280, ACTION=add)
Jun 29 03:06:46 h3ulcb systemd-udevd[373]: e6ef6000.video: /usr/lib/udev/rules.d/50-udev-default.rules:14 Importing properties from results of builtin command 'hwdb --subsystem=platform'
Jun 29 03:06:46 h3ulcb systemd-udevd[339]: Successfully forked off '(spawn)' as PID 427.
Jun 29 03:06:46 h3ulcb systemd-udevd[373]: e6ef6000.video: hwdb modalias key: "of:NvideoT(null)Crenesas,vin-r8a7795"
Jun 29 03:06:46 h3ulcb systemd-udevd[373]: e6ef6000.video: hwdb modalias key: "of:NsocT(null)Csimple-bus"
Jun 29 03:06:46 h3ulcb systemd-udevd[373]: e6ef6000.video: No entry found from hwdb.
Jun 29 03:06:46 h3ulcb systemd-udevd[373]: e6ef6000.video: /usr/lib/udev/rules.d/50-udev-default.rules:14 Failed to run builtin 'hwdb --subsystem=platform': No data available
Jun 29 03:06:46 h3ulcb systemd-udevd[373]: e6ef6000.video: /usr/lib/udev/rules.d/60-drm.rules:3 Importing properties from results of builtin command 'path_id'
Jun 29 03:06:46 h3ulcb systemd-udevd[373]: e6ef6000.video: /usr/lib/udev/rules.d/80-drivers.rules:5 RUN 'kmod load '$env{MODALIAS}''
Jun 29 03:06:46 h3ulcb systemd-udevd[373]: e6ef6000.video: sd-device: Created db file '/run/udev/data/+platform:e6ef6000.video' for '/devices/platform/soc/e6ef6000.video'
Jun 29 03:06:46 h3ulcb systemd-udevd[373]: e6ef6000.video: Running built-in command "kmod load 'of:NvideoT(null)Crenesas,vin-r8a7795'"
Jun 29 03:06:46 h3ulcb systemd-udevd[373]: Loading module: of:NvideoT(null)Crenesas,vin-r8a7795
Jun 29 03:06:46 h3ulcb systemd-udevd[338]: Module 'uio_pdrv_genirq' is already loaded
Jun 29 03:06:46 h3ulcb systemd-udevd[338]: Module 'uio_pdrv_genirq' is already loaded
Jun 29 03:06:46 h3ulcb systemd-udevd[338]: e6ef4000.video: Device processed (SEQNUM=4276, ACTION=add)
Jun 29 03:06:46 h3ulcb systemd-udevd[338]: e6ef4000.video: sd-device-monitor: Passed 396 byte to netlink monitor
Jun 29 03:06:46 h3ulcb systemd-udevd[331]: e6ef6000.video: sd-device-monitor: Passed 328 byte to netlink monitor
Jun 29 03:06:46 h3ulcb systemd-udevd[373]: Module 'uio_pdrv_genirq' is already loaded
Jun 29 03:06:46 h3ulcb kernel: ccree e6601000.crypto: ARM CryptoCell 630P Driver: HW version 0xAF400001/0xDCC63000, Driver version 5.0
Jun 29 03:06:46 h3ulcb systemd-udevd[373]: Module 'uio_pdrv_genirq' is already loaded
Jun 29 03:06:46 h3ulcb systemd-udevd[373]: e6ef6000.video: Device processed (SEQNUM=4280, ACTION=add)
Jun 29 03:06:46 h3ulcb systemd-udevd[373]: e6ef6000.video: sd-device-monitor: Passed 396 byte to netlink monitor
Jun 29 03:06:46 h3ulcb systemd-udevd[375]: e6ef5000.video: /usr/lib/udev/rules.d/50-udev-default.rules:14 Failed to run builtin 'hwdb --subsystem=platform': No data available
Jun 29 03:06:46 h3ulcb systemd-udevd[375]: e6ef5000.video: /usr/lib/udev/rules.d/60-drm.rules:3 Importing properties from results of builtin command 'path_id'
Jun 29 03:06:46 h3ulcb systemd-udevd[331]: video3: Device ready for processing (SEQNUM=4275, ACTION=add)
Jun 29 03:06:46 h3ulcb systemd-udevd[331]: video3: sd-device-monitor: Passed 225 byte to netlink monitor
Jun 29 03:06:46 h3ulcb systemd-udevd[375]: e6ef5000.video: /usr/lib/udev/rules.d/80-drivers.rules:5 RUN 'kmod load '$env{MODALIAS}''
Jun 29 03:06:46 h3ulcb systemd-udevd[331]: video4: Device ready for processing (SEQNUM=4277, ACTION=add)
Jun 29 03:06:46 h3ulcb systemd-udevd[359]: video3: Processing device (SEQNUM=4275, ACTION=add)
Jun 29 03:06:46 h3ulcb systemd-udevd[331]: video4: sd-device-monitor: Passed 226 byte to netlink monitor
Jun 29 03:06:46 h3ulcb systemd-udevd[375]: e6ef5000.video: sd-device: Created db file '/run/udev/data/+platform:e6ef5000.video' for '/devices/platform/soc/e6ef5000.video'
Jun 29 03:06:46 h3ulcb systemd-udevd[338]: video4: Processing device (SEQNUM=4277, ACTION=add)
Jun 29 03:06:46 h3ulcb systemd-udevd[338]: video4: Failed to get watch handle, ignoring: No such file or directory
Jun 29 03:06:46 h3ulcb systemd-udevd[359]: video3: Failed to get watch handle, ignoring: No such file or directory
Jun 29 03:06:46 h3ulcb systemd-udevd[375]: e6ef5000.video: Running built-in command "kmod load 'of:NvideoT(null)Crenesas,vin-r8a7795'"
Jun 29 03:06:46 h3ulcb systemd-udevd[336]: video0: 'v4l_id /dev/video0'(out) 'ID_V4L_VERSION=2'
Jun 29 03:06:46 h3ulcb systemd-udevd[331]: video6: Device is queued (SEQNUM=4281, ACTION=add)
Jun 29 03:06:46 h3ulcb systemd-udevd[375]: Loading module: of:NvideoT(null)Crenesas,vin-r8a7795
Jun 29 03:06:46 h3ulcb systemd-udevd[338]: video4: /usr/lib/udev/rules.d/50-udev-default.rules:33 GROUP 44
Jun 29 03:06:46 h3ulcb systemd-udevd[336]: video0: 'v4l_id /dev/video0'(out) 'ID_V4L_PRODUCT=R_Car_VIN'
Jun 29 03:06:46 h3ulcb systemd-udevd[359]: video3: /usr/lib/udev/rules.d/50-udev-default.rules:33 GROUP 44
