Jun 29 03:06:46 h3ulcb systemd-udevd[438]: dma1chan7: Device processed (SEQNUM=4300, ACTION=add)
Jun 29 03:06:46 h3ulcb systemd-udevd[438]: dma1chan7: sd-device-monitor: Passed 184 byte to netlink monitor
Jun 29 03:06:46 h3ulcb systemd-udevd[331]: dma2chan14: Device ready for processing (SEQNUM=4310, ACTION=add)
Jun 29 03:06:46 h3ulcb systemd-udevd[335]: dma2chan11: Device processed (SEQNUM=4307, ACTION=add)
Jun 29 03:06:46 h3ulcb systemd-udevd[331]: dma2chan14: sd-device-monitor: Passed 185 byte to netlink monitor
Jun 29 03:06:46 h3ulcb systemd-udevd[335]: dma2chan11: sd-device-monitor: Passed 185 byte to netlink monitor
Jun 29 03:06:46 h3ulcb systemd-udevd[363]: dma2chan14: Processing device (SEQNUM=4310, ACTION=add)
Jun 29 03:06:46 h3ulcb systemd-udevd[437]: dma2chan10: Processing device (SEQNUM=4306, ACTION=add)
Jun 29 03:06:46 h3ulcb systemd-udevd[331]: dma2chan15: Device is queued (SEQNUM=4311, ACTION=add)
Jun 29 03:06:46 h3ulcb systemd-udevd[331]: dma2chan15: Device ready for processing (SEQNUM=4311, ACTION=add)
Jun 29 03:06:46 h3ulcb systemd-udevd[331]: dma2chan15: sd-device-monitor: Passed 185 byte to netlink monitor
Jun 29 03:06:46 h3ulcb systemd-udevd[435]: dma2chan15: Processing device (SEQNUM=4311, ACTION=add)
Jun 29 03:06:46 h3ulcb systemd-udevd[331]: dma2chan2: Device is queued (SEQNUM=4312, ACTION=add)
Jun 29 03:06:46 h3ulcb systemd-udevd[331]: dma2chan2: Device ready for processing (SEQNUM=4312, ACTION=add)
Jun 29 03:06:46 h3ulcb systemd-udevd[331]: dma2chan2: sd-device-monitor: Passed 184 byte to netlink monitor
Jun 29 03:06:46 h3ulcb systemd-udevd[331]: dma2chan3: Device is queued (SEQNUM=4313, ACTION=add)
Jun 29 03:06:46 h3ulcb systemd-udevd[331]: dma2chan3: Device ready for processing (SEQNUM=4313, ACTION=add)
Jun 29 03:06:46 h3ulcb systemd-udevd[331]: dma2chan3: sd-device-monitor: Passed 184 byte to netlink monitor
Jun 29 03:06:46 h3ulcb systemd-udevd[336]: dma2chan3: Processing device (SEQNUM=4313, ACTION=add)
Jun 29 03:06:46 h3ulcb systemd-udevd[440]: dma1chan9: Processing device (SEQNUM=4302, ACTION=add)
Jun 29 03:06:46 h3ulcb systemd-udevd[363]: dma2chan14: Device processed (SEQNUM=4310, ACTION=add)
Jun 29 03:06:46 h3ulcb systemd-udevd[435]: dma2chan15: Device processed (SEQNUM=4311, ACTION=add)
Jun 29 03:06:46 h3ulcb systemd-udevd[363]: dma2chan14: sd-device-monitor: Passed 185 byte to netlink monitor
Jun 29 03:06:46 h3ulcb systemd-udevd[435]: dma2chan15: sd-device-monitor: Passed 185 byte to netlink monitor
Jun 29 03:06:46 h3ulcb systemd-udevd[439]: dma1chan8: Device processed (SEQNUM=4301, ACTION=add)
Jun 29 03:06:46 h3ulcb systemd-udevd[336]: dma2chan3: Device processed (SEQNUM=4313, ACTION=add)
Jun 29 03:06:46 h3ulcb systemd-udevd[331]: dma2chan4: Device is queued (SEQNUM=4314, ACTION=add)
Jun 29 03:06:46 h3ulcb systemd-udevd[336]: dma2chan3: sd-device-monitor: Passed 184 byte to netlink monitor
Jun 29 03:06:46 h3ulcb systemd-udevd[331]: dma2chan4: Device ready for processing (SEQNUM=4314, ACTION=add)
Jun 29 03:06:46 h3ulcb systemd-udevd[433]: dma2chan2: Processing device (SEQNUM=4312, ACTION=add)
Jun 29 03:06:46 h3ulcb systemd-udevd[331]: dma2chan4: sd-device-monitor: Passed 184 byte to netlink monitor
Jun 29 03:06:46 h3ulcb systemd-udevd[439]: dma1chan8: sd-device-monitor: Passed 184 byte to netlink monitor
Jun 29 03:06:46 h3ulcb systemd-udevd[335]: dma2chan4: Processing device (SEQNUM=4314, ACTION=add)
Jun 29 03:06:46 h3ulcb systemd-udevd[440]: dma1chan9: Device processed (SEQNUM=4302, ACTION=add)
Jun 29 03:06:46 h3ulcb systemd-udevd[367]: eth0: Parent device is in the platform subsystem.
Jun 29 03:06:46 h3ulcb systemd-udevd[331]: dma2chan5: Device is queued (SEQNUM=4315, ACTION=add)
Jun 29 03:06:46 h3ulcb systemd-udevd[437]: dma2chan10: Device processed (SEQNUM=4306, ACTION=add)
Jun 29 03:06:46 h3ulcb systemd-udevd[440]: dma1chan9: sd-device-monitor: Passed 184 byte to netlink monitor
Jun 29 03:06:46 h3ulcb systemd-udevd[367]: eth0: Parsing platform device information from syspath "/sys/devices/platform/soc/e6800000.ethernet/net/eth0": failure
Jun 29 03:06:46 h3ulcb systemd-udevd[331]: dma2chan5: Device ready for processing (SEQNUM=4315, ACTION=add)
Jun 29 03:06:46 h3ulcb systemd-udevd[437]: dma2chan10: sd-device-monitor: Passed 185 byte to netlink monitor
Jun 29 03:06:46 h3ulcb systemd-udevd[433]: dma2chan2: Device processed (SEQNUM=4312, ACTION=add)
Jun 29 03:06:46 h3ulcb systemd-udevd[331]: dma2chan5: sd-device-monitor: Passed 184 byte to netlink monitor
Jun 29 03:06:46 h3ulcb systemd-udevd[335]: dma2chan4: Device processed (SEQNUM=4314, ACTION=add)
Jun 29 03:06:46 h3ulcb systemd-udevd[435]: dma2chan5: Processing device (SEQNUM=4315, ACTION=add)
Jun 29 03:06:46 h3ulcb systemd-udevd[367]: eth0: /usr/lib/udev/rules.d/80-net-setup-link.rules:5 Importing properties from results of builtin command 'path_id'
Jun 29 03:06:46 h3ulcb systemd-udevd[433]: dma2chan2: sd-device-monitor: Passed 184 byte to netlink monitor
Jun 29 03:06:46 h3ulcb systemd-udevd[335]: dma2chan4: sd-device-monitor: Passed 184 byte to netlink monitor
Jun 29 03:06:46 h3ulcb systemd-udevd[331]: dma2chan6: Device is queued (SEQNUM=4316, ACTION=add)
Jun 29 03:06:46 h3ulcb systemd-udevd[367]: eth0: /usr/lib/udev/rules.d/80-net-setup-link.rules:9 Importing properties from results of builtin command 'net_setup_link'
Jun 29 03:06:46 h3ulcb systemd-udevd[331]: dma2chan6: Device ready for processing (SEQNUM=4316, ACTION=add)
Jun 29 03:06:46 h3ulcb systemd-udevd[367]: eth0: Failed to query name_assign_type: Invalid argument
Jun 29 03:06:46 h3ulcb systemd-udevd[331]: dma2chan6: sd-device-monitor: Passed 184 byte to netlink monitor
Jun 29 03:06:46 h3ulcb systemd-udevd[437]: dma2chan6: Processing device (SEQNUM=4316, ACTION=add)
Jun 29 03:06:46 h3ulcb systemd-udevd[367]: eth0: Failed to get "name_assign_type" attribute, ignoring: Invalid argument
Jun 29 03:06:46 h3ulcb systemd-udevd[435]: dma2chan5: Device processed (SEQNUM=4315, ACTION=add)
Jun 29 03:06:46 h3ulcb systemd-udevd[367]: eth0: Device has addr_assign_type=0
Jun 29 03:06:46 h3ulcb systemd-udevd[331]: dma2chan7: Device is queued (SEQNUM=4317, ACTION=add)
Jun 29 03:06:46 h3ulcb systemd-udevd[435]: dma2chan5: sd-device-monitor: Passed 184 byte to netlink monitor
Jun 29 03:06:46 h3ulcb systemd-udevd[331]: dma2chan7: Device ready for processing (SEQNUM=4317, ACTION=add)
Jun 29 03:06:46 h3ulcb systemd-udevd[367]: eth0: Config file /usr/lib/systemd/network/99-default.link is applied
Jun 29 03:06:46 h3ulcb systemd-udevd[331]: dma2chan7: sd-device-monitor: Passed 184 byte to netlink monitor
Jun 29 03:06:46 h3ulcb systemd-udevd[433]: dma2chan7: Processing device (SEQNUM=4317, ACTION=add)
Jun 29 03:06:46 h3ulcb systemd-udevd[367]: eth0: MAC address on the device already matches policy "persistent".
Jun 29 03:06:46 h3ulcb systemd-udevd[437]: dma2chan6: Device processed (SEQNUM=4316, ACTION=add)
Jun 29 03:06:46 h3ulcb systemd-udevd[367]: eth0: Policies didn't yield a name and Name= is not given, not renaming.
Jun 29 03:06:46 h3ulcb systemd-udevd[331]: dma2chan8: Device is queued (SEQNUM=4318, ACTION=add)
Jun 29 03:06:46 h3ulcb systemd-udevd[437]: dma2chan6: sd-device-monitor: Passed 184 byte to netlink monitor
Jun 29 03:06:46 h3ulcb systemd-udevd[331]: dma2chan8: Device ready for processing (SEQNUM=4318, ACTION=add)
Jun 29 03:06:46 h3ulcb systemd-udevd[367]: eth0: /usr/lib/udev/rules.d/80-net-setup-link.rules:11 NAME 'eth0'
Jun 29 03:06:46 h3ulcb systemd-udevd[331]: dma2chan8: sd-device-monitor: Passed 184 byte to netlink monitor
Jun 29 03:06:46 h3ulcb systemd-udevd[435]: dma2chan8: Processing device (SEQNUM=4318, ACTION=add)
Jun 29 03:06:46 h3ulcb systemd-udevd[433]: dma2chan7: Device processed (SEQNUM=4317, ACTION=add)
Jun 29 03:06:46 h3ulcb systemd-udevd[367]: eth0: /usr/lib/udev/rules.d/99-systemd.rules:60 RUN '/usr/lib/systemd/systemd-sysctl --prefix=/net/ipv4/conf/$name --prefix=/net/ipv4/neigh/$name --prefix=/net/ipv6/conf/$name --prefix=/net/ipv6/neigh/$name'
Jun 29 03:06:46 h3ulcb systemd-udevd[433]: dma2chan7: sd-device-monitor: Passed 184 byte to netlink monitor
Jun 29 03:06:46 h3ulcb systemd-udevd[331]: dma2chan9: Device is queued (SEQNUM=4319, ACTION=add)
Jun 29 03:06:46 h3ulcb systemd-udevd[331]: dma2chan9: Device ready for processing (SEQNUM=4319, ACTION=add)
Jun 29 03:06:46 h3ulcb systemd-udevd[367]: eth0: sd-device: Created db file '/run/udev/data/n2' for '/devices/platform/soc/e6800000.ethernet/net/eth0'
Jun 29 03:06:46 h3ulcb systemd-udevd[331]: dma2chan9: sd-device-monitor: Passed 184 byte to netlink monitor
Jun 29 03:06:46 h3ulcb systemd-udevd[367]: eth0: Running command "/usr/lib/systemd/systemd-sysctl --prefix=/net/ipv4/conf/eth0 --prefix=/net/ipv4/neigh/eth0 --prefix=/net/ipv6/conf/eth0 --prefix=/net/ipv6/neigh/eth0"
Jun 29 03:06:46 h3ulcb systemd-udevd[437]: dma2chan9: Processing device (SEQNUM=4319, ACTION=add)
Jun 29 03:06:46 h3ulcb systemd-udevd[435]: dma2chan8: Device processed (SEQNUM=4318, ACTION=add)
Jun 29 03:06:46 h3ulcb systemd-udevd[367]: eth0: Starting '/usr/lib/systemd/systemd-sysctl --prefix=/net/ipv4/conf/eth0 --prefix=/net/ipv4/neigh/eth0 --prefix=/net/ipv6/conf/eth0 --prefix=/net/ipv6/neigh/eth0'
Jun 29 03:06:46 h3ulcb systemd-udevd[435]: dma2chan8: sd-device-monitor: Passed 184 byte to netlink monitor
Jun 29 03:06:46 h3ulcb systemd-udevd[331]: e7740000.iommu: Device is queued (SEQNUM=4320, ACTION=add)
Jun 29 03:06:46 h3ulcb systemd-udevd[331]: e7740000.iommu: Device ready for processing (SEQNUM=4320, ACTION=add)
Jun 29 03:06:46 h3ulcb systemd-udevd[331]: e7740000.iommu: sd-device-monitor: Passed 334 byte to netlink monitor
Jun 29 03:06:46 h3ulcb systemd-udevd[433]: e7740000.iommu: Processing device (SEQNUM=4320, ACTION=add)
Jun 29 03:06:46 h3ulcb systemd-udevd[331]: e7740000.iommu: Device is queued (SEQNUM=4321, ACTION=add)
Jun 29 03:06:46 h3ulcb systemd-udevd[331]: e7740000.iommu: SEQNUM=4321 blocked by SEQNUM=4320
Jun 29 03:06:46 h3ulcb systemd-udevd[433]: e7740000.iommu: /usr/lib/udev/rules.d/50-udev-default.rules:14 Importing properties from results of builtin command 'hwdb --subsystem=platform'
Jun 29 03:06:46 h3ulcb systemd-udevd[367]: Successfully forked off '(spawn)' as PID 485.
Jun 29 03:06:46 h3ulcb systemd-udevd[433]: e7740000.iommu: hwdb modalias key: "of:NiommuT(null)Crenesas,ipmmu-r8a7795"
Jun 29 03:06:46 h3ulcb systemd-udevd[331]: ec500000.sound: Device is queued (SEQNUM=4322, ACTION=add)
Jun 29 03:06:46 h3ulcb systemd-udevd[331]: ec500000.sound: Device ready for processing (SEQNUM=4322, ACTION=add)
Jun 29 03:06:46 h3ulcb systemd-udevd[437]: dma2chan9: Device processed (SEQNUM=4319, ACTION=add)
Jun 29 03:06:46 h3ulcb systemd-udevd[331]: ec500000.sound: sd-device-monitor: Passed 408 byte to netlink monitor
Jun 29 03:06:46 h3ulcb systemd-udevd[433]: e7740000.iommu: hwdb modalias key: "of:NsocT(null)Csimple-bus"
Jun 29 03:06:46 h3ulcb systemd-udevd[437]: dma2chan9: sd-device-monitor: Passed 184 byte to netlink monitor
Jun 29 03:06:46 h3ulcb systemd-udevd[435]: ec500000.sound: Processing device (SEQNUM=4322, ACTION=add)
Jun 29 03:06:46 h3ulcb systemd-udevd[331]: ec700000.dma-controller: Device is queued (SEQNUM=4323, ACTION=add)
Jun 29 03:06:46 h3ulcb systemd-udevd[433]: e7740000.iommu: No entry found from hwdb.
Jun 29 03:06:46 h3ulcb systemd-udevd[331]: ec700000.dma-controller: Device ready for processing (SEQNUM=4323, ACTION=add)
Jun 29 03:06:46 h3ulcb systemd-udevd[435]: ec500000.sound: /usr/lib/udev/rules.d/50-udev-default.rules:14 Importing properties from results of builtin command 'hwdb --subsystem=platform'
Jun 29 03:06:46 h3ulcb systemd-udevd[433]: e7740000.iommu: /usr/lib/udev/rules.d/50-udev-default.rules:14 Failed to run builtin 'hwdb --subsystem=platform': No data available
Jun 29 03:06:46 h3ulcb systemd-udevd[331]: ec700000.dma-controller: sd-device-monitor: Passed 419 byte to netlink monitor
Jun 29 03:06:46 h3ulcb systemd-udevd[435]: ec500000.sound: hwdb modalias key: "of:NsoundT(null)Crenesas,rcar_sound-r8a7795Crenesas,rcar_sound-gen3"
Jun 29 03:06:46 h3ulcb systemd-udevd[336]: ec700000.dma-controller: Processing device (SEQNUM=4323, ACTION=add)
Jun 29 03:06:46 h3ulcb systemd-udevd[433]: e7740000.iommu: /usr/lib/udev/rules.d/60-drm.rules:3 Importing properties from results of builtin command 'path_id'
Jun 29 03:06:46 h3ulcb systemd-udevd[331]: dma3chan0: Device is queued (SEQNUM=4324, ACTION=add)
Jun 29 03:06:46 h3ulcb systemd-udevd[435]: ec500000.sound: hwdb modalias key: "of:NsocT(null)Csimple-bus"
Jun 29 03:06:46 h3ulcb systemd-udevd[336]: ec700000.dma-controller: /usr/lib/udev/rules.d/50-udev-default.rules:14 Importing properties from results of builtin command 'hwdb --subsystem=platform'
Jun 29 03:06:46 h3ulcb systemd-udevd[331]: dma3chan0: SEQNUM=4324 blocked by SEQNUM=4323
Jun 29 03:06:46 h3ulcb systemd-udevd[433]: e7740000.iommu: /usr/lib/udev/rules.d/80-drivers.rules:5 RUN 'kmod load '$env{MODALIAS}''
Jun 29 03:06:46 h3ulcb systemd-udevd[336]: ec700000.dma-controller: hwdb modalias key: "of:Ndma-controllerT(null)Crenesas,dmac-r8a7795Crenesas,rcar-dmac"
Jun 29 03:06:46 h3ulcb systemd-udevd[435]: ec500000.sound: No entry found from hwdb.
Jun 29 03:06:46 h3ulcb systemd-udevd[331]: dma3chan1: Device is queued (SEQNUM=4325, ACTION=add)
Jun 29 03:06:46 h3ulcb systemd-udevd[435]: ec500000.sound: /usr/lib/udev/rules.d/50-udev-default.rules:14 Failed to run builtin 'hwdb --subsystem=platform': No data available
Jun 29 03:06:46 h3ulcb systemd-udevd[331]: dma3chan1: SEQNUM=4325 blocked by SEQNUM=4323
Jun 29 03:06:46 h3ulcb systemd-udevd[336]: ec700000.dma-controller: hwdb modalias key: "of:NsocT(null)Csimple-bus"
Jun 29 03:06:46 h3ulcb systemd-udevd[433]: e7740000.iommu: sd-device: Created db file '/run/udev/data/+platform:e7740000.iommu' for '/devices/platform/soc/e7740000.iommu'
Jun 29 03:06:46 h3ulcb systemd-udevd[435]: ec500000.sound: /usr/lib/udev/rules.d/60-drm.rules:3 Importing properties from results of builtin command 'path_id'
Jun 29 03:06:46 h3ulcb systemd-udevd[331]: dma3chan10: Device is queued (SEQNUM=4326, ACTION=add)
Jun 29 03:06:46 h3ulcb systemd-udevd[435]: ec500000.sound: /usr/lib/udev/rules.d/80-drivers.rules:5 RUN 'kmod load '$env{MODALIAS}''
Jun 29 03:06:46 h3ulcb systemd-udevd[336]: ec700000.dma-controller: No entry found from hwdb.
Jun 29 03:06:46 h3ulcb systemd-udevd[331]: dma3chan10: SEQNUM=4326 blocked by SEQNUM=4323
Jun 29 03:06:46 h3ulcb systemd-udevd[433]: e7740000.iommu: Running built-in command "kmod load 'of:NiommuT(null)Crenesas,ipmmu-r8a7795'"
Jun 29 03:06:46 h3ulcb systemd-udevd[336]: ec700000.dma-controller: /usr/lib/udev/rules.d/50-udev-default.rules:14 Failed to run builtin 'hwdb --subsystem=platform': No data available
Jun 29 03:06:46 h3ulcb systemd-udevd[433]: Loading module: of:NiommuT(null)Crenesas,ipmmu-r8a7795
Jun 29 03:06:46 h3ulcb systemd-udevd[331]: dma3chan11: Device is queued (SEQNUM=4327, ACTION=add)
Jun 29 03:06:46 h3ulcb systemd-udevd[435]: ec500000.sound: sd-device: Created db file '/run/udev/data/+platform:ec500000.sound' for '/devices/platform/soc/ec500000.sound'
Jun 29 03:06:46 h3ulcb systemd-udevd[336]: ec700000.dma-controller: /usr/lib/udev/rules.d/60-drm.rules:3 Importing properties from results of builtin command 'path_id'
Jun 29 03:06:46 h3ulcb systemd-udevd[331]: dma3chan11: SEQNUM=4327 blocked by SEQNUM=4323
Jun 29 03:06:46 h3ulcb systemd-udevd[435]: ec500000.sound: Running built-in command "kmod load 'of:NsoundT(null)Crenesas,rcar_sound-r8a7795Crenesas,rcar_sound-gen3'"
Jun 29 03:06:46 h3ulcb systemd-udevd[336]: ec700000.dma-controller: /usr/lib/udev/rules.d/80-drivers.rules:5 RUN 'kmod load '$env{MODALIAS}''
Jun 29 03:06:46 h3ulcb systemd-udevd[435]: Loading module: of:NsoundT(null)Crenesas,rcar_sound-r8a7795Crenesas,rcar_sound-gen3
Jun 29 03:06:46 h3ulcb systemd-udevd[331]: dma3chan12: Device is queued (SEQNUM=4328, ACTION=add)
Jun 29 03:06:46 h3ulcb systemd-udevd[331]: dma3chan12: SEQNUM=4328 blocked by SEQNUM=4323
Jun 29 03:06:46 h3ulcb systemd-udevd[336]: ec700000.dma-controller: sd-device: Created db file '/run/udev/data/+platform:ec700000.dma-controller' for '/devices/platform/soc/ec700000.dma-controller'
Jun 29 03:06:46 h3ulcb systemd-udevd[336]: ec700000.dma-controller: Running built-in command "kmod load 'of:Ndma-controllerT(null)Crenesas,dmac-r8a7795Crenesas,rcar-dmac'"
Jun 29 03:06:46 h3ulcb systemd-udevd[331]: dma3chan13: Device is queued (SEQNUM=4329, ACTION=add)
Jun 29 03:06:46 h3ulcb systemd-udevd[336]: Loading module: of:Ndma-controllerT(null)Crenesas,dmac-r8a7795Crenesas,rcar-dmac
Jun 29 03:06:46 h3ulcb systemd-udevd[331]: dma3chan13: SEQNUM=4329 blocked by SEQNUM=4323
Jun 29 03:06:46 h3ulcb systemd-udevd[331]: dma3chan14: Device is queued (SEQNUM=4330, ACTION=add)
Jun 29 03:06:46 h3ulcb systemd-udevd[331]: dma3chan14: SEQNUM=4330 blocked by SEQNUM=4323
Jun 29 03:06:46 h3ulcb systemd-udevd[331]: dma3chan15: Device is queued (SEQNUM=4331, ACTION=add)
Jun 29 03:06:46 h3ulcb systemd-udevd[331]: dma3chan15: SEQNUM=4331 blocked by SEQNUM=4323
Jun 29 03:06:46 h3ulcb systemd-udevd[331]: dma3chan2: Device is queued (SEQNUM=4332, ACTION=add)
Jun 29 03:06:46 h3ulcb systemd-udevd[331]: dma3chan2: SEQNUM=4332 blocked by SEQNUM=4323
Jun 29 03:06:46 h3ulcb systemd-udevd[331]: dma3chan3: Device is queued (SEQNUM=4333, ACTION=add)
Jun 29 03:06:46 h3ulcb systemd-udevd[331]: dma3chan3: SEQNUM=4333 blocked by SEQNUM=4323
Jun 29 03:06:46 h3ulcb systemd-udevd[433]: Module 'uio_pdrv_genirq' is already loaded
Jun 29 03:06:46 h3ulcb systemd-udevd[331]: dma3chan4: Device is queued (SEQNUM=4334, ACTION=add)
Jun 29 03:06:46 h3ulcb systemd-udevd[433]: Module 'uio_pdrv_genirq' is already loaded
Jun 29 03:06:46 h3ulcb systemd-udevd[331]: dma3chan4: SEQNUM=4334 blocked by SEQNUM=4323
Jun 29 03:06:46 h3ulcb systemd-udevd[433]: e7740000.iommu: Device processed (SEQNUM=4320, ACTION=add)
Jun 29 03:06:46 h3ulcb systemd-udevd[433]: e7740000.iommu: sd-device-monitor: Passed 402 byte to netlink monitor
Jun 29 03:06:46 h3ulcb systemd-udevd[331]: dma3chan5: Device is queued (SEQNUM=4335, ACTION=add)
Jun 29 03:06:46 h3ulcb systemd-udevd[368]: Inserted module 'ccree'
Jun 29 03:06:46 h3ulcb systemd-udevd[331]: dma3chan5: SEQNUM=4335 blocked by SEQNUM=4323
Jun 29 03:06:46 h3ulcb systemd-udevd[331]: e7740000.iommu: Device ready for processing (SEQNUM=4321, ACTION=add)
Jun 29 03:06:46 h3ulcb systemd-udevd[435]: Module 'uio_pdrv_genirq' is already loaded
Jun 29 03:06:46 h3ulcb systemd-udevd[367]: eth0: Process '/usr/lib/systemd/systemd-sysctl --prefix=/net/ipv4/conf/eth0 --prefix=/net/ipv4/neigh/eth0 --prefix=/net/ipv6/conf/eth0 --prefix=/net/ipv6/neigh/eth0' succeeded.
Jun 29 03:06:46 h3ulcb systemd-udevd[336]: Module 'uio_pdrv_genirq' is already loaded
Jun 29 03:06:46 h3ulcb systemd-udevd[368]: e6601000.crypto: Device processed (SEQNUM=4222, ACTION=add)
Jun 29 03:06:46 h3ulcb systemd-udevd[331]: e7740000.iommu: sd-device-monitor: Passed 184 byte to netlink monitor
Jun 29 03:06:46 h3ulcb systemd-udevd[433]: e7740000.iommu: Processing device (SEQNUM=4321, ACTION=add)
Jun 29 03:06:46 h3ulcb systemd-udevd[435]: Module 'uio_pdrv_genirq' is already loaded
Jun 29 03:06:46 h3ulcb systemd-udevd[367]: eth0: Device processed (SEQNUM=4261, ACTION=add)
Jun 29 03:06:46 h3ulcb systemd-udevd[336]: Module 'uio_pdrv_genirq' is already loaded
Jun 29 03:06:46 h3ulcb systemd-udevd[368]: e6601000.crypto: sd-device-monitor: Passed 394 byte to netlink monitor
Jun 29 03:06:46 h3ulcb systemd-udevd[331]: dma3chan6: Device is queued (SEQNUM=4336, ACTION=add)
Jun 29 03:06:46 h3ulcb systemd-udevd[435]: ec500000.sound: Device processed (SEQNUM=4322, ACTION=add)
Jun 29 03:06:46 h3ulcb systemd-udevd[367]: eth0: sd-device-monitor: Passed 557 byte to netlink monitor
Jun 29 03:06:46 h3ulcb systemd-udevd[336]: ec700000.dma-controller: Device processed (SEQNUM=4323, ACTION=add)
Jun 29 03:06:46 h3ulcb systemd-udevd[331]: dma3chan6: SEQNUM=4336 blocked by SEQNUM=4323
Jun 29 03:06:46 h3ulcb systemd-udevd[435]: ec500000.sound: sd-device-monitor: Passed 476 byte to netlink monitor
Jun 29 03:06:46 h3ulcb systemd-udevd[336]: ec700000.dma-controller: sd-device-monitor: Passed 505 byte to netlink monitor
Jun 29 03:06:46 h3ulcb systemd-udevd[331]: dma3chan7: Device is queued (SEQNUM=4337, ACTION=add)
Jun 29 03:06:46 h3ulcb systemd-udevd[331]: dma3chan7: SEQNUM=4337 blocked by SEQNUM=4323
Jun 29 03:06:46 h3ulcb systemd-udevd[433]: e7740000.iommu: Device processed (SEQNUM=4321, ACTION=add)
Jun 29 03:06:46 h3ulcb systemd-udevd[331]: dma3chan0: Device ready for processing (SEQNUM=4324, ACTION=add)
Jun 29 03:06:46 h3ulcb systemd-udevd[433]: e7740000.iommu: sd-device-monitor: Passed 184 byte to netlink monitor
Jun 29 03:06:46 h3ulcb systemd-udevd[331]: dma3chan0: sd-device-monitor: Passed 184 byte to netlink monitor
Jun 29 03:06:46 h3ulcb systemd-udevd[435]: dma3chan0: Processing device (SEQNUM=4324, ACTION=add)
Jun 29 03:06:46 h3ulcb systemd-udevd[331]: dma3chan1: Device ready for processing (SEQNUM=4325, ACTION=add)
Jun 29 03:06:46 h3ulcb systemd-udevd[331]: dma3chan1: sd-device-monitor: Passed 184 byte to netlink monitor
Jun 29 03:06:46 h3ulcb systemd-udevd[331]: dma3chan10: Device ready for processing (SEQNUM=4326, ACTION=add)
Jun 29 03:06:46 h3ulcb systemd-udevd[437]: dma3chan1: Processing device (SEQNUM=4325, ACTION=add)
Jun 29 03:06:46 h3ulcb systemd-udevd[331]: dma3chan10: sd-device-monitor: Passed 185 byte to netlink monitor
Jun 29 03:06:46 h3ulcb systemd-udevd[336]: dma3chan10: Processing device (SEQNUM=4326, ACTION=add)
Jun 29 03:06:46 h3ulcb systemd-udevd[331]: dma3chan11: Device ready for processing (SEQNUM=4327, ACTION=add)
Jun 29 03:06:46 h3ulcb systemd[1]: sys-subsystem-net-devices-eth0.device: Changed dead -> plugged
Jun 29 03:06:46 h3ulcb systemd-udevd[331]: dma3chan11: sd-device-monitor: Passed 185 byte to netlink monitor
Jun 29 03:06:46 h3ulcb systemd-udevd[335]: dma3chan11: Processing device (SEQNUM=4327, ACTION=add)
Jun 29 03:06:46 h3ulcb systemd[1]: sys-devices-platform-soc-e6800000.ethernet-net-eth0.device: Changed dead -> plugged
Jun 29 03:06:46 h3ulcb systemd-udevd[331]: dma3chan12: Device ready for processing (SEQNUM=4328, ACTION=add)
Jun 29 03:06:46 h3ulcb systemd-udevd[331]: dma3chan12: sd-device-monitor: Passed 185 byte to netlink monitor
Jun 29 03:06:46 h3ulcb systemd-udevd[341]: dma3chan12: Processing device (SEQNUM=4328, ACTION=add)
Jun 29 03:06:46 h3ulcb systemd-udevd[331]: dma3chan13: Device ready for processing (SEQNUM=4329, ACTION=add)
Jun 29 03:06:46 h3ulcb systemd-udevd[435]: dma3chan0: Device processed (SEQNUM=4324, ACTION=add)
Jun 29 03:06:46 h3ulcb systemd-udevd[331]: dma3chan13: sd-device-monitor: Passed 185 byte to netlink monitor
Jun 29 03:06:46 h3ulcb systemd-udevd[363]: dma3chan13: Processing device (SEQNUM=4329, ACTION=add)
Jun 29 03:06:46 h3ulcb systemd-udevd[437]: dma3chan1: Device processed (SEQNUM=4325, ACTION=add)
Jun 29 03:06:46 h3ulcb systemd-udevd[435]: dma3chan0: sd-device-monitor: Passed 184 byte to netlink monitor
Jun 29 03:06:46 h3ulcb systemd-udevd[331]: dma3chan14: Device ready for processing (SEQNUM=4330, ACTION=add)
Jun 29 03:06:46 h3ulcb systemd-udevd[335]: dma3chan11: Device processed (SEQNUM=4327, ACTION=add)
Jun 29 03:06:46 h3ulcb systemd-udevd[336]: dma3chan10: Device processed (SEQNUM=4326, ACTION=add)
Jun 29 03:06:46 h3ulcb systemd-udevd[437]: dma3chan1: sd-device-monitor: Passed 184 byte to netlink monitor
Jun 29 03:06:46 h3ulcb systemd-udevd[331]: dma3chan14: sd-device-monitor: Passed 185 byte to netlink monitor
Jun 29 03:06:46 h3ulcb systemd-udevd[341]: dma3chan12: Device processed (SEQNUM=4328, ACTION=add)
Jun 29 03:06:46 h3ulcb systemd-udevd[436]: dma3chan14: Processing device (SEQNUM=4330, ACTION=add)
Jun 29 03:06:46 h3ulcb systemd-udevd[335]: dma3chan11: sd-device-monitor: Passed 185 byte to netlink monitor
Jun 29 03:06:46 h3ulcb systemd-udevd[336]: dma3chan10: sd-device-monitor: Passed 185 byte to netlink monitor
Jun 29 03:06:46 h3ulcb systemd-udevd[331]: dma3chan15: Device ready for processing (SEQNUM=4331, ACTION=add)
Jun 29 03:06:46 h3ulcb systemd-udevd[341]: dma3chan12: sd-device-monitor: Passed 185 byte to netlink monitor
Jun 29 03:06:46 h3ulcb systemd-udevd[331]: dma3chan15: sd-device-monitor: Passed 185 byte to netlink monitor
Jun 29 03:06:46 h3ulcb systemd-udevd[440]: dma3chan15: Processing device (SEQNUM=4331, ACTION=add)
Jun 29 03:06:46 h3ulcb systemd-udevd[363]: dma3chan13: Device processed (SEQNUM=4329, ACTION=add)
Jun 29 03:06:46 h3ulcb systemd-udevd[331]: dma3chan2: Device ready for processing (SEQNUM=4332, ACTION=add)
Jun 29 03:06:46 h3ulcb systemd-udevd[363]: dma3chan13: sd-device-monitor: Passed 185 byte to netlink monitor
Jun 29 03:06:46 h3ulcb systemd-udevd[436]: dma3chan14: Device processed (SEQNUM=4330, ACTION=add)
Jun 29 03:06:46 h3ulcb systemd-udevd[331]: dma3chan2: sd-device-monitor: Passed 184 byte to netlink monitor
Jun 29 03:06:46 h3ulcb systemd-udevd[434]: dma3chan2: Processing device (SEQNUM=4332, ACTION=add)
Jun 29 03:06:46 h3ulcb systemd-udevd[436]: dma3chan14: sd-device-monitor: Passed 185 byte to netlink monitor
Jun 29 03:06:46 h3ulcb systemd-udevd[331]: dma3chan3: Device ready for processing (SEQNUM=4333, ACTION=add)
Jun 29 03:06:46 h3ulcb systemd-udevd[331]: dma3chan3: sd-device-monitor: Passed 184 byte to netlink monitor
Jun 29 03:06:46 h3ulcb systemd-udevd[337]: dma3chan3: Processing device (SEQNUM=4333, ACTION=add)
Jun 29 03:06:46 h3ulcb systemd-udevd[331]: dma3chan4: Device ready for processing (SEQNUM=4334, ACTION=add)
Jun 29 03:06:46 h3ulcb systemd-udevd[331]: dma3chan4: sd-device-monitor: Passed 184 byte to netlink monitor
Jun 29 03:06:46 h3ulcb systemd-udevd[331]: dma3chan5: Device ready for processing (SEQNUM=4335, ACTION=add)
Jun 29 03:06:46 h3ulcb systemd-udevd[343]: dma3chan4: Processing device (SEQNUM=4334, ACTION=add)
Jun 29 03:06:46 h3ulcb systemd-udevd[440]: dma3chan15: Device processed (SEQNUM=4331, ACTION=add)
Jun 29 03:06:46 h3ulcb systemd-udevd[331]: dma3chan5: sd-device-monitor: Passed 184 byte to netlink monitor
Jun 29 03:06:46 h3ulcb systemd-udevd[434]: dma3chan2: Device processed (SEQNUM=4332, ACTION=add)
Jun 29 03:06:46 h3ulcb systemd-udevd[373]: dma3chan5: Processing device (SEQNUM=4335, ACTION=add)
Jun 29 03:06:46 h3ulcb systemd-udevd[440]: dma3chan15: sd-device-monitor: Passed 185 byte to netlink monitor
Jun 29 03:06:46 h3ulcb systemd-udevd[331]: dma3chan6: Device ready for processing (SEQNUM=4336, ACTION=add)
Jun 29 03:06:46 h3ulcb systemd-udevd[434]: dma3chan2: sd-device-monitor: Passed 184 byte to netlink monitor
Jun 29 03:06:46 h3ulcb systemd-udevd[337]: dma3chan3: Device processed (SEQNUM=4333, ACTION=add)
Jun 29 03:06:46 h3ulcb systemd-udevd[331]: dma3chan6: sd-device-monitor: Passed 184 byte to netlink monitor
Jun 29 03:06:46 h3ulcb systemd-udevd[368]: dma3chan6: Processing device (SEQNUM=4336, ACTION=add)
Jun 29 03:06:46 h3ulcb systemd-udevd[337]: dma3chan3: sd-device-monitor: Passed 184 byte to netlink monitor
Jun 29 03:06:46 h3ulcb systemd-udevd[331]: dma3chan7: Device ready for processing (SEQNUM=4337, ACTION=add)
Jun 29 03:06:46 h3ulcb systemd-udevd[343]: dma3chan4: Device processed (SEQNUM=4334, ACTION=add)
Jun 29 03:06:46 h3ulcb systemd-udevd[331]: dma3chan7: sd-device-monitor: Passed 184 byte to netlink monitor
Jun 29 03:06:46 h3ulcb systemd-udevd[343]: dma3chan4: sd-device-monitor: Passed 184 byte to netlink monitor
Jun 29 03:06:46 h3ulcb systemd-udevd[344]: dma3chan7: Processing device (SEQNUM=4337, ACTION=add)
Jun 29 03:06:46 h3ulcb systemd-udevd[331]: dma3chan8: Device is queued (SEQNUM=4338, ACTION=add)
Jun 29 03:06:46 h3ulcb systemd-udevd[373]: dma3chan5: Device processed (SEQNUM=4335, ACTION=add)
Jun 29 03:06:46 h3ulcb systemd-udevd[331]: dma3chan8: Device ready for processing (SEQNUM=4338, ACTION=add)
Jun 29 03:06:46 h3ulcb systemd-udevd[373]: dma3chan5: sd-device-monitor: Passed 184 byte to netlink monitor
Jun 29 03:06:46 h3ulcb systemd-udevd[368]: dma3chan6: Device processed (SEQNUM=4336, ACTION=add)
Jun 29 03:06:46 h3ulcb systemd-udevd[331]: dma3chan8: sd-device-monitor: Passed 184 byte to netlink monitor
Jun 29 03:06:46 h3ulcb systemd-udevd[342]: dma3chan8: Processing device (SEQNUM=4338, ACTION=add)
Jun 29 03:06:46 h3ulcb systemd-udevd[368]: dma3chan6: sd-device-monitor: Passed 184 byte to netlink monitor
Jun 29 03:06:46 h3ulcb systemd-udevd[331]: dma3chan9: Device is queued (SEQNUM=4339, ACTION=add)
Jun 29 03:06:46 h3ulcb systemd-udevd[344]: dma3chan7: Device processed (SEQNUM=4337, ACTION=add)
Jun 29 03:06:46 h3ulcb systemd-udevd[331]: dma3chan9: Device ready for processing (SEQNUM=4339, ACTION=add)
Jun 29 03:06:46 h3ulcb systemd-udevd[344]: dma3chan7: sd-device-monitor: Passed 184 byte to netlink monitor
Jun 29 03:06:46 h3ulcb systemd-udevd[331]: dma3chan9: sd-device-monitor: Passed 184 byte to netlink monitor
Jun 29 03:06:46 h3ulcb systemd-udevd[435]: dma3chan9: Processing device (SEQNUM=4339, ACTION=add)
Jun 29 03:06:46 h3ulcb systemd-udevd[342]: dma3chan8: Device processed (SEQNUM=4338, ACTION=add)
Jun 29 03:06:46 h3ulcb systemd-udevd[342]: dma3chan8: sd-device-monitor: Passed 184 byte to netlink monitor
Jun 29 03:06:46 h3ulcb systemd-udevd[331]: ec720000.dma-controller: Device is queued (SEQNUM=4340, ACTION=add)
Jun 29 03:06:46 h3ulcb systemd-udevd[331]: ec720000.dma-controller: Device ready for processing (SEQNUM=4340, ACTION=add)
Jun 29 03:06:46 h3ulcb systemd-udevd[331]: ec720000.dma-controller: sd-device-monitor: Passed 419 byte to netlink monitor
Jun 29 03:06:46 h3ulcb systemd-udevd[433]: ec720000.dma-controller: Processing device (SEQNUM=4340, ACTION=add)
Jun 29 03:06:46 h3ulcb systemd-udevd[331]: dma4chan0: Device is queued (SEQNUM=4341, ACTION=add)
Jun 29 03:06:46 h3ulcb systemd-udevd[331]: dma4chan0: SEQNUM=4341 blocked by SEQNUM=4340
Jun 29 03:06:46 h3ulcb systemd-udevd[433]: ec720000.dma-controller: /usr/lib/udev/rules.d/50-udev-default.rules:14 Importing properties from results of builtin command 'hwdb --subsystem=platform'
Jun 29 03:06:46 h3ulcb systemd-udevd[435]: dma3chan9: Device processed (SEQNUM=4339, ACTION=add)
Jun 29 03:06:46 h3ulcb systemd-udevd[433]: ec720000.dma-controller: hwdb modalias key: "of:Ndma-controllerT(null)Crenesas,dmac-r8a7795Crenesas,rcar-dmac"
Jun 29 03:06:46 h3ulcb systemd-udevd[331]: dma4chan1: Device is queued (SEQNUM=4342, ACTION=add)
Jun 29 03:06:46 h3ulcb systemd-udevd[435]: dma3chan9: sd-device-monitor: Passed 184 byte to netlink monitor
Jun 29 03:06:46 h3ulcb systemd-udevd[331]: dma4chan1: SEQNUM=4342 blocked by SEQNUM=4340
Jun 29 03:06:46 h3ulcb systemd-udevd[433]: ec720000.dma-controller: hwdb modalias key: "of:NsocT(null)Csimple-bus"
Jun 29 03:06:46 h3ulcb systemd-udevd[331]: dma4chan10: Device is queued (SEQNUM=4343, ACTION=add)
Jun 29 03:06:46 h3ulcb systemd-udevd[331]: dma4chan10: SEQNUM=4343 blocked by SEQNUM=4340
Jun 29 03:06:46 h3ulcb systemd-udevd[433]: ec720000.dma-controller: No entry found from hwdb.
Jun 29 03:06:46 h3ulcb systemd-udevd[433]: ec720000.dma-controller: /usr/lib/udev/rules.d/50-udev-default.rules:14 Failed to run builtin 'hwdb --subsystem=platform': No data available
Jun 29 03:06:46 h3ulcb systemd-udevd[331]: dma4chan11: Device is queued (SEQNUM=4344, ACTION=add)
Jun 29 03:06:46 h3ulcb systemd-udevd[433]: ec720000.dma-controller: /usr/lib/udev/rules.d/60-drm.rules:3 Importing properties from results of builtin command 'path_id'
Jun 29 03:06:46 h3ulcb systemd-udevd[331]: dma4chan11: SEQNUM=4344 blocked by SEQNUM=4340
Jun 29 03:06:46 h3ulcb systemd-udevd[433]: ec720000.dma-controller: /usr/lib/udev/rules.d/80-drivers.rules:5 RUN 'kmod load '$env{MODALIAS}''
Jun 29 03:06:46 h3ulcb systemd-udevd[331]: dma4chan12: Device is queued (SEQNUM=4345, ACTION=add)
Jun 29 03:06:46 h3ulcb systemd-udevd[331]: dma4chan12: SEQNUM=4345 blocked by SEQNUM=4340
Jun 29 03:06:46 h3ulcb systemd-udevd[331]: dma4chan13: Device is queued (SEQNUM=4346, ACTION=add)
Jun 29 03:06:46 h3ulcb systemd-udevd[331]: dma4chan13: SEQNUM=4346 blocked by SEQNUM=4340
Jun 29 03:06:46 h3ulcb systemd-udevd[433]: ec720000.dma-controller: sd-device: Created db file '/run/udev/data/+platform:ec720000.dma-controller' for '/devices/platform/soc/ec720000.dma-controller'
Jun 29 03:06:46 h3ulcb systemd-udevd[433]: ec720000.dma-controller: Running built-in command "kmod load 'of:Ndma-controllerT(null)Crenesas,dmac-r8a7795Crenesas,rcar-dmac'"
Jun 29 03:06:46 h3ulcb systemd-udevd[331]: dma4chan14: Device is queued (SEQNUM=4347, ACTION=add)
Jun 29 03:06:46 h3ulcb systemd-udevd[433]: Loading module: of:Ndma-controllerT(null)Crenesas,dmac-r8a7795Crenesas,rcar-dmac
Jun 29 03:06:46 h3ulcb systemd-udevd[331]: dma4chan14: SEQNUM=4347 blocked by SEQNUM=4340
Jun 29 03:06:46 h3ulcb systemd-udevd[331]: dma4chan15: Device is queued (SEQNUM=4348, ACTION=add)
Jun 29 03:06:46 h3ulcb systemd-udevd[331]: dma4chan15: SEQNUM=4348 blocked by SEQNUM=4340
Jun 29 03:06:46 h3ulcb systemd-udevd[331]: dma4chan2: Device is queued (SEQNUM=4349, ACTION=add)
Jun 29 03:06:46 h3ulcb systemd-udevd[331]: dma4chan2: SEQNUM=4349 blocked by SEQNUM=4340
Jun 29 03:06:46 h3ulcb systemd-udevd[331]: dma4chan3: Device is queued (SEQNUM=4350, ACTION=add)
Jun 29 03:06:46 h3ulcb systemd-udevd[331]: dma4chan3: SEQNUM=4350 blocked by SEQNUM=4340
Jun 29 03:06:46 h3ulcb systemd-udevd[331]: dma4chan4: Device is queued (SEQNUM=4351, ACTION=add)
Jun 29 03:06:46 h3ulcb systemd-udevd[331]: dma4chan4: SEQNUM=4351 blocked by SEQNUM=4340
Jun 29 03:06:46 h3ulcb systemd-udevd[331]: dma4chan5: Device is queued (SEQNUM=4352, ACTION=add)
Jun 29 03:06:46 h3ulcb systemd-udevd[331]: dma4chan5: SEQNUM=4352 blocked by SEQNUM=4340
Jun 29 03:06:46 h3ulcb systemd-udevd[331]: dma4chan6: Device is queued (SEQNUM=4353, ACTION=add)
Jun 29 03:06:46 h3ulcb systemd-udevd[331]: dma4chan6: SEQNUM=4353 blocked by SEQNUM=4340
Jun 29 03:06:46 h3ulcb systemd-udevd[331]: dma4chan7: Device is queued (SEQNUM=4354, ACTION=add)
Jun 29 03:06:46 h3ulcb systemd-udevd[331]: dma4chan7: SEQNUM=4354 blocked by SEQNUM=4340
Jun 29 03:06:46 h3ulcb systemd-udevd[331]: dma4chan8: Device is queued (SEQNUM=4355, ACTION=add)
Jun 29 03:06:46 h3ulcb systemd-udevd[331]: dma4chan8: SEQNUM=4355 blocked by SEQNUM=4340
Jun 29 03:06:46 h3ulcb systemd-udevd[331]: dma4chan9: Device is queued (SEQNUM=4356, ACTION=add)
Jun 29 03:06:46 h3ulcb systemd-udevd[331]: dma4chan9: SEQNUM=4356 blocked by SEQNUM=4340
Jun 29 03:06:46 h3ulcb systemd-udevd[331]: ec800000.adsp: Device is queued (SEQNUM=4357, ACTION=add)
Jun 29 03:06:46 h3ulcb systemd-udevd[331]: ec800000.adsp: Device ready for processing (SEQNUM=4357, ACTION=add)
Jun 29 03:06:46 h3ulcb systemd-udevd[331]: ec800000.adsp: sd-device-monitor: Passed 372 byte to netlink monitor
Jun 29 03:06:46 h3ulcb systemd-udevd[435]: ec800000.adsp: Processing device (SEQNUM=4357, ACTION=add)
Jun 29 03:06:46 h3ulcb systemd-udevd[435]: ec800000.adsp: /usr/lib/udev/rules.d/50-udev-default.rules:14 Importing properties from results of builtin command 'hwdb --subsystem=platform'
Jun 29 03:06:46 h3ulcb systemd-udevd[435]: ec800000.adsp: hwdb modalias key: "of:NadspT(null)Crenesas,r8a7795-adspCrenesas,rcar-gen3-adsp"
Jun 29 03:06:46 h3ulcb systemd-udevd[331]: ee000000.usb: Device is queued (SEQNUM=4358, ACTION=add)
Jun 29 03:06:46 h3ulcb systemd-udevd[331]: ee000000.usb: Device ready for processing (SEQNUM=4358, ACTION=add)
Jun 29 03:06:46 h3ulcb systemd-udevd[435]: ec800000.adsp: hwdb modalias key: "of:NsocT(null)Csimple-bus"
Jun 29 03:06:46 h3ulcb systemd-udevd[437]: ee000000.usb: Processing device (SEQNUM=4358, ACTION=add)
Jun 29 03:06:46 h3ulcb systemd-udevd[331]: ee000000.usb: sd-device-monitor: Passed 384 byte to netlink monitor
Jun 29 03:06:46 h3ulcb systemd-udevd[433]: Module 'uio_pdrv_genirq' is already loaded
Jun 29 03:06:46 h3ulcb systemd-udevd[435]: ec800000.adsp: No entry found from hwdb.
Jun 29 03:06:46 h3ulcb systemd-udevd[437]: ee000000.usb: /usr/lib/udev/rules.d/50-udev-default.rules:14 Importing properties from results of builtin command 'hwdb --subsystem=platform'
Jun 29 03:06:46 h3ulcb systemd-udevd[433]: Module 'uio_pdrv_genirq' is already loaded
Jun 29 03:06:46 h3ulcb systemd-udevd[435]: ec800000.adsp: /usr/lib/udev/rules.d/50-udev-default.rules:14 Failed to run builtin 'hwdb --subsystem=platform': No data available
Jun 29 03:06:46 h3ulcb systemd-udevd[331]: usb10: Device is queued (SEQNUM=4359, ACTION=add)
Jun 29 03:06:46 h3ulcb systemd-udevd[437]: ee000000.usb: hwdb modalias key: "of:NusbT(null)Crenesas,xhci-r8a7795Crenesas,rcar-gen3-xhci"
Jun 29 03:06:46 h3ulcb systemd-udevd[433]: ec720000.dma-controller: Device processed (SEQNUM=4340, ACTION=add)
Jun 29 03:06:46 h3ulcb systemd-udevd[435]: ec800000.adsp: /usr/lib/udev/rules.d/60-drm.rules:3 Importing properties from results of builtin command 'path_id'
Jun 29 03:06:46 h3ulcb systemd-udevd[435]: ec800000.adsp: /usr/lib/udev/rules.d/80-drivers.rules:5 RUN 'kmod load '$env{MODALIAS}''
Jun 29 03:06:46 h3ulcb systemd-udevd[433]: ec720000.dma-controller: sd-device-monitor: Passed 505 byte to netlink monitor
Jun 29 03:06:46 h3ulcb systemd-udevd[331]: usb10: SEQNUM=4359 blocked by SEQNUM=4358
Jun 29 03:06:46 h3ulcb systemd-udevd[331]: dma4chan0: Device ready for processing (SEQNUM=4341, ACTION=add)
Jun 29 03:06:46 h3ulcb systemd-udevd[433]: dma4chan0: Processing device (SEQNUM=4341, ACTION=add)
Jun 29 03:06:46 h3ulcb systemd-udevd[437]: ee000000.usb: hwdb modalias key: "of:NsocT(null)Csimple-bus"
Jun 29 03:06:46 h3ulcb systemd-udevd[331]: dma4chan0: sd-device-monitor: Passed 184 byte to netlink monitor
Jun 29 03:06:46 h3ulcb systemd-udevd[435]: ec800000.adsp: sd-device: Created db file '/run/udev/data/+platform:ec800000.adsp' for '/devices/platform/soc/ec800000.adsp'
Jun 29 03:06:46 h3ulcb systemd-udevd[331]: dma4chan1: Device ready for processing (SEQNUM=4342, ACTION=add)
Jun 29 03:06:46 h3ulcb systemd-udevd[437]: ee000000.usb: No entry found from hwdb.
Jun 29 03:06:46 h3ulcb systemd-udevd[435]: ec800000.adsp: Running built-in command "kmod load 'of:NadspT(null)Crenesas,r8a7795-adspCrenesas,rcar-gen3-adsp'"
Jun 29 03:06:46 h3ulcb systemd-udevd[331]: dma4chan1: sd-device-monitor: Passed 184 byte to netlink monitor
Jun 29 03:06:46 h3ulcb systemd-udevd[437]: ee000000.usb: /usr/lib/udev/rules.d/50-udev-default.rules:14 Failed to run builtin 'hwdb --subsystem=platform': No data available
Jun 29 03:06:46 h3ulcb systemd-udevd[437]: ee000000.usb: /usr/lib/udev/rules.d/60-drm.rules:3 Importing properties from results of builtin command 'path_id'
Jun 29 03:06:46 h3ulcb systemd-udevd[435]: Loading module: of:NadspT(null)Crenesas,r8a7795-adspCrenesas,rcar-gen3-adsp
Jun 29 03:06:46 h3ulcb systemd-udevd[331]: dma4chan10: Device ready for processing (SEQNUM=4343, ACTION=add)
Jun 29 03:06:46 h3ulcb systemd-udevd[336]: dma4chan1: Processing device (SEQNUM=4342, ACTION=add)
Jun 29 03:06:46 h3ulcb systemd-udevd[437]: ee000000.usb: /usr/lib/udev/rules.d/80-drivers.rules:5 RUN 'kmod load '$env{MODALIAS}''
Jun 29 03:06:46 h3ulcb systemd-udevd[331]: dma4chan10: sd-device-monitor: Passed 185 byte to netlink monitor
Jun 29 03:06:46 h3ulcb systemd-udevd[433]: dma4chan0: Device processed (SEQNUM=4341, ACTION=add)
Jun 29 03:06:46 h3ulcb systemd-udevd[335]: dma4chan10: Processing device (SEQNUM=4343, ACTION=add)
Jun 29 03:06:46 h3ulcb systemd-udevd[331]: dma4chan11: Device ready for processing (SEQNUM=4344, ACTION=add)
Jun 29 03:06:46 h3ulcb systemd-udevd[433]: dma4chan0: sd-device-monitor: Passed 184 byte to netlink monitor
Jun 29 03:06:46 h3ulcb systemd-udevd[437]: ee000000.usb: sd-device: Created db file '/run/udev/data/+platform:ee000000.usb' for '/devices/platform/soc/ee000000.usb'
Jun 29 03:06:46 h3ulcb systemd-udevd[331]: dma4chan11: sd-device-monitor: Passed 185 byte to netlink monitor
Jun 29 03:06:46 h3ulcb systemd-udevd[341]: dma4chan11: Processing device (SEQNUM=4344, ACTION=add)
Jun 29 03:06:46 h3ulcb systemd-udevd[437]: ee000000.usb: Running built-in command "kmod load 'of:NusbT(null)Crenesas,xhci-r8a7795Crenesas,rcar-gen3-xhci'"
Jun 29 03:06:46 h3ulcb systemd-udevd[331]: dma4chan12: Device ready for processing (SEQNUM=4345, ACTION=add)
Jun 29 03:06:46 h3ulcb systemd-udevd[437]: Loading module: of:NusbT(null)Crenesas,xhci-r8a7795Crenesas,rcar-gen3-xhci
Jun 29 03:06:46 h3ulcb systemd-udevd[336]: dma4chan1: Device processed (SEQNUM=4342, ACTION=add)
Jun 29 03:06:46 h3ulcb systemd-udevd[331]: dma4chan12: sd-device-monitor: Passed 185 byte to netlink monitor
Jun 29 03:06:46 h3ulcb systemd-udevd[363]: dma4chan12: Processing device (SEQNUM=4345, ACTION=add)
Jun 29 03:06:46 h3ulcb systemd-udevd[435]: Module 'uio_pdrv_genirq' is already loaded
Jun 29 03:06:46 h3ulcb systemd-udevd[336]: dma4chan1: sd-device-monitor: Passed 184 byte to netlink monitor
Jun 29 03:06:46 h3ulcb systemd-udevd[331]: dma4chan13: Device ready for processing (SEQNUM=4346, ACTION=add)
Jun 29 03:06:46 h3ulcb systemd-udevd[335]: dma4chan10: Device processed (SEQNUM=4343, ACTION=add)
Jun 29 03:06:46 h3ulcb systemd-udevd[435]: Module 'uio_pdrv_genirq' is already loaded
Jun 29 03:06:46 h3ulcb systemd-udevd[341]: dma4chan11: Device processed (SEQNUM=4344, ACTION=add)
Jun 29 03:06:46 h3ulcb systemd-udevd[331]: dma4chan13: sd-device-monitor: Passed 185 byte to netlink monitor
Jun 29 03:06:46 h3ulcb systemd-udevd[436]: dma4chan13: Processing device (SEQNUM=4346, ACTION=add)
Jun 29 03:06:46 h3ulcb systemd-udevd[335]: dma4chan10: sd-device-monitor: Passed 185 byte to netlink monitor
Jun 29 03:06:46 h3ulcb systemd-udevd[435]: ec800000.adsp: Device processed (SEQNUM=4357, ACTION=add)
Jun 29 03:06:46 h3ulcb systemd-udevd[341]: dma4chan11: sd-device-monitor: Passed 185 byte to netlink monitor
Jun 29 03:06:46 h3ulcb systemd-udevd[331]: dma4chan14: Device ready for processing (SEQNUM=4347, ACTION=add)
Jun 29 03:06:46 h3ulcb systemd-udevd[363]: dma4chan12: Device processed (SEQNUM=4345, ACTION=add)
Jun 29 03:06:46 h3ulcb systemd-udevd[435]: ec800000.adsp: sd-device-monitor: Passed 438 byte to netlink monitor
Jun 29 03:06:46 h3ulcb systemd-udevd[331]: dma4chan14: sd-device-monitor: Passed 185 byte to netlink monitor
Jun 29 03:06:46 h3ulcb systemd-udevd[363]: dma4chan12: sd-device-monitor: Passed 185 byte to netlink monitor
Jun 29 03:06:46 h3ulcb systemd-udevd[440]: dma4chan14: Processing device (SEQNUM=4347, ACTION=add)
Jun 29 03:06:46 h3ulcb systemd-udevd[331]: dma4chan15: Device ready for processing (SEQNUM=4348, ACTION=add)
Jun 29 03:06:46 h3ulcb systemd-udevd[436]: dma4chan13: Device processed (SEQNUM=4346, ACTION=add)
Jun 29 03:06:46 h3ulcb systemd-udevd[437]: Module 'uio_pdrv_genirq' is already loaded
Jun 29 03:06:46 h3ulcb systemd-udevd[331]: dma4chan15: sd-device-monitor: Passed 185 byte to netlink monitor
Jun 29 03:06:46 h3ulcb systemd-udevd[434]: dma4chan15: Processing device (SEQNUM=4348, ACTION=add)
Jun 29 03:06:46 h3ulcb systemd-udevd[436]: dma4chan13: sd-device-monitor: Passed 185 byte to netlink monitor
Jun 29 03:06:46 h3ulcb systemd-udevd[437]: Module 'uio_pdrv_genirq' is already loaded
Jun 29 03:06:46 h3ulcb systemd-udevd[331]: dma4chan2: Device ready for processing (SEQNUM=4349, ACTION=add)
Jun 29 03:06:46 h3ulcb systemd-udevd[440]: dma4chan14: Device processed (SEQNUM=4347, ACTION=add)
Jun 29 03:06:46 h3ulcb systemd-udevd[437]: ee000000.usb: Device processed (SEQNUM=4358, ACTION=add)
Jun 29 03:06:46 h3ulcb systemd-udevd[331]: dma4chan2: sd-device-monitor: Passed 184 byte to netlink monitor
Jun 29 03:06:46 h3ulcb systemd-udevd[337]: dma4chan2: Processing device (SEQNUM=4349, ACTION=add)
Jun 29 03:06:46 h3ulcb systemd-udevd[440]: dma4chan14: sd-device-monitor: Passed 185 byte to netlink monitor
Jun 29 03:06:46 h3ulcb systemd-udevd[434]: dma4chan15: Device processed (SEQNUM=4348, ACTION=add)
Jun 29 03:06:46 h3ulcb systemd-udevd[437]: ee000000.usb: sd-device-monitor: Passed 448 byte to netlink monitor
Jun 29 03:06:46 h3ulcb systemd-udevd[331]: dma4chan3: Device ready for processing (SEQNUM=4350, ACTION=add)
Jun 29 03:06:46 h3ulcb systemd-udevd[434]: dma4chan15: sd-device-monitor: Passed 185 byte to netlink monitor
Jun 29 03:06:46 h3ulcb systemd-udevd[331]: dma4chan3: sd-device-monitor: Passed 184 byte to netlink monitor
Jun 29 03:06:46 h3ulcb systemd-udevd[343]: dma4chan3: Processing device (SEQNUM=4350, ACTION=add)
Jun 29 03:06:46 h3ulcb systemd-udevd[331]: dma4chan4: Device ready for processing (SEQNUM=4351, ACTION=add)
Jun 29 03:06:46 h3ulcb systemd-udevd[331]: dma4chan4: sd-device-monitor: Passed 184 byte to netlink monitor
Jun 29 03:06:46 h3ulcb systemd-udevd[331]: dma4chan5: Device ready for processing (SEQNUM=4352, ACTION=add)
Jun 29 03:06:46 h3ulcb systemd-udevd[373]: dma4chan4: Processing device (SEQNUM=4351, ACTION=add)
Jun 29 03:06:46 h3ulcb systemd-udevd[337]: dma4chan2: Device processed (SEQNUM=4349, ACTION=add)
Jun 29 03:06:46 h3ulcb systemd-udevd[331]: dma4chan5: sd-device-monitor: Passed 184 byte to netlink monitor
Jun 29 03:06:46 h3ulcb systemd-udevd[368]: dma4chan5: Processing device (SEQNUM=4352, ACTION=add)
Jun 29 03:06:46 h3ulcb systemd-udevd[337]: dma4chan2: sd-device-monitor: Passed 184 byte to netlink monitor
Jun 29 03:06:46 h3ulcb systemd-udevd[331]: dma4chan6: Device ready for processing (SEQNUM=4353, ACTION=add)
Jun 29 03:06:46 h3ulcb systemd-udevd[331]: dma4chan6: sd-device-monitor: Passed 184 byte to netlink monitor
Jun 29 03:06:46 h3ulcb systemd-udevd[343]: dma4chan3: Device processed (SEQNUM=4350, ACTION=add)
Jun 29 03:06:46 h3ulcb systemd-udevd[344]: dma4chan6: Processing device (SEQNUM=4353, ACTION=add)
Jun 29 03:06:46 h3ulcb systemd-udevd[331]: dma4chan7: Device ready for processing (SEQNUM=4354, ACTION=add)
Jun 29 03:06:46 h3ulcb systemd-udevd[342]: dma4chan7: Processing device (SEQNUM=4354, ACTION=add)
Jun 29 03:06:46 h3ulcb systemd-udevd[331]: dma4chan7: sd-device-monitor: Passed 184 byte to netlink monitor
Jun 29 03:06:46 h3ulcb systemd-udevd[343]: dma4chan3: sd-device-monitor: Passed 184 byte to netlink monitor
Jun 29 03:06:46 h3ulcb systemd-udevd[373]: dma4chan4: Device processed (SEQNUM=4351, ACTION=add)
Jun 29 03:06:46 h3ulcb systemd-udevd[331]: dma4chan8: Device ready for processing (SEQNUM=4355, ACTION=add)
Jun 29 03:06:46 h3ulcb systemd-udevd[368]: dma4chan5: Device processed (SEQNUM=4352, ACTION=add)
Jun 29 03:06:46 h3ulcb systemd-udevd[373]: dma4chan4: sd-device-monitor: Passed 184 byte to netlink monitor
Jun 29 03:06:46 h3ulcb systemd-udevd[331]: dma4chan8: sd-device-monitor: Passed 184 byte to netlink monitor
Jun 29 03:06:46 h3ulcb systemd-udevd[342]: dma4chan7: Device processed (SEQNUM=4354, ACTION=add)
Jun 29 03:06:46 h3ulcb systemd-udevd[368]: dma4chan5: sd-device-monitor: Passed 184 byte to netlink monitor
Jun 29 03:06:46 h3ulcb systemd-udevd[331]: dma4chan9: Device ready for processing (SEQNUM=4356, ACTION=add)
Jun 29 03:06:46 h3ulcb systemd-udevd[360]: dma4chan8: Processing device (SEQNUM=4355, ACTION=add)
Jun 29 03:06:46 h3ulcb systemd-udevd[342]: dma4chan7: sd-device-monitor: Passed 184 byte to netlink monitor
Jun 29 03:06:46 h3ulcb systemd-udevd[344]: dma4chan6: Device processed (SEQNUM=4353, ACTION=add)
Jun 29 03:06:46 h3ulcb systemd-udevd[331]: dma4chan9: sd-device-monitor: Passed 184 byte to netlink monitor
Jun 29 03:06:46 h3ulcb systemd-udevd[375]: dma4chan9: Processing device (SEQNUM=4356, ACTION=add)
Jun 29 03:06:46 h3ulcb systemd-udevd[344]: dma4chan6: sd-device-monitor: Passed 184 byte to netlink monitor
Jun 29 03:06:46 h3ulcb systemd-udevd[331]: 10-0:1.0: Device is queued (SEQNUM=4360, ACTION=add)
Jun 29 03:06:46 h3ulcb systemd-udevd[331]: 10-0:1.0: SEQNUM=4360 blocked by SEQNUM=4358
Jun 29 03:06:46 h3ulcb systemd-udevd[331]: usb10: Device ready for processing (SEQNUM=4359, ACTION=add)
Jun 29 03:06:46 h3ulcb systemd-udevd[331]: usb10: sd-device-monitor: Passed 433 byte to netlink monitor
Jun 29 03:06:46 h3ulcb systemd-udevd[331]: 10-0:1.0: SEQNUM=4360 blocked by SEQNUM=4359
Jun 29 03:06:46 h3ulcb systemd-udevd[375]: dma4chan9: Device processed (SEQNUM=4356, ACTION=add)
Jun 29 03:06:46 h3ulcb systemd-udevd[375]: dma4chan9: sd-device-monitor: Passed 184 byte to netlink monitor
Jun 29 03:06:46 h3ulcb systemd-udevd[435]: usb10: Processing device (SEQNUM=4359, ACTION=add)
Jun 29 03:06:46 h3ulcb systemd-udevd[331]: 10-1: Device is queued (SEQNUM=4361, ACTION=add)
Jun 29 03:06:46 h3ulcb systemd-udevd[360]: dma4chan8: Device processed (SEQNUM=4355, ACTION=add)
Jun 29 03:06:46 h3ulcb systemd-udevd[435]: usb10: Failed to get watch handle, ignoring: No such file or directory
Jun 29 03:06:46 h3ulcb systemd-udevd[331]: 10-1: SEQNUM=4361 blocked by SEQNUM=4359
Jun 29 03:06:46 h3ulcb systemd-udevd[360]: dma4chan8: sd-device-monitor: Passed 184 byte to netlink monitor
Jun 29 03:06:46 h3ulcb systemd-udevd[435]: usb10: /usr/lib/udev/rules.d/50-udev-default.rules:13 Importing properties from results of builtin command 'usb_id'
Jun 29 03:06:46 h3ulcb systemd-udevd[331]: 10-1.1: Device is queued (SEQNUM=4362, ACTION=add)
Jun 29 03:06:46 h3ulcb systemd-udevd[331]: 10-1.1: SEQNUM=4362 blocked by SEQNUM=4359
Jun 29 03:06:46 h3ulcb systemd-udevd[331]: 10-1.1:1.0: Device is queued (SEQNUM=4363, ACTION=add)
Jun 29 03:06:46 h3ulcb systemd-udevd[331]: 10-1.1:1.0: SEQNUM=4363 blocked by SEQNUM=4359
Jun 29 03:06:46 h3ulcb systemd-udevd[435]: usb10: /usr/lib/udev/rules.d/50-udev-default.rules:13 Importing properties from results of builtin command 'hwdb --subsystem=usb'
Jun 29 03:06:46 h3ulcb systemd-udevd[331]: 10-1:1.0: Device is queued (SEQNUM=4364, ACTION=add)
Jun 29 03:06:46 h3ulcb systemd-udevd[435]: usb10: hwdb modalias key: "usb:v1D6Bp0003:xHCI Host Controller"
Jun 29 03:06:46 h3ulcb systemd-udevd[331]: 10-1:1.0: SEQNUM=4364 blocked by SEQNUM=4359
Jun 29 03:06:46 h3ulcb systemd-udevd[331]: usb9: Device is queued (SEQNUM=4365, ACTION=add)
Jun 29 03:06:46 h3ulcb systemd-udevd[331]: usb9: Device ready for processing (SEQNUM=4365, ACTION=add)
Jun 29 03:06:46 h3ulcb systemd-udevd[331]: usb9: sd-device-monitor: Passed 432 byte to netlink monitor
Jun 29 03:06:46 h3ulcb systemd-udevd[433]: usb9: Processing device (SEQNUM=4365, ACTION=add)
Jun 29 03:06:46 h3ulcb systemd-udevd[433]: usb9: Failed to get watch handle, ignoring: No such file or directory
