Jun 29 03:06:46 h3ulcb systemd-udevd[339]: 7-0050: hwdb modalias key: "of:NeepromT(null)Crohm,br24t01Catmel,24c01"
Jun 29 03:06:46 h3ulcb systemd-udevd[342]: 7-0030: Running built-in command "kmod load 'of:NpmicT(null)Crohm,bd9571mwv'"
Jun 29 03:06:46 h3ulcb systemd-udevd[367]: i2c-7: Failed to get watch handle, ignoring: No such file or directory
Jun 29 03:06:46 h3ulcb systemd-udevd[331]: e6160000.reset-controller: Device is queued (SEQNUM=4160, ACTION=add)
Jun 29 03:06:46 h3ulcb systemd-udevd[342]: Loading module: of:NpmicT(null)Crohm,bd9571mwv
Jun 29 03:06:46 h3ulcb systemd-udevd[331]: e6160000.reset-controller: Device ready for processing (SEQNUM=4160, ACTION=add)
Jun 29 03:06:46 h3ulcb systemd-udevd[339]: 7-0050: No entry found from hwdb.
Jun 29 03:06:46 h3ulcb systemd-udevd[331]: e6160000.reset-controller: sd-device-monitor: Passed 356 byte to netlink monitor
Jun 29 03:06:46 h3ulcb systemd-udevd[339]: 7-0050: /usr/lib/udev/rules.d/50-udev-default.rules:14 Failed to run builtin 'hwdb --subsystem=i2c': No data available
Jun 29 03:06:46 h3ulcb systemd-udevd[375]: e6160000.reset-controller: Processing device (SEQNUM=4160, ACTION=add)
Jun 29 03:06:46 h3ulcb systemd-udevd[359]: Module 'uio_pdrv_genirq' is already loaded
Jun 29 03:06:46 h3ulcb systemd-udevd[331]: e6180000.system-controller: Device is queued (SEQNUM=4161, ACTION=add)
Jun 29 03:06:46 h3ulcb systemd-udevd[359]: Module 'uio_pdrv_genirq' is already loaded
Jun 29 03:06:46 h3ulcb systemd-udevd[375]: e6160000.reset-controller: /usr/lib/udev/rules.d/50-udev-default.rules:14 Importing properties from results of builtin command 'hwdb --subsystem=platform'
Jun 29 03:06:46 h3ulcb systemd-udevd[331]: e6180000.system-controller: Device ready for processing (SEQNUM=4161, ACTION=add)
Jun 29 03:06:46 h3ulcb systemd-udevd[339]: 7-0050: /usr/lib/udev/rules.d/80-drivers.rules:5 RUN 'kmod load '$env{MODALIAS}''
Jun 29 03:06:46 h3ulcb systemd-udevd[359]: e6150000.clock-controller: Device processed (SEQNUM=4159, ACTION=add)
Jun 29 03:06:46 h3ulcb systemd-udevd[375]: e6160000.reset-controller: hwdb modalias key: "of:Nreset-controllerT(null)Crenesas,r8a7795-rst"
Jun 29 03:06:46 h3ulcb systemd[1]: systemd-journald.service: Received EPOLLHUP on stored fd 40 (stored), closing.
Jun 29 03:06:46 h3ulcb systemd-udevd[331]: e6180000.system-controller: sd-device-monitor: Passed 362 byte to netlink monitor
Jun 29 03:06:46 h3ulcb systemd-udevd[368]: e6180000.system-controller: Processing device (SEQNUM=4161, ACTION=add)
Jun 29 03:06:46 h3ulcb systemd-udevd[359]: e6150000.clock-controller: sd-device-monitor: Passed 480 byte to netlink monitor
Jun 29 03:06:46 h3ulcb systemd-udevd[367]: i2c-7: Preserve permissions of /dev/i2c-7, uid=0, gid=0, mode=0600
Jun 29 03:06:46 h3ulcb systemd-udevd[339]: 7-0050: Running built-in command "kmod load 'of:NeepromT(null)Crohm,br24t01Catmel,24c01'"
Jun 29 03:06:46 h3ulcb systemd-udevd[375]: e6160000.reset-controller: hwdb modalias key: "of:NsocT(null)Csimple-bus"
Jun 29 03:06:46 h3ulcb systemd[1]: Received SIGCHLD from PID 419 (systemd-update-).
Jun 29 03:06:46 h3ulcb systemd-udevd[331]: e6198000.thermal: Device is queued (SEQNUM=4162, ACTION=add)
Jun 29 03:06:46 h3ulcb systemd-udevd[368]: e6180000.system-controller: /usr/lib/udev/rules.d/50-udev-default.rules:14 Importing properties from results of builtin command 'hwdb --subsystem=platform'
Jun 29 03:06:46 h3ulcb systemd-udevd[367]: i2c-7: Handling device node '/dev/i2c-7', devnum=c89:7
Jun 29 03:06:46 h3ulcb systemd-udevd[342]: Module 'uio_pdrv_genirq' is already loaded
Jun 29 03:06:46 h3ulcb systemd-udevd[339]: Loading module: of:NeepromT(null)Crohm,br24t01Catmel,24c01
Jun 29 03:06:46 h3ulcb systemd-udevd[375]: e6160000.reset-controller: No entry found from hwdb.
Jun 29 03:06:46 h3ulcb systemd[1]: Child 419 (systemd-update-) died (code=exited, status=0/SUCCESS)
Jun 29 03:06:46 h3ulcb systemd[1]: systemd-update-done.service: Child 419 belongs to systemd-update-done.service.
Jun 29 03:06:46 h3ulcb systemd-udevd[368]: e6180000.system-controller: hwdb modalias key: "of:Nsystem-controllerT(null)Crenesas,r8a7795-sysc"
Jun 29 03:06:46 h3ulcb systemd-udevd[342]: Module 'uio_pdrv_genirq' is already loaded
Jun 29 03:06:46 h3ulcb systemd-udevd[367]: i2c-7: sd-device: Created empty file '/run/udev/data/c89:7' for '/devices/platform/soc/e60b0000.i2c/i2c-7/i2c-dev/i2c-7'
Jun 29 03:06:46 h3ulcb systemd-udevd[375]: e6160000.reset-controller: /usr/lib/udev/rules.d/50-udev-default.rules:14 Failed to run builtin 'hwdb --subsystem=platform': No data available
Jun 29 03:06:46 h3ulcb systemd-udevd[331]: e6198000.thermal: Device ready for processing (SEQNUM=4162, ACTION=add)
Jun 29 03:06:46 h3ulcb systemd[1]: systemd-update-done.service: Main process exited, code=exited, status=0/SUCCESS (success)
Jun 29 03:06:46 h3ulcb systemd-udevd[342]: 7-0030: Device processed (SEQNUM=4149, ACTION=add)
Jun 29 03:06:46 h3ulcb systemd-udevd[367]: i2c-7: Failed to get watch handle, ignoring: No such file or directory
Jun 29 03:06:46 h3ulcb systemd-udevd[368]: e6180000.system-controller: hwdb modalias key: "of:NsocT(null)Csimple-bus"
Jun 29 03:06:46 h3ulcb systemd-udevd[375]: e6160000.reset-controller: /usr/lib/udev/rules.d/60-drm.rules:3 Importing properties from results of builtin command 'path_id'
Jun 29 03:06:46 h3ulcb systemd[1]: systemd-update-done.service: Changed start -> exited
Jun 29 03:06:46 h3ulcb systemd-udevd[337]: e6198000.thermal: Processing device (SEQNUM=4162, ACTION=add)
Jun 29 03:06:46 h3ulcb systemd-udevd[367]: i2c-7: Device processed (SEQNUM=4158, ACTION=add)
Jun 29 03:06:46 h3ulcb systemd-udevd[342]: 7-0030: sd-device-monitor: Passed 329 byte to netlink monitor
Jun 29 03:06:46 h3ulcb systemd-udevd[368]: e6180000.system-controller: No entry found from hwdb.
Jun 29 03:06:46 h3ulcb systemd-udevd[331]: e6198000.thermal: sd-device-monitor: Passed 353 byte to netlink monitor
Jun 29 03:06:46 h3ulcb systemd[1]: systemd-update-done.service: Job 30 systemd-update-done.service/start finished, result=done
Jun 29 03:06:46 h3ulcb systemd-udevd[331]: bd9571mwv-gpio.7.auto: Device ready for processing (SEQNUM=4150, ACTION=add)
Jun 29 03:06:46 h3ulcb systemd-udevd[337]: e6198000.thermal: /usr/lib/udev/rules.d/50-udev-default.rules:14 Importing properties from results of builtin command 'hwdb --subsystem=platform'
Jun 29 03:06:46 h3ulcb systemd-udevd[367]: i2c-7: sd-device-monitor: Passed 219 byte to netlink monitor
Jun 29 03:06:46 h3ulcb systemd-udevd[368]: e6180000.system-controller: /usr/lib/udev/rules.d/50-udev-default.rules:14 Failed to run builtin 'hwdb --subsystem=platform': No data available
Jun 29 03:06:46 h3ulcb systemd[1]: Finished Update is Completed.
Jun 29 03:06:46 h3ulcb systemd-udevd[375]: e6160000.reset-controller: /usr/lib/udev/rules.d/80-drivers.rules:5 RUN 'kmod load '$env{MODALIAS}''
Jun 29 03:06:46 h3ulcb systemd-udevd[331]: bd9571mwv-gpio.7.auto: sd-device-monitor: Passed 251 byte to netlink monitor
Jun 29 03:06:46 h3ulcb systemd-udevd[337]: e6198000.thermal: hwdb modalias key: "of:NthermalT(null)Crenesas,r8a7795-thermal"
Jun 29 03:06:46 h3ulcb systemd-udevd[342]: bd9571mwv-gpio.7.auto: Processing device (SEQNUM=4150, ACTION=add)
Jun 29 03:06:46 h3ulcb systemd-udevd[368]: e6180000.system-controller: /usr/lib/udev/rules.d/60-drm.rules:3 Importing properties from results of builtin command 'path_id'
Jun 29 03:06:46 h3ulcb systemd-udevd[331]: bd9571mwv-regulator.6.auto: Device ready for processing (SEQNUM=4151, ACTION=add)
Jun 29 03:06:46 h3ulcb systemd-udevd[368]: e6180000.system-controller: /usr/lib/udev/rules.d/80-drivers.rules:5 RUN 'kmod load '$env{MODALIAS}''
Jun 29 03:06:46 h3ulcb systemd-udevd[337]: e6198000.thermal: hwdb modalias key: "of:NsocT(null)Csimple-bus"
Jun 29 03:06:46 h3ulcb systemd-udevd[342]: bd9571mwv-gpio.7.auto: /usr/lib/udev/rules.d/50-udev-default.rules:14 Importing properties from results of builtin command 'hwdb --subsystem=platform'
Jun 29 03:06:46 h3ulcb systemd-udevd[331]: bd9571mwv-regulator.6.auto: sd-device-monitor: Passed 390 byte to netlink monitor
Jun 29 03:06:46 h3ulcb systemd-udevd[375]: e6160000.reset-controller: sd-device: Created db file '/run/udev/data/+platform:e6160000.reset-controller' for '/devices/platform/soc/e6160000.reset-controller'
Jun 29 03:06:46 h3ulcb systemd-udevd[359]: bd9571mwv-regulator.6.auto: Processing device (SEQNUM=4151, ACTION=add)
Jun 29 03:06:46 h3ulcb systemd-udevd[342]: bd9571mwv-gpio.7.auto: hwdb modalias key: "platform:bd9571mwv-gpio"
Jun 29 03:06:46 h3ulcb systemd-udevd[337]: e6198000.thermal: No entry found from hwdb.
Jun 29 03:06:46 h3ulcb systemd-udevd[331]: regulator.10: SEQNUM=4152 blocked by SEQNUM=4151
Jun 29 03:06:46 h3ulcb systemd-udevd[368]: e6180000.system-controller: sd-device: Created db file '/run/udev/data/+platform:e6180000.system-controller' for '/devices/platform/soc/e6180000.system-controller'
Jun 29 03:06:46 h3ulcb systemd-udevd[375]: e6160000.reset-controller: Running built-in command "kmod load 'of:Nreset-controllerT(null)Crenesas,r8a7795-rst'"
Jun 29 03:06:46 h3ulcb systemd-udevd[359]: bd9571mwv-regulator.6.auto: /usr/lib/udev/rules.d/50-udev-default.rules:14 Importing properties from results of builtin command 'hwdb --subsystem=platform'
Jun 29 03:06:46 h3ulcb systemd-udevd[337]: e6198000.thermal: /usr/lib/udev/rules.d/50-udev-default.rules:14 Failed to run builtin 'hwdb --subsystem=platform': No data available
Jun 29 03:06:46 h3ulcb systemd-udevd[331]: regulator.11: SEQNUM=4153 blocked by SEQNUM=4151
Jun 29 03:06:46 h3ulcb systemd-udevd[342]: bd9571mwv-gpio.7.auto: hwdb modalias key: "of:Ni2cT(null)Crenesas,iic-r8a7795Crenesas,rcar-gen3-iicCrenesas,rmobile-iic"
Jun 29 03:06:46 h3ulcb systemd-udevd[368]: e6180000.system-controller: Running built-in command "kmod load 'of:Nsystem-controllerT(null)Crenesas,r8a7795-sysc'"
Jun 29 03:06:46 h3ulcb systemd-udevd[375]: Loading module: of:Nreset-controllerT(null)Crenesas,r8a7795-rst
Jun 29 03:06:46 h3ulcb systemd-udevd[359]: bd9571mwv-regulator.6.auto: hwdb modalias key: "of:NpmicT(null)Crohm,bd9571mwv"
Jun 29 03:06:46 h3ulcb systemd-udevd[337]: e6198000.thermal: /usr/lib/udev/rules.d/60-drm.rules:3 Importing properties from results of builtin command 'path_id'
Jun 29 03:06:46 h3ulcb systemd-udevd[331]: regulator.12: SEQNUM=4154 blocked by SEQNUM=4151
Jun 29 03:06:46 h3ulcb systemd-udevd[368]: Loading module: of:Nsystem-controllerT(null)Crenesas,r8a7795-sysc
Jun 29 03:06:46 h3ulcb systemd-udevd[359]: bd9571mwv-regulator.6.auto: hwdb modalias key: "of:Ni2cT(null)Crenesas,iic-r8a7795Crenesas,rcar-gen3-iicCrenesas,rmobile-iic"
Jun 29 03:06:46 h3ulcb systemd-udevd[331]: regulator.13: SEQNUM=4155 blocked by SEQNUM=4151
Jun 29 03:06:46 h3ulcb systemd-udevd[337]: e6198000.thermal: /usr/lib/udev/rules.d/80-drivers.rules:5 RUN 'kmod load '$env{MODALIAS}''
Jun 29 03:06:46 h3ulcb systemd-udevd[342]: bd9571mwv-gpio.7.auto: hwdb modalias key: "of:NsocT(null)Csimple-bus"
Jun 29 03:06:46 h3ulcb systemd-udevd[331]: regulator.9: SEQNUM=4156 blocked by SEQNUM=4151
Jun 29 03:06:46 h3ulcb systemd-udevd[342]: bd9571mwv-gpio.7.auto: No entry found from hwdb.
Jun 29 03:06:46 h3ulcb systemd-udevd[359]: bd9571mwv-regulator.6.auto: hwdb modalias key: "of:NsocT(null)Csimple-bus"
Jun 29 03:06:46 h3ulcb systemd-udevd[342]: bd9571mwv-gpio.7.auto: /usr/lib/udev/rules.d/50-udev-default.rules:14 Failed to run builtin 'hwdb --subsystem=platform': No data available
Jun 29 03:06:46 h3ulcb systemd-udevd[337]: e6198000.thermal: sd-device: Created db file '/run/udev/data/+platform:e6198000.thermal' for '/devices/platform/soc/e6198000.thermal'
Jun 29 03:06:46 h3ulcb systemd-udevd[375]: Module 'uio_pdrv_genirq' is already loaded
Jun 29 03:06:46 h3ulcb systemd-udevd[331]: e61c0000.interrupt-controller: Device is queued (SEQNUM=4163, ACTION=add)
Jun 29 03:06:46 h3ulcb systemd-udevd[359]: bd9571mwv-regulator.6.auto: No entry found from hwdb.
Jun 29 03:06:46 h3ulcb systemd-udevd[342]: bd9571mwv-gpio.7.auto: /usr/lib/udev/rules.d/60-drm.rules:3 Importing properties from results of builtin command 'path_id'
Jun 29 03:06:46 h3ulcb systemd-udevd[337]: e6198000.thermal: Running built-in command "kmod load 'of:NthermalT(null)Crenesas,r8a7795-thermal'"
Jun 29 03:06:46 h3ulcb systemd-udevd[375]: Module 'uio_pdrv_genirq' is already loaded
Jun 29 03:06:46 h3ulcb systemd-udevd[331]: e61c0000.interrupt-controller: Device ready for processing (SEQNUM=4163, ACTION=add)
Jun 29 03:06:46 h3ulcb systemd-udevd[359]: bd9571mwv-regulator.6.auto: /usr/lib/udev/rules.d/50-udev-default.rules:14 Failed to run builtin 'hwdb --subsystem=platform': No data available
Jun 29 03:06:46 h3ulcb systemd-udevd[337]: Loading module: of:NthermalT(null)Crenesas,r8a7795-thermal
Jun 29 03:06:46 h3ulcb systemd-udevd[375]: e6160000.reset-controller: Device processed (SEQNUM=4160, ACTION=add)
Jun 29 03:06:46 h3ulcb systemd-udevd[375]: e6160000.reset-controller: sd-device-monitor: Passed 446 byte to netlink monitor
Jun 29 03:06:46 h3ulcb systemd-udevd[359]: bd9571mwv-regulator.6.auto: /usr/lib/udev/rules.d/60-drm.rules:3 Importing properties from results of builtin command 'path_id'
Jun 29 03:06:46 h3ulcb systemd-udevd[342]: bd9571mwv-gpio.7.auto: /usr/lib/udev/rules.d/80-drivers.rules:5 RUN 'kmod load '$env{MODALIAS}''
Jun 29 03:06:46 h3ulcb systemd-udevd[353]: e61c0000.interrupt-controller: Processing device (SEQNUM=4163, ACTION=add)
Jun 29 03:06:46 h3ulcb systemd-udevd[359]: bd9571mwv-regulator.6.auto: /usr/lib/udev/rules.d/80-drivers.rules:5 RUN 'kmod load '$env{MODALIAS}''
Jun 29 03:06:46 h3ulcb systemd-udevd[331]: e61c0000.interrupt-controller: sd-device-monitor: Passed 442 byte to netlink monitor
Jun 29 03:06:46 h3ulcb systemd-udevd[368]: Module 'uio_pdrv_genirq' is already loaded
Jun 29 03:06:46 h3ulcb systemd-udevd[342]: bd9571mwv-gpio.7.auto: sd-device: Created db file '/run/udev/data/+platform:bd9571mwv-gpio.7.auto' for '/devices/platform/soc/e60b0000.i2c/i2c-7/7-0030/bd9571mwv-gpio.7.auto'
Jun 29 03:06:46 h3ulcb systemd-udevd[368]: Module 'uio_pdrv_genirq' is already loaded
Jun 29 03:06:46 h3ulcb systemd-udevd[359]: bd9571mwv-regulator.6.auto: sd-device: Created db file '/run/udev/data/+platform:bd9571mwv-regulator.6.auto' for '/devices/platform/soc/e60b0000.i2c/i2c-7/7-0030/bd9571mwv-regulator.6.auto'
Jun 29 03:06:46 h3ulcb systemd-udevd[353]: e61c0000.interrupt-controller: /usr/lib/udev/rules.d/50-udev-default.rules:14 Importing properties from results of builtin command 'hwdb --subsystem=platform'
Jun 29 03:06:46 h3ulcb systemd-udevd[342]: bd9571mwv-gpio.7.auto: Running built-in command "kmod load 'platform:bd9571mwv-gpio'"
Jun 29 03:06:46 h3ulcb systemd-udevd[368]: e6180000.system-controller: Device processed (SEQNUM=4161, ACTION=add)
Jun 29 03:06:46 h3ulcb systemd-udevd[368]: e6180000.system-controller: sd-device-monitor: Passed 454 byte to netlink monitor
Jun 29 03:06:46 h3ulcb systemd-udevd[359]: bd9571mwv-regulator.6.auto: Running built-in command "kmod load 'of:NpmicT(null)Crohm,bd9571mwv'"
Jun 29 03:06:46 h3ulcb systemd-udevd[331]: e6260000.mfis: Device is queued (SEQNUM=4164, ACTION=add)
Jun 29 03:06:46 h3ulcb systemd-udevd[353]: e61c0000.interrupt-controller: hwdb modalias key: "of:Ninterrupt-controllerT(null)Crenesas,intc-ex-r8a7795Crenesas,irqc"
Jun 29 03:06:46 h3ulcb systemd-udevd[342]: Loading module: platform:bd9571mwv-gpio
Jun 29 03:06:46 h3ulcb systemd-udevd[337]: Module 'uio_pdrv_genirq' is already loaded
Jun 29 03:06:46 h3ulcb systemd-udevd[359]: Loading module: of:NpmicT(null)Crohm,bd9571mwv
Jun 29 03:06:46 h3ulcb systemd-udevd[331]: e6260000.mfis: Device ready for processing (SEQNUM=4164, ACTION=add)
Jun 29 03:06:46 h3ulcb systemd-udevd[353]: e61c0000.interrupt-controller: hwdb modalias key: "of:NsocT(null)Csimple-bus"
Jun 29 03:06:46 h3ulcb systemd-udevd[337]: Module 'uio_pdrv_genirq' is already loaded
Jun 29 03:06:46 h3ulcb systemd-udevd[331]: e6260000.mfis: sd-device-monitor: Passed 395 byte to netlink monitor
Jun 29 03:06:46 h3ulcb systemd-udevd[367]: e6260000.mfis: Processing device (SEQNUM=4164, ACTION=add)
Jun 29 03:06:46 h3ulcb systemd-udevd[337]: e6198000.thermal: Device processed (SEQNUM=4162, ACTION=add)
Jun 29 03:06:46 h3ulcb systemd-udevd[353]: e61c0000.interrupt-controller: No entry found from hwdb.
Jun 29 03:06:46 h3ulcb systemd-udevd[337]: e6198000.thermal: sd-device-monitor: Passed 425 byte to netlink monitor
Jun 29 03:06:46 h3ulcb systemd-udevd[353]: e61c0000.interrupt-controller: /usr/lib/udev/rules.d/50-udev-default.rules:14 Failed to run builtin 'hwdb --subsystem=platform': No data available
Jun 29 03:06:46 h3ulcb systemd-udevd[331]: e6460000.dma-controller: Device is queued (SEQNUM=4165, ACTION=add)
Jun 29 03:06:46 h3ulcb systemd-udevd[367]: e6260000.mfis: /usr/lib/udev/rules.d/50-udev-default.rules:14 Importing properties from results of builtin command 'hwdb --subsystem=platform'
Jun 29 03:06:46 h3ulcb systemd-udevd[353]: e61c0000.interrupt-controller: /usr/lib/udev/rules.d/60-drm.rules:3 Importing properties from results of builtin command 'path_id'
Jun 29 03:06:46 h3ulcb systemd-udevd[359]: Module 'uio_pdrv_genirq' is already loaded
Jun 29 03:06:46 h3ulcb systemd-udevd[331]: e6460000.dma-controller: Device ready for processing (SEQNUM=4165, ACTION=add)
Jun 29 03:06:46 h3ulcb systemd-udevd[367]: e6260000.mfis: hwdb modalias key: "of:NmfisT(null)Crenesas,mfis-lock-r8a7795Crenesas,mfis-lock"
Jun 29 03:06:46 h3ulcb systemd-udevd[353]: e61c0000.interrupt-controller: /usr/lib/udev/rules.d/80-drivers.rules:5 RUN 'kmod load '$env{MODALIAS}''
Jun 29 03:06:46 h3ulcb systemd-udevd[359]: Module 'uio_pdrv_genirq' is already loaded
Jun 29 03:06:46 h3ulcb systemd-udevd[331]: e6460000.dma-controller: sd-device-monitor: Passed 424 byte to netlink monitor
Jun 29 03:06:46 h3ulcb systemd-udevd[375]: e6460000.dma-controller: Processing device (SEQNUM=4165, ACTION=add)
Jun 29 03:06:46 h3ulcb systemd-udevd[359]: bd9571mwv-regulator.6.auto: Device processed (SEQNUM=4151, ACTION=add)
Jun 29 03:06:46 h3ulcb systemd-udevd[367]: e6260000.mfis: hwdb modalias key: "of:NsocT(null)Csimple-bus"
Jun 29 03:06:46 h3ulcb systemd-udevd[353]: e61c0000.interrupt-controller: sd-device: Created db file '/run/udev/data/+platform:e61c0000.interrupt-controller' for '/devices/platform/soc/e61c0000.interrupt-controller'
Jun 29 03:06:46 h3ulcb systemd-udevd[367]: e6260000.mfis: No entry found from hwdb.
Jun 29 03:06:46 h3ulcb systemd-udevd[375]: e6460000.dma-controller: /usr/lib/udev/rules.d/50-udev-default.rules:14 Importing properties from results of builtin command 'hwdb --subsystem=platform'
Jun 29 03:06:46 h3ulcb systemd-udevd[331]: dma9chan0: Device is queued (SEQNUM=4166, ACTION=add)
Jun 29 03:06:46 h3ulcb systemd-udevd[353]: e61c0000.interrupt-controller: Running built-in command "kmod load 'of:Ninterrupt-controllerT(null)Crenesas,intc-ex-r8a7795Crenesas,irqc'"
Jun 29 03:06:46 h3ulcb systemd-udevd[359]: bd9571mwv-regulator.6.auto: sd-device-monitor: Passed 526 byte to netlink monitor
Jun 29 03:06:46 h3ulcb systemd-udevd[367]: e6260000.mfis: /usr/lib/udev/rules.d/50-udev-default.rules:14 Failed to run builtin 'hwdb --subsystem=platform': No data available
Jun 29 03:06:46 h3ulcb systemd-udevd[367]: e6260000.mfis: /usr/lib/udev/rules.d/60-drm.rules:3 Importing properties from results of builtin command 'path_id'
Jun 29 03:06:46 h3ulcb systemd-udevd[331]: dma9chan0: SEQNUM=4166 blocked by SEQNUM=4165
Jun 29 03:06:46 h3ulcb systemd-udevd[367]: e6260000.mfis: /usr/lib/udev/rules.d/80-drivers.rules:5 RUN 'kmod load '$env{MODALIAS}''
Jun 29 03:06:46 h3ulcb systemd-udevd[375]: e6460000.dma-controller: hwdb modalias key: "of:Ndma-controllerT(null)Crenesas,r8a7795-usb-dmacCrenesas,usb-dmac"
Jun 29 03:06:46 h3ulcb systemd-udevd[353]: Loading module: of:Ninterrupt-controllerT(null)Crenesas,intc-ex-r8a7795Crenesas,irqc
Jun 29 03:06:46 h3ulcb systemd-udevd[375]: e6460000.dma-controller: hwdb modalias key: "of:NsocT(null)Csimple-bus"
Jun 29 03:06:46 h3ulcb systemd-udevd[331]: regulator.10: Device ready for processing (SEQNUM=4152, ACTION=add)
Jun 29 03:06:46 h3ulcb systemd-udevd[367]: e6260000.mfis: sd-device: Created db file '/run/udev/data/+platform:e6260000.mfis' for '/devices/platform/soc/e6260000.mfis'
Jun 29 03:06:46 h3ulcb systemd-udevd[375]: e6460000.dma-controller: No entry found from hwdb.
Jun 29 03:06:46 h3ulcb systemd-udevd[331]: regulator.10: sd-device-monitor: Passed 228 byte to netlink monitor
Jun 29 03:06:46 h3ulcb systemd-udevd[359]: regulator.10: Processing device (SEQNUM=4152, ACTION=add)
Jun 29 03:06:46 h3ulcb systemd-udevd[367]: e6260000.mfis: Running built-in command "kmod load 'of:NmfisT(null)Crenesas,mfis-lock-r8a7795Crenesas,mfis-lock'"
Jun 29 03:06:46 h3ulcb systemd-udevd[375]: e6460000.dma-controller: /usr/lib/udev/rules.d/50-udev-default.rules:14 Failed to run builtin 'hwdb --subsystem=platform': No data available
Jun 29 03:06:46 h3ulcb systemd-udevd[331]: regulator.11: Device ready for processing (SEQNUM=4153, ACTION=add)
Jun 29 03:06:46 h3ulcb systemd-udevd[367]: Loading module: of:NmfisT(null)Crenesas,mfis-lock-r8a7795Crenesas,mfis-lock
Jun 29 03:06:46 h3ulcb systemd-udevd[375]: e6460000.dma-controller: /usr/lib/udev/rules.d/60-drm.rules:3 Importing properties from results of builtin command 'path_id'
Jun 29 03:06:46 h3ulcb systemd-udevd[331]: regulator.11: sd-device-monitor: Passed 228 byte to netlink monitor
Jun 29 03:06:46 h3ulcb systemd-udevd[368]: regulator.11: Processing device (SEQNUM=4153, ACTION=add)
Jun 29 03:06:46 h3ulcb systemd-udevd[375]: e6460000.dma-controller: /usr/lib/udev/rules.d/80-drivers.rules:5 RUN 'kmod load '$env{MODALIAS}''
Jun 29 03:06:46 h3ulcb systemd-udevd[331]: regulator.12: Device ready for processing (SEQNUM=4154, ACTION=add)
Jun 29 03:06:46 h3ulcb systemd-udevd[353]: Module 'uio_pdrv_genirq' is already loaded
Jun 29 03:06:46 h3ulcb systemd-udevd[337]: regulator.12: Processing device (SEQNUM=4154, ACTION=add)
Jun 29 03:06:46 h3ulcb systemd-udevd[375]: e6460000.dma-controller: sd-device: Created db file '/run/udev/data/+platform:e6460000.dma-controller' for '/devices/platform/soc/e6460000.dma-controller'
Jun 29 03:06:46 h3ulcb systemd-udevd[353]: Module 'uio_pdrv_genirq' is already loaded
Jun 29 03:06:46 h3ulcb systemd-udevd[331]: regulator.12: sd-device-monitor: Passed 228 byte to netlink monitor
Jun 29 03:06:46 h3ulcb systemd-udevd[375]: e6460000.dma-controller: Running built-in command "kmod load 'of:Ndma-controllerT(null)Crenesas,r8a7795-usb-dmacCrenesas,usb-dmac'"
Jun 29 03:06:46 h3ulcb systemd-udevd[353]: e61c0000.interrupt-controller: Device processed (SEQNUM=4163, ACTION=add)
Jun 29 03:06:46 h3ulcb systemd-udevd[331]: regulator.13: Device ready for processing (SEQNUM=4155, ACTION=add)
Jun 29 03:06:46 h3ulcb systemd-udevd[375]: Loading module: of:Ndma-controllerT(null)Crenesas,r8a7795-usb-dmacCrenesas,usb-dmac
Jun 29 03:06:46 h3ulcb systemd-udevd[367]: Module 'uio_pdrv_genirq' is already loaded
Jun 29 03:06:46 h3ulcb systemd-udevd[353]: e61c0000.interrupt-controller: sd-device-monitor: Passed 540 byte to netlink monitor
Jun 29 03:06:46 h3ulcb systemd-udevd[331]: regulator.13: sd-device-monitor: Passed 313 byte to netlink monitor
Jun 29 03:06:46 h3ulcb systemd-udevd[336]: regulator.13: Processing device (SEQNUM=4155, ACTION=add)
Jun 29 03:06:46 h3ulcb systemd-udevd[359]: regulator.10: Device processed (SEQNUM=4152, ACTION=add)
Jun 29 03:06:46 h3ulcb systemd-udevd[367]: Module 'uio_pdrv_genirq' is already loaded
Jun 29 03:06:46 h3ulcb systemd-udevd[331]: regulator.9: Device ready for processing (SEQNUM=4156, ACTION=add)
Jun 29 03:06:46 h3ulcb systemd-udevd[331]: regulator.9: sd-device-monitor: Passed 227 byte to netlink monitor
Jun 29 03:06:46 h3ulcb systemd-udevd[359]: regulator.10: sd-device-monitor: Passed 228 byte to netlink monitor
Jun 29 03:06:46 h3ulcb systemd-udevd[367]: e6260000.mfis: Device processed (SEQNUM=4164, ACTION=add)
Jun 29 03:06:46 h3ulcb systemd-udevd[368]: regulator.11: Device processed (SEQNUM=4153, ACTION=add)
Jun 29 03:06:46 h3ulcb systemd-udevd[338]: regulator.9: Processing device (SEQNUM=4156, ACTION=add)
Jun 29 03:06:46 h3ulcb systemd-udevd[337]: regulator.12: Device processed (SEQNUM=4154, ACTION=add)
Jun 29 03:06:46 h3ulcb systemd-udevd[331]: dma9chan1: Device is queued (SEQNUM=4167, ACTION=add)
Jun 29 03:06:46 h3ulcb systemd-udevd[367]: e6260000.mfis: sd-device-monitor: Passed 461 byte to netlink monitor
Jun 29 03:06:46 h3ulcb systemd-udevd[368]: regulator.11: sd-device-monitor: Passed 228 byte to netlink monitor
Jun 29 03:06:46 h3ulcb systemd-udevd[375]: Module 'uio_pdrv_genirq' is already loaded
Jun 29 03:06:46 h3ulcb systemd-udevd[337]: regulator.12: sd-device-monitor: Passed 228 byte to netlink monitor
Jun 29 03:06:46 h3ulcb systemd-udevd[331]: dma9chan1: SEQNUM=4167 blocked by SEQNUM=4165
Jun 29 03:06:46 h3ulcb systemd-udevd[336]: regulator.13: Device processed (SEQNUM=4155, ACTION=add)
Jun 29 03:06:46 h3ulcb systemd-udevd[375]: Module 'uio_pdrv_genirq' is already loaded
Jun 29 03:06:46 h3ulcb systemd-udevd[336]: regulator.13: sd-device-monitor: Passed 313 byte to netlink monitor
Jun 29 03:06:46 h3ulcb systemd-udevd[375]: e6460000.dma-controller: Device processed (SEQNUM=4165, ACTION=add)
Jun 29 03:06:46 h3ulcb systemd-udevd[375]: e6460000.dma-controller: sd-device-monitor: Passed 510 byte to netlink monitor
Jun 29 03:06:46 h3ulcb systemd-udevd[331]: e6470000.dma-controller: Device is queued (SEQNUM=4168, ACTION=add)
Jun 29 03:06:46 h3ulcb systemd-udevd[338]: regulator.9: Device processed (SEQNUM=4156, ACTION=add)
Jun 29 03:06:46 h3ulcb systemd-udevd[331]: e6470000.dma-controller: Device ready for processing (SEQNUM=4168, ACTION=add)
Jun 29 03:06:46 h3ulcb systemd-udevd[338]: regulator.9: sd-device-monitor: Passed 227 byte to netlink monitor
Jun 29 03:06:46 h3ulcb systemd-udevd[331]: e6470000.dma-controller: sd-device-monitor: Passed 424 byte to netlink monitor
Jun 29 03:06:46 h3ulcb systemd-udevd[359]: e6470000.dma-controller: Processing device (SEQNUM=4168, ACTION=add)
Jun 29 03:06:46 h3ulcb systemd-udevd[331]: dma9chan0: Device ready for processing (SEQNUM=4166, ACTION=add)
Jun 29 03:06:46 h3ulcb systemd-udevd[367]: dma9chan0: Processing device (SEQNUM=4166, ACTION=add)
Jun 29 03:06:46 h3ulcb systemd-udevd[331]: dma9chan0: sd-device-monitor: Passed 184 byte to netlink monitor
Jun 29 03:06:46 h3ulcb systemd-udevd[359]: e6470000.dma-controller: /usr/lib/udev/rules.d/50-udev-default.rules:14 Importing properties from results of builtin command 'hwdb --subsystem=platform'
Jun 29 03:06:46 h3ulcb systemd-udevd[331]: dma9chan1: Device ready for processing (SEQNUM=4167, ACTION=add)
Jun 29 03:06:46 h3ulcb systemd-udevd[375]: dma9chan1: Processing device (SEQNUM=4167, ACTION=add)
Jun 29 03:06:46 h3ulcb systemd-udevd[331]: dma9chan1: sd-device-monitor: Passed 184 byte to netlink monitor
Jun 29 03:06:46 h3ulcb systemd-udevd[359]: e6470000.dma-controller: hwdb modalias key: "of:Ndma-controllerT(null)Crenesas,r8a7795-usb-dmacCrenesas,usb-dmac"
Jun 29 03:06:46 h3ulcb systemd-udevd[331]: dma10chan0: Device is queued (SEQNUM=4169, ACTION=add)
Jun 29 03:06:46 h3ulcb systemd-udevd[367]: dma9chan0: Device processed (SEQNUM=4166, ACTION=add)
Jun 29 03:06:46 h3ulcb systemd-udevd[331]: dma10chan0: SEQNUM=4169 blocked by SEQNUM=4168
Jun 29 03:06:46 h3ulcb systemd-udevd[367]: dma9chan0: sd-device-monitor: Passed 184 byte to netlink monitor
Jun 29 03:06:46 h3ulcb systemd-udevd[359]: e6470000.dma-controller: hwdb modalias key: "of:NsocT(null)Csimple-bus"
Jun 29 03:06:46 h3ulcb systemd-udevd[375]: dma9chan1: Device processed (SEQNUM=4167, ACTION=add)
Jun 29 03:06:46 h3ulcb systemd-udevd[331]: dma10chan1: Device is queued (SEQNUM=4170, ACTION=add)
Jun 29 03:06:46 h3ulcb systemd-udevd[375]: dma9chan1: sd-device-monitor: Passed 184 byte to netlink monitor
Jun 29 03:06:46 h3ulcb systemd-udevd[359]: e6470000.dma-controller: No entry found from hwdb.
Jun 29 03:06:46 h3ulcb systemd-udevd[331]: dma10chan1: SEQNUM=4170 blocked by SEQNUM=4168
Jun 29 03:06:46 h3ulcb systemd-udevd[359]: e6470000.dma-controller: /usr/lib/udev/rules.d/50-udev-default.rules:14 Failed to run builtin 'hwdb --subsystem=platform': No data available
Jun 29 03:06:46 h3ulcb systemd-udevd[359]: e6470000.dma-controller: /usr/lib/udev/rules.d/60-drm.rules:3 Importing properties from results of builtin command 'path_id'
Jun 29 03:06:46 h3ulcb systemd-udevd[331]: e6510000.i2c: Device is queued (SEQNUM=4171, ACTION=add)
Jun 29 03:06:46 h3ulcb systemd-udevd[359]: e6470000.dma-controller: /usr/lib/udev/rules.d/80-drivers.rules:5 RUN 'kmod load '$env{MODALIAS}''
Jun 29 03:06:46 h3ulcb systemd-udevd[331]: e6510000.i2c: Device ready for processing (SEQNUM=4171, ACTION=add)
Jun 29 03:06:46 h3ulcb systemd-udevd[331]: e6510000.i2c: sd-device-monitor: Passed 396 byte to netlink monitor
Jun 29 03:06:46 h3ulcb systemd-udevd[367]: e6510000.i2c: Processing device (SEQNUM=4171, ACTION=add)
Jun 29 03:06:46 h3ulcb systemd-udevd[367]: e6510000.i2c: /usr/lib/udev/rules.d/50-udev-default.rules:14 Importing properties from results of builtin command 'hwdb --subsystem=platform'
Jun 29 03:06:46 h3ulcb systemd-udevd[359]: e6470000.dma-controller: sd-device: Created db file '/run/udev/data/+platform:e6470000.dma-controller' for '/devices/platform/soc/e6470000.dma-controller'
Jun 29 03:06:46 h3ulcb systemd-udevd[367]: e6510000.i2c: hwdb modalias key: "of:Ni2cT(null)Crenesas,i2c-r8a7795Crenesas,rcar-gen3-i2c"
Jun 29 03:06:46 h3ulcb systemd-udevd[331]: i2c-2: Device is queued (SEQNUM=4172, ACTION=add)
Jun 29 03:06:46 h3ulcb systemd-udevd[359]: e6470000.dma-controller: Running built-in command "kmod load 'of:Ndma-controllerT(null)Crenesas,r8a7795-usb-dmacCrenesas,usb-dmac'"
Jun 29 03:06:46 h3ulcb systemd-udevd[367]: e6510000.i2c: hwdb modalias key: "of:NsocT(null)Csimple-bus"
Jun 29 03:06:46 h3ulcb systemd-udevd[359]: Loading module: of:Ndma-controllerT(null)Crenesas,r8a7795-usb-dmacCrenesas,usb-dmac
Jun 29 03:06:46 h3ulcb systemd-udevd[331]: i2c-2: SEQNUM=4172 blocked by SEQNUM=4171
Jun 29 03:06:46 h3ulcb systemd-udevd[367]: e6510000.i2c: No entry found from hwdb.
Jun 29 03:06:46 h3ulcb systemd-udevd[367]: e6510000.i2c: /usr/lib/udev/rules.d/50-udev-default.rules:14 Failed to run builtin 'hwdb --subsystem=platform': No data available
Jun 29 03:06:46 h3ulcb systemd-udevd[331]: 2-0022: Device is queued (SEQNUM=4173, ACTION=add)
Jun 29 03:06:46 h3ulcb systemd-udevd[367]: e6510000.i2c: /usr/lib/udev/rules.d/60-drm.rules:3 Importing properties from results of builtin command 'path_id'
Jun 29 03:06:46 h3ulcb systemd-udevd[342]: Inserted module 'gpio_bd9571mwv'
Jun 29 03:06:46 h3ulcb systemd-udevd[331]: 2-0022: SEQNUM=4173 blocked by SEQNUM=4171
Jun 29 03:06:46 h3ulcb systemd-udevd[367]: e6510000.i2c: /usr/lib/udev/rules.d/80-drivers.rules:5 RUN 'kmod load '$env{MODALIAS}''
Jun 29 03:06:46 h3ulcb systemd-udevd[342]: bd9571mwv-gpio.7.auto: Device processed (SEQNUM=4150, ACTION=add)
Jun 29 03:06:46 h3ulcb systemd-udevd[331]: 2-0023: Device is queued (SEQNUM=4174, ACTION=add)
Jun 29 03:06:46 h3ulcb systemd-udevd[342]: bd9571mwv-gpio.7.auto: sd-device-monitor: Passed 377 byte to netlink monitor
Jun 29 03:06:46 h3ulcb systemd-udevd[331]: 2-0023: SEQNUM=4174 blocked by SEQNUM=4171
Jun 29 03:06:46 h3ulcb systemd-udevd[367]: e6510000.i2c: sd-device: Created db file '/run/udev/data/+platform:e6510000.i2c' for '/devices/platform/soc/e6510000.i2c'
Jun 29 03:06:46 h3ulcb systemd-udevd[367]: e6510000.i2c: Running built-in command "kmod load 'of:Ni2cT(null)Crenesas,i2c-r8a7795Crenesas,rcar-gen3-i2c'"
Jun 29 03:06:46 h3ulcb systemd-udevd[367]: Loading module: of:Ni2cT(null)Crenesas,i2c-r8a7795Crenesas,rcar-gen3-i2c
Jun 29 03:06:46 h3ulcb systemd-udevd[331]: 2-0026: Device is queued (SEQNUM=4175, ACTION=add)
Jun 29 03:06:46 h3ulcb systemd-udevd[331]: 2-0026: SEQNUM=4175 blocked by SEQNUM=4171
Jun 29 03:06:46 h3ulcb systemd-udevd[359]: Module 'uio_pdrv_genirq' is already loaded
Jun 29 03:06:46 h3ulcb systemd-udevd[331]: 2-0027: Device is queued (SEQNUM=4176, ACTION=add)
Jun 29 03:06:46 h3ulcb systemd-udevd[359]: Module 'uio_pdrv_genirq' is already loaded
Jun 29 03:06:46 h3ulcb systemd-udevd[331]: 2-0027: SEQNUM=4176 blocked by SEQNUM=4171
Jun 29 03:06:46 h3ulcb systemd-udevd[359]: e6470000.dma-controller: Device processed (SEQNUM=4168, ACTION=add)
Jun 29 03:06:46 h3ulcb systemd-udevd[331]: 2-0028: Device is queued (SEQNUM=4177, ACTION=add)
Jun 29 03:06:46 h3ulcb systemd-udevd[359]: e6470000.dma-controller: sd-device-monitor: Passed 510 byte to netlink monitor
Jun 29 03:06:46 h3ulcb systemd-udevd[331]: 2-0028: SEQNUM=4177 blocked by SEQNUM=4171
Jun 29 03:06:46 h3ulcb systemd-udevd[331]: dma10chan0: Device ready for processing (SEQNUM=4169, ACTION=add)
Jun 29 03:06:46 h3ulcb systemd-udevd[331]: dma10chan0: sd-device-monitor: Passed 185 byte to netlink monitor
Jun 29 03:06:46 h3ulcb systemd-udevd[342]: dma10chan0: Processing device (SEQNUM=4169, ACTION=add)
Jun 29 03:06:46 h3ulcb systemd-udevd[331]: dma10chan1: Device ready for processing (SEQNUM=4170, ACTION=add)
Jun 29 03:06:46 h3ulcb systemd-udevd[331]: dma10chan1: sd-device-monitor: Passed 185 byte to netlink monitor
Jun 29 03:06:46 h3ulcb systemd-udevd[359]: dma10chan1: Processing device (SEQNUM=4170, ACTION=add)
Jun 29 03:06:46 h3ulcb systemd-udevd[331]: 2-0029: Device is queued (SEQNUM=4178, ACTION=add)
Jun 29 03:06:46 h3ulcb systemd-udevd[331]: 2-0029: SEQNUM=4178 blocked by SEQNUM=4171
Jun 29 03:06:46 h3ulcb systemd-udevd[331]: 2-0030: Device is queued (SEQNUM=4179, ACTION=add)
Jun 29 03:06:46 h3ulcb systemd-udevd[331]: 2-0030: SEQNUM=4179 blocked by SEQNUM=4171
Jun 29 03:06:46 h3ulcb systemd-udevd[331]: 2-0031: Device is queued (SEQNUM=4180, ACTION=add)
Jun 29 03:06:46 h3ulcb systemd-udevd[331]: 2-0031: SEQNUM=4180 blocked by SEQNUM=4171
Jun 29 03:06:46 h3ulcb systemd-udevd[342]: dma10chan0: Device processed (SEQNUM=4169, ACTION=add)
Jun 29 03:06:46 h3ulcb systemd-udevd[342]: dma10chan0: sd-device-monitor: Passed 185 byte to netlink monitor
Jun 29 03:06:46 h3ulcb systemd-udevd[331]: 2-0032: Device is queued (SEQNUM=4181, ACTION=add)
Jun 29 03:06:46 h3ulcb systemd-udevd[331]: 2-0032: SEQNUM=4181 blocked by SEQNUM=4171
Jun 29 03:06:46 h3ulcb systemd-udevd[367]: Module 'uio_pdrv_genirq' is already loaded
Jun 29 03:06:46 h3ulcb systemd-udevd[331]: 2-0033: Device is queued (SEQNUM=4182, ACTION=add)
Jun 29 03:06:46 h3ulcb systemd-udevd[367]: Module 'uio_pdrv_genirq' is already loaded
Jun 29 03:06:46 h3ulcb systemd-udevd[331]: 2-0033: SEQNUM=4182 blocked by SEQNUM=4171
Jun 29 03:06:46 h3ulcb systemd-udevd[359]: dma10chan1: Device processed (SEQNUM=4170, ACTION=add)
Jun 29 03:06:46 h3ulcb systemd-udevd[367]: e6510000.i2c: Device processed (SEQNUM=4171, ACTION=add)
Jun 29 03:06:46 h3ulcb systemd-udevd[359]: dma10chan1: sd-device-monitor: Passed 185 byte to netlink monitor
Jun 29 03:06:46 h3ulcb systemd-udevd[331]: 2-0034: Device is queued (SEQNUM=4183, ACTION=add)
Jun 29 03:06:46 h3ulcb systemd-udevd[367]: e6510000.i2c: sd-device-monitor: Passed 460 byte to netlink monitor
Jun 29 03:06:46 h3ulcb systemd-udevd[331]: 2-0034: SEQNUM=4183 blocked by SEQNUM=4171
Jun 29 03:06:46 h3ulcb systemd-udevd[331]: i2c-2: Device ready for processing (SEQNUM=4172, ACTION=add)
Jun 29 03:06:46 h3ulcb systemd-udevd[331]: i2c-2: sd-device-monitor: Passed 315 byte to netlink monitor
Jun 29 03:06:46 h3ulcb systemd-udevd[342]: i2c-2: Processing device (SEQNUM=4172, ACTION=add)
Jun 29 03:06:46 h3ulcb systemd-udevd[331]: 2-0022: SEQNUM=4173 blocked by SEQNUM=4172
Jun 29 03:06:46 h3ulcb systemd-udevd[331]: 2-0023: SEQNUM=4174 blocked by SEQNUM=4172
Jun 29 03:06:46 h3ulcb systemd-udevd[331]: 2-0026: SEQNUM=4175 blocked by SEQNUM=4172
Jun 29 03:06:46 h3ulcb systemd-udevd[331]: 2-0027: SEQNUM=4176 blocked by SEQNUM=4172
Jun 29 03:06:46 h3ulcb systemd-udevd[331]: 2-0028: SEQNUM=4177 blocked by SEQNUM=4172
Jun 29 03:06:46 h3ulcb systemd-udevd[331]: 2-0029: SEQNUM=4178 blocked by SEQNUM=4172
Jun 29 03:06:46 h3ulcb systemd-udevd[331]: 2-0030: SEQNUM=4179 blocked by SEQNUM=4172
Jun 29 03:06:46 h3ulcb systemd-udevd[342]: i2c-2: Device processed (SEQNUM=4172, ACTION=add)
Jun 29 03:06:46 h3ulcb systemd-udevd[331]: 2-0031: SEQNUM=4180 blocked by SEQNUM=4172
Jun 29 03:06:46 h3ulcb systemd-udevd[342]: i2c-2: sd-device-monitor: Passed 315 byte to netlink monitor
Jun 29 03:06:46 h3ulcb systemd-udevd[331]: 2-0032: SEQNUM=4181 blocked by SEQNUM=4172
Jun 29 03:06:46 h3ulcb systemd-udevd[331]: 2-0033: SEQNUM=4182 blocked by SEQNUM=4172
Jun 29 03:06:46 h3ulcb systemd-udevd[331]: 2-0034: SEQNUM=4183 blocked by SEQNUM=4172
Jun 29 03:06:46 h3ulcb systemd-udevd[331]: 2-0035: Device is queued (SEQNUM=4184, ACTION=add)
Jun 29 03:06:46 h3ulcb systemd-udevd[331]: 2-0035: SEQNUM=4184 blocked by SEQNUM=4172
Jun 29 03:06:46 h3ulcb systemd-udevd[331]: 2-0022: Device ready for processing (SEQNUM=4173, ACTION=add)
Jun 29 03:06:46 h3ulcb systemd-udevd[331]: 2-0022: sd-device-monitor: Passed 204 byte to netlink monitor
Jun 29 03:06:46 h3ulcb systemd-udevd[342]: 2-0022: Processing device (SEQNUM=4173, ACTION=add)
Jun 29 03:06:46 h3ulcb systemd-udevd[331]: 2-0023: Device ready for processing (SEQNUM=4174, ACTION=add)
Jun 29 03:06:46 h3ulcb systemd-udevd[339]: Inserted module 'at24'
Jun 29 03:06:46 h3ulcb systemd-udevd[342]: 2-0022: /usr/lib/udev/rules.d/50-udev-default.rules:14 Importing properties from results of builtin command 'hwdb --subsystem=i2c'
Jun 29 03:06:46 h3ulcb systemd-udevd[331]: 2-0023: sd-device-monitor: Passed 204 byte to netlink monitor
Jun 29 03:06:46 h3ulcb systemd-udevd[359]: 2-0023: Processing device (SEQNUM=4174, ACTION=add)
Jun 29 03:06:46 h3ulcb systemd-udevd[339]: Module 'uio_pdrv_genirq' is already loaded
Jun 29 03:06:46 h3ulcb systemd-udevd[342]: 2-0022: hwdb modalias key: "i2c:dummy"
Jun 29 03:06:46 h3ulcb systemd-udevd[331]: 2-0026: Device ready for processing (SEQNUM=4175, ACTION=add)
Jun 29 03:06:46 h3ulcb systemd-udevd[339]: Module 'uio_pdrv_genirq' is already loaded
Jun 29 03:06:46 h3ulcb systemd-udevd[359]: 2-0023: /usr/lib/udev/rules.d/50-udev-default.rules:14 Importing properties from results of builtin command 'hwdb --subsystem=i2c'
Jun 29 03:06:46 h3ulcb systemd-udevd[331]: 2-0026: sd-device-monitor: Passed 204 byte to netlink monitor
Jun 29 03:06:46 h3ulcb systemd-udevd[367]: 2-0026: Processing device (SEQNUM=4175, ACTION=add)
Jun 29 03:06:46 h3ulcb systemd-udevd[339]: 7-0050: Device processed (SEQNUM=4157, ACTION=add)
Jun 29 03:06:46 h3ulcb systemd-udevd[359]: 2-0023: hwdb modalias key: "i2c:dummy"
Jun 29 03:06:46 h3ulcb systemd-udevd[331]: 2-0027: Device ready for processing (SEQNUM=4176, ACTION=add)
Jun 29 03:06:46 h3ulcb systemd-udevd[339]: 7-0050: sd-device-monitor: Passed 354 byte to netlink monitor
Jun 29 03:06:46 h3ulcb systemd-udevd[367]: 2-0026: /usr/lib/udev/rules.d/50-udev-default.rules:14 Importing properties from results of builtin command 'hwdb --subsystem=i2c'
Jun 29 03:06:46 h3ulcb systemd-udevd[331]: 2-0027: sd-device-monitor: Passed 204 byte to netlink monitor
Jun 29 03:06:46 h3ulcb systemd-udevd[375]: 2-0027: Processing device (SEQNUM=4176, ACTION=add)
Jun 29 03:06:46 h3ulcb systemd-udevd[367]: 2-0026: hwdb modalias key: "i2c:dummy"
Jun 29 03:06:46 h3ulcb systemd-udevd[331]: 2-0028: Device ready for processing (SEQNUM=4177, ACTION=add)
Jun 29 03:06:46 h3ulcb systemd-udevd[375]: 2-0027: /usr/lib/udev/rules.d/50-udev-default.rules:14 Importing properties from results of builtin command 'hwdb --subsystem=i2c'
Jun 29 03:06:46 h3ulcb systemd-udevd[331]: 2-0028: sd-device-monitor: Passed 204 byte to netlink monitor
Jun 29 03:06:46 h3ulcb systemd-udevd[375]: 2-0027: hwdb modalias key: "i2c:dummy"
Jun 29 03:06:46 h3ulcb systemd-udevd[368]: 2-0028: Processing device (SEQNUM=4177, ACTION=add)
Jun 29 03:06:46 h3ulcb systemd-udevd[331]: 2-0029: Device ready for processing (SEQNUM=4178, ACTION=add)
Jun 29 03:06:46 h3ulcb systemd-udevd[342]: 2-0022: No entry found from hwdb.
Jun 29 03:06:46 h3ulcb systemd-udevd[331]: 2-0029: sd-device-monitor: Passed 204 byte to netlink monitor
Jun 29 03:06:46 h3ulcb systemd-udevd[368]: 2-0028: /usr/lib/udev/rules.d/50-udev-default.rules:14 Importing properties from results of builtin command 'hwdb --subsystem=i2c'
Jun 29 03:06:46 h3ulcb systemd-udevd[337]: 2-0029: Processing device (SEQNUM=4178, ACTION=add)
Jun 29 03:06:46 h3ulcb systemd-udevd[342]: 2-0022: /usr/lib/udev/rules.d/50-udev-default.rules:14 Failed to run builtin 'hwdb --subsystem=i2c': No data available
Jun 29 03:06:46 h3ulcb systemd-udevd[331]: 2-0030: Device ready for processing (SEQNUM=4179, ACTION=add)
Jun 29 03:06:46 h3ulcb systemd-udevd[359]: 2-0023: No entry found from hwdb.
Jun 29 03:06:46 h3ulcb systemd-udevd[367]: 2-0026: No entry found from hwdb.
Jun 29 03:06:46 h3ulcb systemd-udevd[375]: 2-0027: No entry found from hwdb.
Jun 29 03:06:46 h3ulcb systemd-udevd[368]: 2-0028: hwdb modalias key: "i2c:dummy"
Jun 29 03:06:46 h3ulcb systemd-udevd[337]: 2-0029: /usr/lib/udev/rules.d/50-udev-default.rules:14 Importing properties from results of builtin command 'hwdb --subsystem=i2c'
Jun 29 03:06:46 h3ulcb systemd-udevd[331]: 2-0030: sd-device-monitor: Passed 204 byte to netlink monitor
Jun 29 03:06:46 h3ulcb systemd-udevd[359]: 2-0023: /usr/lib/udev/rules.d/50-udev-default.rules:14 Failed to run builtin 'hwdb --subsystem=i2c': No data available
Jun 29 03:06:46 h3ulcb systemd-udevd[353]: 2-0030: Processing device (SEQNUM=4179, ACTION=add)
Jun 29 03:06:46 h3ulcb systemd-udevd[367]: 2-0026: /usr/lib/udev/rules.d/50-udev-default.rules:14 Failed to run builtin 'hwdb --subsystem=i2c': No data available
Jun 29 03:06:46 h3ulcb systemd-udevd[375]: 2-0027: /usr/lib/udev/rules.d/50-udev-default.rules:14 Failed to run builtin 'hwdb --subsystem=i2c': No data available
Jun 29 03:06:46 h3ulcb systemd-udevd[342]: 2-0022: /usr/lib/udev/rules.d/80-drivers.rules:5 RUN 'kmod load '$env{MODALIAS}''
Jun 29 03:06:46 h3ulcb systemd-udevd[337]: 2-0029: hwdb modalias key: "i2c:dummy"
Jun 29 03:06:46 h3ulcb systemd-udevd[342]: 2-0022: Running built-in command "kmod load 'i2c:dummy'"
Jun 29 03:06:46 h3ulcb systemd-udevd[353]: 2-0030: /usr/lib/udev/rules.d/50-udev-default.rules:14 Importing properties from results of builtin command 'hwdb --subsystem=i2c'
Jun 29 03:06:46 h3ulcb systemd-udevd[368]: 2-0028: No entry found from hwdb.
Jun 29 03:06:46 h3ulcb systemd-udevd[359]: 2-0023: /usr/lib/udev/rules.d/80-drivers.rules:5 RUN 'kmod load '$env{MODALIAS}''
Jun 29 03:06:46 h3ulcb systemd-udevd[375]: 2-0027: /usr/lib/udev/rules.d/80-drivers.rules:5 RUN 'kmod load '$env{MODALIAS}''
Jun 29 03:06:46 h3ulcb systemd-udevd[331]: 2-0031: Device ready for processing (SEQNUM=4180, ACTION=add)
Jun 29 03:06:46 h3ulcb systemd-udevd[331]: 2-0031: sd-device-monitor: Passed 204 byte to netlink monitor
Jun 29 03:06:46 h3ulcb systemd-udevd[367]: 2-0026: /usr/lib/udev/rules.d/80-drivers.rules:5 RUN 'kmod load '$env{MODALIAS}''
Jun 29 03:06:46 h3ulcb systemd-udevd[353]: 2-0030: hwdb modalias key: "i2c:dummy"
Jun 29 03:06:46 h3ulcb systemd-udevd[368]: 2-0028: /usr/lib/udev/rules.d/50-udev-default.rules:14 Failed to run builtin 'hwdb --subsystem=i2c': No data available
Jun 29 03:06:46 h3ulcb systemd[1]: systemd-update-done.service: Control group is empty.
Jun 29 03:06:46 h3ulcb systemd-udevd[337]: 2-0029: No entry found from hwdb.
Jun 29 03:06:46 h3ulcb systemd-udevd[342]: Loading module: i2c:dummy
Jun 29 03:06:46 h3ulcb systemd-udevd[375]: 2-0027: Running built-in command "kmod load 'i2c:dummy'"
Jun 29 03:06:46 h3ulcb systemd-udevd[359]: 2-0023: Running built-in command "kmod load 'i2c:dummy'"
Jun 29 03:06:46 h3ulcb systemd-udevd[331]: 2-0032: Device ready for processing (SEQNUM=4181, ACTION=add)
Jun 29 03:06:46 h3ulcb systemd-udevd[331]: 2-0032: sd-device-monitor: Passed 204 byte to netlink monitor
Jun 29 03:06:46 h3ulcb systemd-udevd[367]: 2-0026: Running built-in command "kmod load 'i2c:dummy'"
Jun 29 03:06:46 h3ulcb systemd[1]: sysinit.target: starting held back, waiting for: rngd.service
Jun 29 03:06:46 h3ulcb systemd-udevd[337]: 2-0029: /usr/lib/udev/rules.d/50-udev-default.rules:14 Failed to run builtin 'hwdb --subsystem=i2c': No data available
Jun 29 03:06:46 h3ulcb systemd-udevd[342]: Failed to find module 'i2c:dummy'
Jun 29 03:06:46 h3ulcb systemd-udevd[375]: Loading module: i2c:dummy
Jun 29 03:06:46 h3ulcb systemd-udevd[337]: 2-0029: /usr/lib/udev/rules.d/80-drivers.rules:5 RUN 'kmod load '$env{MODALIAS}''
Jun 29 03:06:46 h3ulcb systemd-udevd[359]: Loading module: i2c:dummy
Jun 29 03:06:46 h3ulcb systemd-udevd[337]: 2-0029: Running built-in command "kmod load 'i2c:dummy'"
Jun 29 03:06:46 h3ulcb systemd-udevd[336]: 2-0031: Processing device (SEQNUM=4180, ACTION=add)
Jun 29 03:06:46 h3ulcb systemd-udevd[331]: 2-0033: Device ready for processing (SEQNUM=4182, ACTION=add)
Jun 29 03:06:46 h3ulcb systemd-udevd[338]: 2-0032: Processing device (SEQNUM=4181, ACTION=add)
Jun 29 03:06:46 h3ulcb systemd-udevd[367]: Loading module: i2c:dummy
Jun 29 03:06:46 h3ulcb systemd-udevd[342]: 2-0022: Device processed (SEQNUM=4173, ACTION=add)
Jun 29 03:06:46 h3ulcb systemd-udevd[375]: Failed to find module 'i2c:dummy'
Jun 29 03:06:46 h3ulcb systemd-udevd[368]: 2-0028: /usr/lib/udev/rules.d/80-drivers.rules:5 RUN 'kmod load '$env{MODALIAS}''
Jun 29 03:06:46 h3ulcb systemd-udevd[359]: Failed to find module 'i2c:dummy'
Jun 29 03:06:46 h3ulcb systemd-udevd[353]: 2-0030: No entry found from hwdb.
Jun 29 03:06:46 h3ulcb systemd-udevd[337]: Loading module: i2c:dummy
Jun 29 03:06:46 h3ulcb systemd-udevd[336]: 2-0031: /usr/lib/udev/rules.d/50-udev-default.rules:14 Importing properties from results of builtin command 'hwdb --subsystem=i2c'
Jun 29 03:06:46 h3ulcb systemd-udevd[331]: 2-0033: sd-device-monitor: Passed 204 byte to netlink monitor
Jun 29 03:06:46 h3ulcb systemd-udevd[373]: 2-0033: Processing device (SEQNUM=4182, ACTION=add)
Jun 29 03:06:46 h3ulcb systemd-udevd[338]: 2-0032: /usr/lib/udev/rules.d/50-udev-default.rules:14 Importing properties from results of builtin command 'hwdb --subsystem=i2c'
Jun 29 03:06:46 h3ulcb systemd-udevd[367]: Failed to find module 'i2c:dummy'
Jun 29 03:06:46 h3ulcb systemd-udevd[342]: 2-0022: sd-device-monitor: Passed 204 byte to netlink monitor
Jun 29 03:06:46 h3ulcb systemd-udevd[375]: 2-0027: Device processed (SEQNUM=4176, ACTION=add)
Jun 29 03:06:46 h3ulcb systemd-udevd[359]: 2-0023: Device processed (SEQNUM=4174, ACTION=add)
Jun 29 03:06:46 h3ulcb systemd-udevd[353]: 2-0030: /usr/lib/udev/rules.d/50-udev-default.rules:14 Failed to run builtin 'hwdb --subsystem=i2c': No data available
Jun 29 03:06:46 h3ulcb systemd-udevd[337]: Failed to find module 'i2c:dummy'
Jun 29 03:06:46 h3ulcb systemd-udevd[368]: 2-0028: Running built-in command "kmod load 'i2c:dummy'"
Jun 29 03:06:46 h3ulcb systemd-udevd[336]: 2-0031: hwdb modalias key: "i2c:dummy"
Jun 29 03:06:46 h3ulcb systemd-udevd[331]: 2-0034: Device ready for processing (SEQNUM=4183, ACTION=add)
Jun 29 03:06:46 h3ulcb systemd-udevd[338]: 2-0032: hwdb modalias key: "i2c:dummy"
Jun 29 03:06:46 h3ulcb systemd-udevd[373]: 2-0033: /usr/lib/udev/rules.d/50-udev-default.rules:14 Importing properties from results of builtin command 'hwdb --subsystem=i2c'
Jun 29 03:06:46 h3ulcb systemd-udevd[367]: 2-0026: Device processed (SEQNUM=4175, ACTION=add)
Jun 29 03:06:46 h3ulcb systemd-udevd[375]: 2-0027: sd-device-monitor: Passed 204 byte to netlink monitor
Jun 29 03:06:46 h3ulcb systemd-udevd[359]: 2-0023: sd-device-monitor: Passed 204 byte to netlink monitor
Jun 29 03:06:46 h3ulcb systemd-udevd[337]: 2-0029: Device processed (SEQNUM=4178, ACTION=add)
Jun 29 03:06:46 h3ulcb systemd-udevd[368]: Loading module: i2c:dummy
Jun 29 03:06:46 h3ulcb systemd-udevd[353]: 2-0030: /usr/lib/udev/rules.d/80-drivers.rules:5 RUN 'kmod load '$env{MODALIAS}''
Jun 29 03:06:46 h3ulcb systemd-udevd[331]: 2-0034: sd-device-monitor: Passed 204 byte to netlink monitor
Jun 29 03:06:46 h3ulcb systemd-udevd[363]: 2-0034: Processing device (SEQNUM=4183, ACTION=add)
Jun 29 03:06:46 h3ulcb systemd-udevd[373]: 2-0033: hwdb modalias key: "i2c:dummy"
Jun 29 03:06:46 h3ulcb systemd-udevd[336]: 2-0031: No entry found from hwdb.
Jun 29 03:06:46 h3ulcb systemd-udevd[367]: 2-0026: sd-device-monitor: Passed 204 byte to netlink monitor
Jun 29 03:06:46 h3ulcb systemd-udevd[338]: 2-0032: No entry found from hwdb.
Jun 29 03:06:46 h3ulcb systemd-udevd[337]: 2-0029: sd-device-monitor: Passed 204 byte to netlink monitor
Jun 29 03:06:46 h3ulcb systemd-udevd[368]: Failed to find module 'i2c:dummy'
Jun 29 03:06:46 h3ulcb systemd-udevd[331]: 2-0035: Device ready for processing (SEQNUM=4184, ACTION=add)
Jun 29 03:06:46 h3ulcb systemd-udevd[353]: 2-0030: Running built-in command "kmod load 'i2c:dummy'"
Jun 29 03:06:46 h3ulcb systemd-udevd[362]: 2-0035: Processing device (SEQNUM=4184, ACTION=add)
Jun 29 03:06:46 h3ulcb systemd-udevd[336]: 2-0031: /usr/lib/udev/rules.d/50-udev-default.rules:14 Failed to run builtin 'hwdb --subsystem=i2c': No data available
Jun 29 03:06:46 h3ulcb systemd-udevd[338]: 2-0032: /usr/lib/udev/rules.d/50-udev-default.rules:14 Failed to run builtin 'hwdb --subsystem=i2c': No data available
Jun 29 03:06:46 h3ulcb systemd-udevd[368]: 2-0028: Device processed (SEQNUM=4177, ACTION=add)
Jun 29 03:06:46 h3ulcb systemd-udevd[331]: 2-0035: sd-device-monitor: Passed 204 byte to netlink monitor
Jun 29 03:06:46 h3ulcb systemd-udevd[338]: 2-0032: /usr/lib/udev/rules.d/80-drivers.rules:5 RUN 'kmod load '$env{MODALIAS}''
Jun 29 03:06:46 h3ulcb systemd-udevd[363]: 2-0034: /usr/lib/udev/rules.d/50-udev-default.rules:14 Importing properties from results of builtin command 'hwdb --subsystem=i2c'
Jun 29 03:06:46 h3ulcb systemd-udevd[338]: 2-0032: Running built-in command "kmod load 'i2c:dummy'"
Jun 29 03:06:46 h3ulcb systemd-udevd[362]: 2-0035: /usr/lib/udev/rules.d/50-udev-default.rules:14 Importing properties from results of builtin command 'hwdb --subsystem=i2c'
Jun 29 03:06:46 h3ulcb systemd-udevd[368]: 2-0028: sd-device-monitor: Passed 204 byte to netlink monitor
Jun 29 03:06:46 h3ulcb systemd-udevd[336]: 2-0031: /usr/lib/udev/rules.d/80-drivers.rules:5 RUN 'kmod load '$env{MODALIAS}''
