Jun 29 03:06:47 h3ulcb systemd-udevd[437]: event3: hwdb modalias key: "input:b0003v046DpC328e0110-e0,1,2,3,4,k71,72,73,74,77,80,82,83,85,86,87,88,89,8A,8B,8C,8E,90,96,98,9B,9C,9E,9F,A1,A3,A4,A5,A6,A7,A8,A9,AB,AC,AD,AE,B0,B1,B2,B5,B6,CE,CF,D0,D1,D2,D4,D8,D9,DB,DF,E0,E1,E4,E5,E6,E7,E8,E9,EA,EB,F0,F1,F4,100,161,162,166,16A,16E,172,174,176,177,178,179,17A,17B,17C,17D,17F,180,182,183,185,188,189,18C,18D,18E,18F,190,191,192,193,195,197,198,199,19A,19C,1A0,1A1,1A2,1A3,1A4,1A5,1A6,1A7,1A8,1A9,1AA,1AB,1AC,1AD,1AE,1AF,1B0,1B1,1B7,1BA,240,241,242,243,244,245,246,247,250,251,r6,C,a20,m4,lsfw"
Jun 29 03:06:47 h3ulcb systemd-udevd[363]: event1: /usr/lib/udev/rules.d/50-udev-default.rules:30 GROUP 19
Jun 29 03:06:47 h3ulcb systemd-udevd[360]: ee0a0000.usb: Running built-in command "kmod load 'of:NusbT(null)Cgeneric-ohci'"
Jun 29 03:06:47 h3ulcb systemd-udevd[331]: usb6: Device is queued (SEQNUM=4431, ACTION=add)
Jun 29 03:06:47 h3ulcb systemd-udevd[440]: js0: /usr/lib/udev/rules.d/50-udev-default.rules:30 GROUP 19
Jun 29 03:06:47 h3ulcb systemd-udevd[363]: event1: /usr/lib/udev/rules.d/60-evdev.rules:8 Importing properties from results of builtin command 'hwdb --subsystem=input --lookup-prefix=evdev:'
Jun 29 03:06:47 h3ulcb systemd-udevd[360]: Loading module: of:NusbT(null)Cgeneric-ohci
Jun 29 03:06:47 h3ulcb systemd-udevd[341]: event4: hwdb modalias key: "input:b0003v046DpC328e0110-e0,1,4,k74,8E,8F,ram4,lsfw"
Jun 29 03:06:47 h3ulcb systemd-udevd[437]: event3: No entry found from hwdb.
Jun 29 03:06:47 h3ulcb systemd-udevd[437]: event3: /usr/lib/udev/rules.d/60-evdev.rules:8 Failed to run builtin 'hwdb --subsystem=input --lookup-prefix=evdev:': No data available
Jun 29 03:06:47 h3ulcb systemd-udevd[363]: event1: hwdb modalias key: "input:b0003v222Ap0141e0110-e0,1,3,4,k110,111,112,113,114,ra0,1,m4,lsfw"
Jun 29 03:06:47 h3ulcb systemd-udevd[437]: event3: /usr/lib/udev/rules.d/60-evdev.rules:18 Importing properties from results of builtin command 'hwdb 'evdev:name:Logitech USB Keyboard Consumer Control:phys:usb-ee000000.usb-1.1.4/input1:ev:1f:''
Jun 29 03:06:47 h3ulcb systemd-udevd[437]: event3: No entry found from hwdb.
Jun 29 03:06:47 h3ulcb systemd-udevd[437]: event3: /usr/lib/udev/rules.d/60-evdev.rules:18 Failed to run builtin 'hwdb 'evdev:name:Logitech USB Keyboard Consumer Control:phys:usb-ee000000.usb-1.1.4/input1:ev:1f:'': No data available
Jun 29 03:06:47 h3ulcb kernel: usb 9-1.1.3: ath9k_htc: Firmware ath9k_htc/htc_9271-1.4.0.fw requested
Jun 29 03:06:47 h3ulcb kernel: i2c i2c-11: fc0012: Fitipower FC0012 successfully identified
Jun 29 03:06:47 h3ulcb systemd-udevd[437]: event3: /usr/lib/udev/rules.d/60-evdev.rules:23 Importing properties from results of builtin command 'hwdb 'evdev:name:Logitech USB Keyboard Consumer Control:''
Jun 29 03:06:47 h3ulcb systemd-udevd[437]: event3: No entry found from hwdb.
Jun 29 03:06:47 h3ulcb systemd-udevd[437]: event3: /usr/lib/udev/rules.d/60-evdev.rules:23 Failed to run builtin 'hwdb 'evdev:name:Logitech USB Keyboard Consumer Control:'': No data available
Jun 29 03:06:47 h3ulcb systemd-udevd[437]: event3: /usr/lib/udev/rules.d/60-input-id.rules:5 Importing properties from results of builtin command 'input_id'
Jun 29 03:06:47 h3ulcb systemd-udevd[437]: input4: capabilities/ev raw kernel attribute: 1f
Jun 29 03:06:47 h3ulcb systemd-udevd[360]: Module 'uio_pdrv_genirq' is already loaded
Jun 29 03:06:47 h3ulcb systemd-udevd[360]: Module 'uio_pdrv_genirq' is already loaded
Jun 29 03:06:47 h3ulcb systemd-udevd[440]: js0: /usr/lib/udev/rules.d/50-udev-default.rules:31 MODE 0664
Jun 29 03:06:47 h3ulcb systemd-udevd[437]: input4: capabilities/abs raw kernel attribute: 100000000
Jun 29 03:06:47 h3ulcb systemd-udevd[360]: ee0a0000.usb: Device processed (SEQNUM=4430, ACTION=add)
Jun 29 03:06:47 h3ulcb systemd-udevd[360]: ee0a0000.usb: sd-device-monitor: Passed 375 byte to netlink monitor
Jun 29 03:06:47 h3ulcb systemd-udevd[437]: input4: capabilities/rel raw kernel attribute: 1040
Jun 29 03:06:47 h3ulcb systemd-udevd[341]: event4: No entry found from hwdb.
Jun 29 03:06:47 h3ulcb systemd-udevd[440]: js0: /usr/lib/udev/rules.d/60-input-id.rules:5 Importing properties from results of builtin command 'input_id'
Jun 29 03:06:47 h3ulcb systemd-udevd[363]: event1: No entry found from hwdb.
Jun 29 03:06:47 h3ulcb systemd-udevd[331]: usb6: SEQNUM=4431 blocked by SEQNUM=4430
Jun 29 03:06:47 h3ulcb systemd-udevd[437]: input4: capabilities/key raw kernel attribute: 300ff 0 0 483ffff17aff32d bfd4444600000000 1 130ff38b17c000 677bfad9415fed 9ed68000004400 10000002
Jun 29 03:06:47 h3ulcb systemd-udevd[341]: event4: /usr/lib/udev/rules.d/60-evdev.rules:8 Failed to run builtin 'hwdb --subsystem=input --lookup-prefix=evdev:': No data available
Jun 29 03:06:47 h3ulcb systemd-udevd[363]: event1: /usr/lib/udev/rules.d/60-evdev.rules:8 Failed to run builtin 'hwdb --subsystem=input --lookup-prefix=evdev:': No data available
Jun 29 03:06:47 h3ulcb systemd-udevd[437]: input4: properties raw kernel attribute: 0
Jun 29 03:06:47 h3ulcb systemd-udevd[331]: usb6: Device ready for processing (SEQNUM=4431, ACTION=add)
Jun 29 03:06:47 h3ulcb systemd-udevd[437]: event3: test_key: checking bit block 0 for any keys; found=yes
Jun 29 03:06:47 h3ulcb systemd-udevd[434]: usb6: Processing device (SEQNUM=4431, ACTION=add)
Jun 29 03:06:47 h3ulcb systemd-udevd[331]: usb6: sd-device-monitor: Passed 384 byte to netlink monitor
Jun 29 03:06:47 h3ulcb systemd-udevd[341]: event4: /usr/lib/udev/rules.d/60-evdev.rules:18 Importing properties from results of builtin command 'hwdb 'evdev:name:Logitech USB Keyboard System Control:phys:usb-ee000000.usb-1.1.4/input1:ev:13:''
Jun 29 03:06:47 h3ulcb systemd-udevd[434]: usb6: Failed to get watch handle, ignoring: No such file or directory
Jun 29 03:06:47 h3ulcb systemd-udevd[440]: input1: capabilities/ev raw kernel attribute: 1b
Jun 29 03:06:47 h3ulcb systemd-udevd[341]: event4: No entry found from hwdb.
Jun 29 03:06:47 h3ulcb systemd-udevd[363]: event1: /usr/lib/udev/rules.d/60-evdev.rules:18 Importing properties from results of builtin command 'hwdb 'evdev:name:ILITEK ILITEK-TP Mouse:phys:usb-ee000000.usb-1.4/input1:ev:1b:''
Jun 29 03:06:47 h3ulcb systemd-udevd[331]: 6-0:1.0: Device is queued (SEQNUM=4432, ACTION=add)
Jun 29 03:06:47 h3ulcb systemd-udevd[440]: input1: capabilities/abs raw kernel attribute: 3
Jun 29 03:06:47 h3ulcb systemd-udevd[440]: input1: capabilities/rel raw kernel attribute: 0
Jun 29 03:06:47 h3ulcb systemd-udevd[434]: usb6: /usr/lib/udev/rules.d/50-udev-default.rules:13 Importing properties from results of builtin command 'usb_id'
Jun 29 03:06:47 h3ulcb systemd-udevd[363]: event1: No entry found from hwdb.
Jun 29 03:06:47 h3ulcb systemd-udevd[331]: 6-0:1.0: SEQNUM=4432 blocked by SEQNUM=4431
Jun 29 03:06:47 h3ulcb systemd-udevd[341]: event4: /usr/lib/udev/rules.d/60-evdev.rules:18 Failed to run builtin 'hwdb 'evdev:name:Logitech USB Keyboard System Control:phys:usb-ee000000.usb-1.1.4/input1:ev:13:'': No data available
Jun 29 03:06:47 h3ulcb systemd-udevd[341]: event4: /usr/lib/udev/rules.d/60-evdev.rules:23 Importing properties from results of builtin command 'hwdb 'evdev:name:Logitech USB Keyboard System Control:''
Jun 29 03:06:47 h3ulcb systemd-udevd[363]: event1: /usr/lib/udev/rules.d/60-evdev.rules:18 Failed to run builtin 'hwdb 'evdev:name:ILITEK ILITEK-TP Mouse:phys:usb-ee000000.usb-1.4/input1:ev:1b:'': No data available
Jun 29 03:06:47 h3ulcb systemd-udevd[434]: usb6: /usr/lib/udev/rules.d/50-udev-default.rules:13 Importing properties from results of builtin command 'hwdb --subsystem=usb'
Jun 29 03:06:47 h3ulcb systemd-udevd[331]: ee0a0100.usb: Device is queued (SEQNUM=4433, ACTION=add)
Jun 29 03:06:47 h3ulcb systemd-udevd[440]: input1: capabilities/key raw kernel attribute: 1f0000 0 0 0 0
Jun 29 03:06:47 h3ulcb systemd-udevd[341]: event4: No entry found from hwdb.
Jun 29 03:06:47 h3ulcb systemd-udevd[363]: event1: /usr/lib/udev/rules.d/60-evdev.rules:23 Importing properties from results of builtin command 'hwdb 'evdev:name:ILITEK ILITEK-TP Mouse:''
Jun 29 03:06:47 h3ulcb systemd-udevd[434]: usb6: hwdb modalias key: "usb:v1D6Bp0001:Generic Platform OHCI controller"
Jun 29 03:06:47 h3ulcb systemd-udevd[331]: ee0a0100.usb: Device ready for processing (SEQNUM=4433, ACTION=add)
Jun 29 03:06:47 h3ulcb systemd-udevd[440]: input1: properties raw kernel attribute: 0
Jun 29 03:06:47 h3ulcb systemd-udevd[341]: event4: /usr/lib/udev/rules.d/60-evdev.rules:23 Failed to run builtin 'hwdb 'evdev:name:Logitech USB Keyboard System Control:'': No data available
Jun 29 03:06:47 h3ulcb systemd-udevd[363]: event1: No entry found from hwdb.
Jun 29 03:06:47 h3ulcb systemd-udevd[331]: ee0a0100.usb: sd-device-monitor: Passed 311 byte to netlink monitor
Jun 29 03:06:47 h3ulcb systemd-udevd[434]: usb6: /usr/lib/udev/rules.d/50-udev-default.rules:15 Importing properties from results of builtin command 'hwdb 'usb:v1d6bp0001''
Jun 29 03:06:47 h3ulcb systemd-udevd[343]: ee0a0100.usb: Processing device (SEQNUM=4433, ACTION=add)
Jun 29 03:06:47 h3ulcb systemd-udevd[440]: js0: test_key: checking bit block 0 for any keys; found=no
Jun 29 03:06:47 h3ulcb systemd-udevd[341]: event4: /usr/lib/udev/rules.d/60-input-id.rules:5 Importing properties from results of builtin command 'input_id'
Jun 29 03:06:47 h3ulcb systemd-udevd[363]: event1: /usr/lib/udev/rules.d/60-evdev.rules:23 Failed to run builtin 'hwdb 'evdev:name:ILITEK ILITEK-TP Mouse:'': No data available
Jun 29 03:06:47 h3ulcb systemd-udevd[331]: usb2: Device is queued (SEQNUM=4434, ACTION=add)
Jun 29 03:06:47 h3ulcb systemd-udevd[434]: usb6: No entry found from hwdb.
Jun 29 03:06:47 h3ulcb systemd-udevd[440]: js0: test_key: checking bit block 64 for any keys; found=no
Jun 29 03:06:47 h3ulcb systemd-udevd[343]: ee0a0100.usb: /usr/lib/udev/rules.d/50-udev-default.rules:14 Importing properties from results of builtin command 'hwdb --subsystem=platform'
Jun 29 03:06:47 h3ulcb systemd-udevd[363]: event1: /usr/lib/udev/rules.d/60-input-id.rules:5 Importing properties from results of builtin command 'input_id'
Jun 29 03:06:47 h3ulcb systemd-udevd[331]: usb2: SEQNUM=4434 blocked by SEQNUM=4433
Jun 29 03:06:47 h3ulcb kernel: usbcore: registered new interface driver ath9k_htc
Jun 29 03:06:47 h3ulcb systemd-udevd[341]: input5: capabilities/ev raw kernel attribute: 13
Jun 29 03:06:47 h3ulcb systemd-udevd[434]: usb6: /usr/lib/udev/rules.d/50-udev-default.rules:15 Failed to run builtin 'hwdb 'usb:v1d6bp0001'': No data available
Jun 29 03:06:47 h3ulcb systemd-udevd[440]: js0: test_key: checking bit block 128 for any keys; found=no
Jun 29 03:06:47 h3ulcb systemd-udevd[343]: ee0a0100.usb: hwdb modalias key: "of:NusbT(null)Cgeneric-ehci"
Jun 29 03:06:47 h3ulcb systemd-udevd[331]: 2-0:1.0: Device is queued (SEQNUM=4435, ACTION=add)
Jun 29 03:06:47 h3ulcb systemd-udevd[363]: input1: capabilities/ev raw kernel attribute: 1b
Jun 29 03:06:47 h3ulcb systemd-udevd[341]: input5: capabilities/abs raw kernel attribute: 0
Jun 29 03:06:47 h3ulcb systemd-udevd[434]: usb6: /usr/lib/udev/rules.d/50-udev-default.rules:52 MODE 0664
Jun 29 03:06:47 h3ulcb systemd-udevd[434]: usb6: /usr/lib/udev/rules.d/60-autosuspend.rules:12 ATTR '/sys/devices/platform/soc/ee0a0000.usb/usb6/power/control' writing 'auto'
Jun 29 03:06:47 h3ulcb systemd-udevd[331]: 2-0:1.0: SEQNUM=4435 blocked by SEQNUM=4433
Jun 29 03:06:47 h3ulcb systemd-udevd[343]: ee0a0100.usb: hwdb modalias key: "of:NsocT(null)Csimple-bus"
Jun 29 03:06:47 h3ulcb systemd-udevd[363]: input1: capabilities/abs raw kernel attribute: 3
Jun 29 03:06:47 h3ulcb systemd-udevd[341]: input5: capabilities/rel raw kernel attribute: 0
Jun 29 03:06:47 h3ulcb systemd-udevd[440]: js0: test_key: checking bit block 192 for any keys; found=no
Jun 29 03:06:47 h3ulcb systemd-udevd[434]: usb6: /usr/lib/udev/rules.d/60-drm.rules:3 Importing properties from results of builtin command 'path_id'
Jun 29 03:06:47 h3ulcb systemd-udevd[331]: ee0a0200.usb-phy: Device is queued (SEQNUM=4436, ACTION=add)
Jun 29 03:06:47 h3ulcb systemd-udevd[363]: input1: capabilities/rel raw kernel attribute: 0
Jun 29 03:06:47 h3ulcb systemd-udevd[341]: input5: capabilities/key raw kernel attribute: c000 10000000000000 0
Jun 29 03:06:47 h3ulcb systemd-udevd[440]: js0: /usr/lib/udev/rules.d/60-input-id.rules:6 Importing properties from results of builtin command 'hwdb --subsystem=input --lookup-prefix=id-input:modalias:'
Jun 29 03:06:47 h3ulcb systemd-udevd[331]: ee0a0200.usb-phy: Device ready for processing (SEQNUM=4436, ACTION=add)
Jun 29 03:06:47 h3ulcb systemd-udevd[373]: ee0a0200.usb-phy: Processing device (SEQNUM=4436, ACTION=add)
Jun 29 03:06:47 h3ulcb systemd-udevd[373]: ee0a0200.usb-phy: /usr/lib/udev/rules.d/50-udev-default.rules:14 Importing properties from results of builtin command 'hwdb --subsystem=platform'
Jun 29 03:06:47 h3ulcb systemd-udevd[434]: usb6: Setting permissions /dev/bus/usb/006/001, uid=0, gid=0, mode=0664
Jun 29 03:06:47 h3ulcb systemd-udevd[440]: js0: hwdb modalias key: "input:b0003v222Ap0141e0110-e0,1,3,4,k110,111,112,113,114,ra0,1,m4,lsfw"
Jun 29 03:06:47 h3ulcb systemd-udevd[373]: ee0a0200.usb-phy: hwdb modalias key: "of:Nusb-phyT(null)Crenesas,usb2-phy-r8a7795Crenesas,rcar-gen3-usb2-phy"
Jun 29 03:06:47 h3ulcb systemd-udevd[341]: input5: properties raw kernel attribute: 0
Jun 29 03:06:47 h3ulcb systemd-udevd[363]: input1: capabilities/key raw kernel attribute: 1f0000 0 0 0 0
Jun 29 03:06:47 h3ulcb systemd-udevd[331]: ee0a0200.usb-phy: sd-device-monitor: Passed 426 byte to netlink monitor
Jun 29 03:06:47 h3ulcb systemd-udevd[434]: usb6: Handling device node '/dev/bus/usb/006/001', devnum=c189:640
Jun 29 03:06:47 h3ulcb systemd-udevd[343]: ee0a0100.usb: No entry found from hwdb.
Jun 29 03:06:47 h3ulcb systemd-udevd[341]: event4: test_key: checking bit block 0 for any keys; found=no
Jun 29 03:06:47 h3ulcb systemd-udevd[373]: ee0a0200.usb-phy: hwdb modalias key: "of:NsocT(null)Csimple-bus"
Jun 29 03:06:47 h3ulcb systemd-udevd[373]: ee0a0200.usb-phy: No entry found from hwdb.
Jun 29 03:06:47 h3ulcb systemd-udevd[331]: phy-ee0a0200.usb-phy.4: Device is queued (SEQNUM=4437, ACTION=add)
Jun 29 03:06:47 h3ulcb systemd-udevd[343]: ee0a0100.usb: /usr/lib/udev/rules.d/50-udev-default.rules:14 Failed to run builtin 'hwdb --subsystem=platform': No data available
Jun 29 03:06:47 h3ulcb systemd-udevd[343]: ee0a0100.usb: /usr/lib/udev/rules.d/60-drm.rules:3 Importing properties from results of builtin command 'path_id'
Jun 29 03:06:47 h3ulcb systemd-udevd[434]: usb6: sd-device: Created db file '/run/udev/data/c189:640' for '/devices/platform/soc/ee0a0000.usb/usb6'
Jun 29 03:06:47 h3ulcb systemd-udevd[363]: input1: properties raw kernel attribute: 0
Jun 29 03:06:47 h3ulcb systemd-udevd[373]: ee0a0200.usb-phy: /usr/lib/udev/rules.d/50-udev-default.rules:14 Failed to run builtin 'hwdb --subsystem=platform': No data available
Jun 29 03:06:47 h3ulcb systemd-udevd[331]: phy-ee0a0200.usb-phy.4: SEQNUM=4437 blocked by SEQNUM=4436
Jun 29 03:06:47 h3ulcb systemd-udevd[341]: event4: test_key: checking bit block 64 for any keys; found=yes
Jun 29 03:06:47 h3ulcb systemd-udevd[440]: js0: No entry found from hwdb.
Jun 29 03:06:47 h3ulcb systemd-udevd[434]: usb6: Failed to get watch handle, ignoring: No such file or directory
Jun 29 03:06:47 h3ulcb systemd-udevd[343]: ee0a0100.usb: /usr/lib/udev/rules.d/80-drivers.rules:5 RUN 'kmod load '$env{MODALIAS}''
Jun 29 03:06:47 h3ulcb systemd-udevd[363]: event1: test_key: checking bit block 0 for any keys; found=no
Jun 29 03:06:47 h3ulcb systemd-udevd[373]: ee0a0200.usb-phy: /usr/lib/udev/rules.d/60-drm.rules:3 Importing properties from results of builtin command 'path_id'
Jun 29 03:06:47 h3ulcb systemd-udevd[331]: phy-ee0a0200.usb-phy.5: Device is queued (SEQNUM=4438, ACTION=add)
Jun 29 03:06:47 h3ulcb systemd-udevd[440]: js0: /usr/lib/udev/rules.d/60-input-id.rules:6 Failed to run builtin 'hwdb --subsystem=input --lookup-prefix=id-input:modalias:': No data available
Jun 29 03:06:47 h3ulcb systemd-udevd[434]: usb6: Device processed (SEQNUM=4431, ACTION=add)
Jun 29 03:06:47 h3ulcb systemd-udevd[363]: event1: test_key: checking bit block 64 for any keys; found=no
Jun 29 03:06:47 h3ulcb systemd-udevd[373]: ee0a0200.usb-phy: /usr/lib/udev/rules.d/80-drivers.rules:5 RUN 'kmod load '$env{MODALIAS}''
Jun 29 03:06:47 h3ulcb systemd-udevd[331]: phy-ee0a0200.usb-phy.5: SEQNUM=4438 blocked by SEQNUM=4436
Jun 29 03:06:47 h3ulcb systemd-udevd[343]: ee0a0100.usb: sd-device: Created db file '/run/udev/data/+platform:ee0a0100.usb' for '/devices/platform/soc/ee0a0100.usb'
Jun 29 03:06:47 h3ulcb systemd-udevd[434]: usb6: sd-device-monitor: Passed 1028 byte to netlink monitor
Jun 29 03:06:47 h3ulcb systemd-udevd[363]: event1: test_key: checking bit block 128 for any keys; found=no
Jun 29 03:06:47 h3ulcb systemd-udevd[343]: ee0a0100.usb: Running built-in command "kmod load 'of:NusbT(null)Cgeneric-ehci'"
Jun 29 03:06:47 h3ulcb systemd-udevd[373]: ee0a0200.usb-phy: sd-device: Created db file '/run/udev/data/+platform:ee0a0200.usb-phy' for '/devices/platform/soc/ee0a0200.usb-phy'
Jun 29 03:06:47 h3ulcb systemd-udevd[331]: phy-ee0a0200.usb-phy.6: Device is queued (SEQNUM=4439, ACTION=add)
Jun 29 03:06:47 h3ulcb systemd-udevd[363]: event1: test_key: checking bit block 192 for any keys; found=no
Jun 29 03:06:47 h3ulcb systemd-udevd[343]: Loading module: of:NusbT(null)Cgeneric-ehci
Jun 29 03:06:47 h3ulcb systemd-udevd[440]: js0: /usr/lib/udev/rules.d/60-persistent-input.rules:11 Importing properties from results of builtin command 'usb_id'
Jun 29 03:06:47 h3ulcb systemd-udevd[373]: ee0a0200.usb-phy: Running built-in command "kmod load 'of:Nusb-phyT(null)Crenesas,usb2-phy-r8a7795Crenesas,rcar-gen3-usb2-phy'"
Jun 29 03:06:47 h3ulcb systemd-udevd[331]: phy-ee0a0200.usb-phy.6: SEQNUM=4439 blocked by SEQNUM=4436
Jun 29 03:06:47 h3ulcb systemd-udevd[373]: Loading module: of:Nusb-phyT(null)Crenesas,usb2-phy-r8a7795Crenesas,rcar-gen3-usb2-phy
Jun 29 03:06:47 h3ulcb systemd-udevd[440]: 9-1.4:1.1: if_class:3 protocol:0
Jun 29 03:06:47 h3ulcb systemd-udevd[331]: 6-0:1.0: Device ready for processing (SEQNUM=4432, ACTION=add)
Jun 29 03:06:47 h3ulcb systemd-udevd[331]: 6-0:1.0: sd-device-monitor: Passed 399 byte to netlink monitor
Jun 29 03:06:47 h3ulcb systemd-udevd[434]: 6-0:1.0: Processing device (SEQNUM=4432, ACTION=add)
Jun 29 03:06:47 h3ulcb systemd-udevd[331]: phy-ee0a0200.usb-phy.7: Device is queued (SEQNUM=4440, ACTION=add)
Jun 29 03:06:47 h3ulcb systemd-udevd[331]: phy-ee0a0200.usb-phy.7: SEQNUM=4440 blocked by SEQNUM=4436
Jun 29 03:06:47 h3ulcb systemd-udevd[434]: 6-0:1.0: /usr/lib/udev/rules.d/50-udev-default.rules:14 Importing properties from results of builtin command 'hwdb --subsystem=usb'
Jun 29 03:06:47 h3ulcb systemd-udevd[331]: ee0c0000.usb: Device is queued (SEQNUM=4441, ACTION=add)
Jun 29 03:06:47 h3ulcb systemd-udevd[434]: 6-0:1.0: hwdb modalias key: "usb:v1D6Bp0001d0510dc09dsc00dp00ic09isc00ip00in00"
Jun 29 03:06:47 h3ulcb systemd-udevd[440]: js0: /usr/lib/udev/rules.d/60-persistent-input.rules:27 LINK 'input/by-id/usb-ILITEK_ILITEK-TP_V06.00.00.05-if01-mouse'
Jun 29 03:06:47 h3ulcb systemd-udevd[434]: 6-0:1.0: /usr/lib/udev/rules.d/60-drm.rules:3 Importing properties from results of builtin command 'path_id'
Jun 29 03:06:47 h3ulcb systemd-udevd[440]: js0: /usr/lib/udev/rules.d/60-persistent-input.rules:35 Importing properties from results of builtin command 'path_id'
Jun 29 03:06:47 h3ulcb systemd-udevd[331]: ee0c0000.usb: Device ready for processing (SEQNUM=4441, ACTION=add)
Jun 29 03:06:47 h3ulcb systemd-udevd[373]: Module 'uio_pdrv_genirq' is already loaded
Jun 29 03:06:47 h3ulcb systemd-udevd[440]: js0: /usr/lib/udev/rules.d/60-persistent-input.rules:36 LINK 'input/by-path/platform-ee000000.usb-usb-0:1.4:1.1-mouse'
Jun 29 03:06:47 h3ulcb systemd-udevd[331]: ee0c0000.usb: sd-device-monitor: Passed 311 byte to netlink monitor
Jun 29 03:06:47 h3ulcb systemd-udevd[343]: Module 'uio_pdrv_genirq' is already loaded
Jun 29 03:06:47 h3ulcb systemd-udevd[368]: ee0c0000.usb: Processing device (SEQNUM=4441, ACTION=add)
Jun 29 03:06:47 h3ulcb systemd-udevd[343]: Module 'uio_pdrv_genirq' is already loaded
Jun 29 03:06:47 h3ulcb systemd-udevd[331]: usb7: Device is queued (SEQNUM=4442, ACTION=add)
Jun 29 03:06:47 h3ulcb systemd-udevd[343]: ee0a0100.usb: Device processed (SEQNUM=4433, ACTION=add)
Jun 29 03:06:47 h3ulcb systemd-udevd[343]: ee0a0100.usb: sd-device-monitor: Passed 375 byte to netlink monitor
Jun 29 03:06:47 h3ulcb systemd-udevd[440]: js0: Setting permissions /dev/input/js0, uid=0, gid=19, mode=0664
Jun 29 03:06:47 h3ulcb systemd-udevd[440]: js0: Handling device node '/dev/input/js0', devnum=c13:0
Jun 29 03:06:47 h3ulcb systemd-udevd[434]: 6-0:1.0: /usr/lib/udev/rules.d/80-drivers.rules:5 RUN 'kmod load '$env{MODALIAS}''
Jun 29 03:06:47 h3ulcb systemd-udevd[331]: usb7: SEQNUM=4442 blocked by SEQNUM=4441
Jun 29 03:06:47 h3ulcb systemd-udevd[368]: ee0c0000.usb: /usr/lib/udev/rules.d/50-udev-default.rules:14 Importing properties from results of builtin command 'hwdb --subsystem=platform'
Jun 29 03:06:47 h3ulcb systemd-udevd[440]: js0: /run/udev/links/input\x2fby-id\x2fusb-ILITEK_ILITEK-TP_V06.00.00.05-if01-mouse is modified, but its timestamp is not changed, updating timestamp after 10ms.
Jun 29 03:06:47 h3ulcb systemd-udevd[435]: sda: Setting permissions /dev/sda, uid=0, gid=6, mode=0660
Jun 29 03:06:47 h3ulcb systemd-udevd[373]: Module 'uio_pdrv_genirq' is already loaded
Jun 29 03:06:47 h3ulcb systemd-udevd[331]: usb2: Device ready for processing (SEQNUM=4434, ACTION=add)
Jun 29 03:06:47 h3ulcb systemd-udevd[368]: ee0c0000.usb: hwdb modalias key: "of:NusbT(null)Cgeneric-ohci"
Jun 29 03:06:47 h3ulcb systemd-udevd[435]: sda: Handling device node '/dev/sda', devnum=b8:0
Jun 29 03:06:47 h3ulcb systemd-udevd[434]: 6-0:1.0: sd-device: Created db file '/run/udev/data/+usb:6-0:1.0' for '/devices/platform/soc/ee0a0000.usb/usb6/6-0:1.0'
Jun 29 03:06:47 h3ulcb systemd-udevd[373]: ee0a0200.usb-phy: Device processed (SEQNUM=4436, ACTION=add)
Jun 29 03:06:47 h3ulcb systemd-udevd[331]: usb2: sd-device-monitor: Passed 384 byte to netlink monitor
Jun 29 03:06:47 h3ulcb systemd-udevd[343]: usb2: Processing device (SEQNUM=4434, ACTION=add)
Jun 29 03:06:47 h3ulcb systemd-udevd[435]: sda: /run/udev/links/disk\x2fby-id\x2fusb-JetFlash_Transcend_8GB_47II3KBM44I9523R-0:0 is modified, but its timestamp is not changed, updating timestamp after 10ms.
Jun 29 03:06:47 h3ulcb systemd-udevd[434]: 6-0:1.0: Running built-in command "kmod load 'usb:v1D6Bp0001d0510dc09dsc00dp00ic09isc00ip00in00'"
Jun 29 03:06:47 h3ulcb systemd-udevd[368]: ee0c0000.usb: hwdb modalias key: "of:NsocT(null)Csimple-bus"
Jun 29 03:06:47 h3ulcb systemd-udevd[373]: ee0a0200.usb-phy: sd-device-monitor: Passed 498 byte to netlink monitor
Jun 29 03:06:47 h3ulcb systemd-udevd[331]: 2-0:1.0: SEQNUM=4435 blocked by SEQNUM=4434
Jun 29 03:06:47 h3ulcb systemd-udevd[343]: usb2: Failed to get watch handle, ignoring: No such file or directory
Jun 29 03:06:47 h3ulcb systemd-udevd[434]: Loading module: usb:v1D6Bp0001d0510dc09dsc00dp00ic09isc00ip00in00
Jun 29 03:06:47 h3ulcb systemd-udevd[434]: Failed to find module 'usb:v1D6Bp0001d0510dc09dsc00dp00ic09isc00ip00in00'
Jun 29 03:06:47 h3ulcb systemd-udevd[331]: 7-0:1.0: Device is queued (SEQNUM=4443, ACTION=add)
Jun 29 03:06:47 h3ulcb systemd-udevd[368]: ee0c0000.usb: No entry found from hwdb.
Jun 29 03:06:47 h3ulcb systemd-udevd[434]: 6-0:1.0: Device processed (SEQNUM=4432, ACTION=add)
Jun 29 03:06:47 h3ulcb systemd-udevd[343]: usb2: /usr/lib/udev/rules.d/50-udev-default.rules:13 Importing properties from results of builtin command 'usb_id'
Jun 29 03:06:47 h3ulcb systemd-udevd[331]: 7-0:1.0: SEQNUM=4443 blocked by SEQNUM=4441
Jun 29 03:06:47 h3ulcb systemd-udevd[368]: ee0c0000.usb: /usr/lib/udev/rules.d/50-udev-default.rules:14 Failed to run builtin 'hwdb --subsystem=platform': No data available
Jun 29 03:06:47 h3ulcb systemd-udevd[368]: ee0c0000.usb: /usr/lib/udev/rules.d/60-drm.rules:3 Importing properties from results of builtin command 'path_id'
Jun 29 03:06:47 h3ulcb systemd-udevd[331]: phy-ee0a0200.usb-phy.4: Device ready for processing (SEQNUM=4437, ACTION=add)
Jun 29 03:06:47 h3ulcb systemd-udevd[434]: 6-0:1.0: sd-device-monitor: Passed 667 byte to netlink monitor
Jun 29 03:06:47 h3ulcb systemd-udevd[331]: phy-ee0a0200.usb-phy.4: sd-device-monitor: Passed 342 byte to netlink monitor
Jun 29 03:06:47 h3ulcb systemd-udevd[368]: ee0c0000.usb: /usr/lib/udev/rules.d/80-drivers.rules:5 RUN 'kmod load '$env{MODALIAS}''
Jun 29 03:06:47 h3ulcb systemd-udevd[343]: usb2: /usr/lib/udev/rules.d/50-udev-default.rules:13 Importing properties from results of builtin command 'hwdb --subsystem=usb'
Jun 29 03:06:47 h3ulcb systemd-udevd[373]: phy-ee0a0200.usb-phy.4: Processing device (SEQNUM=4437, ACTION=add)
Jun 29 03:06:47 h3ulcb systemd-udevd[331]: phy-ee0a0200.usb-phy.5: Device ready for processing (SEQNUM=4438, ACTION=add)
Jun 29 03:06:47 h3ulcb systemd-udevd[343]: usb2: hwdb modalias key: "usb:v1D6Bp0002:EHCI Host Controller"
Jun 29 03:06:47 h3ulcb systemd-udevd[344]: phy-ee0a0200.usb-phy.5: Processing device (SEQNUM=4438, ACTION=add)
Jun 29 03:06:47 h3ulcb systemd-udevd[368]: ee0c0000.usb: sd-device: Created db file '/run/udev/data/+platform:ee0c0000.usb' for '/devices/platform/soc/ee0c0000.usb'
Jun 29 03:06:47 h3ulcb systemd-udevd[331]: phy-ee0a0200.usb-phy.5: sd-device-monitor: Passed 342 byte to netlink monitor
Jun 29 03:06:47 h3ulcb systemd-udevd[343]: usb2: /usr/lib/udev/rules.d/50-udev-default.rules:15 Importing properties from results of builtin command 'hwdb 'usb:v1d6bp0002''
Jun 29 03:06:47 h3ulcb systemd-udevd[368]: ee0c0000.usb: Running built-in command "kmod load 'of:NusbT(null)Cgeneric-ohci'"
Jun 29 03:06:47 h3ulcb systemd-udevd[331]: phy-ee0a0200.usb-phy.6: Device ready for processing (SEQNUM=4439, ACTION=add)
Jun 29 03:06:47 h3ulcb systemd-udevd[343]: usb2: No entry found from hwdb.
Jun 29 03:06:47 h3ulcb systemd-udevd[368]: Loading module: of:NusbT(null)Cgeneric-ohci
Jun 29 03:06:47 h3ulcb systemd-udevd[373]: phy-ee0a0200.usb-phy.4: Device processed (SEQNUM=4437, ACTION=add)
Jun 29 03:06:47 h3ulcb systemd-udevd[331]: phy-ee0a0200.usb-phy.6: sd-device-monitor: Passed 342 byte to netlink monitor
Jun 29 03:06:47 h3ulcb systemd-udevd[343]: usb2: /usr/lib/udev/rules.d/50-udev-default.rules:15 Failed to run builtin 'hwdb 'usb:v1d6bp0002'': No data available
Jun 29 03:06:47 h3ulcb systemd-udevd[342]: phy-ee0a0200.usb-phy.6: Processing device (SEQNUM=4439, ACTION=add)
Jun 29 03:06:47 h3ulcb systemd-udevd[373]: phy-ee0a0200.usb-phy.4: sd-device-monitor: Passed 342 byte to netlink monitor
Jun 29 03:06:47 h3ulcb systemd-udevd[331]: phy-ee0a0200.usb-phy.7: Device ready for processing (SEQNUM=4440, ACTION=add)
Jun 29 03:06:47 h3ulcb systemd-udevd[343]: usb2: /usr/lib/udev/rules.d/50-udev-default.rules:52 MODE 0664
Jun 29 03:06:47 h3ulcb systemd-udevd[360]: phy-ee0a0200.usb-phy.7: Processing device (SEQNUM=4440, ACTION=add)
Jun 29 03:06:47 h3ulcb systemd-udevd[331]: phy-ee0a0200.usb-phy.7: sd-device-monitor: Passed 342 byte to netlink monitor
Jun 29 03:06:47 h3ulcb systemd-udevd[344]: phy-ee0a0200.usb-phy.5: Device processed (SEQNUM=4438, ACTION=add)
Jun 29 03:06:47 h3ulcb systemd-udevd[343]: usb2: /usr/lib/udev/rules.d/60-autosuspend.rules:12 ATTR '/sys/devices/platform/soc/ee0a0100.usb/usb2/power/control' writing 'auto'
Jun 29 03:06:47 h3ulcb systemd-udevd[344]: phy-ee0a0200.usb-phy.5: sd-device-monitor: Passed 342 byte to netlink monitor
Jun 29 03:06:47 h3ulcb systemd-udevd[342]: phy-ee0a0200.usb-phy.6: Device processed (SEQNUM=4439, ACTION=add)
Jun 29 03:06:47 h3ulcb systemd-udevd[331]: ee0c0100.usb: Device is queued (SEQNUM=4444, ACTION=add)
Jun 29 03:06:47 h3ulcb systemd-udevd[343]: usb2: /usr/lib/udev/rules.d/60-drm.rules:3 Importing properties from results of builtin command 'path_id'
Jun 29 03:06:47 h3ulcb systemd-udevd[342]: phy-ee0a0200.usb-phy.6: sd-device-monitor: Passed 342 byte to netlink monitor
Jun 29 03:06:47 h3ulcb systemd-udevd[368]: Module 'uio_pdrv_genirq' is already loaded
Jun 29 03:06:47 h3ulcb systemd-udevd[331]: ee0c0100.usb: Device ready for processing (SEQNUM=4444, ACTION=add)
Jun 29 03:06:47 h3ulcb systemd-udevd[368]: Module 'uio_pdrv_genirq' is already loaded
Jun 29 03:06:47 h3ulcb systemd-udevd[331]: ee0c0100.usb: sd-device-monitor: Passed 311 byte to netlink monitor
Jun 29 03:06:47 h3ulcb systemd-udevd[368]: ee0c0000.usb: Device processed (SEQNUM=4441, ACTION=add)
Jun 29 03:06:47 h3ulcb systemd-udevd[375]: ee0c0100.usb: Processing device (SEQNUM=4444, ACTION=add)
Jun 29 03:06:47 h3ulcb systemd-udevd[360]: phy-ee0a0200.usb-phy.7: Device processed (SEQNUM=4440, ACTION=add)
Jun 29 03:06:47 h3ulcb systemd-udevd[368]: ee0c0000.usb: sd-device-monitor: Passed 375 byte to netlink monitor
Jun 29 03:06:47 h3ulcb systemd-udevd[375]: ee0c0100.usb: /usr/lib/udev/rules.d/50-udev-default.rules:14 Importing properties from results of builtin command 'hwdb --subsystem=platform'
Jun 29 03:06:47 h3ulcb systemd-udevd[331]: usb3: Device is queued (SEQNUM=4445, ACTION=add)
Jun 29 03:06:47 h3ulcb systemd-udevd[375]: ee0c0100.usb: hwdb modalias key: "of:NusbT(null)Cgeneric-ehci"
Jun 29 03:06:47 h3ulcb systemd-udevd[360]: phy-ee0a0200.usb-phy.7: sd-device-monitor: Passed 342 byte to netlink monitor
Jun 29 03:06:47 h3ulcb systemd-udevd[331]: usb3: SEQNUM=4445 blocked by SEQNUM=4444
Jun 29 03:06:47 h3ulcb systemd-udevd[343]: usb2: Setting permissions /dev/bus/usb/002/001, uid=0, gid=0, mode=0664
Jun 29 03:06:47 h3ulcb systemd-udevd[440]: js0: /run/udev/links/input\x2fby-path\x2fplatform-ee000000.usb-usb-0:1.4:1.1-mouse is modified, but its timestamp is not changed, updating timestamp after 10ms.
Jun 29 03:06:47 h3ulcb systemd-udevd[375]: ee0c0100.usb: hwdb modalias key: "of:NsocT(null)Csimple-bus"
Jun 29 03:06:47 h3ulcb systemd-udevd[331]: usb7: Device ready for processing (SEQNUM=4442, ACTION=add)
Jun 29 03:06:47 h3ulcb systemd-udevd[343]: usb2: Handling device node '/dev/bus/usb/002/001', devnum=c189:128
Jun 29 03:06:47 h3ulcb systemd-udevd[375]: ee0c0100.usb: No entry found from hwdb.
Jun 29 03:06:47 h3ulcb systemd-udevd[331]: usb7: sd-device-monitor: Passed 384 byte to netlink monitor
Jun 29 03:06:47 h3ulcb systemd-udevd[434]: usb7: Processing device (SEQNUM=4442, ACTION=add)
Jun 29 03:06:47 h3ulcb systemd-udevd[375]: ee0c0100.usb: /usr/lib/udev/rules.d/50-udev-default.rules:14 Failed to run builtin 'hwdb --subsystem=platform': No data available
Jun 29 03:06:47 h3ulcb systemd-udevd[343]: usb2: sd-device: Created db file '/run/udev/data/c189:128' for '/devices/platform/soc/ee0a0100.usb/usb2'
Jun 29 03:06:47 h3ulcb systemd-udevd[435]: sda: /run/udev/links/disk\x2fby-path\x2fplatform-ee000000.usb-usb-0:1.1.1:1.0-scsi-0:0:0:0 is modified, but its timestamp is not changed, updating timestamp after 10ms.
Jun 29 03:06:47 h3ulcb systemd-udevd[331]: 7-0:1.0: SEQNUM=4443 blocked by SEQNUM=4442
Jun 29 03:06:47 h3ulcb systemd-udevd[434]: usb7: Failed to get watch handle, ignoring: No such file or directory
Jun 29 03:06:47 h3ulcb systemd-udevd[375]: ee0c0100.usb: /usr/lib/udev/rules.d/60-drm.rules:3 Importing properties from results of builtin command 'path_id'
Jun 29 03:06:47 h3ulcb systemd-udevd[343]: usb2: Failed to get watch handle, ignoring: No such file or directory
Jun 29 03:06:47 h3ulcb systemd-udevd[434]: usb7: /usr/lib/udev/rules.d/50-udev-default.rules:13 Importing properties from results of builtin command 'usb_id'
Jun 29 03:06:47 h3ulcb systemd-udevd[331]: 3-0:1.0: Device is queued (SEQNUM=4446, ACTION=add)
Jun 29 03:06:47 h3ulcb systemd-udevd[343]: usb2: Device processed (SEQNUM=4434, ACTION=add)
Jun 29 03:06:47 h3ulcb systemd-udevd[375]: ee0c0100.usb: /usr/lib/udev/rules.d/80-drivers.rules:5 RUN 'kmod load '$env{MODALIAS}''
Jun 29 03:06:47 h3ulcb systemd-udevd[331]: 3-0:1.0: SEQNUM=4446 blocked by SEQNUM=4444
Jun 29 03:06:47 h3ulcb systemd-udevd[343]: usb2: sd-device-monitor: Passed 989 byte to netlink monitor
Jun 29 03:06:47 h3ulcb systemd-udevd[434]: usb7: /usr/lib/udev/rules.d/50-udev-default.rules:13 Importing properties from results of builtin command 'hwdb --subsystem=usb'
Jun 29 03:06:47 h3ulcb systemd-udevd[434]: usb7: hwdb modalias key: "usb:v1D6Bp0001:Generic Platform OHCI controller"
Jun 29 03:06:47 h3ulcb systemd-udevd[331]: ee0c0200.usb-phy: Device is queued (SEQNUM=4447, ACTION=add)
Jun 29 03:06:47 h3ulcb systemd-udevd[375]: ee0c0100.usb: sd-device: Created db file '/run/udev/data/+platform:ee0c0100.usb' for '/devices/platform/soc/ee0c0100.usb'
Jun 29 03:06:47 h3ulcb systemd-udevd[434]: usb7: /usr/lib/udev/rules.d/50-udev-default.rules:15 Importing properties from results of builtin command 'hwdb 'usb:v1d6bp0001''
Jun 29 03:06:47 h3ulcb systemd-udevd[440]: js0: sd-device: Created db file '/run/udev/data/c13:0' for '/devices/platform/soc/ee000000.usb/usb9/9-1/9-1.4/9-1.4:1.1/0003:222A:0141.0002/input/input1/js0'
Jun 29 03:06:47 h3ulcb systemd-udevd[435]: sda: sd-device: Created db file '/run/udev/data/b8:0' for '/devices/platform/soc/ee000000.usb/usb9/9-1/9-1.1/9-1.1.1/9-1.1.1:1.0/host0/target0:0:0/0:0:0:0/block/sda'
Jun 29 03:06:47 h3ulcb systemd-udevd[335]: event2: /usr/lib/udev/rules.d/60-input-id.rules:6 Importing properties from results of builtin command 'hwdb --subsystem=input --lookup-prefix=id-input:modalias:'
Jun 29 03:06:47 h3ulcb systemd-udevd[331]: ee0c0200.usb-phy: Device ready for processing (SEQNUM=4447, ACTION=add)
Jun 29 03:06:47 h3ulcb systemd-udevd[375]: ee0c0100.usb: Running built-in command "kmod load 'of:NusbT(null)Cgeneric-ehci'"
Jun 29 03:06:47 h3ulcb systemd-udevd[434]: usb7: No entry found from hwdb.
Jun 29 03:06:47 h3ulcb systemd-udevd[440]: js0: Failed to get watch handle, ignoring: No such file or directory
Jun 29 03:06:47 h3ulcb systemd-udevd[435]: sda: Adding watch on '/dev/sda'
Jun 29 03:06:47 h3ulcb systemd-udevd[335]: event2: hwdb modalias key: "input:b0003v046DpC328e0110-e0,1,4,11,14,k71,72,73,74,75,77,79,7A,7B,7C,7D,7E,7F,80,81,82,83,84,85,86,87,88,89,8A,8C,8E,96,98,9E,9F,A1,A3,A4,A5,A6,AD,B0,B1,B2,B3,B4,B7,B8,B9,BA,BB,BC,BD,BE,BF,C0,C1,C2,F0,ram4,l0,1,2,sfw"
Jun 29 03:06:47 h3ulcb systemd-udevd[331]: ee0c0200.usb-phy: sd-device-monitor: Passed 426 byte to netlink monitor
Jun 29 03:06:47 h3ulcb systemd-udevd[375]: Loading module: of:NusbT(null)Cgeneric-ehci
Jun 29 03:06:47 h3ulcb systemd-udevd[434]: usb7: /usr/lib/udev/rules.d/50-udev-default.rules:15 Failed to run builtin 'hwdb 'usb:v1d6bp0001'': No data available
Jun 29 03:06:47 h3ulcb systemd-udevd[373]: ee0c0200.usb-phy: Processing device (SEQNUM=4447, ACTION=add)
Jun 29 03:06:47 h3ulcb systemd-udevd[440]: js0: Device processed (SEQNUM=4413, ACTION=add)
Jun 29 03:06:47 h3ulcb systemd-udevd[435]: sda: Device processed (SEQNUM=4375, ACTION=add)
Jun 29 03:06:47 h3ulcb systemd-udevd[335]: event2: No entry found from hwdb.
Jun 29 03:06:47 h3ulcb systemd-udevd[331]: 2-0:1.0: Device ready for processing (SEQNUM=4435, ACTION=add)
Jun 29 03:06:47 h3ulcb systemd-udevd[434]: usb7: /usr/lib/udev/rules.d/50-udev-default.rules:52 MODE 0664
Jun 29 03:06:47 h3ulcb systemd-udevd[440]: js0: sd-device-monitor: Passed 830 byte to netlink monitor
Jun 29 03:06:47 h3ulcb systemd-udevd[373]: ee0c0200.usb-phy: /usr/lib/udev/rules.d/50-udev-default.rules:14 Importing properties from results of builtin command 'hwdb --subsystem=platform'
Jun 29 03:06:47 h3ulcb systemd-udevd[335]: event2: /usr/lib/udev/rules.d/60-input-id.rules:6 Failed to run builtin 'hwdb --subsystem=input --lookup-prefix=id-input:modalias:': No data available
Jun 29 03:06:47 h3ulcb systemd-udevd[331]: 2-0:1.0: sd-device-monitor: Passed 399 byte to netlink monitor
Jun 29 03:06:47 h3ulcb systemd-udevd[343]: 2-0:1.0: Processing device (SEQNUM=4435, ACTION=add)
Jun 29 03:06:47 h3ulcb systemd-udevd[331]: phy-ee0c0200.usb-phy.10: Device is queued (SEQNUM=4448, ACTION=add)
Jun 29 03:06:47 h3ulcb systemd-udevd[331]: phy-ee0c0200.usb-phy.10: SEQNUM=4448 blocked by SEQNUM=4447
Jun 29 03:06:47 h3ulcb systemd-udevd[343]: 2-0:1.0: /usr/lib/udev/rules.d/50-udev-default.rules:14 Importing properties from results of builtin command 'hwdb --subsystem=usb'
Jun 29 03:06:47 h3ulcb systemd-udevd[373]: ee0c0200.usb-phy: hwdb modalias key: "of:Nusb-phyT(null)Crenesas,usb2-phy-r8a7795Crenesas,rcar-gen3-usb2-phy"
Jun 29 03:06:47 h3ulcb systemd-udevd[331]: phy-ee0c0200.usb-phy.11: Device is queued (SEQNUM=4449, ACTION=add)
Jun 29 03:06:47 h3ulcb systemd-udevd[343]: 2-0:1.0: hwdb modalias key: "usb:v1D6Bp0002d0510dc09dsc00dp00ic09isc00ip00in00"
Jun 29 03:06:47 h3ulcb systemd-udevd[331]: phy-ee0c0200.usb-phy.11: SEQNUM=4449 blocked by SEQNUM=4447
Jun 29 03:06:47 h3ulcb systemd-udevd[335]: event2: /usr/lib/udev/rules.d/60-persistent-input.rules:11 Importing properties from results of builtin command 'usb_id'
Jun 29 03:06:47 h3ulcb systemd-udevd[373]: ee0c0200.usb-phy: hwdb modalias key: "of:NsocT(null)Csimple-bus"
Jun 29 03:06:47 h3ulcb systemd-udevd[434]: usb7: /usr/lib/udev/rules.d/60-autosuspend.rules:12 ATTR '/sys/devices/platform/soc/ee0c0000.usb/usb7/power/control' writing 'auto'
Jun 29 03:06:47 h3ulcb systemd-udevd[331]: phy-ee0c0200.usb-phy.8: Device is queued (SEQNUM=4450, ACTION=add)
Jun 29 03:06:47 h3ulcb systemd-udevd[343]: 2-0:1.0: /usr/lib/udev/rules.d/60-drm.rules:3 Importing properties from results of builtin command 'path_id'
Jun 29 03:06:47 h3ulcb systemd-udevd[375]: Module 'uio_pdrv_genirq' is already loaded
Jun 29 03:06:47 h3ulcb systemd-udevd[335]: 9-1.1.4:1.0: if_class:3 protocol:0
Jun 29 03:06:47 h3ulcb systemd-udevd[373]: ee0c0200.usb-phy: No entry found from hwdb.
Jun 29 03:06:47 h3ulcb systemd-udevd[434]: usb7: /usr/lib/udev/rules.d/60-drm.rules:3 Importing properties from results of builtin command 'path_id'
Jun 29 03:06:47 h3ulcb systemd-udevd[331]: phy-ee0c0200.usb-phy.8: SEQNUM=4450 blocked by SEQNUM=4447
Jun 29 03:06:47 h3ulcb systemd-udevd[375]: Module 'uio_pdrv_genirq' is already loaded
Jun 29 03:06:47 h3ulcb systemd-udevd[373]: ee0c0200.usb-phy: /usr/lib/udev/rules.d/50-udev-default.rules:14 Failed to run builtin 'hwdb --subsystem=platform': No data available
Jun 29 03:06:47 h3ulcb systemd-udevd[331]: phy-ee0c0200.usb-phy.9: Device is queued (SEQNUM=4451, ACTION=add)
Jun 29 03:06:47 h3ulcb systemd-udevd[375]: ee0c0100.usb: Device processed (SEQNUM=4444, ACTION=add)
Jun 29 03:06:47 h3ulcb systemd-udevd[373]: ee0c0200.usb-phy: /usr/lib/udev/rules.d/60-drm.rules:3 Importing properties from results of builtin command 'path_id'
Jun 29 03:06:47 h3ulcb systemd-udevd[331]: phy-ee0c0200.usb-phy.9: SEQNUM=4451 blocked by SEQNUM=4447
Jun 29 03:06:47 h3ulcb systemd-udevd[335]: event2: /usr/lib/udev/rules.d/60-persistent-input.rules:28 LINK 'input/by-id/usb-Logitech_USB_Keyboard-event-kbd'
Jun 29 03:06:47 h3ulcb systemd-udevd[375]: ee0c0100.usb: sd-device-monitor: Passed 375 byte to netlink monitor
Jun 29 03:06:47 h3ulcb systemd-udevd[343]: 2-0:1.0: /usr/lib/udev/rules.d/80-drivers.rules:5 RUN 'kmod load '$env{MODALIAS}''
Jun 29 03:06:47 h3ulcb systemd-udevd[373]: ee0c0200.usb-phy: /usr/lib/udev/rules.d/80-drivers.rules:5 RUN 'kmod load '$env{MODALIAS}''
Jun 29 03:06:47 h3ulcb systemd-udevd[331]: ee0e0000.usb: Device is queued (SEQNUM=4452, ACTION=add)
Jun 29 03:06:47 h3ulcb systemd-udevd[335]: event2: /usr/lib/udev/rules.d/60-persistent-input.rules:35 Importing properties from results of builtin command 'path_id'
Jun 29 03:06:47 h3ulcb systemd-udevd[335]: event2: /usr/lib/udev/rules.d/60-persistent-input.rules:37 LINK 'input/by-path/platform-ee000000.usb-usb-0:1.1.4:1.0-event-kbd'
Jun 29 03:06:47 h3ulcb systemd-udevd[331]: ee0e0000.usb: Device ready for processing (SEQNUM=4452, ACTION=add)
Jun 29 03:06:47 h3ulcb systemd-udevd[373]: ee0c0200.usb-phy: sd-device: Created db file '/run/udev/data/+platform:ee0c0200.usb-phy' for '/devices/platform/soc/ee0c0200.usb-phy'
Jun 29 03:06:47 h3ulcb systemd-udevd[434]: usb7: Setting permissions /dev/bus/usb/007/001, uid=0, gid=0, mode=0664
Jun 29 03:06:47 h3ulcb systemd-udevd[331]: ee0e0000.usb: sd-device-monitor: Passed 311 byte to netlink monitor
Jun 29 03:06:47 h3ulcb systemd-udevd[343]: 2-0:1.0: sd-device: Created db file '/run/udev/data/+usb:2-0:1.0' for '/devices/platform/soc/ee0a0100.usb/usb2/2-0:1.0'
Jun 29 03:06:47 h3ulcb systemd-udevd[335]: event2: /usr/lib/udev/rules.d/80-libinput-device-groups.rules:4 Importing properties from results of 'libinput-device-group /sys/devices/platform/soc/ee000000.usb/usb9/9-1/9-1.1/9-1.1.4/9-1.1.4:1.0/0003:046D:C328.0003/input/input3/event2'
Jun 29 03:06:47 h3ulcb systemd-udevd[440]: ee0e0000.usb: Processing device (SEQNUM=4452, ACTION=add)
Jun 29 03:06:47 h3ulcb systemd-udevd[373]: ee0c0200.usb-phy: Running built-in command "kmod load 'of:Nusb-phyT(null)Crenesas,usb2-phy-r8a7795Crenesas,rcar-gen3-usb2-phy'"
Jun 29 03:06:47 h3ulcb systemd-udevd[434]: usb7: Handling device node '/dev/bus/usb/007/001', devnum=c189:768
Jun 29 03:06:47 h3ulcb systemd-udevd[343]: 2-0:1.0: Running built-in command "kmod load 'usb:v1D6Bp0002d0510dc09dsc00dp00ic09isc00ip00in00'"
Jun 29 03:06:47 h3ulcb systemd-udevd[331]: usb3: Device ready for processing (SEQNUM=4445, ACTION=add)
Jun 29 03:06:47 h3ulcb systemd-udevd[335]: event2: Starting 'libinput-device-group /sys/devices/platform/soc/ee000000.usb/usb9/9-1/9-1.1/9-1.1.4/9-1.1.4:1.0/0003:046D:C328.0003/input/input3/event2'
Jun 29 03:06:47 h3ulcb systemd-udevd[373]: Loading module: of:Nusb-phyT(null)Crenesas,usb2-phy-r8a7795Crenesas,rcar-gen3-usb2-phy
Jun 29 03:06:47 h3ulcb systemd-udevd[440]: ee0e0000.usb: /usr/lib/udev/rules.d/50-udev-default.rules:14 Importing properties from results of builtin command 'hwdb --subsystem=platform'
Jun 29 03:06:47 h3ulcb systemd-udevd[343]: Loading module: usb:v1D6Bp0002d0510dc09dsc00dp00ic09isc00ip00in00
Jun 29 03:06:47 h3ulcb systemd-udevd[434]: usb7: sd-device: Created db file '/run/udev/data/c189:768' for '/devices/platform/soc/ee0c0000.usb/usb7'
Jun 29 03:06:47 h3ulcb systemd-udevd[331]: usb3: sd-device-monitor: Passed 384 byte to netlink monitor
Jun 29 03:06:47 h3ulcb systemd-udevd[368]: usb3: Processing device (SEQNUM=4445, ACTION=add)
Jun 29 03:06:47 h3ulcb systemd-udevd[440]: ee0e0000.usb: hwdb modalias key: "of:NusbT(null)Cgeneric-ohci"
Jun 29 03:06:47 h3ulcb systemd-udevd[343]: Failed to find module 'usb:v1D6Bp0002d0510dc09dsc00dp00ic09isc00ip00in00'
Jun 29 03:06:47 h3ulcb systemd-udevd[440]: ee0e0000.usb: hwdb modalias key: "of:NsocT(null)Csimple-bus"
Jun 29 03:06:47 h3ulcb systemd-udevd[331]: 3-0:1.0: SEQNUM=4446 blocked by SEQNUM=4445
Jun 29 03:06:47 h3ulcb systemd-udevd[368]: usb3: Failed to get watch handle, ignoring: No such file or directory
Jun 29 03:06:47 h3ulcb systemd-udevd[335]: Successfully forked off '(spawn)' as PID 495.
Jun 29 03:06:47 h3ulcb systemd-udevd[343]: 2-0:1.0: Device processed (SEQNUM=4435, ACTION=add)
Jun 29 03:06:47 h3ulcb systemd-udevd[434]: usb7: Failed to get watch handle, ignoring: No such file or directory
Jun 29 03:06:47 h3ulcb systemd-udevd[435]: sda: sd-device-monitor: Passed 1040 byte to netlink monitor
Jun 29 03:06:47 h3ulcb systemd-udevd[440]: ee0e0000.usb: No entry found from hwdb.
Jun 29 03:06:47 h3ulcb systemd-udevd[331]: usb8: Device is queued (SEQNUM=4453, ACTION=add)
Jun 29 03:06:47 h3ulcb systemd-udevd[368]: usb3: /usr/lib/udev/rules.d/50-udev-default.rules:13 Importing properties from results of builtin command 'usb_id'
Jun 29 03:06:47 h3ulcb systemd-udevd[343]: 2-0:1.0: sd-device-monitor: Passed 667 byte to netlink monitor
Jun 29 03:06:47 h3ulcb systemd-udevd[434]: usb7: Device processed (SEQNUM=4442, ACTION=add)
Jun 29 03:06:47 h3ulcb systemd-udevd[440]: ee0e0000.usb: /usr/lib/udev/rules.d/50-udev-default.rules:14 Failed to run builtin 'hwdb --subsystem=platform': No data available
Jun 29 03:06:47 h3ulcb systemd-udevd[331]: usb8: SEQNUM=4453 blocked by SEQNUM=4452
Jun 29 03:06:47 h3ulcb systemd-udevd[368]: usb3: /usr/lib/udev/rules.d/50-udev-default.rules:13 Importing properties from results of builtin command 'hwdb --subsystem=usb'
Jun 29 03:06:47 h3ulcb systemd-udevd[373]: Module 'uio_pdrv_genirq' is already loaded
Jun 29 03:06:47 h3ulcb systemd-udevd[434]: usb7: sd-device-monitor: Passed 1028 byte to netlink monitor
Jun 29 03:06:47 h3ulcb systemd-udevd[440]: ee0e0000.usb: /usr/lib/udev/rules.d/60-drm.rules:3 Importing properties from results of builtin command 'path_id'
Jun 29 03:06:47 h3ulcb systemd-udevd[331]: sda1: Device ready for processing (SEQNUM=4376, ACTION=add)
Jun 29 03:06:47 h3ulcb systemd-udevd[368]: usb3: hwdb modalias key: "usb:v1D6Bp0002:EHCI Host Controller"
Jun 29 03:06:47 h3ulcb systemd-udevd[373]: Module 'uio_pdrv_genirq' is already loaded
Jun 29 03:06:47 h3ulcb systemd-udevd[331]: sda1: sd-device-monitor: Passed 297 byte to netlink monitor
Jun 29 03:06:47 h3ulcb systemd-udevd[440]: ee0e0000.usb: /usr/lib/udev/rules.d/80-drivers.rules:5 RUN 'kmod load '$env{MODALIAS}''
Jun 29 03:06:47 h3ulcb systemd-udevd[435]: sda1: Processing device (SEQNUM=4376, ACTION=add)
Jun 29 03:06:47 h3ulcb systemd-udevd[368]: usb3: /usr/lib/udev/rules.d/50-udev-default.rules:15 Importing properties from results of builtin command 'hwdb 'usb:v1d6bp0002''
Jun 29 03:06:47 h3ulcb systemd-udevd[373]: ee0c0200.usb-phy: Device processed (SEQNUM=4447, ACTION=add)
Jun 29 03:06:47 h3ulcb systemd-udevd[331]: 8-0:1.0: Device is queued (SEQNUM=4454, ACTION=add)
Jun 29 03:06:47 h3ulcb systemd-udevd[368]: usb3: No entry found from hwdb.
Jun 29 03:06:47 h3ulcb systemd-udevd[440]: ee0e0000.usb: sd-device: Created db file '/run/udev/data/+platform:ee0e0000.usb' for '/devices/platform/soc/ee0e0000.usb'
Jun 29 03:06:47 h3ulcb systemd-udevd[373]: ee0c0200.usb-phy: sd-device-monitor: Passed 498 byte to netlink monitor
Jun 29 03:06:47 h3ulcb systemd-udevd[331]: 8-0:1.0: SEQNUM=4454 blocked by SEQNUM=4452
Jun 29 03:06:47 h3ulcb systemd-udevd[331]: 7-0:1.0: Device ready for processing (SEQNUM=4443, ACTION=add)
Jun 29 03:06:47 h3ulcb systemd-udevd[440]: ee0e0000.usb: Running built-in command "kmod load 'of:NusbT(null)Cgeneric-ohci'"
Jun 29 03:06:47 h3ulcb systemd-udevd[435]: sda1: Failed to get watch handle, ignoring: No such file or directory
Jun 29 03:06:47 h3ulcb systemd-udevd[368]: usb3: /usr/lib/udev/rules.d/50-udev-default.rules:15 Failed to run builtin 'hwdb 'usb:v1d6bp0002'': No data available
Jun 29 03:06:47 h3ulcb systemd-udevd[331]: 7-0:1.0: sd-device-monitor: Passed 399 byte to netlink monitor
Jun 29 03:06:47 h3ulcb systemd-udevd[440]: Loading module: of:NusbT(null)Cgeneric-ohci
Jun 29 03:06:47 h3ulcb systemd-udevd[434]: 7-0:1.0: Processing device (SEQNUM=4443, ACTION=add)
Jun 29 03:06:47 h3ulcb systemd-udevd[368]: usb3: /usr/lib/udev/rules.d/50-udev-default.rules:52 MODE 0664
Jun 29 03:06:47 h3ulcb systemd-udevd[435]: sda1: /usr/lib/udev/rules.d/50-udev-default.rules:71 GROUP 6
Jun 29 03:06:47 h3ulcb systemd-udevd[331]: phy-ee0c0200.usb-phy.10: Device ready for processing (SEQNUM=4448, ACTION=add)
Jun 29 03:06:47 h3ulcb systemd-udevd[434]: 7-0:1.0: /usr/lib/udev/rules.d/50-udev-default.rules:14 Importing properties from results of builtin command 'hwdb --subsystem=usb'
Jun 29 03:06:47 h3ulcb systemd-udevd[368]: usb3: /usr/lib/udev/rules.d/60-autosuspend.rules:12 ATTR '/sys/devices/platform/soc/ee0c0100.usb/usb3/power/control' writing 'auto'
Jun 29 03:06:47 h3ulcb systemd-udevd[331]: phy-ee0c0200.usb-phy.10: sd-device-monitor: Passed 343 byte to netlink monitor
Jun 29 03:06:47 h3ulcb systemd-udevd[434]: 7-0:1.0: hwdb modalias key: "usb:v1D6Bp0001d0510dc09dsc00dp00ic09isc00ip00in00"
Jun 29 03:06:47 h3ulcb systemd-udevd[343]: phy-ee0c0200.usb-phy.10: Processing device (SEQNUM=4448, ACTION=add)
Jun 29 03:06:47 h3ulcb systemd-udevd[368]: usb3: /usr/lib/udev/rules.d/60-drm.rules:3 Importing properties from results of builtin command 'path_id'
Jun 29 03:06:47 h3ulcb systemd-udevd[331]: phy-ee0c0200.usb-phy.11: Device ready for processing (SEQNUM=4449, ACTION=add)
Jun 29 03:06:47 h3ulcb systemd-udevd[335]: event2: 'libinput-device-group /sys/devices/platform/soc/ee000000.usb/usb9/9-1/9-1.1/9-1.1.4/9-1.1.4:1.0/0003:046D:C328.0003/input/input3/event2'(out) 'LIBINPUT_DEVICE_GROUP=3/46d/c328:usb-ee000000.usb-1.1'
Jun 29 03:06:47 h3ulcb systemd-udevd[373]: phy-ee0c0200.usb-phy.11: Processing device (SEQNUM=4449, ACTION=add)
Jun 29 03:06:47 h3ulcb systemd-udevd[440]: Module 'uio_pdrv_genirq' is already loaded
Jun 29 03:06:47 h3ulcb systemd-udevd[434]: 7-0:1.0: /usr/lib/udev/rules.d/60-drm.rules:3 Importing properties from results of builtin command 'path_id'
Jun 29 03:06:47 h3ulcb systemd-udevd[331]: phy-ee0c0200.usb-phy.11: sd-device-monitor: Passed 343 byte to netlink monitor
Jun 29 03:06:47 h3ulcb systemd-udevd[335]: event2: Process 'libinput-device-group /sys/devices/platform/soc/ee000000.usb/usb9/9-1/9-1.1/9-1.1.4/9-1.1.4:1.0/0003:046D:C328.0003/input/input3/event2' succeeded.
Jun 29 03:06:47 h3ulcb kernel: rtl2832_sdr rtl2832_sdr.8.auto: Registered as swradio0
Jun 29 03:06:47 h3ulcb kernel: rtl2832_sdr rtl2832_sdr.8.auto: Realtek RTL2832 SDR attached
Jun 29 03:06:47 h3ulcb kernel: rtl2832_sdr rtl2832_sdr.8.auto: SDR API is still slightly experimental and functionality changes may follow
Jun 29 03:06:47 h3ulcb systemd-udevd[435]: sda1: /usr/lib/udev/rules.d/60-persistent-storage.rules:69 LINK 'disk/by-id/usb-JetFlash_Transcend_8GB_47II3KBM44I9523R-0:0-part1'
Jun 29 03:06:47 h3ulcb systemd-udevd[440]: Module 'uio_pdrv_genirq' is already loaded
Jun 29 03:06:47 h3ulcb systemd-udevd[331]: phy-ee0c0200.usb-phy.8: Device ready for processing (SEQNUM=4450, ACTION=add)
Jun 29 03:06:47 h3ulcb systemd-udevd[368]: usb3: Setting permissions /dev/bus/usb/003/001, uid=0, gid=0, mode=0664
Jun 29 03:06:47 h3ulcb systemd-udevd[440]: ee0e0000.usb: Device processed (SEQNUM=4452, ACTION=add)
Jun 29 03:06:47 h3ulcb systemd-udevd[331]: phy-ee0c0200.usb-phy.8: sd-device-monitor: Passed 342 byte to netlink monitor
Jun 29 03:06:47 h3ulcb systemd-udevd[343]: phy-ee0c0200.usb-phy.10: Device processed (SEQNUM=4448, ACTION=add)
