Jun 29 03:06:46 h3ulcb systemd-udevd[339]: e6051000.gpio: No entry found from hwdb.
Jun 29 03:06:46 h3ulcb systemd-udevd[367]: e6052000.gpio: Processing device (SEQNUM=4127, ACTION=add)
Jun 29 03:06:46 h3ulcb systemd-udevd[331]: e6052000.gpio: sd-device-monitor: Passed 389 byte to netlink monitor
Jun 29 03:06:46 h3ulcb systemd-udevd[339]: e6051000.gpio: /usr/lib/udev/rules.d/50-udev-default.rules:14 Failed to run builtin 'hwdb --subsystem=platform': No data available
Jun 29 03:06:46 h3ulcb systemd-udevd[359]: Module 'uio_pdrv_genirq' is already loaded
Jun 29 03:06:46 h3ulcb systemd-udevd[367]: e6052000.gpio: /usr/lib/udev/rules.d/50-udev-default.rules:14 Importing properties from results of builtin command 'hwdb --subsystem=platform'
Jun 29 03:06:46 h3ulcb systemd-udevd[331]: gpiochip452: Device is queued (SEQNUM=4128, ACTION=add)
Jun 29 03:06:46 h3ulcb systemd-udevd[339]: e6051000.gpio: /usr/lib/udev/rules.d/60-drm.rules:3 Importing properties from results of builtin command 'path_id'
Jun 29 03:06:46 h3ulcb systemd-udevd[359]: Module 'uio_pdrv_genirq' is already loaded
Jun 29 03:06:46 h3ulcb systemd-udevd[339]: e6051000.gpio: /usr/lib/udev/rules.d/80-drivers.rules:5 RUN 'kmod load '$env{MODALIAS}''
Jun 29 03:06:46 h3ulcb systemd-udevd[331]: gpiochip452: SEQNUM=4128 blocked by SEQNUM=4127
Jun 29 03:06:46 h3ulcb systemd-udevd[359]: e6050000.gpio: Device processed (SEQNUM=4121, ACTION=add)
Jun 29 03:06:46 h3ulcb systemd-udevd[367]: e6052000.gpio: hwdb modalias key: "of:NgpioT(null)Crenesas,gpio-r8a7795Crenesas,rcar-gen3-gpio"
Jun 29 03:06:46 h3ulcb systemd-udevd[359]: e6050000.gpio: sd-device-monitor: Passed 455 byte to netlink monitor
Jun 29 03:06:46 h3ulcb systemd-udevd[331]: gpiochip2: Device is queued (SEQNUM=4129, ACTION=add)
Jun 29 03:06:46 h3ulcb systemd-udevd[339]: e6051000.gpio: sd-device: Created db file '/run/udev/data/+platform:e6051000.gpio' for '/devices/platform/soc/e6051000.gpio'
Jun 29 03:06:46 h3ulcb systemd-udevd[331]: gpiochip2: SEQNUM=4129 blocked by SEQNUM=4127
Jun 29 03:06:46 h3ulcb systemd-udevd[339]: e6051000.gpio: Running built-in command "kmod load 'of:NgpioT(null)Crenesas,gpio-r8a7795Crenesas,rcar-gen3-gpio'"
Jun 29 03:06:46 h3ulcb systemd-udevd[367]: e6052000.gpio: hwdb modalias key: "of:NsocT(null)Csimple-bus"
Jun 29 03:06:46 h3ulcb systemd-udevd[342]: Module 'uio_pdrv_genirq' is already loaded
Jun 29 03:06:46 h3ulcb systemd-udevd[331]: gpiochip496: Device ready for processing (SEQNUM=4122, ACTION=add)
Jun 29 03:06:46 h3ulcb systemd-udevd[359]: gpiochip496: Processing device (SEQNUM=4122, ACTION=add)
Jun 29 03:06:46 h3ulcb systemd-udevd[342]: Module 'uio_pdrv_genirq' is already loaded
Jun 29 03:06:46 h3ulcb systemd-udevd[367]: e6052000.gpio: No entry found from hwdb.
Jun 29 03:06:46 h3ulcb systemd-udevd[331]: gpiochip496: sd-device-monitor: Passed 178 byte to netlink monitor
Jun 29 03:06:46 h3ulcb systemd-udevd[339]: Loading module: of:NgpioT(null)Crenesas,gpio-r8a7795Crenesas,rcar-gen3-gpio
Jun 29 03:06:46 h3ulcb systemd-udevd[342]: e6020000.watchdog: Device processed (SEQNUM=4118, ACTION=add)
Jun 29 03:06:46 h3ulcb systemd-udevd[367]: e6052000.gpio: /usr/lib/udev/rules.d/50-udev-default.rules:14 Failed to run builtin 'hwdb --subsystem=platform': No data available
Jun 29 03:06:46 h3ulcb systemd-udevd[331]: gpiochip0: Device ready for processing (SEQNUM=4123, ACTION=add)
Jun 29 03:06:46 h3ulcb systemd-udevd[342]: e6020000.watchdog: sd-device-monitor: Passed 477 byte to netlink monitor
Jun 29 03:06:46 h3ulcb systemd-udevd[375]: gpiochip0: Processing device (SEQNUM=4123, ACTION=add)
Jun 29 03:06:46 h3ulcb systemd-udevd[331]: gpiochip0: sd-device-monitor: Passed 350 byte to netlink monitor
Jun 29 03:06:46 h3ulcb systemd-udevd[359]: gpiochip496: Device processed (SEQNUM=4122, ACTION=add)
Jun 29 03:06:46 h3ulcb systemd-udevd[367]: e6052000.gpio: /usr/lib/udev/rules.d/60-drm.rules:3 Importing properties from results of builtin command 'path_id'
Jun 29 03:06:46 h3ulcb systemd-udevd[375]: gpiochip0: Failed to get watch handle, ignoring: No such file or directory
Jun 29 03:06:46 h3ulcb systemd-udevd[359]: gpiochip496: sd-device-monitor: Passed 178 byte to netlink monitor
Jun 29 03:06:46 h3ulcb systemd-udevd[331]: e6053000.gpio: Device is queued (SEQNUM=4130, ACTION=add)
Jun 29 03:06:46 h3ulcb systemd-udevd[367]: e6052000.gpio: /usr/lib/udev/rules.d/80-drivers.rules:5 RUN 'kmod load '$env{MODALIAS}''
Jun 29 03:06:46 h3ulcb systemd-udevd[331]: e6053000.gpio: Device ready for processing (SEQNUM=4130, ACTION=add)
Jun 29 03:06:46 h3ulcb systemd-udevd[331]: e6053000.gpio: sd-device-monitor: Passed 389 byte to netlink monitor
Jun 29 03:06:46 h3ulcb systemd-udevd[368]: e6053000.gpio: Processing device (SEQNUM=4130, ACTION=add)
Jun 29 03:06:46 h3ulcb systemd-udevd[331]: watchdog: Device ready for processing (SEQNUM=4119, ACTION=add)
Jun 29 03:06:46 h3ulcb systemd-udevd[367]: e6052000.gpio: sd-device: Created db file '/run/udev/data/+platform:e6052000.gpio' for '/devices/platform/soc/e6052000.gpio'
Jun 29 03:06:46 h3ulcb systemd-udevd[331]: watchdog: sd-device-monitor: Passed 220 byte to netlink monitor
Jun 29 03:06:46 h3ulcb systemd-udevd[368]: e6053000.gpio: /usr/lib/udev/rules.d/50-udev-default.rules:14 Importing properties from results of builtin command 'hwdb --subsystem=platform'
Jun 29 03:06:46 h3ulcb systemd-udevd[367]: e6052000.gpio: Running built-in command "kmod load 'of:NgpioT(null)Crenesas,gpio-r8a7795Crenesas,rcar-gen3-gpio'"
Jun 29 03:06:46 h3ulcb systemd-udevd[342]: watchdog: Processing device (SEQNUM=4119, ACTION=add)
Jun 29 03:06:46 h3ulcb systemd-udevd[342]: watchdog: Failed to get watch handle, ignoring: No such file or directory
Jun 29 03:06:46 h3ulcb systemd-udevd[375]: gpiochip0: Preserve permissions of /dev/gpiochip0, uid=0, gid=0, mode=0600
Jun 29 03:06:46 h3ulcb systemd-udevd[367]: Loading module: of:NgpioT(null)Crenesas,gpio-r8a7795Crenesas,rcar-gen3-gpio
Jun 29 03:06:46 h3ulcb systemd-udevd[339]: Module 'uio_pdrv_genirq' is already loaded
Jun 29 03:06:46 h3ulcb systemd-udevd[368]: e6053000.gpio: hwdb modalias key: "of:NgpioT(null)Crenesas,gpio-r8a7795Crenesas,rcar-gen3-gpio"
Jun 29 03:06:46 h3ulcb systemd-udevd[375]: gpiochip0: Handling device node '/dev/gpiochip0', devnum=c254:0
Jun 29 03:06:46 h3ulcb systemd-udevd[331]: watchdog0: Device ready for processing (SEQNUM=4120, ACTION=add)
Jun 29 03:06:46 h3ulcb systemd-udevd[339]: Module 'uio_pdrv_genirq' is already loaded
Jun 29 03:06:46 h3ulcb systemd-udevd[368]: e6053000.gpio: hwdb modalias key: "of:NsocT(null)Csimple-bus"
Jun 29 03:06:46 h3ulcb systemd-udevd[331]: watchdog0: sd-device-monitor: Passed 229 byte to netlink monitor
Jun 29 03:06:46 h3ulcb systemd-udevd[375]: gpiochip0: sd-device: Created empty file '/run/udev/data/c254:0' for '/devices/platform/soc/e6050000.gpio/gpiochip0'
Jun 29 03:06:46 h3ulcb systemd-udevd[359]: watchdog0: Processing device (SEQNUM=4120, ACTION=add)
Jun 29 03:06:46 h3ulcb systemd-udevd[339]: e6051000.gpio: Device processed (SEQNUM=4124, ACTION=add)
Jun 29 03:06:46 h3ulcb systemd-udevd[339]: e6051000.gpio: sd-device-monitor: Passed 455 byte to netlink monitor
Jun 29 03:06:46 h3ulcb systemd-udevd[375]: gpiochip0: Failed to get watch handle, ignoring: No such file or directory
Jun 29 03:06:46 h3ulcb systemd-udevd[331]: gpiochip436: Device is queued (SEQNUM=4131, ACTION=add)
Jun 29 03:06:46 h3ulcb systemd-udevd[359]: watchdog0: Failed to get watch handle, ignoring: No such file or directory
Jun 29 03:06:46 h3ulcb systemd-udevd[368]: e6053000.gpio: No entry found from hwdb.
Jun 29 03:06:46 h3ulcb systemd-udevd[375]: gpiochip0: Device processed (SEQNUM=4123, ACTION=add)
Jun 29 03:06:46 h3ulcb systemd-udevd[342]: watchdog: Preserve permissions of /dev/watchdog, uid=0, gid=0, mode=0600
Jun 29 03:06:46 h3ulcb systemd-udevd[331]: gpiochip436: SEQNUM=4131 blocked by SEQNUM=4130
Jun 29 03:06:46 h3ulcb systemd-udevd[367]: Module 'uio_pdrv_genirq' is already loaded
Jun 29 03:06:46 h3ulcb systemd-udevd[368]: e6053000.gpio: /usr/lib/udev/rules.d/50-udev-default.rules:14 Failed to run builtin 'hwdb --subsystem=platform': No data available
Jun 29 03:06:46 h3ulcb systemd-udevd[368]: e6053000.gpio: /usr/lib/udev/rules.d/60-drm.rules:3 Importing properties from results of builtin command 'path_id'
Jun 29 03:06:46 h3ulcb systemd-udevd[342]: watchdog: Handling device node '/dev/watchdog', devnum=c10:130
Jun 29 03:06:46 h3ulcb systemd-udevd[331]: gpiochip467: Device ready for processing (SEQNUM=4125, ACTION=add)
Jun 29 03:06:46 h3ulcb systemd-udevd[367]: Module 'uio_pdrv_genirq' is already loaded
Jun 29 03:06:46 h3ulcb systemd-udevd[375]: gpiochip0: sd-device-monitor: Passed 350 byte to netlink monitor
Jun 29 03:06:46 h3ulcb systemd-udevd[368]: e6053000.gpio: /usr/lib/udev/rules.d/80-drivers.rules:5 RUN 'kmod load '$env{MODALIAS}''
Jun 29 03:06:46 h3ulcb systemd-udevd[359]: watchdog0: Preserve permissions of /dev/watchdog0, uid=0, gid=0, mode=0600
Jun 29 03:06:46 h3ulcb systemd-udevd[331]: gpiochip467: sd-device-monitor: Passed 178 byte to netlink monitor
Jun 29 03:06:46 h3ulcb systemd-udevd[367]: e6052000.gpio: Device processed (SEQNUM=4127, ACTION=add)
Jun 29 03:06:46 h3ulcb systemd-udevd[342]: watchdog: sd-device: Created empty file '/run/udev/data/c10:130' for '/devices/platform/soc/e6020000.watchdog/misc/watchdog'
Jun 29 03:06:46 h3ulcb systemd-udevd[339]: gpiochip467: Processing device (SEQNUM=4125, ACTION=add)
Jun 29 03:06:46 h3ulcb systemd-udevd[359]: watchdog0: Handling device node '/dev/watchdog0', devnum=c244:0
Jun 29 03:06:46 h3ulcb systemd-udevd[331]: gpiochip1: Device ready for processing (SEQNUM=4126, ACTION=add)
Jun 29 03:06:46 h3ulcb systemd-udevd[367]: e6052000.gpio: sd-device-monitor: Passed 455 byte to netlink monitor
Jun 29 03:06:46 h3ulcb systemd-udevd[368]: e6053000.gpio: sd-device: Created db file '/run/udev/data/+platform:e6053000.gpio' for '/devices/platform/soc/e6053000.gpio'
Jun 29 03:06:46 h3ulcb systemd-udevd[342]: watchdog: Failed to get watch handle, ignoring: No such file or directory
Jun 29 03:06:46 h3ulcb systemd-udevd[359]: watchdog0: sd-device: Created empty file '/run/udev/data/c244:0' for '/devices/platform/soc/e6020000.watchdog/watchdog/watchdog0'
Jun 29 03:06:46 h3ulcb systemd-udevd[331]: gpiochip1: sd-device-monitor: Passed 350 byte to netlink monitor
Jun 29 03:06:46 h3ulcb systemd-udevd[337]: gpiochip1: Processing device (SEQNUM=4126, ACTION=add)
Jun 29 03:06:46 h3ulcb systemd-udevd[368]: e6053000.gpio: Running built-in command "kmod load 'of:NgpioT(null)Crenesas,gpio-r8a7795Crenesas,rcar-gen3-gpio'"
Jun 29 03:06:46 h3ulcb systemd-udevd[342]: watchdog: Device processed (SEQNUM=4119, ACTION=add)
Jun 29 03:06:46 h3ulcb systemd-udevd[359]: watchdog0: Failed to get watch handle, ignoring: No such file or directory
Jun 29 03:06:46 h3ulcb systemd-udevd[337]: gpiochip1: Failed to get watch handle, ignoring: No such file or directory
Jun 29 03:06:46 h3ulcb systemd-udevd[368]: Loading module: of:NgpioT(null)Crenesas,gpio-r8a7795Crenesas,rcar-gen3-gpio
Jun 29 03:06:46 h3ulcb systemd-udevd[331]: gpiochip3: Device is queued (SEQNUM=4132, ACTION=add)
Jun 29 03:06:46 h3ulcb systemd-udevd[342]: watchdog: sd-device-monitor: Passed 220 byte to netlink monitor
Jun 29 03:06:46 h3ulcb systemd-udevd[359]: watchdog0: Device processed (SEQNUM=4120, ACTION=add)
Jun 29 03:06:46 h3ulcb systemd-udevd[339]: gpiochip467: Device processed (SEQNUM=4125, ACTION=add)
Jun 29 03:06:46 h3ulcb systemd-udevd[331]: gpiochip3: SEQNUM=4132 blocked by SEQNUM=4130
Jun 29 03:06:46 h3ulcb systemd-udevd[359]: watchdog0: sd-device-monitor: Passed 229 byte to netlink monitor
Jun 29 03:06:46 h3ulcb systemd-udevd[339]: gpiochip467: sd-device-monitor: Passed 178 byte to netlink monitor
Jun 29 03:06:46 h3ulcb systemd-udevd[331]: gpiochip452: Device ready for processing (SEQNUM=4128, ACTION=add)
Jun 29 03:06:46 h3ulcb systemd-udevd[337]: gpiochip1: Preserve permissions of /dev/gpiochip1, uid=0, gid=0, mode=0600
Jun 29 03:06:46 h3ulcb systemd-udevd[331]: gpiochip452: sd-device-monitor: Passed 178 byte to netlink monitor
Jun 29 03:06:46 h3ulcb systemd-udevd[342]: gpiochip452: Processing device (SEQNUM=4128, ACTION=add)
Jun 29 03:06:46 h3ulcb systemd-udevd[337]: gpiochip1: Handling device node '/dev/gpiochip1', devnum=c254:1
Jun 29 03:06:46 h3ulcb systemd-udevd[331]: gpiochip2: Device ready for processing (SEQNUM=4129, ACTION=add)
Jun 29 03:06:46 h3ulcb systemd-udevd[337]: gpiochip1: sd-device: Created empty file '/run/udev/data/c254:1' for '/devices/platform/soc/e6051000.gpio/gpiochip1'
Jun 29 03:06:46 h3ulcb systemd-udevd[331]: gpiochip2: sd-device-monitor: Passed 350 byte to netlink monitor
Jun 29 03:06:46 h3ulcb systemd-udevd[359]: gpiochip2: Processing device (SEQNUM=4129, ACTION=add)
Jun 29 03:06:46 h3ulcb systemd-udevd[337]: gpiochip1: Failed to get watch handle, ignoring: No such file or directory
Jun 29 03:06:46 h3ulcb systemd-udevd[359]: gpiochip2: Failed to get watch handle, ignoring: No such file or directory
Jun 29 03:06:46 h3ulcb systemd-udevd[337]: gpiochip1: Device processed (SEQNUM=4126, ACTION=add)
Jun 29 03:06:46 h3ulcb systemd-udevd[331]: e6054000.gpio: Device is queued (SEQNUM=4133, ACTION=add)
Jun 29 03:06:46 h3ulcb systemd-udevd[337]: gpiochip1: sd-device-monitor: Passed 350 byte to netlink monitor
Jun 29 03:06:46 h3ulcb systemd-udevd[331]: e6054000.gpio: Device ready for processing (SEQNUM=4133, ACTION=add)
Jun 29 03:06:46 h3ulcb systemd-udevd[331]: e6054000.gpio: sd-device-monitor: Passed 389 byte to netlink monitor
Jun 29 03:06:46 h3ulcb systemd-udevd[367]: e6054000.gpio: Processing device (SEQNUM=4133, ACTION=add)
Jun 29 03:06:46 h3ulcb systemd-udevd[342]: gpiochip452: Device processed (SEQNUM=4128, ACTION=add)
Jun 29 03:06:46 h3ulcb systemd-udevd[359]: gpiochip2: Preserve permissions of /dev/gpiochip2, uid=0, gid=0, mode=0600
Jun 29 03:06:46 h3ulcb systemd-udevd[331]: gpiochip418: Device is queued (SEQNUM=4134, ACTION=add)
Jun 29 03:06:46 h3ulcb systemd-udevd[342]: gpiochip452: sd-device-monitor: Passed 178 byte to netlink monitor
Jun 29 03:06:46 h3ulcb systemd-udevd[367]: e6054000.gpio: /usr/lib/udev/rules.d/50-udev-default.rules:14 Importing properties from results of builtin command 'hwdb --subsystem=platform'
Jun 29 03:06:46 h3ulcb systemd-udevd[359]: gpiochip2: Handling device node '/dev/gpiochip2', devnum=c254:2
Jun 29 03:06:46 h3ulcb systemd-udevd[331]: gpiochip418: SEQNUM=4134 blocked by SEQNUM=4133
Jun 29 03:06:46 h3ulcb systemd-udevd[368]: Module 'uio_pdrv_genirq' is already loaded
Jun 29 03:06:46 h3ulcb systemd-udevd[367]: e6054000.gpio: hwdb modalias key: "of:NgpioT(null)Crenesas,gpio-r8a7795Crenesas,rcar-gen3-gpio"
Jun 29 03:06:46 h3ulcb systemd-udevd[359]: gpiochip2: sd-device: Created empty file '/run/udev/data/c254:2' for '/devices/platform/soc/e6052000.gpio/gpiochip2'
Jun 29 03:06:46 h3ulcb systemd-udevd[368]: Module 'uio_pdrv_genirq' is already loaded
Jun 29 03:06:46 h3ulcb systemd-udevd[331]: gpiochip4: Device is queued (SEQNUM=4135, ACTION=add)
Jun 29 03:06:46 h3ulcb systemd-udevd[359]: gpiochip2: Failed to get watch handle, ignoring: No such file or directory
Jun 29 03:06:46 h3ulcb systemd-udevd[368]: e6053000.gpio: Device processed (SEQNUM=4130, ACTION=add)
Jun 29 03:06:46 h3ulcb systemd-udevd[367]: e6054000.gpio: hwdb modalias key: "of:NsocT(null)Csimple-bus"
Jun 29 03:06:46 h3ulcb systemd-udevd[331]: gpiochip4: SEQNUM=4135 blocked by SEQNUM=4133
Jun 29 03:06:46 h3ulcb systemd-udevd[367]: e6054000.gpio: No entry found from hwdb.
Jun 29 03:06:46 h3ulcb systemd-udevd[368]: e6053000.gpio: sd-device-monitor: Passed 455 byte to netlink monitor
Jun 29 03:06:46 h3ulcb systemd-udevd[359]: gpiochip2: Device processed (SEQNUM=4129, ACTION=add)
Jun 29 03:06:46 h3ulcb systemd-udevd[367]: e6054000.gpio: /usr/lib/udev/rules.d/50-udev-default.rules:14 Failed to run builtin 'hwdb --subsystem=platform': No data available
Jun 29 03:06:46 h3ulcb systemd-udevd[367]: e6054000.gpio: /usr/lib/udev/rules.d/60-drm.rules:3 Importing properties from results of builtin command 'path_id'
Jun 29 03:06:46 h3ulcb systemd-udevd[359]: gpiochip2: sd-device-monitor: Passed 350 byte to netlink monitor
Jun 29 03:06:46 h3ulcb systemd-udevd[331]: e6055000.gpio: Device is queued (SEQNUM=4136, ACTION=add)
Jun 29 03:06:46 h3ulcb systemd-udevd[367]: e6054000.gpio: /usr/lib/udev/rules.d/80-drivers.rules:5 RUN 'kmod load '$env{MODALIAS}''
Jun 29 03:06:46 h3ulcb systemd-udevd[331]: e6055000.gpio: Device ready for processing (SEQNUM=4136, ACTION=add)
Jun 29 03:06:46 h3ulcb systemd-udevd[331]: e6055000.gpio: sd-device-monitor: Passed 389 byte to netlink monitor
Jun 29 03:06:46 h3ulcb systemd-udevd[342]: e6055000.gpio: Processing device (SEQNUM=4136, ACTION=add)
Jun 29 03:06:46 h3ulcb systemd-udevd[331]: gpiochip436: Device ready for processing (SEQNUM=4131, ACTION=add)
Jun 29 03:06:46 h3ulcb systemd-udevd[359]: gpiochip436: Processing device (SEQNUM=4131, ACTION=add)
Jun 29 03:06:46 h3ulcb systemd-udevd[331]: gpiochip436: sd-device-monitor: Passed 178 byte to netlink monitor
Jun 29 03:06:46 h3ulcb systemd-udevd[367]: e6054000.gpio: sd-device: Created db file '/run/udev/data/+platform:e6054000.gpio' for '/devices/platform/soc/e6054000.gpio'
Jun 29 03:06:46 h3ulcb systemd-udevd[342]: e6055000.gpio: /usr/lib/udev/rules.d/50-udev-default.rules:14 Importing properties from results of builtin command 'hwdb --subsystem=platform'
Jun 29 03:06:46 h3ulcb systemd-udevd[331]: gpiochip3: Device ready for processing (SEQNUM=4132, ACTION=add)
Jun 29 03:06:46 h3ulcb systemd-udevd[367]: e6054000.gpio: Running built-in command "kmod load 'of:NgpioT(null)Crenesas,gpio-r8a7795Crenesas,rcar-gen3-gpio'"
Jun 29 03:06:46 h3ulcb systemd-udevd[342]: e6055000.gpio: hwdb modalias key: "of:NgpioT(null)Crenesas,gpio-r8a7795Crenesas,rcar-gen3-gpio"
Jun 29 03:06:46 h3ulcb systemd-udevd[331]: gpiochip3: sd-device-monitor: Passed 350 byte to netlink monitor
Jun 29 03:06:46 h3ulcb systemd-udevd[367]: Loading module: of:NgpioT(null)Crenesas,gpio-r8a7795Crenesas,rcar-gen3-gpio
Jun 29 03:06:46 h3ulcb systemd-udevd[331]: gpiochip392: Device is queued (SEQNUM=4137, ACTION=add)
Jun 29 03:06:46 h3ulcb systemd-udevd[359]: gpiochip436: Device processed (SEQNUM=4131, ACTION=add)
Jun 29 03:06:46 h3ulcb systemd-udevd[339]: gpiochip3: Processing device (SEQNUM=4132, ACTION=add)
Jun 29 03:06:46 h3ulcb systemd-udevd[331]: gpiochip392: SEQNUM=4137 blocked by SEQNUM=4136
Jun 29 03:06:46 h3ulcb systemd-udevd[342]: e6055000.gpio: hwdb modalias key: "of:NsocT(null)Csimple-bus"
Jun 29 03:06:46 h3ulcb systemd-udevd[359]: gpiochip436: sd-device-monitor: Passed 178 byte to netlink monitor
Jun 29 03:06:46 h3ulcb systemd-udevd[339]: gpiochip3: Failed to get watch handle, ignoring: No such file or directory
Jun 29 03:06:46 h3ulcb systemd-udevd[331]: gpiochip5: Device is queued (SEQNUM=4138, ACTION=add)
Jun 29 03:06:46 h3ulcb systemd-udevd[342]: e6055000.gpio: No entry found from hwdb.
Jun 29 03:06:46 h3ulcb systemd-udevd[331]: gpiochip5: SEQNUM=4138 blocked by SEQNUM=4136
Jun 29 03:06:46 h3ulcb systemd-udevd[342]: e6055000.gpio: /usr/lib/udev/rules.d/50-udev-default.rules:14 Failed to run builtin 'hwdb --subsystem=platform': No data available
Jun 29 03:06:46 h3ulcb kernel: at24 7-0050: supply vcc not found, using dummy regulator
Jun 29 03:06:46 h3ulcb kernel: at24 7-0050: 128 byte br24t01 EEPROM, writable, 8 bytes/write
Jun 29 03:06:46 h3ulcb systemd-udevd[342]: e6055000.gpio: /usr/lib/udev/rules.d/60-drm.rules:3 Importing properties from results of builtin command 'path_id'
Jun 29 03:06:46 h3ulcb systemd-udevd[331]: e6055400.gpio: Device is queued (SEQNUM=4139, ACTION=add)
Jun 29 03:06:46 h3ulcb systemd-udevd[331]: e6055400.gpio: Device ready for processing (SEQNUM=4139, ACTION=add)
Jun 29 03:06:46 h3ulcb systemd-udevd[342]: e6055000.gpio: /usr/lib/udev/rules.d/80-drivers.rules:5 RUN 'kmod load '$env{MODALIAS}''
Jun 29 03:06:46 h3ulcb systemd-udevd[331]: e6055400.gpio: sd-device-monitor: Passed 389 byte to netlink monitor
Jun 29 03:06:46 h3ulcb systemd-udevd[359]: e6055400.gpio: Processing device (SEQNUM=4139, ACTION=add)
Jun 29 03:06:46 h3ulcb systemd-udevd[331]: gpiochip360: Device is queued (SEQNUM=4140, ACTION=add)
Jun 29 03:06:46 h3ulcb systemd-udevd[331]: gpiochip360: SEQNUM=4140 blocked by SEQNUM=4139
Jun 29 03:06:46 h3ulcb systemd-udevd[359]: e6055400.gpio: /usr/lib/udev/rules.d/50-udev-default.rules:14 Importing properties from results of builtin command 'hwdb --subsystem=platform'
Jun 29 03:06:46 h3ulcb systemd-udevd[342]: e6055000.gpio: sd-device: Created db file '/run/udev/data/+platform:e6055000.gpio' for '/devices/platform/soc/e6055000.gpio'
Jun 29 03:06:46 h3ulcb systemd-udevd[359]: e6055400.gpio: hwdb modalias key: "of:NgpioT(null)Crenesas,gpio-r8a7795Crenesas,rcar-gen3-gpio"
Jun 29 03:06:46 h3ulcb systemd-udevd[342]: e6055000.gpio: Running built-in command "kmod load 'of:NgpioT(null)Crenesas,gpio-r8a7795Crenesas,rcar-gen3-gpio'"
Jun 29 03:06:46 h3ulcb systemd-udevd[359]: e6055400.gpio: hwdb modalias key: "of:NsocT(null)Csimple-bus"
Jun 29 03:06:46 h3ulcb systemd-udevd[331]: gpiochip6: Device is queued (SEQNUM=4141, ACTION=add)
Jun 29 03:06:46 h3ulcb systemd-udevd[342]: Loading module: of:NgpioT(null)Crenesas,gpio-r8a7795Crenesas,rcar-gen3-gpio
Jun 29 03:06:46 h3ulcb systemd-udevd[339]: gpiochip3: Preserve permissions of /dev/gpiochip3, uid=0, gid=0, mode=0600
Jun 29 03:06:46 h3ulcb systemd-udevd[359]: e6055400.gpio: No entry found from hwdb.
Jun 29 03:06:46 h3ulcb systemd-udevd[331]: gpiochip6: SEQNUM=4141 blocked by SEQNUM=4139
Jun 29 03:06:46 h3ulcb systemd-udevd[339]: gpiochip3: Handling device node '/dev/gpiochip3', devnum=c254:3
Jun 29 03:06:46 h3ulcb systemd-udevd[359]: e6055400.gpio: /usr/lib/udev/rules.d/50-udev-default.rules:14 Failed to run builtin 'hwdb --subsystem=platform': No data available
Jun 29 03:06:46 h3ulcb systemd-udevd[367]: Module 'uio_pdrv_genirq' is already loaded
Jun 29 03:06:46 h3ulcb systemd-udevd[359]: e6055400.gpio: /usr/lib/udev/rules.d/60-drm.rules:3 Importing properties from results of builtin command 'path_id'
Jun 29 03:06:46 h3ulcb systemd-udevd[331]: e6055800.gpio: Device is queued (SEQNUM=4142, ACTION=add)
Jun 29 03:06:46 h3ulcb systemd-udevd[339]: gpiochip3: sd-device: Created empty file '/run/udev/data/c254:3' for '/devices/platform/soc/e6053000.gpio/gpiochip3'
Jun 29 03:06:46 h3ulcb systemd-udevd[367]: Module 'uio_pdrv_genirq' is already loaded
Jun 29 03:06:46 h3ulcb systemd-udevd[359]: e6055400.gpio: /usr/lib/udev/rules.d/80-drivers.rules:5 RUN 'kmod load '$env{MODALIAS}''
Jun 29 03:06:46 h3ulcb systemd-udevd[331]: e6055800.gpio: Device ready for processing (SEQNUM=4142, ACTION=add)
Jun 29 03:06:46 h3ulcb systemd-udevd[359]: e6055400.gpio: sd-device: Created db file '/run/udev/data/+platform:e6055400.gpio' for '/devices/platform/soc/e6055400.gpio'
Jun 29 03:06:46 h3ulcb systemd-udevd[367]: e6054000.gpio: Device processed (SEQNUM=4133, ACTION=add)
Jun 29 03:06:46 h3ulcb systemd-udevd[367]: e6054000.gpio: sd-device-monitor: Passed 455 byte to netlink monitor
Jun 29 03:06:46 h3ulcb systemd-udevd[339]: gpiochip3: Failed to get watch handle, ignoring: No such file or directory
Jun 29 03:06:46 h3ulcb systemd-udevd[359]: e6055400.gpio: Running built-in command "kmod load 'of:NgpioT(null)Crenesas,gpio-r8a7795Crenesas,rcar-gen3-gpio'"
Jun 29 03:06:46 h3ulcb systemd-udevd[375]: e6055800.gpio: Processing device (SEQNUM=4142, ACTION=add)
Jun 29 03:06:46 h3ulcb systemd-udevd[331]: e6055800.gpio: sd-device-monitor: Passed 389 byte to netlink monitor
Jun 29 03:06:46 h3ulcb systemd-udevd[339]: gpiochip3: Device processed (SEQNUM=4132, ACTION=add)
Jun 29 03:06:46 h3ulcb systemd-udevd[359]: Loading module: of:NgpioT(null)Crenesas,gpio-r8a7795Crenesas,rcar-gen3-gpio
Jun 29 03:06:46 h3ulcb systemd-udevd[331]: gpiochip418: Device ready for processing (SEQNUM=4134, ACTION=add)
Jun 29 03:06:46 h3ulcb systemd-udevd[375]: e6055800.gpio: /usr/lib/udev/rules.d/50-udev-default.rules:14 Importing properties from results of builtin command 'hwdb --subsystem=platform'
Jun 29 03:06:46 h3ulcb systemd-udevd[339]: gpiochip3: sd-device-monitor: Passed 350 byte to netlink monitor
Jun 29 03:06:46 h3ulcb systemd-udevd[331]: gpiochip418: sd-device-monitor: Passed 178 byte to netlink monitor
Jun 29 03:06:46 h3ulcb systemd-udevd[367]: gpiochip418: Processing device (SEQNUM=4134, ACTION=add)
Jun 29 03:06:46 h3ulcb systemd-udevd[375]: e6055800.gpio: hwdb modalias key: "of:NgpioT(null)Crenesas,gpio-r8a7795Crenesas,rcar-gen3-gpio"
Jun 29 03:06:46 h3ulcb systemd-udevd[331]: gpiochip4: Device ready for processing (SEQNUM=4135, ACTION=add)
Jun 29 03:06:46 h3ulcb systemd-udevd[342]: Module 'uio_pdrv_genirq' is already loaded
Jun 29 03:06:46 h3ulcb systemd-udevd[331]: gpiochip4: sd-device-monitor: Passed 350 byte to netlink monitor
Jun 29 03:06:46 h3ulcb systemd-udevd[368]: gpiochip4: Processing device (SEQNUM=4135, ACTION=add)
Jun 29 03:06:46 h3ulcb systemd-udevd[331]: gpiochip356: Device is queued (SEQNUM=4143, ACTION=add)
Jun 29 03:06:46 h3ulcb systemd-udevd[375]: e6055800.gpio: hwdb modalias key: "of:NsocT(null)Csimple-bus"
Jun 29 03:06:46 h3ulcb systemd-udevd[368]: gpiochip4: Failed to get watch handle, ignoring: No such file or directory
Jun 29 03:06:46 h3ulcb systemd-udevd[342]: Module 'uio_pdrv_genirq' is already loaded
Jun 29 03:06:46 h3ulcb systemd-udevd[331]: gpiochip356: SEQNUM=4143 blocked by SEQNUM=4142
Jun 29 03:06:46 h3ulcb systemd-udevd[359]: Module 'uio_pdrv_genirq' is already loaded
Jun 29 03:06:46 h3ulcb systemd-udevd[375]: e6055800.gpio: No entry found from hwdb.
Jun 29 03:06:46 h3ulcb systemd-udevd[342]: e6055000.gpio: Device processed (SEQNUM=4136, ACTION=add)
Jun 29 03:06:46 h3ulcb systemd-udevd[342]: e6055000.gpio: sd-device-monitor: Passed 455 byte to netlink monitor
Jun 29 03:06:46 h3ulcb systemd-udevd[367]: gpiochip418: Device processed (SEQNUM=4134, ACTION=add)
Jun 29 03:06:46 h3ulcb systemd-udevd[375]: e6055800.gpio: /usr/lib/udev/rules.d/50-udev-default.rules:14 Failed to run builtin 'hwdb --subsystem=platform': No data available
Jun 29 03:06:46 h3ulcb systemd-udevd[331]: gpiochip7: Device is queued (SEQNUM=4144, ACTION=add)
Jun 29 03:06:46 h3ulcb systemd-udevd[359]: Module 'uio_pdrv_genirq' is already loaded
Jun 29 03:06:46 h3ulcb systemd-udevd[367]: gpiochip418: sd-device-monitor: Passed 178 byte to netlink monitor
Jun 29 03:06:46 h3ulcb systemd-udevd[368]: gpiochip4: Preserve permissions of /dev/gpiochip4, uid=0, gid=0, mode=0600
Jun 29 03:06:46 h3ulcb systemd-udevd[375]: e6055800.gpio: /usr/lib/udev/rules.d/60-drm.rules:3 Importing properties from results of builtin command 'path_id'
Jun 29 03:06:46 h3ulcb systemd-udevd[331]: gpiochip7: SEQNUM=4144 blocked by SEQNUM=4142
Jun 29 03:06:46 h3ulcb systemd-udevd[359]: e6055400.gpio: Device processed (SEQNUM=4139, ACTION=add)
Jun 29 03:06:46 h3ulcb systemd-udevd[368]: gpiochip4: Handling device node '/dev/gpiochip4', devnum=c254:4
Jun 29 03:06:46 h3ulcb systemd-udevd[375]: e6055800.gpio: /usr/lib/udev/rules.d/80-drivers.rules:5 RUN 'kmod load '$env{MODALIAS}''
Jun 29 03:06:46 h3ulcb systemd-udevd[331]: gpiochip392: Device ready for processing (SEQNUM=4137, ACTION=add)
Jun 29 03:06:46 h3ulcb systemd-udevd[359]: e6055400.gpio: sd-device-monitor: Passed 455 byte to netlink monitor
Jun 29 03:06:46 h3ulcb systemd-udevd[368]: gpiochip4: sd-device: Created empty file '/run/udev/data/c254:4' for '/devices/platform/soc/e6054000.gpio/gpiochip4'
Jun 29 03:06:46 h3ulcb systemd-udevd[331]: gpiochip392: sd-device-monitor: Passed 178 byte to netlink monitor
Jun 29 03:06:46 h3ulcb systemd-udevd[342]: gpiochip392: Processing device (SEQNUM=4137, ACTION=add)
Jun 29 03:06:46 h3ulcb systemd-udevd[368]: gpiochip4: Failed to get watch handle, ignoring: No such file or directory
Jun 29 03:06:46 h3ulcb systemd-udevd[375]: e6055800.gpio: sd-device: Created db file '/run/udev/data/+platform:e6055800.gpio' for '/devices/platform/soc/e6055800.gpio'
Jun 29 03:06:46 h3ulcb systemd-udevd[331]: gpiochip5: Device ready for processing (SEQNUM=4138, ACTION=add)
Jun 29 03:06:46 h3ulcb systemd-udevd[368]: gpiochip4: Device processed (SEQNUM=4135, ACTION=add)
Jun 29 03:06:46 h3ulcb systemd-udevd[375]: e6055800.gpio: Running built-in command "kmod load 'of:NgpioT(null)Crenesas,gpio-r8a7795Crenesas,rcar-gen3-gpio'"
Jun 29 03:06:46 h3ulcb systemd-udevd[331]: gpiochip5: sd-device-monitor: Passed 350 byte to netlink monitor
Jun 29 03:06:46 h3ulcb systemd-udevd[339]: gpiochip5: Processing device (SEQNUM=4138, ACTION=add)
Jun 29 03:06:46 h3ulcb systemd-udevd[368]: gpiochip4: sd-device-monitor: Passed 350 byte to netlink monitor
Jun 29 03:06:46 h3ulcb systemd-udevd[375]: Loading module: of:NgpioT(null)Crenesas,gpio-r8a7795Crenesas,rcar-gen3-gpio
Jun 29 03:06:46 h3ulcb systemd-udevd[339]: gpiochip5: Failed to get watch handle, ignoring: No such file or directory
Jun 29 03:06:46 h3ulcb systemd-udevd[331]: e6060000.pinctrl: Device is queued (SEQNUM=4145, ACTION=add)
Jun 29 03:06:46 h3ulcb systemd[1]: ldconfig.service: Control group is empty.
Jun 29 03:06:46 h3ulcb systemd-udevd[342]: gpiochip392: Device processed (SEQNUM=4137, ACTION=add)
Jun 29 03:06:46 h3ulcb systemd-udevd[331]: e6060000.pinctrl: Device ready for processing (SEQNUM=4145, ACTION=add)
Jun 29 03:06:46 h3ulcb systemd-udevd[342]: gpiochip392: sd-device-monitor: Passed 178 byte to netlink monitor
Jun 29 03:06:46 h3ulcb systemd-udevd[331]: e6060000.pinctrl: sd-device-monitor: Passed 334 byte to netlink monitor
Jun 29 03:06:46 h3ulcb systemd-udevd[367]: e6060000.pinctrl: Processing device (SEQNUM=4145, ACTION=add)
Jun 29 03:06:46 h3ulcb systemd-udevd[331]: gpiochip360: Device ready for processing (SEQNUM=4140, ACTION=add)
Jun 29 03:06:46 h3ulcb systemd-udevd[339]: gpiochip5: Preserve permissions of /dev/gpiochip5, uid=0, gid=0, mode=0600
Jun 29 03:06:46 h3ulcb systemd-udevd[331]: gpiochip360: sd-device-monitor: Passed 178 byte to netlink monitor
Jun 29 03:06:46 h3ulcb systemd-udevd[367]: e6060000.pinctrl: /usr/lib/udev/rules.d/50-udev-default.rules:14 Importing properties from results of builtin command 'hwdb --subsystem=platform'
Jun 29 03:06:46 h3ulcb systemd-udevd[342]: gpiochip360: Processing device (SEQNUM=4140, ACTION=add)
Jun 29 03:06:46 h3ulcb systemd-udevd[339]: gpiochip5: Handling device node '/dev/gpiochip5', devnum=c254:5
Jun 29 03:06:46 h3ulcb systemd-udevd[331]: gpiochip6: Device ready for processing (SEQNUM=4141, ACTION=add)
Jun 29 03:06:46 h3ulcb systemd-udevd[367]: e6060000.pinctrl: hwdb modalias key: "of:NpinctrlT(null)Crenesas,pfc-r8a7795"
Jun 29 03:06:46 h3ulcb systemd[1]: dev-ttyS0.device: Changed dead -> plugged
Jun 29 03:06:46 h3ulcb systemd-udevd[339]: gpiochip5: sd-device: Created empty file '/run/udev/data/c254:5' for '/devices/platform/soc/e6055000.gpio/gpiochip5'
Jun 29 03:06:46 h3ulcb systemd-udevd[331]: gpiochip6: sd-device-monitor: Passed 350 byte to netlink monitor
Jun 29 03:06:46 h3ulcb systemd-udevd[359]: gpiochip6: Processing device (SEQNUM=4141, ACTION=add)
Jun 29 03:06:46 h3ulcb systemd[1]: sys-devices-platform-serial8250-tty-ttyS0.device: Changed dead -> plugged
Jun 29 03:06:46 h3ulcb systemd-udevd[339]: gpiochip5: Failed to get watch handle, ignoring: No such file or directory
Jun 29 03:06:46 h3ulcb systemd-udevd[367]: e6060000.pinctrl: hwdb modalias key: "of:NsocT(null)Csimple-bus"
Jun 29 03:06:46 h3ulcb systemd-udevd[375]: Module 'uio_pdrv_genirq' is already loaded
Jun 29 03:06:46 h3ulcb systemd-udevd[359]: gpiochip6: Failed to get watch handle, ignoring: No such file or directory
Jun 29 03:06:46 h3ulcb systemd-udevd[331]: e60a013c.avs: Device is queued (SEQNUM=4146, ACTION=add)
Jun 29 03:06:46 h3ulcb systemd-udevd[339]: gpiochip5: Device processed (SEQNUM=4138, ACTION=add)
Jun 29 03:06:46 h3ulcb systemd-udevd[339]: gpiochip5: sd-device-monitor: Passed 350 byte to netlink monitor
Jun 29 03:06:46 h3ulcb systemd-udevd[367]: e6060000.pinctrl: No entry found from hwdb.
Jun 29 03:06:46 h3ulcb systemd-udevd[375]: Module 'uio_pdrv_genirq' is already loaded
Jun 29 03:06:46 h3ulcb systemd-udevd[331]: e60a013c.avs: Device ready for processing (SEQNUM=4146, ACTION=add)
Jun 29 03:06:46 h3ulcb systemd-udevd[342]: gpiochip360: Device processed (SEQNUM=4140, ACTION=add)
Jun 29 03:06:46 h3ulcb systemd-udevd[367]: e6060000.pinctrl: /usr/lib/udev/rules.d/50-udev-default.rules:14 Failed to run builtin 'hwdb --subsystem=platform': No data available
Jun 29 03:06:46 h3ulcb systemd-udevd[375]: e6055800.gpio: Device processed (SEQNUM=4142, ACTION=add)
Jun 29 03:06:46 h3ulcb systemd-udevd[331]: e60a013c.avs: sd-device-monitor: Passed 366 byte to netlink monitor
Jun 29 03:06:46 h3ulcb systemd-udevd[342]: gpiochip360: sd-device-monitor: Passed 178 byte to netlink monitor
Jun 29 03:06:46 h3ulcb systemd-udevd[368]: e60a013c.avs: Processing device (SEQNUM=4146, ACTION=add)
Jun 29 03:06:46 h3ulcb systemd[1]: dev-ttyS1.device: Changed dead -> plugged
Jun 29 03:06:46 h3ulcb systemd-udevd[368]: e60a013c.avs: /usr/lib/udev/rules.d/50-udev-default.rules:14 Importing properties from results of builtin command 'hwdb --subsystem=platform'
Jun 29 03:06:46 h3ulcb systemd-udevd[367]: e6060000.pinctrl: /usr/lib/udev/rules.d/60-drm.rules:3 Importing properties from results of builtin command 'path_id'
Jun 29 03:06:46 h3ulcb systemd-udevd[375]: e6055800.gpio: sd-device-monitor: Passed 455 byte to netlink monitor
Jun 29 03:06:46 h3ulcb systemd[1]: sys-devices-platform-serial8250-tty-ttyS1.device: Changed dead -> plugged
Jun 29 03:06:46 h3ulcb systemd-udevd[331]: e60b0000.i2c: Device is queued (SEQNUM=4147, ACTION=add)
Jun 29 03:06:46 h3ulcb systemd-udevd[359]: gpiochip6: Preserve permissions of /dev/gpiochip6, uid=0, gid=0, mode=0600
Jun 29 03:06:46 h3ulcb systemd-udevd[368]: e60a013c.avs: hwdb modalias key: "of:NavsT(null)Crenesas,r8a77951-avsCrenesas,rcar-gen3-avs"
Jun 29 03:06:46 h3ulcb systemd-udevd[367]: e6060000.pinctrl: /usr/lib/udev/rules.d/80-drivers.rules:5 RUN 'kmod load '$env{MODALIAS}''
Jun 29 03:06:46 h3ulcb systemd-udevd[331]: e60b0000.i2c: Device ready for processing (SEQNUM=4147, ACTION=add)
Jun 29 03:06:46 h3ulcb systemd-udevd[359]: gpiochip6: Handling device node '/dev/gpiochip6', devnum=c254:6
Jun 29 03:06:46 h3ulcb systemd-udevd[331]: e60b0000.i2c: sd-device-monitor: Passed 457 byte to netlink monitor
Jun 29 03:06:46 h3ulcb systemd-udevd[367]: e6060000.pinctrl: sd-device: Created db file '/run/udev/data/+platform:e6060000.pinctrl' for '/devices/platform/soc/e6060000.pinctrl'
Jun 29 03:06:46 h3ulcb systemd-udevd[339]: e60b0000.i2c: Processing device (SEQNUM=4147, ACTION=add)
Jun 29 03:06:46 h3ulcb systemd-udevd[359]: gpiochip6: sd-device: Created empty file '/run/udev/data/c254:6' for '/devices/platform/soc/e6055400.gpio/gpiochip6'
Jun 29 03:06:46 h3ulcb systemd-udevd[368]: e60a013c.avs: hwdb modalias key: "of:NsocT(null)Csimple-bus"
Jun 29 03:06:46 h3ulcb systemd-udevd[367]: e6060000.pinctrl: Running built-in command "kmod load 'of:NpinctrlT(null)Crenesas,pfc-r8a7795'"
Jun 29 03:06:46 h3ulcb systemd-udevd[331]: gpiochip356: Device ready for processing (SEQNUM=4143, ACTION=add)
Jun 29 03:06:46 h3ulcb systemd-udevd[359]: gpiochip6: Failed to get watch handle, ignoring: No such file or directory
Jun 29 03:06:46 h3ulcb systemd-udevd[339]: e60b0000.i2c: /usr/lib/udev/rules.d/50-udev-default.rules:14 Importing properties from results of builtin command 'hwdb --subsystem=platform'
Jun 29 03:06:46 h3ulcb systemd-udevd[367]: Loading module: of:NpinctrlT(null)Crenesas,pfc-r8a7795
Jun 29 03:06:46 h3ulcb systemd[1]: dev-ttyS3.device: Changed dead -> plugged
Jun 29 03:06:46 h3ulcb systemd-udevd[368]: e60a013c.avs: No entry found from hwdb.
Jun 29 03:06:46 h3ulcb systemd-udevd[331]: gpiochip356: sd-device-monitor: Passed 178 byte to netlink monitor
Jun 29 03:06:46 h3ulcb systemd-udevd[359]: gpiochip6: Device processed (SEQNUM=4141, ACTION=add)
Jun 29 03:06:46 h3ulcb systemd-udevd[342]: gpiochip356: Processing device (SEQNUM=4143, ACTION=add)
Jun 29 03:06:46 h3ulcb systemd-udevd[339]: e60b0000.i2c: hwdb modalias key: "of:Ni2cT(null)Crenesas,iic-r8a7795Crenesas,rcar-gen3-iicCrenesas,rmobile-iic"
Jun 29 03:06:46 h3ulcb systemd[1]: sys-devices-platform-serial8250-tty-ttyS3.device: Changed dead -> plugged
Jun 29 03:06:46 h3ulcb systemd-udevd[368]: e60a013c.avs: /usr/lib/udev/rules.d/50-udev-default.rules:14 Failed to run builtin 'hwdb --subsystem=platform': No data available
Jun 29 03:06:46 h3ulcb systemd-udevd[331]: gpiochip7: Device ready for processing (SEQNUM=4144, ACTION=add)
Jun 29 03:06:46 h3ulcb systemd-udevd[359]: gpiochip6: sd-device-monitor: Passed 350 byte to netlink monitor
Jun 29 03:06:46 h3ulcb systemd-udevd[339]: e60b0000.i2c: hwdb modalias key: "of:NsocT(null)Csimple-bus"
Jun 29 03:06:46 h3ulcb systemd-udevd[368]: e60a013c.avs: /usr/lib/udev/rules.d/60-drm.rules:3 Importing properties from results of builtin command 'path_id'
Jun 29 03:06:46 h3ulcb systemd-udevd[331]: gpiochip7: sd-device-monitor: Passed 350 byte to netlink monitor
Jun 29 03:06:46 h3ulcb systemd-udevd[368]: e60a013c.avs: /usr/lib/udev/rules.d/80-drivers.rules:5 RUN 'kmod load '$env{MODALIAS}''
Jun 29 03:06:46 h3ulcb systemd-udevd[339]: e60b0000.i2c: No entry found from hwdb.
Jun 29 03:06:46 h3ulcb systemd-udevd[375]: gpiochip7: Processing device (SEQNUM=4144, ACTION=add)
Jun 29 03:06:46 h3ulcb systemd-udevd[331]: i2c-7: Device is queued (SEQNUM=4148, ACTION=add)
Jun 29 03:06:46 h3ulcb systemd-udevd[339]: e60b0000.i2c: /usr/lib/udev/rules.d/50-udev-default.rules:14 Failed to run builtin 'hwdb --subsystem=platform': No data available
Jun 29 03:06:46 h3ulcb systemd-udevd[375]: gpiochip7: Failed to get watch handle, ignoring: No such file or directory
Jun 29 03:06:46 h3ulcb systemd-udevd[342]: gpiochip356: Device processed (SEQNUM=4143, ACTION=add)
Jun 29 03:06:46 h3ulcb systemd-udevd[368]: e60a013c.avs: sd-device: Created db file '/run/udev/data/+platform:e60a013c.avs' for '/devices/platform/soc/e60a013c.avs'
Jun 29 03:06:46 h3ulcb systemd-udevd[331]: i2c-7: SEQNUM=4148 blocked by SEQNUM=4147
Jun 29 03:06:46 h3ulcb systemd-udevd[339]: e60b0000.i2c: /usr/lib/udev/rules.d/60-drm.rules:3 Importing properties from results of builtin command 'path_id'
Jun 29 03:06:46 h3ulcb systemd[1]: dev-ttyS2.device: Changed dead -> plugged
Jun 29 03:06:46 h3ulcb systemd-udevd[342]: gpiochip356: sd-device-monitor: Passed 178 byte to netlink monitor
Jun 29 03:06:46 h3ulcb systemd-udevd[368]: e60a013c.avs: Running built-in command "kmod load 'of:NavsT(null)Crenesas,r8a77951-avsCrenesas,rcar-gen3-avs'"
Jun 29 03:06:46 h3ulcb systemd-udevd[367]: Module 'uio_pdrv_genirq' is already loaded
Jun 29 03:06:46 h3ulcb systemd[1]: sys-devices-platform-serial8250-tty-ttyS2.device: Changed dead -> plugged
Jun 29 03:06:46 h3ulcb systemd-udevd[339]: e60b0000.i2c: /usr/lib/udev/rules.d/80-drivers.rules:5 RUN 'kmod load '$env{MODALIAS}''
Jun 29 03:06:46 h3ulcb systemd-udevd[331]: 7-0030: Device is queued (SEQNUM=4149, ACTION=add)
Jun 29 03:06:46 h3ulcb systemd-udevd[368]: Loading module: of:NavsT(null)Crenesas,r8a77951-avsCrenesas,rcar-gen3-avs
Jun 29 03:06:46 h3ulcb systemd-udevd[367]: Module 'uio_pdrv_genirq' is already loaded
Jun 29 03:06:46 h3ulcb systemd-udevd[375]: gpiochip7: Preserve permissions of /dev/gpiochip7, uid=0, gid=0, mode=0600
Jun 29 03:06:46 h3ulcb systemd[1]: sysinit.target: starting held back, waiting for: systemd-update-done.service
Jun 29 03:06:46 h3ulcb systemd[1]: systemd-update-done.service: ConditionNeedsUpdate=|/var succeeded.
Jun 29 03:06:46 h3ulcb systemd-udevd[339]: e60b0000.i2c: sd-device: Created db file '/run/udev/data/+platform:e60b0000.i2c' for '/devices/platform/soc/e60b0000.i2c'
Jun 29 03:06:46 h3ulcb systemd-udevd[367]: e6060000.pinctrl: Device processed (SEQNUM=4145, ACTION=add)
Jun 29 03:06:46 h3ulcb systemd-udevd[375]: gpiochip7: Handling device node '/dev/gpiochip7', devnum=c254:7
Jun 29 03:06:46 h3ulcb systemd-udevd[331]: 7-0030: SEQNUM=4149 blocked by SEQNUM=4147
Jun 29 03:06:46 h3ulcb systemd[1]: systemd-update-done.service: ConditionNeedsUpdate=|/etc succeeded.
Jun 29 03:06:46 h3ulcb systemd-udevd[339]: e60b0000.i2c: Running built-in command "kmod load 'of:Ni2cT(null)Crenesas,iic-r8a7795Crenesas,rcar-gen3-iicCrenesas,rmobile-iic'"
Jun 29 03:06:46 h3ulcb systemd-udevd[367]: e6060000.pinctrl: sd-device-monitor: Passed 406 byte to netlink monitor
Jun 29 03:06:46 h3ulcb systemd-udevd[375]: gpiochip7: sd-device: Created empty file '/run/udev/data/c254:7' for '/devices/platform/soc/e6055800.gpio/gpiochip7'
Jun 29 03:06:46 h3ulcb systemd-udevd[339]: Loading module: of:Ni2cT(null)Crenesas,iic-r8a7795Crenesas,rcar-gen3-iicCrenesas,rmobile-iic
Jun 29 03:06:46 h3ulcb systemd-udevd[331]: bd9571mwv-gpio.7.auto: Device is queued (SEQNUM=4150, ACTION=add)
Jun 29 03:06:46 h3ulcb systemd-udevd[375]: gpiochip7: Failed to get watch handle, ignoring: No such file or directory
Jun 29 03:06:46 h3ulcb systemd-udevd[331]: bd9571mwv-gpio.7.auto: SEQNUM=4150 blocked by SEQNUM=4147
Jun 29 03:06:46 h3ulcb systemd-udevd[375]: gpiochip7: Device processed (SEQNUM=4144, ACTION=add)
Jun 29 03:06:46 h3ulcb systemd-udevd[375]: gpiochip7: sd-device-monitor: Passed 350 byte to netlink monitor
Jun 29 03:06:46 h3ulcb systemd-udevd[331]: bd9571mwv-regulator.6.auto: Device is queued (SEQNUM=4151, ACTION=add)
Jun 29 03:06:46 h3ulcb systemd-udevd[331]: bd9571mwv-regulator.6.auto: SEQNUM=4151 blocked by SEQNUM=4147
Jun 29 03:06:46 h3ulcb systemd[1]: Failed to read pids.max attribute of root cgroup, ignoring: No data available
Jun 29 03:06:46 h3ulcb systemd-udevd[331]: regulator.10: Device is queued (SEQNUM=4152, ACTION=add)
Jun 29 03:06:46 h3ulcb systemd-udevd[331]: regulator.10: SEQNUM=4152 blocked by SEQNUM=4147
Jun 29 03:06:46 h3ulcb systemd[1]: systemd-update-done.service: Passing 0 fds to service
Jun 29 03:06:46 h3ulcb systemd[1]: systemd-update-done.service: About to execute /usr/lib/systemd/systemd-update-done
Jun 29 03:06:46 h3ulcb systemd-udevd[331]: regulator.11: Device is queued (SEQNUM=4153, ACTION=add)
Jun 29 03:06:46 h3ulcb systemd-udevd[331]: regulator.11: SEQNUM=4153 blocked by SEQNUM=4147
Jun 29 03:06:46 h3ulcb systemd-udevd[368]: Module 'uio_pdrv_genirq' is already loaded
Jun 29 03:06:46 h3ulcb systemd[1]: systemd-update-done.service: Forked /usr/lib/systemd/systemd-update-done as 419
Jun 29 03:06:46 h3ulcb systemd-udevd[331]: regulator.12: Device is queued (SEQNUM=4154, ACTION=add)
Jun 29 03:06:46 h3ulcb systemd-udevd[368]: Module 'uio_pdrv_genirq' is already loaded
Jun 29 03:06:46 h3ulcb systemd-udevd[339]: Module 'uio_pdrv_genirq' is already loaded
Jun 29 03:06:46 h3ulcb systemd-udevd[331]: regulator.12: SEQNUM=4154 blocked by SEQNUM=4147
Jun 29 03:06:46 h3ulcb systemd-udevd[368]: e60a013c.avs: Device processed (SEQNUM=4146, ACTION=add)
Jun 29 03:06:46 h3ulcb systemd-udevd[339]: Module 'uio_pdrv_genirq' is already loaded
Jun 29 03:06:46 h3ulcb systemd[1]: systemd-update-done.service: Changed dead -> start
Jun 29 03:06:46 h3ulcb systemd-udevd[368]: e60a013c.avs: sd-device-monitor: Passed 430 byte to netlink monitor
Jun 29 03:06:46 h3ulcb systemd-udevd[331]: regulator.13: Device is queued (SEQNUM=4155, ACTION=add)
Jun 29 03:06:46 h3ulcb systemd-udevd[339]: e60b0000.i2c: Device processed (SEQNUM=4147, ACTION=add)
Jun 29 03:06:46 h3ulcb systemd[1]: Starting Update is Completed...
Jun 29 03:06:46 h3ulcb systemd-udevd[331]: regulator.13: SEQNUM=4155 blocked by SEQNUM=4147
Jun 29 03:06:46 h3ulcb systemd-udevd[339]: e60b0000.i2c: sd-device-monitor: Passed 521 byte to netlink monitor
Jun 29 03:06:46 h3ulcb systemd[419]: systemd-update-done.service: Executing: /usr/lib/systemd/systemd-update-done
Jun 29 03:06:46 h3ulcb systemd-udevd[331]: regulator.9: Device is queued (SEQNUM=4156, ACTION=add)
Jun 29 03:06:46 h3ulcb systemd-udevd[331]: regulator.9: SEQNUM=4156 blocked by SEQNUM=4147
Jun 29 03:06:46 h3ulcb systemd-udevd[331]: i2c-7: Device ready for processing (SEQNUM=4148, ACTION=add)
Jun 29 03:06:46 h3ulcb systemd-udevd[331]: i2c-7: sd-device-monitor: Passed 351 byte to netlink monitor
Jun 29 03:06:46 h3ulcb systemd-udevd[331]: 7-0030: SEQNUM=4149 blocked by SEQNUM=4148
Jun 29 03:06:46 h3ulcb systemd-udevd[342]: i2c-7: Processing device (SEQNUM=4148, ACTION=add)
Jun 29 03:06:46 h3ulcb systemd-udevd[331]: bd9571mwv-gpio.7.auto: SEQNUM=4150 blocked by SEQNUM=4148
Jun 29 03:06:46 h3ulcb systemd-udevd[331]: bd9571mwv-regulator.6.auto: SEQNUM=4151 blocked by SEQNUM=4148
Jun 29 03:06:46 h3ulcb systemd-udevd[331]: regulator.10: SEQNUM=4152 blocked by SEQNUM=4148
Jun 29 03:06:46 h3ulcb systemd-udevd[331]: regulator.11: SEQNUM=4153 blocked by SEQNUM=4148
Jun 29 03:06:46 h3ulcb systemd-udevd[331]: regulator.12: SEQNUM=4154 blocked by SEQNUM=4148
Jun 29 03:06:46 h3ulcb systemd-udevd[331]: regulator.13: SEQNUM=4155 blocked by SEQNUM=4148
Jun 29 03:06:46 h3ulcb systemd-udevd[331]: regulator.9: SEQNUM=4156 blocked by SEQNUM=4148
Jun 29 03:06:46 h3ulcb systemd-udevd[331]: 7-0050: Device is queued (SEQNUM=4157, ACTION=add)
Jun 29 03:06:46 h3ulcb systemd-udevd[331]: 7-0050: SEQNUM=4157 blocked by SEQNUM=4148
Jun 29 03:06:46 h3ulcb systemd-udevd[331]: i2c-7: Device is queued (SEQNUM=4158, ACTION=add)
Jun 29 03:06:46 h3ulcb systemd-udevd[331]: i2c-7: SEQNUM=4158 blocked by SEQNUM=4148
Jun 29 03:06:46 h3ulcb systemd[1]: systemd-journald.service: Got notification message from PID 308 (FDSTORE=1)
Jun 29 03:06:46 h3ulcb systemd[1]: systemd-journald.service: Added fd 40 (n/a) to fd store.
Jun 29 03:06:46 h3ulcb systemd-udevd[342]: i2c-7: Device processed (SEQNUM=4148, ACTION=add)
Jun 29 03:06:46 h3ulcb systemd-udevd[331]: e6150000.clock-controller: Device is queued (SEQNUM=4159, ACTION=add)
Jun 29 03:06:46 h3ulcb systemd-udevd[342]: i2c-7: sd-device-monitor: Passed 351 byte to netlink monitor
Jun 29 03:06:46 h3ulcb systemd-udevd[331]: e6150000.clock-controller: Device ready for processing (SEQNUM=4159, ACTION=add)
Jun 29 03:06:46 h3ulcb systemd-udevd[331]: e6150000.clock-controller: sd-device-monitor: Passed 390 byte to netlink monitor
Jun 29 03:06:46 h3ulcb systemd-udevd[359]: e6150000.clock-controller: Processing device (SEQNUM=4159, ACTION=add)
Jun 29 03:06:46 h3ulcb systemd-udevd[331]: 7-0030: Device ready for processing (SEQNUM=4149, ACTION=add)
Jun 29 03:06:46 h3ulcb systemd-udevd[331]: 7-0030: sd-device-monitor: Passed 329 byte to netlink monitor
Jun 29 03:06:46 h3ulcb systemd-udevd[359]: e6150000.clock-controller: /usr/lib/udev/rules.d/50-udev-default.rules:14 Importing properties from results of builtin command 'hwdb --subsystem=platform'
Jun 29 03:06:46 h3ulcb systemd-udevd[342]: 7-0030: Processing device (SEQNUM=4149, ACTION=add)
Jun 29 03:06:46 h3ulcb systemd-udevd[331]: bd9571mwv-gpio.7.auto: SEQNUM=4150 blocked by SEQNUM=4149
Jun 29 03:06:46 h3ulcb systemd-udevd[359]: e6150000.clock-controller: hwdb modalias key: "of:Nclock-controllerT(null)Crenesas,r8a7795-cpg-mssr"
Jun 29 03:06:46 h3ulcb systemd-udevd[331]: bd9571mwv-regulator.6.auto: SEQNUM=4151 blocked by SEQNUM=4149
Jun 29 03:06:46 h3ulcb systemd-udevd[342]: 7-0030: /usr/lib/udev/rules.d/50-udev-default.rules:14 Importing properties from results of builtin command 'hwdb --subsystem=i2c'
Jun 29 03:06:46 h3ulcb systemd-udevd[331]: regulator.10: SEQNUM=4152 blocked by SEQNUM=4149
Jun 29 03:06:46 h3ulcb systemd-udevd[359]: e6150000.clock-controller: hwdb modalias key: "of:NsocT(null)Csimple-bus"
Jun 29 03:06:46 h3ulcb systemd-udevd[342]: 7-0030: hwdb modalias key: "of:NpmicT(null)Crohm,bd9571mwv"
Jun 29 03:06:46 h3ulcb systemd-udevd[331]: regulator.11: SEQNUM=4153 blocked by SEQNUM=4149
Jun 29 03:06:46 h3ulcb systemd-udevd[359]: e6150000.clock-controller: No entry found from hwdb.
Jun 29 03:06:46 h3ulcb systemd-udevd[331]: regulator.12: SEQNUM=4154 blocked by SEQNUM=4149
Jun 29 03:06:46 h3ulcb systemd-udevd[359]: e6150000.clock-controller: /usr/lib/udev/rules.d/50-udev-default.rules:14 Failed to run builtin 'hwdb --subsystem=platform': No data available
Jun 29 03:06:46 h3ulcb systemd-udevd[331]: regulator.13: SEQNUM=4155 blocked by SEQNUM=4149
Jun 29 03:06:46 h3ulcb systemd-udevd[359]: e6150000.clock-controller: /usr/lib/udev/rules.d/60-drm.rules:3 Importing properties from results of builtin command 'path_id'
Jun 29 03:06:46 h3ulcb systemd-udevd[359]: e6150000.clock-controller: /usr/lib/udev/rules.d/80-drivers.rules:5 RUN 'kmod load '$env{MODALIAS}''
Jun 29 03:06:46 h3ulcb systemd-udevd[342]: 7-0030: No entry found from hwdb.
Jun 29 03:06:46 h3ulcb systemd-udevd[331]: regulator.9: SEQNUM=4156 blocked by SEQNUM=4149
Jun 29 03:06:46 h3ulcb systemd-udevd[342]: 7-0030: /usr/lib/udev/rules.d/50-udev-default.rules:14 Failed to run builtin 'hwdb --subsystem=i2c': No data available
Jun 29 03:06:46 h3ulcb systemd-udevd[331]: 7-0050: Device ready for processing (SEQNUM=4157, ACTION=add)
Jun 29 03:06:46 h3ulcb systemd-udevd[359]: e6150000.clock-controller: sd-device: Created db file '/run/udev/data/+platform:e6150000.clock-controller' for '/devices/platform/soc/e6150000.clock-controller'
Jun 29 03:06:46 h3ulcb systemd-udevd[331]: 7-0050: sd-device-monitor: Passed 354 byte to netlink monitor
Jun 29 03:06:46 h3ulcb systemd-udevd[339]: 7-0050: Processing device (SEQNUM=4157, ACTION=add)
Jun 29 03:06:46 h3ulcb systemd-udevd[359]: e6150000.clock-controller: Running built-in command "kmod load 'of:Nclock-controllerT(null)Crenesas,r8a7795-cpg-mssr'"
Jun 29 03:06:46 h3ulcb systemd-udevd[331]: i2c-7: Device ready for processing (SEQNUM=4158, ACTION=add)
Jun 29 03:06:46 h3ulcb systemd-udevd[342]: 7-0030: /usr/lib/udev/rules.d/80-drivers.rules:5 RUN 'kmod load '$env{MODALIAS}''
Jun 29 03:06:46 h3ulcb systemd-udevd[359]: Loading module: of:Nclock-controllerT(null)Crenesas,r8a7795-cpg-mssr
Jun 29 03:06:46 h3ulcb systemd-udevd[339]: 7-0050: /usr/lib/udev/rules.d/50-udev-default.rules:14 Importing properties from results of builtin command 'hwdb --subsystem=i2c'
Jun 29 03:06:46 h3ulcb systemd-udevd[331]: i2c-7: sd-device-monitor: Passed 219 byte to netlink monitor
Jun 29 03:06:46 h3ulcb systemd-udevd[367]: i2c-7: Processing device (SEQNUM=4158, ACTION=add)
