Jun 29 03:06:46 h3ulcb systemd-udevd[331]: e65a0000.dma-controller: sd-device-monitor: Passed 424 byte to netlink monitor
Jun 29 03:06:46 h3ulcb systemd-udevd[331]: e6590000.usb: Device ready for processing (SEQNUM=4211, ACTION=add)
Jun 29 03:06:46 h3ulcb systemd-udevd[375]: e65a0000.dma-controller: Processing device (SEQNUM=4214, ACTION=add)
Jun 29 03:06:46 h3ulcb systemd-udevd[367]: ttySC3: Failed to get watch handle, ignoring: No such file or directory
Jun 29 03:06:46 h3ulcb systemd-udevd[342]: v4l-subdev1: sd-device: Created db file '/run/udev/data/c81:1' for '/devices/platform/soc/e6510000.i2c/i2c-2/2-0071/video4linux/v4l-subdev1'
Jun 29 03:06:46 h3ulcb systemd-udevd[336]: e659c000.usb: /usr/lib/udev/rules.d/80-drivers.rules:5 RUN 'kmod load '$env{MODALIAS}''
Jun 29 03:06:46 h3ulcb systemd-udevd[359]: v4l-subdev2: Handling device node '/dev/v4l-subdev2', devnum=c81:2
Jun 29 03:06:46 h3ulcb systemd-udevd[339]: ttySC5: /usr/lib/udev/rules.d/50-udev-default.rules:26 GROUP 20
Jun 29 03:06:46 h3ulcb systemd-udevd[331]: e6590000.usb: sd-device-monitor: Passed 207 byte to netlink monitor
Jun 29 03:06:46 h3ulcb systemd-udevd[368]: e6590000.usb: Processing device (SEQNUM=4211, ACTION=add)
Jun 29 03:06:46 h3ulcb systemd-udevd[367]: ttySC3: Device processed (SEQNUM=4207, ACTION=add)
Jun 29 03:06:46 h3ulcb systemd-udevd[375]: e65a0000.dma-controller: /usr/lib/udev/rules.d/50-udev-default.rules:14 Importing properties from results of builtin command 'hwdb --subsystem=platform'
Jun 29 03:06:46 h3ulcb systemd-udevd[342]: v4l-subdev1: Running built-in command "uaccess"
Jun 29 03:06:46 h3ulcb systemd-udevd[336]: e659c000.usb: sd-device: Created db file '/run/udev/data/+platform:e659c000.usb' for '/devices/platform/soc/e659c000.usb'
Jun 29 03:06:46 h3ulcb systemd-udevd[331]: dma7chan0: Device is queued (SEQNUM=4215, ACTION=add)
Jun 29 03:06:46 h3ulcb systemd-udevd[359]: v4l-subdev2: sd-device: Created db file '/run/udev/data/c81:2' for '/devices/platform/soc/e6510000.i2c/i2c-2/2-0071/video4linux/v4l-subdev2'
Jun 29 03:06:46 h3ulcb systemd-udevd[367]: ttySC3: sd-device-monitor: Passed 250 byte to netlink monitor
Jun 29 03:06:46 h3ulcb systemd-udevd[375]: e65a0000.dma-controller: hwdb modalias key: "of:Ndma-controllerT(null)Crenesas,r8a7795-usb-dmacCrenesas,usb-dmac"
Jun 29 03:06:46 h3ulcb systemd-udevd[342]: v4l-subdev1: Failed to apply ACL: Operation not supported
Jun 29 03:06:46 h3ulcb systemd-udevd[375]: e65a0000.dma-controller: hwdb modalias key: "of:NsocT(null)Csimple-bus"
Jun 29 03:06:46 h3ulcb systemd-udevd[331]: dma7chan0: SEQNUM=4215 blocked by SEQNUM=4214
Jun 29 03:06:46 h3ulcb systemd-udevd[339]: ttySC5: Setting permissions /dev/ttySC5, uid=0, gid=20, mode=0660
Jun 29 03:06:46 h3ulcb systemd-udevd[359]: v4l-subdev2: Running built-in command "uaccess"
Jun 29 03:06:46 h3ulcb systemd-udevd[342]: v4l-subdev1: Failed to run built-in command "uaccess", ignoring: Operation not supported
Jun 29 03:06:46 h3ulcb systemd-udevd[336]: e659c000.usb: Running built-in command "kmod load 'of:NusbT(null)Crenesas,usbhs-r8a7795Crenesas,rcar-gen3-usbhs'"
Jun 29 03:06:46 h3ulcb systemd-udevd[375]: e65a0000.dma-controller: No entry found from hwdb.
Jun 29 03:06:46 h3ulcb systemd[1]: dev-ttySC3.device: Changed dead -> plugged
Jun 29 03:06:46 h3ulcb systemd-udevd[339]: ttySC5: Handling device node '/dev/ttySC5', devnum=c204:13
Jun 29 03:06:46 h3ulcb systemd-udevd[359]: v4l-subdev2: Failed to apply ACL: Operation not supported
Jun 29 03:06:46 h3ulcb systemd-udevd[368]: e6590000.usb: sd-device: Created db file '/run/udev/data/+udc:e6590000.usb' for '/devices/platform/soc/e6590000.usb/udc/e6590000.usb'
Jun 29 03:06:46 h3ulcb kernel: rcar_canfd e66c0000.can: can_clk rate is 19968000
Jun 29 03:06:46 h3ulcb kernel: NET: Registered protocol family 31
Jun 29 03:06:46 h3ulcb kernel: rcar_canfd e66c0000.can: device registered (channel 0)
Jun 29 03:06:46 h3ulcb systemd-udevd[342]: v4l-subdev1: Failed to get watch handle, ignoring: No such file or directory
Jun 29 03:06:46 h3ulcb systemd-udevd[336]: Loading module: of:NusbT(null)Crenesas,usbhs-r8a7795Crenesas,rcar-gen3-usbhs
Jun 29 03:06:46 h3ulcb systemd-udevd[375]: e65a0000.dma-controller: /usr/lib/udev/rules.d/50-udev-default.rules:14 Failed to run builtin 'hwdb --subsystem=platform': No data available
Jun 29 03:06:46 h3ulcb systemd-udevd[331]: dma7chan1: Device is queued (SEQNUM=4216, ACTION=add)
Jun 29 03:06:46 h3ulcb systemd[1]: sys-devices-platform-soc-e6550000.serial-tty-ttySC3.device: Changed dead -> plugged
Jun 29 03:06:46 h3ulcb systemd-udevd[339]: ttySC5: sd-device: Created db file '/run/udev/data/c204:13' for '/devices/platform/soc/e6560000.serial/tty/ttySC5'
Jun 29 03:06:46 h3ulcb systemd-udevd[359]: v4l-subdev2: Failed to run built-in command "uaccess", ignoring: Operation not supported
Jun 29 03:06:46 h3ulcb systemd-udevd[368]: e6590000.usb: Device processed (SEQNUM=4211, ACTION=add)
Jun 29 03:06:46 h3ulcb systemd-udevd[342]: v4l-subdev1: Device processed (SEQNUM=4198, ACTION=add)
Jun 29 03:06:46 h3ulcb systemd-udevd[375]: e65a0000.dma-controller: /usr/lib/udev/rules.d/60-drm.rules:3 Importing properties from results of builtin command 'path_id'
Jun 29 03:06:46 h3ulcb systemd-udevd[331]: dma7chan1: SEQNUM=4216 blocked by SEQNUM=4214
Jun 29 03:06:46 h3ulcb systemd-udevd[339]: ttySC5: Failed to get watch handle, ignoring: No such file or directory
Jun 29 03:06:46 h3ulcb systemd-udevd[359]: v4l-subdev2: Failed to get watch handle, ignoring: No such file or directory
Jun 29 03:06:46 h3ulcb systemd-udevd[368]: e6590000.usb: sd-device-monitor: Passed 277 byte to netlink monitor
Jun 29 03:06:46 h3ulcb systemd-udevd[342]: v4l-subdev1: sd-device-monitor: Passed 404 byte to netlink monitor
Jun 29 03:06:46 h3ulcb systemd-udevd[375]: e65a0000.dma-controller: /usr/lib/udev/rules.d/80-drivers.rules:5 RUN 'kmod load '$env{MODALIAS}''
Jun 29 03:06:46 h3ulcb systemd-udevd[339]: ttySC5: Device processed (SEQNUM=4209, ACTION=add)
Jun 29 03:06:46 h3ulcb systemd-udevd[359]: v4l-subdev2: Device processed (SEQNUM=4199, ACTION=add)
Jun 29 03:06:46 h3ulcb systemd-udevd[331]: e65b0000.dma-controller: Device is queued (SEQNUM=4217, ACTION=add)
Jun 29 03:06:46 h3ulcb systemd-udevd[339]: ttySC5: sd-device-monitor: Passed 250 byte to netlink monitor
Jun 29 03:06:46 h3ulcb systemd-udevd[359]: v4l-subdev2: sd-device-monitor: Passed 404 byte to netlink monitor
Jun 29 03:06:46 h3ulcb systemd-udevd[375]: e65a0000.dma-controller: sd-device: Created db file '/run/udev/data/+platform:e65a0000.dma-controller' for '/devices/platform/soc/e65a0000.dma-controller'
Jun 29 03:06:46 h3ulcb systemd-udevd[331]: e65b0000.dma-controller: Device ready for processing (SEQNUM=4217, ACTION=add)
Jun 29 03:06:46 h3ulcb systemd-udevd[375]: e65a0000.dma-controller: Running built-in command "kmod load 'of:Ndma-controllerT(null)Crenesas,r8a7795-usb-dmacCrenesas,usb-dmac'"
Jun 29 03:06:46 h3ulcb systemd-udevd[367]: e65b0000.dma-controller: Processing device (SEQNUM=4217, ACTION=add)
Jun 29 03:06:46 h3ulcb systemd-udevd[331]: e65b0000.dma-controller: sd-device-monitor: Passed 424 byte to netlink monitor
Jun 29 03:06:46 h3ulcb systemd-udevd[375]: Loading module: of:Ndma-controllerT(null)Crenesas,r8a7795-usb-dmacCrenesas,usb-dmac
Jun 29 03:06:46 h3ulcb systemd-udevd[336]: Module 'uio_pdrv_genirq' is already loaded
Jun 29 03:06:46 h3ulcb systemd[1]: sys-devices-platform-soc-e6590000.usb-udc-e6590000.usb.device: Changed dead -> plugged
Jun 29 03:06:46 h3ulcb systemd-udevd[367]: e65b0000.dma-controller: /usr/lib/udev/rules.d/50-udev-default.rules:14 Importing properties from results of builtin command 'hwdb --subsystem=platform'
Jun 29 03:06:46 h3ulcb systemd-udevd[367]: e65b0000.dma-controller: hwdb modalias key: "of:Ndma-controllerT(null)Crenesas,r8a7795-usb-dmacCrenesas,usb-dmac"
Jun 29 03:06:46 h3ulcb systemd-udevd[336]: Module 'uio_pdrv_genirq' is already loaded
Jun 29 03:06:46 h3ulcb systemd[1]: usb-gadget.target: Trying to enqueue job usb-gadget.target/start/fail
Jun 29 03:06:46 h3ulcb systemd-udevd[331]: dma8chan0: Device is queued (SEQNUM=4218, ACTION=add)
Jun 29 03:06:46 h3ulcb systemd-udevd[336]: e659c000.usb: Device processed (SEQNUM=4212, ACTION=add)
Jun 29 03:06:46 h3ulcb systemd[1]: usb-gadget.target: Installed new job usb-gadget.target/start as 115
Jun 29 03:06:46 h3ulcb systemd-udevd[331]: dma8chan0: SEQNUM=4218 blocked by SEQNUM=4217
Jun 29 03:06:46 h3ulcb systemd-udevd[367]: e65b0000.dma-controller: hwdb modalias key: "of:NsocT(null)Csimple-bus"
Jun 29 03:06:46 h3ulcb systemd-udevd[336]: e659c000.usb: sd-device-monitor: Passed 457 byte to netlink monitor
Jun 29 03:06:46 h3ulcb systemd[1]: usb-gadget.target: Enqueued job usb-gadget.target/start as 115
Jun 29 03:06:46 h3ulcb systemd-udevd[331]: dma8chan1: Device is queued (SEQNUM=4219, ACTION=add)
Jun 29 03:06:46 h3ulcb systemd-udevd[367]: e65b0000.dma-controller: No entry found from hwdb.
Jun 29 03:06:46 h3ulcb systemd-udevd[331]: dma8chan1: SEQNUM=4219 blocked by SEQNUM=4217
Jun 29 03:06:46 h3ulcb systemd-udevd[367]: e65b0000.dma-controller: /usr/lib/udev/rules.d/50-udev-default.rules:14 Failed to run builtin 'hwdb --subsystem=platform': No data available
Jun 29 03:06:46 h3ulcb systemd-udevd[367]: e65b0000.dma-controller: /usr/lib/udev/rules.d/60-drm.rules:3 Importing properties from results of builtin command 'path_id'
Jun 29 03:06:46 h3ulcb systemd-udevd[331]: e659c000.usb: Device ready for processing (SEQNUM=4213, ACTION=add)
Jun 29 03:06:46 h3ulcb systemd-udevd[331]: e659c000.usb: sd-device-monitor: Passed 207 byte to netlink monitor
Jun 29 03:06:46 h3ulcb systemd-udevd[367]: e65b0000.dma-controller: /usr/lib/udev/rules.d/80-drivers.rules:5 RUN 'kmod load '$env{MODALIAS}''
Jun 29 03:06:46 h3ulcb systemd-udevd[342]: e659c000.usb: Processing device (SEQNUM=4213, ACTION=add)
Jun 29 03:06:46 h3ulcb systemd-udevd[331]: e65ee000.usb-phy: Device is queued (SEQNUM=4220, ACTION=add)
Jun 29 03:06:46 h3ulcb systemd-udevd[331]: e65ee000.usb-phy: Device ready for processing (SEQNUM=4220, ACTION=add)
Jun 29 03:06:46 h3ulcb systemd-udevd[375]: Module 'uio_pdrv_genirq' is already loaded
Jun 29 03:06:46 h3ulcb systemd-udevd[359]: e65ee000.usb-phy: Processing device (SEQNUM=4220, ACTION=add)
Jun 29 03:06:46 h3ulcb systemd[1]: dev-ttySC5.device: Changed dead -> plugged
Jun 29 03:06:46 h3ulcb systemd-udevd[367]: e65b0000.dma-controller: sd-device: Created db file '/run/udev/data/+platform:e65b0000.dma-controller' for '/devices/platform/soc/e65b0000.dma-controller'
Jun 29 03:06:46 h3ulcb systemd-udevd[359]: e65ee000.usb-phy: /usr/lib/udev/rules.d/50-udev-default.rules:14 Importing properties from results of builtin command 'hwdb --subsystem=platform'
Jun 29 03:06:46 h3ulcb systemd-udevd[331]: e65ee000.usb-phy: sd-device-monitor: Passed 426 byte to netlink monitor
Jun 29 03:06:46 h3ulcb systemd-udevd[375]: Module 'uio_pdrv_genirq' is already loaded
Jun 29 03:06:46 h3ulcb systemd[1]: sys-devices-platform-soc-e6560000.serial-tty-ttySC5.device: Changed dead -> plugged
Jun 29 03:06:46 h3ulcb systemd-udevd[367]: e65b0000.dma-controller: Running built-in command "kmod load 'of:Ndma-controllerT(null)Crenesas,r8a7795-usb-dmacCrenesas,usb-dmac'"
Jun 29 03:06:46 h3ulcb systemd-udevd[359]: e65ee000.usb-phy: hwdb modalias key: "of:Nusb-phyT(null)Crenesas,r8a7795-usb3-phyCrenesas,rcar-gen3-usb3-phy"
Jun 29 03:06:46 h3ulcb systemd-udevd[342]: e659c000.usb: sd-device: Created db file '/run/udev/data/+udc:e659c000.usb' for '/devices/platform/soc/e659c000.usb/udc/e659c000.usb'
Jun 29 03:06:46 h3ulcb systemd-udevd[375]: e65a0000.dma-controller: Device processed (SEQNUM=4214, ACTION=add)
Jun 29 03:06:46 h3ulcb systemd-udevd[375]: e65a0000.dma-controller: sd-device-monitor: Passed 510 byte to netlink monitor
Jun 29 03:06:46 h3ulcb systemd-udevd[331]: phy-e65ee000.usb-phy.16: Device is queued (SEQNUM=4221, ACTION=add)
Jun 29 03:06:46 h3ulcb systemd-udevd[367]: Loading module: of:Ndma-controllerT(null)Crenesas,r8a7795-usb-dmacCrenesas,usb-dmac
Jun 29 03:06:46 h3ulcb systemd-udevd[342]: e659c000.usb: Device processed (SEQNUM=4213, ACTION=add)
Jun 29 03:06:46 h3ulcb systemd[1]: usb-gadget.target changed dead -> active
Jun 29 03:06:46 h3ulcb systemd-udevd[359]: e65ee000.usb-phy: hwdb modalias key: "of:NsocT(null)Csimple-bus"
Jun 29 03:06:46 h3ulcb systemd-udevd[331]: phy-e65ee000.usb-phy.16: SEQNUM=4221 blocked by SEQNUM=4220
Jun 29 03:06:46 h3ulcb systemd-udevd[342]: e659c000.usb: sd-device-monitor: Passed 277 byte to netlink monitor
Jun 29 03:06:46 h3ulcb systemd[1]: usb-gadget.target: Job 115 usb-gadget.target/start finished, result=done
Jun 29 03:06:46 h3ulcb systemd-udevd[359]: e65ee000.usb-phy: No entry found from hwdb.
Jun 29 03:06:46 h3ulcb systemd-udevd[331]: dma7chan0: Device ready for processing (SEQNUM=4215, ACTION=add)
Jun 29 03:06:46 h3ulcb systemd[1]: Reached target Hardware activated USB gadget.
Jun 29 03:06:46 h3ulcb systemd-udevd[359]: e65ee000.usb-phy: /usr/lib/udev/rules.d/50-udev-default.rules:14 Failed to run builtin 'hwdb --subsystem=platform': No data available
Jun 29 03:06:46 h3ulcb systemd-udevd[331]: dma7chan0: sd-device-monitor: Passed 184 byte to netlink monitor
Jun 29 03:06:46 h3ulcb systemd-udevd[339]: dma7chan0: Processing device (SEQNUM=4215, ACTION=add)
Jun 29 03:06:46 h3ulcb systemd-udevd[359]: e65ee000.usb-phy: /usr/lib/udev/rules.d/60-drm.rules:3 Importing properties from results of builtin command 'path_id'
Jun 29 03:06:46 h3ulcb systemd-udevd[331]: dma7chan1: Device ready for processing (SEQNUM=4216, ACTION=add)
Jun 29 03:06:46 h3ulcb systemd-udevd[359]: e65ee000.usb-phy: /usr/lib/udev/rules.d/80-drivers.rules:5 RUN 'kmod load '$env{MODALIAS}''
Jun 29 03:06:46 h3ulcb systemd-udevd[375]: dma7chan1: Processing device (SEQNUM=4216, ACTION=add)
Jun 29 03:06:46 h3ulcb systemd-udevd[331]: dma7chan1: sd-device-monitor: Passed 184 byte to netlink monitor
Jun 29 03:06:46 h3ulcb systemd-udevd[359]: e65ee000.usb-phy: sd-device: Created db file '/run/udev/data/+platform:e65ee000.usb-phy' for '/devices/platform/soc/e65ee000.usb-phy'
Jun 29 03:06:46 h3ulcb systemd-udevd[359]: e65ee000.usb-phy: Running built-in command "kmod load 'of:Nusb-phyT(null)Crenesas,r8a7795-usb3-phyCrenesas,rcar-gen3-usb3-phy'"
Jun 29 03:06:46 h3ulcb systemd-udevd[359]: Loading module: of:Nusb-phyT(null)Crenesas,r8a7795-usb3-phyCrenesas,rcar-gen3-usb3-phy
Jun 29 03:06:46 h3ulcb systemd-udevd[331]: e6601000.crypto: Device is queued (SEQNUM=4222, ACTION=add)
Jun 29 03:06:46 h3ulcb systemd-udevd[331]: e6601000.crypto: Device ready for processing (SEQNUM=4222, ACTION=add)
Jun 29 03:06:46 h3ulcb systemd-udevd[331]: e6601000.crypto: sd-device-monitor: Passed 324 byte to netlink monitor
Jun 29 03:06:46 h3ulcb systemd-udevd[375]: dma7chan1: Device processed (SEQNUM=4216, ACTION=add)
Jun 29 03:06:46 h3ulcb systemd-udevd[368]: e6601000.crypto: Processing device (SEQNUM=4222, ACTION=add)
Jun 29 03:06:46 h3ulcb systemd-udevd[375]: dma7chan1: sd-device-monitor: Passed 184 byte to netlink monitor
Jun 29 03:06:46 h3ulcb systemd-udevd[331]: e66c0000.can: Device is queued (SEQNUM=4223, ACTION=add)
Jun 29 03:06:46 h3ulcb systemd-udevd[339]: dma7chan0: Device processed (SEQNUM=4215, ACTION=add)
Jun 29 03:06:46 h3ulcb systemd-udevd[368]: e6601000.crypto: /usr/lib/udev/rules.d/50-udev-default.rules:14 Importing properties from results of builtin command 'hwdb --subsystem=platform'
Jun 29 03:06:46 h3ulcb systemd-udevd[331]: e66c0000.can: Device ready for processing (SEQNUM=4223, ACTION=add)
Jun 29 03:06:46 h3ulcb systemd-udevd[342]: e66c0000.can: Processing device (SEQNUM=4223, ACTION=add)
Jun 29 03:06:46 h3ulcb systemd-udevd[339]: dma7chan0: sd-device-monitor: Passed 184 byte to netlink monitor
Jun 29 03:06:46 h3ulcb systemd-udevd[368]: e6601000.crypto: hwdb modalias key: "of:NcryptoT(null)Carm,cryptocell-630p-ree"
Jun 29 03:06:46 h3ulcb systemd-udevd[331]: e66c0000.can: sd-device-monitor: Passed 372 byte to netlink monitor
Jun 29 03:06:46 h3ulcb systemd-udevd[367]: Module 'uio_pdrv_genirq' is already loaded
Jun 29 03:06:46 h3ulcb systemd-udevd[342]: e66c0000.can: /usr/lib/udev/rules.d/50-udev-default.rules:14 Importing properties from results of builtin command 'hwdb --subsystem=platform'
Jun 29 03:06:46 h3ulcb systemd-udevd[367]: Module 'uio_pdrv_genirq' is already loaded
Jun 29 03:06:46 h3ulcb systemd-udevd[342]: e66c0000.can: hwdb modalias key: "of:NcanT(null)Crenesas,r8a7795-canfdCrenesas,rcar-gen3-canfd"
Jun 29 03:06:46 h3ulcb systemd-udevd[368]: e6601000.crypto: hwdb modalias key: "of:NsocT(null)Csimple-bus"
Jun 29 03:06:46 h3ulcb systemd-udevd[342]: e66c0000.can: hwdb modalias key: "of:NsocT(null)Csimple-bus"
Jun 29 03:06:46 h3ulcb systemd-udevd[367]: e65b0000.dma-controller: Device processed (SEQNUM=4217, ACTION=add)
Jun 29 03:06:46 h3ulcb systemd-udevd[331]: e66d0000.i2c: Device is queued (SEQNUM=4224, ACTION=add)
Jun 29 03:06:46 h3ulcb systemd-udevd[342]: e66c0000.can: No entry found from hwdb.
Jun 29 03:06:46 h3ulcb systemd-udevd[368]: e6601000.crypto: No entry found from hwdb.
Jun 29 03:06:46 h3ulcb systemd-udevd[367]: e65b0000.dma-controller: sd-device-monitor: Passed 510 byte to netlink monitor
Jun 29 03:06:46 h3ulcb systemd-udevd[331]: e66d0000.i2c: Device ready for processing (SEQNUM=4224, ACTION=add)
Jun 29 03:06:46 h3ulcb systemd-udevd[342]: e66c0000.can: /usr/lib/udev/rules.d/50-udev-default.rules:14 Failed to run builtin 'hwdb --subsystem=platform': No data available
Jun 29 03:06:46 h3ulcb systemd-udevd[368]: e6601000.crypto: /usr/lib/udev/rules.d/50-udev-default.rules:14 Failed to run builtin 'hwdb --subsystem=platform': No data available
Jun 29 03:06:46 h3ulcb systemd-udevd[368]: e6601000.crypto: /usr/lib/udev/rules.d/60-drm.rules:3 Importing properties from results of builtin command 'path_id'
Jun 29 03:06:46 h3ulcb systemd-udevd[342]: e66c0000.can: /usr/lib/udev/rules.d/60-drm.rules:3 Importing properties from results of builtin command 'path_id'
Jun 29 03:06:46 h3ulcb systemd-udevd[339]: e66d0000.i2c: Processing device (SEQNUM=4224, ACTION=add)
Jun 29 03:06:46 h3ulcb systemd-udevd[359]: Module 'uio_pdrv_genirq' is already loaded
Jun 29 03:06:46 h3ulcb systemd-udevd[331]: e66d0000.i2c: sd-device-monitor: Passed 396 byte to netlink monitor
Jun 29 03:06:46 h3ulcb systemd-udevd[368]: e6601000.crypto: /usr/lib/udev/rules.d/80-drivers.rules:5 RUN 'kmod load '$env{MODALIAS}''
Jun 29 03:06:46 h3ulcb systemd-udevd[342]: e66c0000.can: /usr/lib/udev/rules.d/80-drivers.rules:5 RUN 'kmod load '$env{MODALIAS}''
Jun 29 03:06:46 h3ulcb systemd-udevd[359]: Module 'uio_pdrv_genirq' is already loaded
Jun 29 03:06:46 h3ulcb systemd-udevd[331]: dma8chan0: Device ready for processing (SEQNUM=4218, ACTION=add)
Jun 29 03:06:46 h3ulcb systemd-udevd[339]: e66d0000.i2c: /usr/lib/udev/rules.d/50-udev-default.rules:14 Importing properties from results of builtin command 'hwdb --subsystem=platform'
Jun 29 03:06:46 h3ulcb systemd-udevd[359]: e65ee000.usb-phy: Device processed (SEQNUM=4220, ACTION=add)
Jun 29 03:06:46 h3ulcb systemd-udevd[331]: dma8chan0: sd-device-monitor: Passed 184 byte to netlink monitor
Jun 29 03:06:46 h3ulcb systemd-udevd[342]: e66c0000.can: sd-device: Created db file '/run/udev/data/+platform:e66c0000.can' for '/devices/platform/soc/e66c0000.can'
Jun 29 03:06:46 h3ulcb systemd-udevd[368]: e6601000.crypto: sd-device: Created db file '/run/udev/data/+platform:e6601000.crypto' for '/devices/platform/soc/e6601000.crypto'
Jun 29 03:06:46 h3ulcb systemd-udevd[367]: dma8chan0: Processing device (SEQNUM=4218, ACTION=add)
Jun 29 03:06:46 h3ulcb systemd-udevd[339]: e66d0000.i2c: hwdb modalias key: "of:Ni2cT(null)Crenesas,i2c-r8a7795Crenesas,rcar-gen3-i2c"
Jun 29 03:06:46 h3ulcb systemd-udevd[359]: e65ee000.usb-phy: sd-device-monitor: Passed 498 byte to netlink monitor
Jun 29 03:06:46 h3ulcb systemd-udevd[331]: dma8chan1: Device ready for processing (SEQNUM=4219, ACTION=add)
Jun 29 03:06:46 h3ulcb systemd-udevd[342]: e66c0000.can: Running built-in command "kmod load 'of:NcanT(null)Crenesas,r8a7795-canfdCrenesas,rcar-gen3-canfd'"
Jun 29 03:06:46 h3ulcb systemd-udevd[368]: e6601000.crypto: Running built-in command "kmod load 'of:NcryptoT(null)Carm,cryptocell-630p-ree'"
Jun 29 03:06:46 h3ulcb systemd-udevd[331]: dma8chan1: sd-device-monitor: Passed 184 byte to netlink monitor
Jun 29 03:06:46 h3ulcb systemd-udevd[375]: dma8chan1: Processing device (SEQNUM=4219, ACTION=add)
Jun 29 03:06:46 h3ulcb systemd-udevd[342]: Loading module: of:NcanT(null)Crenesas,r8a7795-canfdCrenesas,rcar-gen3-canfd
Jun 29 03:06:46 h3ulcb systemd-udevd[339]: e66d0000.i2c: hwdb modalias key: "of:NsocT(null)Csimple-bus"
Jun 29 03:06:46 h3ulcb systemd-udevd[368]: Loading module: of:NcryptoT(null)Carm,cryptocell-630p-ree
Jun 29 03:06:46 h3ulcb systemd-udevd[331]: i2c-3: Device is queued (SEQNUM=4225, ACTION=add)
Jun 29 03:06:46 h3ulcb systemd-udevd[339]: e66d0000.i2c: No entry found from hwdb.
Jun 29 03:06:46 h3ulcb systemd-udevd[331]: i2c-3: SEQNUM=4225 blocked by SEQNUM=4224
Jun 29 03:06:46 h3ulcb systemd-udevd[331]: phy-e65ee000.usb-phy.16: Device ready for processing (SEQNUM=4221, ACTION=add)
Jun 29 03:06:46 h3ulcb systemd-udevd[367]: dma8chan0: Device processed (SEQNUM=4218, ACTION=add)
Jun 29 03:06:46 h3ulcb kernel: Bluetooth: HCI device and connection manager initialized
Jun 29 03:06:46 h3ulcb kernel: rcar_canfd e66c0000.can: can_clk rate is 19968000
Jun 29 03:06:46 h3ulcb systemd-udevd[367]: dma8chan0: sd-device-monitor: Passed 184 byte to netlink monitor
Jun 29 03:06:46 h3ulcb systemd-udevd[331]: phy-e65ee000.usb-phy.16: sd-device-monitor: Passed 343 byte to netlink monitor
Jun 29 03:06:46 h3ulcb systemd-udevd[375]: dma8chan1: Device processed (SEQNUM=4219, ACTION=add)
Jun 29 03:06:46 h3ulcb systemd-udevd[359]: phy-e65ee000.usb-phy.16: Processing device (SEQNUM=4221, ACTION=add)
Jun 29 03:06:46 h3ulcb systemd-udevd[339]: e66d0000.i2c: /usr/lib/udev/rules.d/50-udev-default.rules:14 Failed to run builtin 'hwdb --subsystem=platform': No data available
Jun 29 03:06:46 h3ulcb systemd-udevd[339]: e66d0000.i2c: /usr/lib/udev/rules.d/60-drm.rules:3 Importing properties from results of builtin command 'path_id'
Jun 29 03:06:46 h3ulcb systemd-udevd[331]: 3-006a: Device is queued (SEQNUM=4226, ACTION=add)
Jun 29 03:06:46 h3ulcb systemd-udevd[375]: dma8chan1: sd-device-monitor: Passed 184 byte to netlink monitor
Jun 29 03:06:46 h3ulcb systemd-udevd[331]: 3-006a: SEQNUM=4226 blocked by SEQNUM=4224
Jun 29 03:06:46 h3ulcb systemd-udevd[339]: e66d0000.i2c: /usr/lib/udev/rules.d/80-drivers.rules:5 RUN 'kmod load '$env{MODALIAS}''
Jun 29 03:06:46 h3ulcb systemd-udevd[331]: iio:device0: Device is queued (SEQNUM=4227, ACTION=add)
Jun 29 03:06:46 h3ulcb systemd-udevd[331]: iio:device0: SEQNUM=4227 blocked by SEQNUM=4224
Jun 29 03:06:46 h3ulcb systemd-udevd[339]: e66d0000.i2c: sd-device: Created db file '/run/udev/data/+platform:e66d0000.i2c' for '/devices/platform/soc/e66d0000.i2c'
Jun 29 03:06:46 h3ulcb systemd-udevd[339]: e66d0000.i2c: Running built-in command "kmod load 'of:Ni2cT(null)Crenesas,i2c-r8a7795Crenesas,rcar-gen3-i2c'"
Jun 29 03:06:46 h3ulcb systemd-udevd[339]: Loading module: of:Ni2cT(null)Crenesas,i2c-r8a7795Crenesas,rcar-gen3-i2c
Jun 29 03:06:46 h3ulcb systemd-udevd[331]: iio:device1: Device is queued (SEQNUM=4228, ACTION=add)
Jun 29 03:06:46 h3ulcb systemd-udevd[331]: iio:device1: SEQNUM=4228 blocked by SEQNUM=4224
Jun 29 03:06:46 h3ulcb systemd-udevd[359]: phy-e65ee000.usb-phy.16: Device processed (SEQNUM=4221, ACTION=add)
Jun 29 03:06:46 h3ulcb systemd-udevd[359]: phy-e65ee000.usb-phy.16: sd-device-monitor: Passed 343 byte to netlink monitor
Jun 29 03:06:46 h3ulcb systemd-udevd[368]: Module 'uio_pdrv_genirq' is already loaded
Jun 29 03:06:46 h3ulcb systemd-udevd[331]: i2c-3: Device is queued (SEQNUM=4229, ACTION=add)
Jun 29 03:06:46 h3ulcb systemd-udevd[368]: Module 'uio_pdrv_genirq' is already loaded
Jun 29 03:06:46 h3ulcb systemd-udevd[331]: i2c-3: SEQNUM=4229 blocked by SEQNUM=4224
Jun 29 03:06:46 h3ulcb systemd-udevd[331]: e66d8000.i2c: Device is queued (SEQNUM=4230, ACTION=add)
Jun 29 03:06:46 h3ulcb systemd-udevd[331]: e66d8000.i2c: Device ready for processing (SEQNUM=4230, ACTION=add)
Jun 29 03:06:46 h3ulcb systemd-udevd[331]: e66d8000.i2c: sd-device-monitor: Passed 396 byte to netlink monitor
Jun 29 03:06:46 h3ulcb systemd-udevd[359]: e66d8000.i2c: Processing device (SEQNUM=4230, ACTION=add)
Jun 29 03:06:46 h3ulcb systemd-udevd[331]: i2c-4: Device is queued (SEQNUM=4231, ACTION=add)
Jun 29 03:06:46 h3ulcb systemd-udevd[331]: i2c-4: SEQNUM=4231 blocked by SEQNUM=4230
Jun 29 03:06:46 h3ulcb systemd-udevd[359]: e66d8000.i2c: /usr/lib/udev/rules.d/50-udev-default.rules:14 Importing properties from results of builtin command 'hwdb --subsystem=platform'
Jun 29 03:06:46 h3ulcb systemd-udevd[359]: e66d8000.i2c: hwdb modalias key: "of:Ni2cT(null)Crenesas,i2c-r8a7795Crenesas,rcar-gen3-i2c"
Jun 29 03:06:46 h3ulcb systemd-udevd[339]: Module 'uio_pdrv_genirq' is already loaded
Jun 29 03:06:46 h3ulcb systemd-udevd[331]: 4-0068: Device is queued (SEQNUM=4232, ACTION=add)
Jun 29 03:06:46 h3ulcb systemd-udevd[331]: 4-0068: SEQNUM=4232 blocked by SEQNUM=4230
Jun 29 03:06:46 h3ulcb systemd-udevd[339]: Module 'uio_pdrv_genirq' is already loaded
Jun 29 03:06:46 h3ulcb systemd-udevd[359]: e66d8000.i2c: hwdb modalias key: "of:NsocT(null)Csimple-bus"
Jun 29 03:06:46 h3ulcb systemd-udevd[339]: e66d0000.i2c: Device processed (SEQNUM=4224, ACTION=add)
Jun 29 03:06:46 h3ulcb systemd-udevd[331]: 4-006a: Device is queued (SEQNUM=4233, ACTION=add)
Jun 29 03:06:46 h3ulcb systemd-udevd[359]: e66d8000.i2c: No entry found from hwdb.
Jun 29 03:06:46 h3ulcb systemd-udevd[339]: e66d0000.i2c: sd-device-monitor: Passed 460 byte to netlink monitor
Jun 29 03:06:46 h3ulcb systemd-udevd[331]: 4-006a: SEQNUM=4233 blocked by SEQNUM=4230
Jun 29 03:06:46 h3ulcb systemd-udevd[359]: e66d8000.i2c: /usr/lib/udev/rules.d/50-udev-default.rules:14 Failed to run builtin 'hwdb --subsystem=platform': No data available
Jun 29 03:06:46 h3ulcb systemd-udevd[331]: i2c-3: Device ready for processing (SEQNUM=4225, ACTION=add)
Jun 29 03:06:46 h3ulcb systemd-udevd[359]: e66d8000.i2c: /usr/lib/udev/rules.d/60-drm.rules:3 Importing properties from results of builtin command 'path_id'
Jun 29 03:06:46 h3ulcb systemd-udevd[331]: i2c-3: sd-device-monitor: Passed 315 byte to netlink monitor
Jun 29 03:06:46 h3ulcb systemd-udevd[359]: e66d8000.i2c: /usr/lib/udev/rules.d/80-drivers.rules:5 RUN 'kmod load '$env{MODALIAS}''
Jun 29 03:06:46 h3ulcb systemd-udevd[331]: 3-006a: SEQNUM=4226 blocked by SEQNUM=4225
Jun 29 03:06:46 h3ulcb systemd-udevd[339]: i2c-3: Processing device (SEQNUM=4225, ACTION=add)
Jun 29 03:06:46 h3ulcb systemd-udevd[331]: iio:device0: SEQNUM=4227 blocked by SEQNUM=4225
Jun 29 03:06:46 h3ulcb systemd[1]: sys-devices-platform-soc-e659c000.usb-udc-e659c000.usb.device: Changed dead -> plugged
Jun 29 03:06:46 h3ulcb systemd-udevd[331]: iio:device1: SEQNUM=4228 blocked by SEQNUM=4225
Jun 29 03:06:46 h3ulcb systemd-udevd[359]: e66d8000.i2c: sd-device: Created db file '/run/udev/data/+platform:e66d8000.i2c' for '/devices/platform/soc/e66d8000.i2c'
Jun 29 03:06:46 h3ulcb systemd-udevd[331]: i2c-3: SEQNUM=4229 blocked by SEQNUM=4225
Jun 29 03:06:46 h3ulcb systemd-udevd[359]: e66d8000.i2c: Running built-in command "kmod load 'of:Ni2cT(null)Crenesas,i2c-r8a7795Crenesas,rcar-gen3-i2c'"
Jun 29 03:06:46 h3ulcb systemd-udevd[359]: Loading module: of:Ni2cT(null)Crenesas,i2c-r8a7795Crenesas,rcar-gen3-i2c
Jun 29 03:06:46 h3ulcb systemd-udevd[331]: i2c-4: Device is queued (SEQNUM=4234, ACTION=add)
Jun 29 03:06:46 h3ulcb systemd-udevd[331]: i2c-4: SEQNUM=4234 blocked by SEQNUM=4230
Jun 29 03:06:46 h3ulcb systemd-udevd[331]: e66e0000.i2c: Device is queued (SEQNUM=4235, ACTION=add)
Jun 29 03:06:46 h3ulcb systemd-udevd[331]: e66e0000.i2c: Device ready for processing (SEQNUM=4235, ACTION=add)
Jun 29 03:06:46 h3ulcb systemd-udevd[339]: i2c-3: Device processed (SEQNUM=4225, ACTION=add)
Jun 29 03:06:46 h3ulcb systemd-udevd[331]: e66e0000.i2c: sd-device-monitor: Passed 396 byte to netlink monitor
Jun 29 03:06:46 h3ulcb systemd-udevd[339]: i2c-3: sd-device-monitor: Passed 315 byte to netlink monitor
Jun 29 03:06:46 h3ulcb systemd-udevd[367]: e66e0000.i2c: Processing device (SEQNUM=4235, ACTION=add)
Jun 29 03:06:46 h3ulcb systemd-udevd[331]: i2c-5: Device is queued (SEQNUM=4236, ACTION=add)
Jun 29 03:06:46 h3ulcb systemd-udevd[331]: i2c-5: SEQNUM=4236 blocked by SEQNUM=4235
Jun 29 03:06:46 h3ulcb systemd-udevd[367]: e66e0000.i2c: /usr/lib/udev/rules.d/50-udev-default.rules:14 Importing properties from results of builtin command 'hwdb --subsystem=platform'
Jun 29 03:06:46 h3ulcb systemd-udevd[331]: 3-006a: Device ready for processing (SEQNUM=4226, ACTION=add)
Jun 29 03:06:46 h3ulcb systemd-udevd[367]: e66e0000.i2c: hwdb modalias key: "of:Ni2cT(null)Crenesas,i2c-r8a7795Crenesas,rcar-gen3-i2c"
Jun 29 03:06:46 h3ulcb systemd-udevd[331]: 3-006a: sd-device-monitor: Passed 345 byte to netlink monitor
Jun 29 03:06:46 h3ulcb systemd-udevd[339]: 3-006a: Processing device (SEQNUM=4226, ACTION=add)
Jun 29 03:06:46 h3ulcb systemd-udevd[331]: iio:device0: SEQNUM=4227 blocked by SEQNUM=4226
Jun 29 03:06:46 h3ulcb systemd-udevd[331]: iio:device1: SEQNUM=4228 blocked by SEQNUM=4226
Jun 29 03:06:46 h3ulcb systemd-udevd[367]: e66e0000.i2c: hwdb modalias key: "of:NsocT(null)Csimple-bus"
Jun 29 03:06:46 h3ulcb systemd-udevd[339]: 3-006a: /usr/lib/udev/rules.d/50-udev-default.rules:14 Importing properties from results of builtin command 'hwdb --subsystem=i2c'
Jun 29 03:06:46 h3ulcb systemd-udevd[331]: i2c-3: Device ready for processing (SEQNUM=4229, ACTION=add)
Jun 29 03:06:46 h3ulcb systemd-udevd[339]: 3-006a: hwdb modalias key: "of:Nasm330lhhT(null)Cst,asm330lhh"
Jun 29 03:06:46 h3ulcb systemd-udevd[367]: e66e0000.i2c: No entry found from hwdb.
Jun 29 03:06:46 h3ulcb systemd-udevd[331]: i2c-3: sd-device-monitor: Passed 219 byte to netlink monitor
Jun 29 03:06:46 h3ulcb systemd-udevd[375]: i2c-3: Processing device (SEQNUM=4229, ACTION=add)
Jun 29 03:06:46 h3ulcb systemd-udevd[367]: e66e0000.i2c: /usr/lib/udev/rules.d/50-udev-default.rules:14 Failed to run builtin 'hwdb --subsystem=platform': No data available
Jun 29 03:06:46 h3ulcb systemd-udevd[375]: i2c-3: Failed to get watch handle, ignoring: No such file or directory
Jun 29 03:06:46 h3ulcb systemd-udevd[339]: 3-006a: No entry found from hwdb.
Jun 29 03:06:46 h3ulcb systemd-udevd[331]: 5-0010: Device is queued (SEQNUM=4237, ACTION=add)
Jun 29 03:06:46 h3ulcb systemd-udevd[367]: e66e0000.i2c: /usr/lib/udev/rules.d/60-drm.rules:3 Importing properties from results of builtin command 'path_id'
Jun 29 03:06:46 h3ulcb systemd-udevd[339]: 3-006a: /usr/lib/udev/rules.d/50-udev-default.rules:14 Failed to run builtin 'hwdb --subsystem=i2c': No data available
Jun 29 03:06:46 h3ulcb systemd-udevd[359]: Module 'uio_pdrv_genirq' is already loaded
Jun 29 03:06:46 h3ulcb systemd-udevd[331]: 5-0010: SEQNUM=4237 blocked by SEQNUM=4235
Jun 29 03:06:46 h3ulcb systemd-udevd[367]: e66e0000.i2c: /usr/lib/udev/rules.d/80-drivers.rules:5 RUN 'kmod load '$env{MODALIAS}''
Jun 29 03:06:46 h3ulcb systemd-udevd[359]: Module 'uio_pdrv_genirq' is already loaded
Jun 29 03:06:46 h3ulcb systemd-udevd[339]: 3-006a: /usr/lib/udev/rules.d/80-drivers.rules:5 RUN 'kmod load '$env{MODALIAS}''
Jun 29 03:06:46 h3ulcb systemd-udevd[359]: e66d8000.i2c: Device processed (SEQNUM=4230, ACTION=add)
Jun 29 03:06:46 h3ulcb systemd-udevd[331]: i2c-5: Device is queued (SEQNUM=4238, ACTION=add)
Jun 29 03:06:46 h3ulcb systemd-udevd[339]: 3-006a: Running built-in command "kmod load 'of:Nasm330lhhT(null)Cst,asm330lhh'"
Jun 29 03:06:46 h3ulcb systemd-udevd[375]: i2c-3: Preserve permissions of /dev/i2c-3, uid=0, gid=0, mode=0600
Jun 29 03:06:46 h3ulcb systemd-udevd[359]: e66d8000.i2c: sd-device-monitor: Passed 460 byte to netlink monitor
Jun 29 03:06:46 h3ulcb systemd-udevd[367]: e66e0000.i2c: sd-device: Created db file '/run/udev/data/+platform:e66e0000.i2c' for '/devices/platform/soc/e66e0000.i2c'
Jun 29 03:06:46 h3ulcb systemd-udevd[331]: i2c-5: SEQNUM=4238 blocked by SEQNUM=4235
Jun 29 03:06:46 h3ulcb systemd-udevd[339]: Loading module: of:Nasm330lhhT(null)Cst,asm330lhh
Jun 29 03:06:46 h3ulcb systemd-udevd[375]: i2c-3: Handling device node '/dev/i2c-3', devnum=c89:3
Jun 29 03:06:46 h3ulcb systemd-udevd[367]: e66e0000.i2c: Running built-in command "kmod load 'of:Ni2cT(null)Crenesas,i2c-r8a7795Crenesas,rcar-gen3-i2c'"
Jun 29 03:06:46 h3ulcb systemd-udevd[331]: i2c-4: Device ready for processing (SEQNUM=4231, ACTION=add)
Jun 29 03:06:46 h3ulcb systemd-udevd[375]: i2c-3: sd-device: Created empty file '/run/udev/data/c89:3' for '/devices/platform/soc/e66d0000.i2c/i2c-3/i2c-dev/i2c-3'
Jun 29 03:06:46 h3ulcb systemd-udevd[367]: Loading module: of:Ni2cT(null)Crenesas,i2c-r8a7795Crenesas,rcar-gen3-i2c
Jun 29 03:06:46 h3ulcb systemd-udevd[331]: i2c-4: sd-device-monitor: Passed 315 byte to netlink monitor
Jun 29 03:06:46 h3ulcb systemd-udevd[375]: i2c-3: Failed to get watch handle, ignoring: No such file or directory
Jun 29 03:06:46 h3ulcb systemd-udevd[359]: i2c-4: Processing device (SEQNUM=4231, ACTION=add)
Jun 29 03:06:46 h3ulcb systemd-udevd[331]: 4-0068: SEQNUM=4232 blocked by SEQNUM=4231
Jun 29 03:06:46 h3ulcb systemd-udevd[375]: i2c-3: Device processed (SEQNUM=4229, ACTION=add)
Jun 29 03:06:46 h3ulcb systemd-udevd[331]: 4-006a: SEQNUM=4233 blocked by SEQNUM=4231
Jun 29 03:06:46 h3ulcb systemd-udevd[375]: i2c-3: sd-device-monitor: Passed 219 byte to netlink monitor
Jun 29 03:06:46 h3ulcb systemd-udevd[331]: i2c-4: SEQNUM=4234 blocked by SEQNUM=4231
Jun 29 03:06:46 h3ulcb systemd-udevd[339]: Module 'uio_pdrv_genirq' is already loaded
Jun 29 03:06:46 h3ulcb systemd-udevd[339]: Module 'uio_pdrv_genirq' is already loaded
Jun 29 03:06:46 h3ulcb systemd-udevd[339]: 3-006a: Device processed (SEQNUM=4226, ACTION=add)
Jun 29 03:06:46 h3ulcb systemd-udevd[331]: e6700000.dma-controller: Device is queued (SEQNUM=4239, ACTION=add)
Jun 29 03:06:46 h3ulcb systemd-udevd[339]: 3-006a: sd-device-monitor: Passed 345 byte to netlink monitor
Jun 29 03:06:46 h3ulcb systemd-udevd[331]: e6700000.dma-controller: Device ready for processing (SEQNUM=4239, ACTION=add)
Jun 29 03:06:46 h3ulcb systemd-udevd[331]: e6700000.dma-controller: sd-device-monitor: Passed 419 byte to netlink monitor
Jun 29 03:06:46 h3ulcb systemd-udevd[337]: e6700000.dma-controller: Processing device (SEQNUM=4239, ACTION=add)
Jun 29 03:06:46 h3ulcb systemd-udevd[331]: iio:device0: Device ready for processing (SEQNUM=4227, ACTION=add)
Jun 29 03:06:46 h3ulcb systemd-udevd[359]: i2c-4: Device processed (SEQNUM=4231, ACTION=add)
Jun 29 03:06:46 h3ulcb systemd-udevd[331]: iio:device0: sd-device-monitor: Passed 354 byte to netlink monitor
Jun 29 03:06:46 h3ulcb systemd-udevd[339]: iio:device0: Processing device (SEQNUM=4227, ACTION=add)
Jun 29 03:06:46 h3ulcb systemd-udevd[359]: i2c-4: sd-device-monitor: Passed 315 byte to netlink monitor
Jun 29 03:06:46 h3ulcb systemd-udevd[337]: e6700000.dma-controller: /usr/lib/udev/rules.d/50-udev-default.rules:14 Importing properties from results of builtin command 'hwdb --subsystem=platform'
Jun 29 03:06:46 h3ulcb systemd-udevd[331]: iio:device1: Device ready for processing (SEQNUM=4228, ACTION=add)
Jun 29 03:06:46 h3ulcb systemd-udevd[339]: iio:device0: Failed to get watch handle, ignoring: No such file or directory
Jun 29 03:06:46 h3ulcb systemd-udevd[337]: e6700000.dma-controller: hwdb modalias key: "of:Ndma-controllerT(null)Crenesas,dmac-r8a7795Crenesas,rcar-dmac"
Jun 29 03:06:46 h3ulcb systemd-udevd[331]: iio:device1: sd-device-monitor: Passed 354 byte to netlink monitor
Jun 29 03:06:46 h3ulcb systemd-udevd[375]: iio:device1: Processing device (SEQNUM=4228, ACTION=add)
Jun 29 03:06:46 h3ulcb systemd-udevd[367]: Module 'uio_pdrv_genirq' is already loaded
Jun 29 03:06:46 h3ulcb systemd-udevd[337]: e6700000.dma-controller: hwdb modalias key: "of:NsocT(null)Csimple-bus"
Jun 29 03:06:46 h3ulcb systemd-udevd[375]: iio:device1: Failed to get watch handle, ignoring: No such file or directory
Jun 29 03:06:46 h3ulcb systemd-udevd[367]: Module 'uio_pdrv_genirq' is already loaded
Jun 29 03:06:46 h3ulcb systemd-udevd[331]: dma0chan0: Device is queued (SEQNUM=4240, ACTION=add)
Jun 29 03:06:46 h3ulcb systemd-udevd[339]: iio:device0: 2 character(s) replaced
Jun 29 03:06:46 h3ulcb systemd-udevd[339]: iio:device0: /usr/lib/udev/rules.d/60-sensor.rules:8 Importing properties from results of builtin command 'hwdb 'sensor:modalias:of:Nasm330lhhT_null_Cst,asm330lhh:''
Jun 29 03:06:46 h3ulcb systemd-udevd[367]: e66e0000.i2c: Device processed (SEQNUM=4235, ACTION=add)
Jun 29 03:06:46 h3ulcb systemd-udevd[367]: e66e0000.i2c: sd-device-monitor: Passed 460 byte to netlink monitor
Jun 29 03:06:46 h3ulcb systemd-udevd[337]: e6700000.dma-controller: No entry found from hwdb.
Jun 29 03:06:46 h3ulcb systemd-udevd[339]: iio:device0: No entry found from hwdb.
Jun 29 03:06:46 h3ulcb systemd-udevd[331]: dma0chan0: SEQNUM=4240 blocked by SEQNUM=4239
Jun 29 03:06:46 h3ulcb systemd-udevd[375]: iio:device1: 2 character(s) replaced
Jun 29 03:06:46 h3ulcb systemd-udevd[337]: e6700000.dma-controller: /usr/lib/udev/rules.d/50-udev-default.rules:14 Failed to run builtin 'hwdb --subsystem=platform': No data available
Jun 29 03:06:46 h3ulcb systemd-udevd[339]: iio:device0: /usr/lib/udev/rules.d/60-sensor.rules:8 Failed to run builtin 'hwdb 'sensor:modalias:of:Nasm330lhhT_null_Cst,asm330lhh:'': No data available
Jun 29 03:06:46 h3ulcb systemd-udevd[331]: 4-0068: Device ready for processing (SEQNUM=4232, ACTION=add)
Jun 29 03:06:46 h3ulcb systemd-udevd[375]: iio:device1: /usr/lib/udev/rules.d/60-sensor.rules:8 Importing properties from results of builtin command 'hwdb 'sensor:modalias:of:Nasm330lhhT_null_Cst,asm330lhh:''
Jun 29 03:06:46 h3ulcb systemd-udevd[337]: e6700000.dma-controller: /usr/lib/udev/rules.d/60-drm.rules:3 Importing properties from results of builtin command 'path_id'
Jun 29 03:06:46 h3ulcb systemd-udevd[331]: 4-0068: sd-device-monitor: Passed 341 byte to netlink monitor
Jun 29 03:06:46 h3ulcb systemd-udevd[375]: iio:device1: No entry found from hwdb.
Jun 29 03:06:46 h3ulcb systemd-udevd[359]: 4-0068: Processing device (SEQNUM=4232, ACTION=add)
Jun 29 03:06:46 h3ulcb systemd-udevd[331]: 4-006a: Device ready for processing (SEQNUM=4233, ACTION=add)
Jun 29 03:06:46 h3ulcb systemd-udevd[337]: e6700000.dma-controller: /usr/lib/udev/rules.d/80-drivers.rules:5 RUN 'kmod load '$env{MODALIAS}''
Jun 29 03:06:46 h3ulcb systemd-udevd[367]: 4-006a: Processing device (SEQNUM=4233, ACTION=add)
Jun 29 03:06:46 h3ulcb kernel: Bluetooth: HCI socket layer initialized
Jun 29 03:06:46 h3ulcb systemd-udevd[339]: iio:device0: Preserve permissions of /dev/iio:device0, uid=0, gid=0, mode=0600
Jun 29 03:06:46 h3ulcb systemd-udevd[331]: 4-006a: sd-device-monitor: Passed 354 byte to netlink monitor
Jun 29 03:06:46 h3ulcb systemd-udevd[359]: 4-0068: /usr/lib/udev/rules.d/50-udev-default.rules:14 Importing properties from results of builtin command 'hwdb --subsystem=i2c'
Jun 29 03:06:46 h3ulcb systemd-udevd[375]: iio:device1: /usr/lib/udev/rules.d/60-sensor.rules:8 Failed to run builtin 'hwdb 'sensor:modalias:of:Nasm330lhhT_null_Cst,asm330lhh:'': No data available
Jun 29 03:06:46 h3ulcb systemd-udevd[339]: iio:device0: Handling device node '/dev/iio:device0', devnum=c246:0
Jun 29 03:06:46 h3ulcb systemd-udevd[367]: 4-006a: /usr/lib/udev/rules.d/50-udev-default.rules:14 Importing properties from results of builtin command 'hwdb --subsystem=i2c'
Jun 29 03:06:46 h3ulcb systemd-udevd[331]: i2c-4: Device ready for processing (SEQNUM=4234, ACTION=add)
Jun 29 03:06:46 h3ulcb systemd-udevd[337]: e6700000.dma-controller: sd-device: Created db file '/run/udev/data/+platform:e6700000.dma-controller' for '/devices/platform/soc/e6700000.dma-controller'
Jun 29 03:06:46 h3ulcb systemd-udevd[336]: i2c-4: Processing device (SEQNUM=4234, ACTION=add)
Jun 29 03:06:46 h3ulcb systemd-udevd[339]: iio:device0: sd-device: Created empty file '/run/udev/data/c246:0' for '/devices/platform/soc/e66d0000.i2c/i2c-3/3-006a/iio:device0'
Jun 29 03:06:46 h3ulcb systemd-udevd[367]: 4-006a: hwdb modalias key: "of:Nclock-generatorT(null)Cidt,5p49v6901"
Jun 29 03:06:46 h3ulcb systemd-udevd[331]: i2c-4: sd-device-monitor: Passed 219 byte to netlink monitor
Jun 29 03:06:46 h3ulcb systemd-udevd[337]: e6700000.dma-controller: Running built-in command "kmod load 'of:Ndma-controllerT(null)Crenesas,dmac-r8a7795Crenesas,rcar-dmac'"
Jun 29 03:06:46 h3ulcb systemd-udevd[359]: 4-0068: hwdb modalias key: "of:Nclock-generatorT(null)Cidt,9fgv0841"
Jun 29 03:06:46 h3ulcb systemd-udevd[336]: i2c-4: Failed to get watch handle, ignoring: No such file or directory
Jun 29 03:06:46 h3ulcb systemd-udevd[339]: iio:device0: Failed to get watch handle, ignoring: No such file or directory
Jun 29 03:06:46 h3ulcb systemd-udevd[375]: iio:device1: Preserve permissions of /dev/iio:device1, uid=0, gid=0, mode=0600
Jun 29 03:06:46 h3ulcb systemd-udevd[331]: i2c-5: Device ready for processing (SEQNUM=4236, ACTION=add)
Jun 29 03:06:46 h3ulcb systemd-udevd[337]: Loading module: of:Ndma-controllerT(null)Crenesas,dmac-r8a7795Crenesas,rcar-dmac
Jun 29 03:06:46 h3ulcb systemd-udevd[339]: iio:device0: Device processed (SEQNUM=4227, ACTION=add)
Jun 29 03:06:46 h3ulcb systemd-udevd[339]: iio:device0: sd-device-monitor: Passed 354 byte to netlink monitor
Jun 29 03:06:46 h3ulcb systemd-udevd[367]: 4-006a: No entry found from hwdb.
Jun 29 03:06:46 h3ulcb systemd-udevd[331]: i2c-5: sd-device-monitor: Passed 315 byte to netlink monitor
Jun 29 03:06:46 h3ulcb systemd-udevd[338]: i2c-5: Processing device (SEQNUM=4236, ACTION=add)
Jun 29 03:06:46 h3ulcb systemd-udevd[359]: 4-0068: No entry found from hwdb.
Jun 29 03:06:46 h3ulcb systemd-udevd[375]: iio:device1: Handling device node '/dev/iio:device1', devnum=c246:1
Jun 29 03:06:46 h3ulcb systemd-udevd[367]: 4-006a: /usr/lib/udev/rules.d/50-udev-default.rules:14 Failed to run builtin 'hwdb --subsystem=i2c': No data available
Jun 29 03:06:46 h3ulcb systemd-udevd[375]: iio:device1: sd-device: Created empty file '/run/udev/data/c246:1' for '/devices/platform/soc/e66d0000.i2c/i2c-3/3-006a/iio:device1'
Jun 29 03:06:46 h3ulcb systemd-udevd[336]: i2c-4: Preserve permissions of /dev/i2c-4, uid=0, gid=0, mode=0600
Jun 29 03:06:46 h3ulcb systemd-udevd[359]: 4-0068: /usr/lib/udev/rules.d/50-udev-default.rules:14 Failed to run builtin 'hwdb --subsystem=i2c': No data available
Jun 29 03:06:46 h3ulcb systemd-udevd[375]: iio:device1: Failed to get watch handle, ignoring: No such file or directory
Jun 29 03:06:46 h3ulcb systemd-udevd[331]: 5-0010: SEQNUM=4237 blocked by SEQNUM=4236
Jun 29 03:06:46 h3ulcb systemd-udevd[337]: Module 'uio_pdrv_genirq' is already loaded
Jun 29 03:06:46 h3ulcb systemd-udevd[336]: i2c-4: Handling device node '/dev/i2c-4', devnum=c89:4
Jun 29 03:06:46 h3ulcb systemd-udevd[367]: 4-006a: /usr/lib/udev/rules.d/80-drivers.rules:5 RUN 'kmod load '$env{MODALIAS}''
Jun 29 03:06:46 h3ulcb systemd-udevd[375]: iio:device1: Device processed (SEQNUM=4228, ACTION=add)
Jun 29 03:06:46 h3ulcb systemd-udevd[331]: i2c-5: SEQNUM=4238 blocked by SEQNUM=4236
Jun 29 03:06:46 h3ulcb systemd-udevd[337]: Module 'uio_pdrv_genirq' is already loaded
Jun 29 03:06:46 h3ulcb systemd-udevd[359]: 4-0068: /usr/lib/udev/rules.d/80-drivers.rules:5 RUN 'kmod load '$env{MODALIAS}''
Jun 29 03:06:46 h3ulcb systemd-udevd[336]: i2c-4: sd-device: Created empty file '/run/udev/data/c89:4' for '/devices/platform/soc/e66d8000.i2c/i2c-4/i2c-dev/i2c-4'
Jun 29 03:06:46 h3ulcb systemd-udevd[375]: iio:device1: sd-device-monitor: Passed 354 byte to netlink monitor
Jun 29 03:06:46 h3ulcb systemd-udevd[367]: 4-006a: Running built-in command "kmod load 'of:Nclock-generatorT(null)Cidt,5p49v6901'"
Jun 29 03:06:46 h3ulcb systemd-udevd[338]: i2c-5: Device processed (SEQNUM=4236, ACTION=add)
Jun 29 03:06:46 h3ulcb systemd-udevd[337]: e6700000.dma-controller: Device processed (SEQNUM=4239, ACTION=add)
Jun 29 03:06:46 h3ulcb systemd-udevd[331]: dma0chan1: Device is queued (SEQNUM=4241, ACTION=add)
Jun 29 03:06:46 h3ulcb systemd-udevd[336]: i2c-4: Failed to get watch handle, ignoring: No such file or directory
Jun 29 03:06:46 h3ulcb systemd-udevd[359]: 4-0068: Running built-in command "kmod load 'of:Nclock-generatorT(null)Cidt,9fgv0841'"
Jun 29 03:06:46 h3ulcb systemd-udevd[367]: Loading module: of:Nclock-generatorT(null)Cidt,5p49v6901
Jun 29 03:06:46 h3ulcb systemd-udevd[338]: i2c-5: sd-device-monitor: Passed 315 byte to netlink monitor
Jun 29 03:06:46 h3ulcb systemd-udevd[337]: e6700000.dma-controller: sd-device-monitor: Passed 505 byte to netlink monitor
Jun 29 03:06:46 h3ulcb systemd-udevd[331]: dma0chan1: SEQNUM=4241 blocked by SEQNUM=4239
Jun 29 03:06:46 h3ulcb systemd-udevd[336]: i2c-4: Device processed (SEQNUM=4234, ACTION=add)
Jun 29 03:06:46 h3ulcb systemd-udevd[359]: Loading module: of:Nclock-generatorT(null)Cidt,9fgv0841
Jun 29 03:06:46 h3ulcb systemd-udevd[331]: 5-0010: Device ready for processing (SEQNUM=4237, ACTION=add)
Jun 29 03:06:46 h3ulcb systemd-udevd[336]: i2c-4: sd-device-monitor: Passed 219 byte to netlink monitor
Jun 29 03:06:46 h3ulcb kernel: rcar_canfd e66c0000.can: device registered (channel 1)
Jun 29 03:06:46 h3ulcb kernel: Bluetooth: L2CAP socket layer initialized
Jun 29 03:06:46 h3ulcb kernel: Bluetooth: SCO socket layer initialized
Jun 29 03:06:46 h3ulcb systemd-udevd[331]: 5-0010: sd-device-monitor: Passed 343 byte to netlink monitor
Jun 29 03:06:46 h3ulcb systemd-udevd[339]: 5-0010: Processing device (SEQNUM=4237, ACTION=add)
Jun 29 03:06:46 h3ulcb systemd-udevd[331]: i2c-5: Device ready for processing (SEQNUM=4238, ACTION=add)
Jun 29 03:06:46 h3ulcb systemd-udevd[331]: i2c-5: sd-device-monitor: Passed 219 byte to netlink monitor
Jun 29 03:06:46 h3ulcb systemd-udevd[367]: Module 'uio_pdrv_genirq' is already loaded
Jun 29 03:06:46 h3ulcb systemd-udevd[375]: i2c-5: Processing device (SEQNUM=4238, ACTION=add)
Jun 29 03:06:46 h3ulcb systemd-udevd[331]: dma0chan0: Device ready for processing (SEQNUM=4240, ACTION=add)
Jun 29 03:06:46 h3ulcb systemd-udevd[339]: 5-0010: /usr/lib/udev/rules.d/50-udev-default.rules:14 Importing properties from results of builtin command 'hwdb --subsystem=i2c'
Jun 29 03:06:46 h3ulcb systemd-udevd[367]: Module 'uio_pdrv_genirq' is already loaded
Jun 29 03:06:46 h3ulcb systemd-udevd[375]: i2c-5: Failed to get watch handle, ignoring: No such file or directory
Jun 29 03:06:46 h3ulcb systemd-udevd[331]: dma0chan0: sd-device-monitor: Passed 184 byte to netlink monitor
Jun 29 03:06:46 h3ulcb systemd-udevd[337]: dma0chan0: Processing device (SEQNUM=4240, ACTION=add)
Jun 29 03:06:46 h3ulcb systemd-udevd[339]: 5-0010: hwdb modalias key: "of:NcodecT(null)Casahi-kasei,ak4613"
Jun 29 03:06:46 h3ulcb systemd-udevd[367]: 4-006a: Device processed (SEQNUM=4233, ACTION=add)
Jun 29 03:06:46 h3ulcb systemd-udevd[339]: 5-0010: No entry found from hwdb.
Jun 29 03:06:46 h3ulcb systemd-udevd[339]: 5-0010: /usr/lib/udev/rules.d/50-udev-default.rules:14 Failed to run builtin 'hwdb --subsystem=i2c': No data available
Jun 29 03:06:46 h3ulcb systemd-udevd[331]: dma0chan1: Device ready for processing (SEQNUM=4241, ACTION=add)
Jun 29 03:06:46 h3ulcb systemd-udevd[331]: dma0chan1: sd-device-monitor: Passed 184 byte to netlink monitor
Jun 29 03:06:46 h3ulcb systemd-udevd[359]: Module 'uio_pdrv_genirq' is already loaded
Jun 29 03:06:46 h3ulcb systemd-udevd[367]: 4-006a: sd-device-monitor: Passed 354 byte to netlink monitor
Jun 29 03:06:46 h3ulcb systemd-udevd[359]: Module 'uio_pdrv_genirq' is already loaded
Jun 29 03:06:46 h3ulcb systemd-udevd[338]: dma0chan1: Processing device (SEQNUM=4241, ACTION=add)
Jun 29 03:06:46 h3ulcb systemd-udevd[339]: 5-0010: /usr/lib/udev/rules.d/80-drivers.rules:5 RUN 'kmod load '$env{MODALIAS}''
Jun 29 03:06:46 h3ulcb systemd-udevd[331]: dma0chan10: Device is queued (SEQNUM=4242, ACTION=add)
Jun 29 03:06:46 h3ulcb systemd-udevd[375]: i2c-5: Preserve permissions of /dev/i2c-5, uid=0, gid=0, mode=0600
Jun 29 03:06:46 h3ulcb systemd-udevd[359]: 4-0068: Device processed (SEQNUM=4232, ACTION=add)
Jun 29 03:06:46 h3ulcb systemd-udevd[337]: dma0chan0: Device processed (SEQNUM=4240, ACTION=add)
Jun 29 03:06:46 h3ulcb systemd-udevd[331]: dma0chan10: Device ready for processing (SEQNUM=4242, ACTION=add)
Jun 29 03:06:46 h3ulcb systemd-udevd[339]: 5-0010: Running built-in command "kmod load 'of:NcodecT(null)Casahi-kasei,ak4613'"
Jun 29 03:06:46 h3ulcb systemd-udevd[375]: i2c-5: Handling device node '/dev/i2c-5', devnum=c89:5
Jun 29 03:06:46 h3ulcb systemd-udevd[359]: 4-0068: sd-device-monitor: Passed 341 byte to netlink monitor
Jun 29 03:06:46 h3ulcb systemd-udevd[337]: dma0chan0: sd-device-monitor: Passed 184 byte to netlink monitor
Jun 29 03:06:46 h3ulcb systemd-udevd[331]: dma0chan10: sd-device-monitor: Passed 185 byte to netlink monitor
Jun 29 03:06:46 h3ulcb systemd-udevd[339]: Loading module: of:NcodecT(null)Casahi-kasei,ak4613
Jun 29 03:06:46 h3ulcb systemd-udevd[373]: dma0chan10: Processing device (SEQNUM=4242, ACTION=add)
Jun 29 03:06:46 h3ulcb systemd-udevd[338]: dma0chan1: Device processed (SEQNUM=4241, ACTION=add)
Jun 29 03:06:46 h3ulcb systemd-udevd[375]: i2c-5: sd-device: Created empty file '/run/udev/data/c89:5' for '/devices/platform/soc/e66e0000.i2c/i2c-5/i2c-dev/i2c-5'
Jun 29 03:06:46 h3ulcb systemd-udevd[338]: dma0chan1: sd-device-monitor: Passed 184 byte to netlink monitor
Jun 29 03:06:46 h3ulcb systemd-udevd[331]: dma0chan11: Device is queued (SEQNUM=4243, ACTION=add)
Jun 29 03:06:46 h3ulcb systemd-udevd[375]: i2c-5: Failed to get watch handle, ignoring: No such file or directory
Jun 29 03:06:46 h3ulcb systemd-udevd[331]: dma0chan11: Device ready for processing (SEQNUM=4243, ACTION=add)
Jun 29 03:06:46 h3ulcb systemd-udevd[375]: i2c-5: Device processed (SEQNUM=4238, ACTION=add)
Jun 29 03:06:46 h3ulcb systemd-udevd[331]: dma0chan11: sd-device-monitor: Passed 185 byte to netlink monitor
Jun 29 03:06:46 h3ulcb systemd-udevd[359]: dma0chan11: Processing device (SEQNUM=4243, ACTION=add)
