Jun 29 03:06:46 h3ulcb systemd-udevd[353]: Loading module: i2c:dummy
Jun 29 03:06:46 h3ulcb systemd-udevd[331]: 2-0036: Device is queued (SEQNUM=4185, ACTION=add)
Jun 29 03:06:46 h3ulcb systemd-udevd[363]: 2-0034: hwdb modalias key: "i2c:dummy"
Jun 29 03:06:46 h3ulcb systemd-udevd[373]: 2-0033: No entry found from hwdb.
Jun 29 03:06:46 h3ulcb systemd-udevd[338]: Loading module: i2c:dummy
Jun 29 03:06:46 h3ulcb systemd-udevd[362]: 2-0035: hwdb modalias key: "i2c:dummy"
Jun 29 03:06:46 h3ulcb systemd-udevd[353]: Failed to find module 'i2c:dummy'
Jun 29 03:06:46 h3ulcb systemd-udevd[336]: 2-0031: Running built-in command "kmod load 'i2c:dummy'"
Jun 29 03:06:46 h3ulcb systemd-udevd[331]: 2-0036: Device ready for processing (SEQNUM=4185, ACTION=add)
Jun 29 03:06:46 h3ulcb systemd-udevd[373]: 2-0033: /usr/lib/udev/rules.d/50-udev-default.rules:14 Failed to run builtin 'hwdb --subsystem=i2c': No data available
Jun 29 03:06:46 h3ulcb systemd-udevd[338]: Failed to find module 'i2c:dummy'
Jun 29 03:06:46 h3ulcb systemd-udevd[353]: 2-0030: Device processed (SEQNUM=4179, ACTION=add)
Jun 29 03:06:46 h3ulcb systemd-udevd[363]: 2-0034: No entry found from hwdb.
Jun 29 03:06:46 h3ulcb systemd-udevd[336]: Loading module: i2c:dummy
Jun 29 03:06:46 h3ulcb systemd-udevd[331]: 2-0036: sd-device-monitor: Passed 204 byte to netlink monitor
Jun 29 03:06:46 h3ulcb systemd-udevd[360]: 2-0036: Processing device (SEQNUM=4185, ACTION=add)
Jun 29 03:06:46 h3ulcb systemd-udevd[338]: 2-0032: Device processed (SEQNUM=4181, ACTION=add)
Jun 29 03:06:46 h3ulcb systemd-udevd[353]: 2-0030: sd-device-monitor: Passed 204 byte to netlink monitor
Jun 29 03:06:46 h3ulcb systemd-udevd[363]: 2-0034: /usr/lib/udev/rules.d/50-udev-default.rules:14 Failed to run builtin 'hwdb --subsystem=i2c': No data available
Jun 29 03:06:46 h3ulcb systemd-udevd[362]: 2-0035: No entry found from hwdb.
Jun 29 03:06:46 h3ulcb systemd-udevd[336]: Failed to find module 'i2c:dummy'
Jun 29 03:06:46 h3ulcb systemd-udevd[373]: 2-0033: /usr/lib/udev/rules.d/80-drivers.rules:5 RUN 'kmod load '$env{MODALIAS}''
Jun 29 03:06:46 h3ulcb systemd-udevd[360]: 2-0036: /usr/lib/udev/rules.d/50-udev-default.rules:14 Importing properties from results of builtin command 'hwdb --subsystem=i2c'
Jun 29 03:06:46 h3ulcb systemd-udevd[338]: 2-0032: sd-device-monitor: Passed 204 byte to netlink monitor
Jun 29 03:06:46 h3ulcb systemd-udevd[362]: 2-0035: /usr/lib/udev/rules.d/50-udev-default.rules:14 Failed to run builtin 'hwdb --subsystem=i2c': No data available
Jun 29 03:06:46 h3ulcb systemd-udevd[331]: 2-0037: Device is queued (SEQNUM=4186, ACTION=add)
Jun 29 03:06:46 h3ulcb systemd-udevd[336]: 2-0031: Device processed (SEQNUM=4180, ACTION=add)
Jun 29 03:06:46 h3ulcb systemd-udevd[363]: 2-0034: /usr/lib/udev/rules.d/80-drivers.rules:5 RUN 'kmod load '$env{MODALIAS}''
Jun 29 03:06:46 h3ulcb systemd-udevd[360]: 2-0036: hwdb modalias key: "i2c:dummy"
Jun 29 03:06:46 h3ulcb systemd-udevd[373]: 2-0033: Running built-in command "kmod load 'i2c:dummy'"
Jun 29 03:06:46 h3ulcb systemd-udevd[331]: 2-0037: Device ready for processing (SEQNUM=4186, ACTION=add)
Jun 29 03:06:46 h3ulcb systemd-udevd[336]: 2-0031: sd-device-monitor: Passed 204 byte to netlink monitor
Jun 29 03:06:46 h3ulcb systemd-udevd[362]: 2-0035: /usr/lib/udev/rules.d/80-drivers.rules:5 RUN 'kmod load '$env{MODALIAS}''
Jun 29 03:06:46 h3ulcb systemd-udevd[363]: 2-0034: Running built-in command "kmod load 'i2c:dummy'"
Jun 29 03:06:46 h3ulcb systemd-udevd[373]: Loading module: i2c:dummy
Jun 29 03:06:46 h3ulcb systemd-udevd[331]: 2-0037: sd-device-monitor: Passed 204 byte to netlink monitor
Jun 29 03:06:46 h3ulcb systemd-udevd[342]: 2-0037: Processing device (SEQNUM=4186, ACTION=add)
Jun 29 03:06:46 h3ulcb systemd-udevd[360]: 2-0036: No entry found from hwdb.
Jun 29 03:06:46 h3ulcb systemd-udevd[363]: Loading module: i2c:dummy
Jun 29 03:06:46 h3ulcb systemd-udevd[373]: Failed to find module 'i2c:dummy'
Jun 29 03:06:46 h3ulcb systemd-udevd[362]: 2-0035: Running built-in command "kmod load 'i2c:dummy'"
Jun 29 03:06:46 h3ulcb systemd-udevd[360]: 2-0036: /usr/lib/udev/rules.d/50-udev-default.rules:14 Failed to run builtin 'hwdb --subsystem=i2c': No data available
Jun 29 03:06:46 h3ulcb systemd-udevd[342]: 2-0037: /usr/lib/udev/rules.d/50-udev-default.rules:14 Importing properties from results of builtin command 'hwdb --subsystem=i2c'
Jun 29 03:06:46 h3ulcb systemd-udevd[331]: 2-0041: Device is queued (SEQNUM=4187, ACTION=add)
Jun 29 03:06:46 h3ulcb systemd-udevd[363]: Failed to find module 'i2c:dummy'
Jun 29 03:06:46 h3ulcb systemd-udevd[373]: 2-0033: Device processed (SEQNUM=4182, ACTION=add)
Jun 29 03:06:46 h3ulcb systemd-udevd[362]: Loading module: i2c:dummy
Jun 29 03:06:46 h3ulcb systemd-udevd[362]: Failed to find module 'i2c:dummy'
Jun 29 03:06:46 h3ulcb systemd-udevd[331]: 2-0041: Device ready for processing (SEQNUM=4187, ACTION=add)
Jun 29 03:06:46 h3ulcb systemd-udevd[360]: 2-0036: /usr/lib/udev/rules.d/80-drivers.rules:5 RUN 'kmod load '$env{MODALIAS}''
Jun 29 03:06:46 h3ulcb systemd-udevd[363]: 2-0034: Device processed (SEQNUM=4183, ACTION=add)
Jun 29 03:06:46 h3ulcb systemd-udevd[373]: 2-0033: sd-device-monitor: Passed 204 byte to netlink monitor
Jun 29 03:06:46 h3ulcb systemd-udevd[342]: 2-0037: hwdb modalias key: "i2c:dummy"
Jun 29 03:06:46 h3ulcb systemd-udevd[362]: 2-0035: Device processed (SEQNUM=4184, ACTION=add)
Jun 29 03:06:46 h3ulcb systemd-udevd[331]: 2-0041: sd-device-monitor: Passed 204 byte to netlink monitor
Jun 29 03:06:46 h3ulcb systemd-udevd[359]: 2-0041: Processing device (SEQNUM=4187, ACTION=add)
Jun 29 03:06:46 h3ulcb systemd-udevd[363]: 2-0034: sd-device-monitor: Passed 204 byte to netlink monitor
Jun 29 03:06:46 h3ulcb systemd-udevd[359]: 2-0041: /usr/lib/udev/rules.d/50-udev-default.rules:14 Importing properties from results of builtin command 'hwdb --subsystem=i2c'
Jun 29 03:06:46 h3ulcb systemd-udevd[362]: 2-0035: sd-device-monitor: Passed 204 byte to netlink monitor
Jun 29 03:06:46 h3ulcb systemd-udevd[342]: 2-0037: No entry found from hwdb.
Jun 29 03:06:46 h3ulcb systemd-udevd[331]: 2-0042: Device is queued (SEQNUM=4188, ACTION=add)
Jun 29 03:06:46 h3ulcb systemd-udevd[360]: 2-0036: Running built-in command "kmod load 'i2c:dummy'"
Jun 29 03:06:46 h3ulcb systemd-udevd[359]: 2-0041: hwdb modalias key: "i2c:dummy"
Jun 29 03:06:46 h3ulcb systemd-udevd[342]: 2-0037: /usr/lib/udev/rules.d/50-udev-default.rules:14 Failed to run builtin 'hwdb --subsystem=i2c': No data available
Jun 29 03:06:46 h3ulcb systemd-udevd[331]: 2-0042: Device ready for processing (SEQNUM=4188, ACTION=add)
Jun 29 03:06:46 h3ulcb systemd-udevd[360]: Loading module: i2c:dummy
Jun 29 03:06:46 h3ulcb systemd-udevd[331]: 2-0042: sd-device-monitor: Passed 204 byte to netlink monitor
Jun 29 03:06:46 h3ulcb systemd-udevd[339]: 2-0042: Processing device (SEQNUM=4188, ACTION=add)
Jun 29 03:06:46 h3ulcb systemd-udevd[360]: Failed to find module 'i2c:dummy'
Jun 29 03:06:46 h3ulcb systemd-udevd[342]: 2-0037: /usr/lib/udev/rules.d/80-drivers.rules:5 RUN 'kmod load '$env{MODALIAS}''
Jun 29 03:06:46 h3ulcb systemd-udevd[360]: 2-0036: Device processed (SEQNUM=4185, ACTION=add)
Jun 29 03:06:46 h3ulcb systemd-udevd[339]: 2-0042: /usr/lib/udev/rules.d/50-udev-default.rules:14 Importing properties from results of builtin command 'hwdb --subsystem=i2c'
Jun 29 03:06:46 h3ulcb systemd-udevd[359]: 2-0041: No entry found from hwdb.
Jun 29 03:06:46 h3ulcb systemd-udevd[331]: 2-0048: Device is queued (SEQNUM=4189, ACTION=add)
Jun 29 03:06:46 h3ulcb systemd-udevd[360]: 2-0036: sd-device-monitor: Passed 204 byte to netlink monitor
Jun 29 03:06:46 h3ulcb systemd-udevd[342]: 2-0037: Running built-in command "kmod load 'i2c:dummy'"
Jun 29 03:06:46 h3ulcb systemd-udevd[339]: 2-0042: hwdb modalias key: "i2c:dummy"
Jun 29 03:06:46 h3ulcb systemd-udevd[359]: 2-0041: /usr/lib/udev/rules.d/50-udev-default.rules:14 Failed to run builtin 'hwdb --subsystem=i2c': No data available
Jun 29 03:06:46 h3ulcb systemd-udevd[331]: 2-0048: Device ready for processing (SEQNUM=4189, ACTION=add)
Jun 29 03:06:46 h3ulcb systemd-udevd[342]: Loading module: i2c:dummy
Jun 29 03:06:46 h3ulcb systemd-udevd[331]: 2-0048: sd-device-monitor: Passed 204 byte to netlink monitor
Jun 29 03:06:46 h3ulcb systemd-udevd[342]: Failed to find module 'i2c:dummy'
Jun 29 03:06:46 h3ulcb systemd-udevd[367]: 2-0048: Processing device (SEQNUM=4189, ACTION=add)
Jun 29 03:06:46 h3ulcb systemd-udevd[339]: 2-0042: No entry found from hwdb.
Jun 29 03:06:46 h3ulcb systemd-udevd[359]: 2-0041: /usr/lib/udev/rules.d/80-drivers.rules:5 RUN 'kmod load '$env{MODALIAS}''
Jun 29 03:06:46 h3ulcb systemd-udevd[342]: 2-0037: Device processed (SEQNUM=4186, ACTION=add)
Jun 29 03:06:46 h3ulcb systemd-udevd[331]: 2-0049: Device is queued (SEQNUM=4190, ACTION=add)
Jun 29 03:06:46 h3ulcb systemd-udevd[339]: 2-0042: /usr/lib/udev/rules.d/50-udev-default.rules:14 Failed to run builtin 'hwdb --subsystem=i2c': No data available
Jun 29 03:06:46 h3ulcb systemd-udevd[367]: 2-0048: /usr/lib/udev/rules.d/50-udev-default.rules:14 Importing properties from results of builtin command 'hwdb --subsystem=i2c'
Jun 29 03:06:46 h3ulcb systemd-udevd[342]: 2-0037: sd-device-monitor: Passed 204 byte to netlink monitor
Jun 29 03:06:46 h3ulcb systemd-udevd[331]: 2-0049: Device ready for processing (SEQNUM=4190, ACTION=add)
Jun 29 03:06:46 h3ulcb systemd-udevd[359]: 2-0041: Running built-in command "kmod load 'i2c:dummy'"
Jun 29 03:06:46 h3ulcb systemd-udevd[367]: 2-0048: hwdb modalias key: "i2c:dummy"
Jun 29 03:06:46 h3ulcb systemd-udevd[339]: 2-0042: /usr/lib/udev/rules.d/80-drivers.rules:5 RUN 'kmod load '$env{MODALIAS}''
Jun 29 03:06:46 h3ulcb systemd-udevd[331]: 2-0049: sd-device-monitor: Passed 204 byte to netlink monitor
Jun 29 03:06:46 h3ulcb systemd-udevd[375]: 2-0049: Processing device (SEQNUM=4190, ACTION=add)
Jun 29 03:06:46 h3ulcb systemd-udevd[359]: Loading module: i2c:dummy
Jun 29 03:06:46 h3ulcb systemd-udevd[339]: 2-0042: Running built-in command "kmod load 'i2c:dummy'"
Jun 29 03:06:46 h3ulcb systemd-udevd[375]: 2-0049: /usr/lib/udev/rules.d/50-udev-default.rules:14 Importing properties from results of builtin command 'hwdb --subsystem=i2c'
Jun 29 03:06:46 h3ulcb systemd-udevd[331]: 2-004a: Device is queued (SEQNUM=4191, ACTION=add)
Jun 29 03:06:46 h3ulcb systemd-udevd[359]: Failed to find module 'i2c:dummy'
Jun 29 03:06:46 h3ulcb systemd-udevd[339]: Loading module: i2c:dummy
Jun 29 03:06:46 h3ulcb systemd-udevd[375]: 2-0049: hwdb modalias key: "i2c:dummy"
Jun 29 03:06:46 h3ulcb systemd-udevd[331]: 2-004a: Device ready for processing (SEQNUM=4191, ACTION=add)
Jun 29 03:06:46 h3ulcb systemd-udevd[342]: 2-004a: Processing device (SEQNUM=4191, ACTION=add)
Jun 29 03:06:46 h3ulcb systemd-udevd[342]: 2-004a: /usr/lib/udev/rules.d/50-udev-default.rules:14 Importing properties from results of builtin command 'hwdb --subsystem=i2c'
Jun 29 03:06:46 h3ulcb systemd-udevd[339]: Failed to find module 'i2c:dummy'
Jun 29 03:06:46 h3ulcb systemd-udevd[331]: 2-004a: sd-device-monitor: Passed 204 byte to netlink monitor
Jun 29 03:06:46 h3ulcb systemd-udevd[367]: 2-0048: No entry found from hwdb.
Jun 29 03:06:46 h3ulcb systemd-udevd[359]: 2-0041: Device processed (SEQNUM=4187, ACTION=add)
Jun 29 03:06:46 h3ulcb systemd-udevd[342]: 2-004a: hwdb modalias key: "i2c:dummy"
Jun 29 03:06:46 h3ulcb systemd-udevd[339]: 2-0042: Device processed (SEQNUM=4188, ACTION=add)
Jun 29 03:06:46 h3ulcb systemd-udevd[375]: 2-0049: No entry found from hwdb.
Jun 29 03:06:46 h3ulcb systemd-udevd[367]: 2-0048: /usr/lib/udev/rules.d/50-udev-default.rules:14 Failed to run builtin 'hwdb --subsystem=i2c': No data available
Jun 29 03:06:46 h3ulcb systemd-udevd[331]: 2-004b: Device is queued (SEQNUM=4192, ACTION=add)
Jun 29 03:06:46 h3ulcb systemd-udevd[359]: 2-0041: sd-device-monitor: Passed 204 byte to netlink monitor
Jun 29 03:06:46 h3ulcb systemd-udevd[339]: 2-0042: sd-device-monitor: Passed 204 byte to netlink monitor
Jun 29 03:06:46 h3ulcb systemd-udevd[375]: 2-0049: /usr/lib/udev/rules.d/50-udev-default.rules:14 Failed to run builtin 'hwdb --subsystem=i2c': No data available
Jun 29 03:06:46 h3ulcb systemd-udevd[331]: 2-004b: Device ready for processing (SEQNUM=4192, ACTION=add)
Jun 29 03:06:46 h3ulcb systemd-udevd[342]: 2-004a: No entry found from hwdb.
Jun 29 03:06:46 h3ulcb systemd-udevd[367]: 2-0048: /usr/lib/udev/rules.d/80-drivers.rules:5 RUN 'kmod load '$env{MODALIAS}''
Jun 29 03:06:46 h3ulcb systemd-udevd[331]: 2-004b: sd-device-monitor: Passed 204 byte to netlink monitor
Jun 29 03:06:46 h3ulcb systemd-udevd[342]: 2-004a: /usr/lib/udev/rules.d/50-udev-default.rules:14 Failed to run builtin 'hwdb --subsystem=i2c': No data available
Jun 29 03:06:46 h3ulcb systemd-udevd[368]: 2-004b: Processing device (SEQNUM=4192, ACTION=add)
Jun 29 03:06:46 h3ulcb systemd-udevd[375]: 2-0049: /usr/lib/udev/rules.d/80-drivers.rules:5 RUN 'kmod load '$env{MODALIAS}''
Jun 29 03:06:46 h3ulcb systemd-udevd[367]: 2-0048: Running built-in command "kmod load 'i2c:dummy'"
Jun 29 03:06:46 h3ulcb systemd-udevd[375]: 2-0049: Running built-in command "kmod load 'i2c:dummy'"
Jun 29 03:06:46 h3ulcb systemd-udevd[331]: 2-004f: Device is queued (SEQNUM=4193, ACTION=add)
Jun 29 03:06:46 h3ulcb systemd-udevd[368]: 2-004b: /usr/lib/udev/rules.d/50-udev-default.rules:14 Importing properties from results of builtin command 'hwdb --subsystem=i2c'
Jun 29 03:06:46 h3ulcb systemd-udevd[367]: Loading module: i2c:dummy
Jun 29 03:06:46 h3ulcb systemd-udevd[342]: 2-004a: /usr/lib/udev/rules.d/80-drivers.rules:5 RUN 'kmod load '$env{MODALIAS}''
Jun 29 03:06:46 h3ulcb systemd-udevd[375]: Loading module: i2c:dummy
Jun 29 03:06:46 h3ulcb systemd-udevd[331]: 2-004f: Device ready for processing (SEQNUM=4193, ACTION=add)
Jun 29 03:06:46 h3ulcb systemd-udevd[368]: 2-004b: hwdb modalias key: "i2c:dummy"
Jun 29 03:06:46 h3ulcb systemd-udevd[367]: Failed to find module 'i2c:dummy'
Jun 29 03:06:46 h3ulcb systemd-udevd[375]: Failed to find module 'i2c:dummy'
Jun 29 03:06:46 h3ulcb systemd-udevd[342]: 2-004a: Running built-in command "kmod load 'i2c:dummy'"
Jun 29 03:06:46 h3ulcb systemd-udevd[331]: 2-004f: sd-device-monitor: Passed 363 byte to netlink monitor
Jun 29 03:06:46 h3ulcb systemd-udevd[359]: 2-004f: Processing device (SEQNUM=4193, ACTION=add)
Jun 29 03:06:46 h3ulcb systemd-udevd[367]: 2-0048: Device processed (SEQNUM=4189, ACTION=add)
Jun 29 03:06:46 h3ulcb systemd-udevd[368]: 2-004b: No entry found from hwdb.
Jun 29 03:06:46 h3ulcb systemd-udevd[342]: Loading module: i2c:dummy
Jun 29 03:06:46 h3ulcb systemd-udevd[367]: 2-0048: sd-device-monitor: Passed 204 byte to netlink monitor
Jun 29 03:06:46 h3ulcb systemd-udevd[331]: 2-0070: Device is queued (SEQNUM=4194, ACTION=add)
Jun 29 03:06:46 h3ulcb systemd-udevd[375]: 2-0049: Device processed (SEQNUM=4190, ACTION=add)
Jun 29 03:06:46 h3ulcb systemd-udevd[359]: 2-004f: /usr/lib/udev/rules.d/50-udev-default.rules:14 Importing properties from results of builtin command 'hwdb --subsystem=i2c'
Jun 29 03:06:46 h3ulcb systemd-udevd[368]: 2-004b: /usr/lib/udev/rules.d/50-udev-default.rules:14 Failed to run builtin 'hwdb --subsystem=i2c': No data available
Jun 29 03:06:46 h3ulcb systemd-udevd[342]: Failed to find module 'i2c:dummy'
Jun 29 03:06:46 h3ulcb systemd-udevd[331]: 2-0070: Device ready for processing (SEQNUM=4194, ACTION=add)
Jun 29 03:06:46 h3ulcb systemd-udevd[375]: 2-0049: sd-device-monitor: Passed 204 byte to netlink monitor
Jun 29 03:06:46 h3ulcb systemd-udevd[359]: 2-004f: hwdb modalias key: "of:Nclk_multiplierT(null)Ccirrus,cs2000-cp"
Jun 29 03:06:46 h3ulcb systemd-udevd[342]: 2-004a: Device processed (SEQNUM=4191, ACTION=add)
Jun 29 03:06:46 h3ulcb systemd-udevd[331]: 2-0070: sd-device-monitor: Passed 351 byte to netlink monitor
Jun 29 03:06:46 h3ulcb systemd-udevd[339]: 2-0070: Processing device (SEQNUM=4194, ACTION=add)
Jun 29 03:06:46 h3ulcb systemd-udevd[368]: 2-004b: /usr/lib/udev/rules.d/80-drivers.rules:5 RUN 'kmod load '$env{MODALIAS}''
Jun 29 03:06:46 h3ulcb systemd-udevd[342]: 2-004a: sd-device-monitor: Passed 204 byte to netlink monitor
Jun 29 03:06:46 h3ulcb systemd-udevd[339]: 2-0070: /usr/lib/udev/rules.d/50-udev-default.rules:14 Importing properties from results of builtin command 'hwdb --subsystem=i2c'
Jun 29 03:06:46 h3ulcb systemd-udevd[331]: v4l-subdev4: Device is queued (SEQNUM=4195, ACTION=add)
Jun 29 03:06:46 h3ulcb systemd-udevd[339]: 2-0070: hwdb modalias key: "of:Nvideo-receiverT(null)Cadi,adv7481"
Jun 29 03:06:46 h3ulcb systemd-udevd[359]: 2-004f: No entry found from hwdb.
Jun 29 03:06:46 h3ulcb systemd-udevd[368]: 2-004b: Running built-in command "kmod load 'i2c:dummy'"
Jun 29 03:06:46 h3ulcb systemd-udevd[331]: v4l-subdev4: SEQNUM=4195 blocked by SEQNUM=4194
Jun 29 03:06:46 h3ulcb systemd-udevd[359]: 2-004f: /usr/lib/udev/rules.d/50-udev-default.rules:14 Failed to run builtin 'hwdb --subsystem=i2c': No data available
Jun 29 03:06:46 h3ulcb systemd-udevd[368]: Loading module: i2c:dummy
Jun 29 03:06:46 h3ulcb systemd-udevd[331]: v4l-subdev5: Device is queued (SEQNUM=4196, ACTION=add)
Jun 29 03:06:46 h3ulcb systemd-udevd[368]: Failed to find module 'i2c:dummy'
Jun 29 03:06:46 h3ulcb systemd-udevd[339]: 2-0070: No entry found from hwdb.
Jun 29 03:06:46 h3ulcb systemd-udevd[331]: v4l-subdev5: SEQNUM=4196 blocked by SEQNUM=4194
Jun 29 03:06:46 h3ulcb systemd-udevd[368]: 2-004b: Device processed (SEQNUM=4192, ACTION=add)
Jun 29 03:06:46 h3ulcb systemd-udevd[339]: 2-0070: /usr/lib/udev/rules.d/50-udev-default.rules:14 Failed to run builtin 'hwdb --subsystem=i2c': No data available
Jun 29 03:06:46 h3ulcb systemd-udevd[359]: 2-004f: /usr/lib/udev/rules.d/80-drivers.rules:5 RUN 'kmod load '$env{MODALIAS}''
Jun 29 03:06:46 h3ulcb systemd-udevd[368]: 2-004b: sd-device-monitor: Passed 204 byte to netlink monitor
Jun 29 03:06:46 h3ulcb systemd-udevd[331]: 2-0071: Device is queued (SEQNUM=4197, ACTION=add)
Jun 29 03:06:46 h3ulcb systemd-udevd[339]: 2-0070: /usr/lib/udev/rules.d/80-drivers.rules:5 RUN 'kmod load '$env{MODALIAS}''
Jun 29 03:06:46 h3ulcb systemd-udevd[331]: 2-0071: Device ready for processing (SEQNUM=4197, ACTION=add)
Jun 29 03:06:46 h3ulcb systemd-udevd[359]: 2-004f: Running built-in command "kmod load 'of:Nclk_multiplierT(null)Ccirrus,cs2000-cp'"
Jun 29 03:06:46 h3ulcb systemd-udevd[331]: 2-0071: sd-device-monitor: Passed 351 byte to netlink monitor
Jun 29 03:06:46 h3ulcb systemd-udevd[339]: 2-0070: Running built-in command "kmod load 'of:Nvideo-receiverT(null)Cadi,adv7481'"
Jun 29 03:06:46 h3ulcb systemd-udevd[342]: 2-0071: Processing device (SEQNUM=4197, ACTION=add)
Jun 29 03:06:46 h3ulcb systemd-udevd[359]: Loading module: of:Nclk_multiplierT(null)Ccirrus,cs2000-cp
Jun 29 03:06:46 h3ulcb systemd-udevd[339]: Loading module: of:Nvideo-receiverT(null)Cadi,adv7481
Jun 29 03:06:46 h3ulcb systemd-udevd[331]: v4l-subdev1: Device is queued (SEQNUM=4198, ACTION=add)
Jun 29 03:06:46 h3ulcb systemd-udevd[342]: 2-0071: /usr/lib/udev/rules.d/50-udev-default.rules:14 Importing properties from results of builtin command 'hwdb --subsystem=i2c'
Jun 29 03:06:46 h3ulcb systemd-udevd[331]: v4l-subdev1: SEQNUM=4198 blocked by SEQNUM=4197
Jun 29 03:06:46 h3ulcb systemd-udevd[342]: 2-0071: hwdb modalias key: "of:Nvideo-receiverT(null)Cadi,adv7481"
Jun 29 03:06:46 h3ulcb systemd-udevd[331]: v4l-subdev2: Device is queued (SEQNUM=4199, ACTION=add)
Jun 29 03:06:46 h3ulcb systemd-udevd[331]: v4l-subdev2: SEQNUM=4199 blocked by SEQNUM=4197
Jun 29 03:06:46 h3ulcb systemd-udevd[331]: 2-0078: Device is queued (SEQNUM=4200, ACTION=add)
Jun 29 03:06:46 h3ulcb systemd-udevd[331]: 2-0078: Device ready for processing (SEQNUM=4200, ACTION=add)
Jun 29 03:06:46 h3ulcb systemd-udevd[342]: 2-0071: No entry found from hwdb.
Jun 29 03:06:46 h3ulcb systemd-udevd[331]: 2-0078: sd-device-monitor: Passed 204 byte to netlink monitor
Jun 29 03:06:46 h3ulcb systemd-udevd[342]: 2-0071: /usr/lib/udev/rules.d/50-udev-default.rules:14 Failed to run builtin 'hwdb --subsystem=i2c': No data available
Jun 29 03:06:46 h3ulcb systemd-udevd[331]: 2-0079: Device is queued (SEQNUM=4201, ACTION=add)
Jun 29 03:06:46 h3ulcb systemd-udevd[367]: 2-0078: Processing device (SEQNUM=4200, ACTION=add)
Jun 29 03:06:46 h3ulcb systemd-udevd[331]: 2-0079: Device ready for processing (SEQNUM=4201, ACTION=add)
Jun 29 03:06:46 h3ulcb systemd-udevd[339]: Module 'uio_pdrv_genirq' is already loaded
Jun 29 03:06:46 h3ulcb systemd-udevd[342]: 2-0071: /usr/lib/udev/rules.d/80-drivers.rules:5 RUN 'kmod load '$env{MODALIAS}''
Jun 29 03:06:46 h3ulcb systemd-udevd[331]: 2-0079: sd-device-monitor: Passed 204 byte to netlink monitor
Jun 29 03:06:46 h3ulcb systemd-udevd[367]: 2-0078: /usr/lib/udev/rules.d/50-udev-default.rules:14 Importing properties from results of builtin command 'hwdb --subsystem=i2c'
Jun 29 03:06:46 h3ulcb systemd-udevd[375]: 2-0079: Processing device (SEQNUM=4201, ACTION=add)
Jun 29 03:06:46 h3ulcb systemd-udevd[339]: Module 'uio_pdrv_genirq' is already loaded
Jun 29 03:06:46 h3ulcb systemd-udevd[342]: 2-0071: Running built-in command "kmod load 'of:Nvideo-receiverT(null)Cadi,adv7481'"
Jun 29 03:06:46 h3ulcb systemd-udevd[367]: 2-0078: hwdb modalias key: "i2c:dummy"
Jun 29 03:06:46 h3ulcb systemd-udevd[331]: i2c-2: Device is queued (SEQNUM=4202, ACTION=add)
Jun 29 03:06:46 h3ulcb systemd-udevd[375]: 2-0079: /usr/lib/udev/rules.d/50-udev-default.rules:14 Importing properties from results of builtin command 'hwdb --subsystem=i2c'
Jun 29 03:06:46 h3ulcb systemd-udevd[339]: 2-0070: Device processed (SEQNUM=4194, ACTION=add)
Jun 29 03:06:46 h3ulcb systemd-udevd[342]: Loading module: of:Nvideo-receiverT(null)Cadi,adv7481
Jun 29 03:06:46 h3ulcb systemd-udevd[359]: Module 'uio_pdrv_genirq' is already loaded
Jun 29 03:06:46 h3ulcb systemd-udevd[331]: i2c-2: Device ready for processing (SEQNUM=4202, ACTION=add)
Jun 29 03:06:46 h3ulcb systemd-udevd[375]: 2-0079: hwdb modalias key: "i2c:dummy"
Jun 29 03:06:46 h3ulcb systemd-udevd[339]: 2-0070: sd-device-monitor: Passed 351 byte to netlink monitor
Jun 29 03:06:46 h3ulcb systemd-udevd[359]: Module 'uio_pdrv_genirq' is already loaded
Jun 29 03:06:46 h3ulcb systemd-udevd[331]: i2c-2: sd-device-monitor: Passed 219 byte to netlink monitor
Jun 29 03:06:46 h3ulcb systemd-udevd[367]: 2-0078: No entry found from hwdb.
Jun 29 03:06:46 h3ulcb systemd-udevd[368]: i2c-2: Processing device (SEQNUM=4202, ACTION=add)
Jun 29 03:06:46 h3ulcb systemd-udevd[359]: 2-004f: Device processed (SEQNUM=4193, ACTION=add)
Jun 29 03:06:46 h3ulcb systemd-udevd[331]: v4l-subdev4: Device ready for processing (SEQNUM=4195, ACTION=add)
Jun 29 03:06:46 h3ulcb systemd-udevd[339]: v4l-subdev4: Processing device (SEQNUM=4195, ACTION=add)
Jun 29 03:06:46 h3ulcb systemd-udevd[367]: 2-0078: /usr/lib/udev/rules.d/50-udev-default.rules:14 Failed to run builtin 'hwdb --subsystem=i2c': No data available
Jun 29 03:06:46 h3ulcb systemd-udevd[368]: i2c-2: Failed to get watch handle, ignoring: No such file or directory
Jun 29 03:06:46 h3ulcb systemd-udevd[359]: 2-004f: sd-device-monitor: Passed 363 byte to netlink monitor
Jun 29 03:06:46 h3ulcb systemd-udevd[331]: v4l-subdev4: sd-device-monitor: Passed 246 byte to netlink monitor
Jun 29 03:06:46 h3ulcb systemd-udevd[342]: Module 'uio_pdrv_genirq' is already loaded
Jun 29 03:06:46 h3ulcb systemd-udevd[375]: 2-0079: No entry found from hwdb.
Jun 29 03:06:46 h3ulcb systemd-udevd[339]: v4l-subdev4: Failed to get watch handle, ignoring: No such file or directory
Jun 29 03:06:46 h3ulcb systemd-udevd[367]: 2-0078: /usr/lib/udev/rules.d/80-drivers.rules:5 RUN 'kmod load '$env{MODALIAS}''
Jun 29 03:06:46 h3ulcb systemd-udevd[331]: v4l-subdev5: Device ready for processing (SEQNUM=4196, ACTION=add)
Jun 29 03:06:46 h3ulcb systemd-udevd[342]: Module 'uio_pdrv_genirq' is already loaded
Jun 29 03:06:46 h3ulcb systemd-udevd[375]: 2-0079: /usr/lib/udev/rules.d/50-udev-default.rules:14 Failed to run builtin 'hwdb --subsystem=i2c': No data available
Jun 29 03:06:46 h3ulcb systemd-udevd[339]: v4l-subdev4: /usr/lib/udev/rules.d/50-udev-default.rules:33 GROUP 44
Jun 29 03:06:46 h3ulcb systemd-udevd[331]: v4l-subdev5: sd-device-monitor: Passed 246 byte to netlink monitor
Jun 29 03:06:46 h3ulcb systemd-udevd[342]: 2-0071: Device processed (SEQNUM=4197, ACTION=add)
Jun 29 03:06:46 h3ulcb systemd-udevd[337]: v4l-subdev5: Processing device (SEQNUM=4196, ACTION=add)
Jun 29 03:06:46 h3ulcb systemd-udevd[367]: 2-0078: Running built-in command "kmod load 'i2c:dummy'"
Jun 29 03:06:46 h3ulcb systemd-udevd[339]: v4l-subdev4: /usr/lib/udev/rules.d/60-persistent-v4l.rules:7 Importing properties from results of 'v4l_id /dev/v4l-subdev4'
Jun 29 03:06:46 h3ulcb systemd-udevd[375]: 2-0079: /usr/lib/udev/rules.d/80-drivers.rules:5 RUN 'kmod load '$env{MODALIAS}''
Jun 29 03:06:46 h3ulcb systemd-udevd[342]: 2-0071: sd-device-monitor: Passed 351 byte to netlink monitor
Jun 29 03:06:46 h3ulcb systemd-udevd[337]: v4l-subdev5: Failed to get watch handle, ignoring: No such file or directory
Jun 29 03:06:46 h3ulcb systemd-udevd[368]: i2c-2: Preserve permissions of /dev/i2c-2, uid=0, gid=0, mode=0600
Jun 29 03:06:46 h3ulcb systemd-udevd[331]: e6540000.serial: Device is queued (SEQNUM=4203, ACTION=add)
Jun 29 03:06:46 h3ulcb systemd-udevd[367]: Loading module: i2c:dummy
Jun 29 03:06:46 h3ulcb systemd-udevd[339]: v4l-subdev4: Starting 'v4l_id /dev/v4l-subdev4'
Jun 29 03:06:46 h3ulcb systemd-udevd[375]: 2-0079: Running built-in command "kmod load 'i2c:dummy'"
Jun 29 03:06:46 h3ulcb systemd-udevd[337]: v4l-subdev5: /usr/lib/udev/rules.d/50-udev-default.rules:33 GROUP 44
Jun 29 03:06:46 h3ulcb systemd-udevd[368]: i2c-2: Handling device node '/dev/i2c-2', devnum=c89:2
Jun 29 03:06:46 h3ulcb systemd-udevd[331]: e6540000.serial: Device ready for processing (SEQNUM=4203, ACTION=add)
Jun 29 03:06:46 h3ulcb systemd-udevd[367]: Failed to find module 'i2c:dummy'
Jun 29 03:06:46 h3ulcb systemd-udevd[353]: e6540000.serial: Processing device (SEQNUM=4203, ACTION=add)
Jun 29 03:06:46 h3ulcb systemd-udevd[337]: v4l-subdev5: /usr/lib/udev/rules.d/60-persistent-v4l.rules:7 Importing properties from results of 'v4l_id /dev/v4l-subdev5'
Jun 29 03:06:46 h3ulcb systemd-udevd[353]: e6540000.serial: /usr/lib/udev/rules.d/50-udev-default.rules:14 Importing properties from results of builtin command 'hwdb --subsystem=platform'
Jun 29 03:06:46 h3ulcb systemd-udevd[339]: Successfully forked off '(spawn)' as PID 420.
Jun 29 03:06:46 h3ulcb systemd-udevd[368]: i2c-2: sd-device: Created empty file '/run/udev/data/c89:2' for '/devices/platform/soc/e6510000.i2c/i2c-2/i2c-dev/i2c-2'
Jun 29 03:06:46 h3ulcb systemd-udevd[367]: 2-0078: Device processed (SEQNUM=4200, ACTION=add)
Jun 29 03:06:46 h3ulcb systemd-udevd[375]: Loading module: i2c:dummy
Jun 29 03:06:46 h3ulcb systemd-udevd[337]: v4l-subdev5: Starting 'v4l_id /dev/v4l-subdev5'
Jun 29 03:06:46 h3ulcb systemd-udevd[331]: e6540000.serial: sd-device-monitor: Passed 461 byte to netlink monitor
Jun 29 03:06:46 h3ulcb systemd-udevd[353]: e6540000.serial: hwdb modalias key: "of:NserialT(null)Crenesas,hscif-r8a7795Crenesas,rcar-gen3-hscifCrenesas,hscif"
Jun 29 03:06:46 h3ulcb systemd-udevd[368]: i2c-2: Failed to get watch handle, ignoring: No such file or directory
Jun 29 03:06:46 h3ulcb systemd-udevd[337]: Successfully forked off '(spawn)' as PID 421.
Jun 29 03:06:46 h3ulcb systemd-udevd[375]: Failed to find module 'i2c:dummy'
Jun 29 03:06:46 h3ulcb systemd-udevd[331]: v4l-subdev1: Device ready for processing (SEQNUM=4198, ACTION=add)
Jun 29 03:06:46 h3ulcb systemd-udevd[368]: i2c-2: Device processed (SEQNUM=4202, ACTION=add)
Jun 29 03:06:46 h3ulcb systemd-udevd[367]: 2-0078: sd-device-monitor: Passed 204 byte to netlink monitor
Jun 29 03:06:46 h3ulcb systemd-udevd[353]: e6540000.serial: hwdb modalias key: "of:NsocT(null)Csimple-bus"
Jun 29 03:06:46 h3ulcb systemd-udevd[375]: 2-0079: Device processed (SEQNUM=4201, ACTION=add)
Jun 29 03:06:46 h3ulcb systemd-udevd[353]: e6540000.serial: No entry found from hwdb.
Jun 29 03:06:46 h3ulcb systemd-udevd[342]: v4l-subdev1: Processing device (SEQNUM=4198, ACTION=add)
Jun 29 03:06:46 h3ulcb systemd-udevd[368]: i2c-2: sd-device-monitor: Passed 219 byte to netlink monitor
Jun 29 03:06:46 h3ulcb systemd-udevd[375]: 2-0079: sd-device-monitor: Passed 204 byte to netlink monitor
Jun 29 03:06:46 h3ulcb systemd-udevd[331]: v4l-subdev1: sd-device-monitor: Passed 246 byte to netlink monitor
Jun 29 03:06:46 h3ulcb systemd-udevd[353]: e6540000.serial: /usr/lib/udev/rules.d/50-udev-default.rules:14 Failed to run builtin 'hwdb --subsystem=platform': No data available
Jun 29 03:06:46 h3ulcb systemd-udevd[353]: e6540000.serial: /usr/lib/udev/rules.d/60-drm.rules:3 Importing properties from results of builtin command 'path_id'
Jun 29 03:06:46 h3ulcb systemd-udevd[331]: v4l-subdev2: Device ready for processing (SEQNUM=4199, ACTION=add)
Jun 29 03:06:46 h3ulcb systemd-udevd[342]: v4l-subdev1: Failed to get watch handle, ignoring: No such file or directory
Jun 29 03:06:46 h3ulcb systemd-udevd[331]: v4l-subdev2: sd-device-monitor: Passed 246 byte to netlink monitor
Jun 29 03:06:46 h3ulcb systemd-udevd[353]: e6540000.serial: /usr/lib/udev/rules.d/80-drivers.rules:5 RUN 'kmod load '$env{MODALIAS}''
Jun 29 03:06:46 h3ulcb systemd-udevd[359]: v4l-subdev2: Processing device (SEQNUM=4199, ACTION=add)
Jun 29 03:06:46 h3ulcb systemd-udevd[342]: v4l-subdev1: /usr/lib/udev/rules.d/50-udev-default.rules:33 GROUP 44
Jun 29 03:06:46 h3ulcb systemd-udevd[359]: v4l-subdev2: Failed to get watch handle, ignoring: No such file or directory
Jun 29 03:06:46 h3ulcb systemd-udevd[331]: serial0: Device is queued (SEQNUM=4204, ACTION=add)
Jun 29 03:06:46 h3ulcb systemd-udevd[342]: v4l-subdev1: /usr/lib/udev/rules.d/60-persistent-v4l.rules:7 Importing properties from results of 'v4l_id /dev/v4l-subdev1'
Jun 29 03:06:46 h3ulcb systemd-udevd[331]: serial0: SEQNUM=4204 blocked by SEQNUM=4203
Jun 29 03:06:46 h3ulcb systemd-udevd[353]: e6540000.serial: sd-device: Created db file '/run/udev/data/+platform:e6540000.serial' for '/devices/platform/soc/e6540000.serial'
Jun 29 03:06:46 h3ulcb systemd-udevd[359]: v4l-subdev2: /usr/lib/udev/rules.d/50-udev-default.rules:33 GROUP 44
Jun 29 03:06:46 h3ulcb systemd-udevd[342]: v4l-subdev1: Starting 'v4l_id /dev/v4l-subdev1'
Jun 29 03:06:46 h3ulcb systemd-udevd[331]: serial0-0: Device is queued (SEQNUM=4205, ACTION=add)
Jun 29 03:06:46 h3ulcb systemd-udevd[359]: v4l-subdev2: /usr/lib/udev/rules.d/60-persistent-v4l.rules:7 Importing properties from results of 'v4l_id /dev/v4l-subdev2'
Jun 29 03:06:46 h3ulcb systemd-udevd[353]: e6540000.serial: Running built-in command "kmod load 'of:NserialT(null)Crenesas,hscif-r8a7795Crenesas,rcar-gen3-hscifCrenesas,hscif'"
Jun 29 03:06:46 h3ulcb systemd-udevd[331]: serial0-0: SEQNUM=4205 blocked by SEQNUM=4203
Jun 29 03:06:46 h3ulcb systemd-udevd[359]: v4l-subdev2: Starting 'v4l_id /dev/v4l-subdev2'
Jun 29 03:06:46 h3ulcb systemd-udevd[353]: Loading module: of:NserialT(null)Crenesas,hscif-r8a7795Crenesas,rcar-gen3-hscifCrenesas,hscif
Jun 29 03:06:46 h3ulcb systemd-udevd[342]: Successfully forked off '(spawn)' as PID 422.
Jun 29 03:06:46 h3ulcb systemd-udevd[331]: e6550000.serial: Device is queued (SEQNUM=4206, ACTION=add)
Jun 29 03:06:46 h3ulcb systemd-udevd[331]: e6550000.serial: Device ready for processing (SEQNUM=4206, ACTION=add)
Jun 29 03:06:46 h3ulcb systemd-udevd[331]: e6550000.serial: sd-device-monitor: Passed 461 byte to netlink monitor
Jun 29 03:06:46 h3ulcb systemd-udevd[367]: e6550000.serial: Processing device (SEQNUM=4206, ACTION=add)
Jun 29 03:06:46 h3ulcb systemd-udevd[359]: Successfully forked off '(spawn)' as PID 423.
Jun 29 03:06:46 h3ulcb systemd-udevd[331]: ttySC3: Device is queued (SEQNUM=4207, ACTION=add)
Jun 29 03:06:46 h3ulcb systemd-udevd[367]: e6550000.serial: /usr/lib/udev/rules.d/50-udev-default.rules:14 Importing properties from results of builtin command 'hwdb --subsystem=platform'
Jun 29 03:06:46 h3ulcb systemd-udevd[331]: ttySC3: SEQNUM=4207 blocked by SEQNUM=4206
Jun 29 03:06:46 h3ulcb systemd-udevd[367]: e6550000.serial: hwdb modalias key: "of:NserialT(null)Crenesas,hscif-r8a7795Crenesas,rcar-gen3-hscifCrenesas,hscif"
Jun 29 03:06:46 h3ulcb systemd-udevd[367]: e6550000.serial: hwdb modalias key: "of:NsocT(null)Csimple-bus"
Jun 29 03:06:46 h3ulcb systemd-udevd[331]: e6560000.serial: Device is queued (SEQNUM=4208, ACTION=add)
Jun 29 03:06:46 h3ulcb systemd-udevd[367]: e6550000.serial: No entry found from hwdb.
Jun 29 03:06:46 h3ulcb systemd-udevd[367]: e6550000.serial: /usr/lib/udev/rules.d/50-udev-default.rules:14 Failed to run builtin 'hwdb --subsystem=platform': No data available
Jun 29 03:06:46 h3ulcb systemd-udevd[353]: Module 'uio_pdrv_genirq' is already loaded
Jun 29 03:06:46 h3ulcb systemd-udevd[339]: v4l-subdev4: Process 'v4l_id /dev/v4l-subdev4' succeeded.
Jun 29 03:06:46 h3ulcb systemd-udevd[331]: e6560000.serial: Device ready for processing (SEQNUM=4208, ACTION=add)
Jun 29 03:06:46 h3ulcb systemd-udevd[367]: e6550000.serial: /usr/lib/udev/rules.d/60-drm.rules:3 Importing properties from results of builtin command 'path_id'
Jun 29 03:06:46 h3ulcb systemd-udevd[353]: Module 'uio_pdrv_genirq' is already loaded
Jun 29 03:06:46 h3ulcb systemd-udevd[331]: e6560000.serial: sd-device-monitor: Passed 461 byte to netlink monitor
Jun 29 03:06:46 h3ulcb systemd-udevd[375]: e6560000.serial: Processing device (SEQNUM=4208, ACTION=add)
Jun 29 03:06:46 h3ulcb systemd-udevd[331]: ttySC5: Device is queued (SEQNUM=4209, ACTION=add)
Jun 29 03:06:46 h3ulcb systemd-udevd[367]: e6550000.serial: /usr/lib/udev/rules.d/80-drivers.rules:5 RUN 'kmod load '$env{MODALIAS}''
Jun 29 03:06:46 h3ulcb systemd-udevd[353]: e6540000.serial: Device processed (SEQNUM=4203, ACTION=add)
Jun 29 03:06:46 h3ulcb systemd-udevd[331]: ttySC5: SEQNUM=4209 blocked by SEQNUM=4208
Jun 29 03:06:46 h3ulcb systemd-udevd[375]: e6560000.serial: /usr/lib/udev/rules.d/50-udev-default.rules:14 Importing properties from results of builtin command 'hwdb --subsystem=platform'
Jun 29 03:06:46 h3ulcb systemd-udevd[353]: e6540000.serial: sd-device-monitor: Passed 531 byte to netlink monitor
Jun 29 03:06:46 h3ulcb systemd-udevd[367]: e6550000.serial: sd-device: Created db file '/run/udev/data/+platform:e6550000.serial' for '/devices/platform/soc/e6550000.serial'
Jun 29 03:06:46 h3ulcb systemd-udevd[375]: e6560000.serial: hwdb modalias key: "of:NserialT(null)Crenesas,hscif-r8a7795Crenesas,rcar-gen3-hscifCrenesas,hscif"
Jun 29 03:06:46 h3ulcb systemd-udevd[331]: e6590000.usb: Device is queued (SEQNUM=4210, ACTION=add)
Jun 29 03:06:46 h3ulcb systemd-udevd[367]: e6550000.serial: Running built-in command "kmod load 'of:NserialT(null)Crenesas,hscif-r8a7795Crenesas,rcar-gen3-hscifCrenesas,hscif'"
Jun 29 03:06:46 h3ulcb systemd-udevd[339]: v4l-subdev4: /usr/lib/udev/rules.d/60-persistent-v4l.rules:16 Importing properties from results of builtin command 'path_id'
Jun 29 03:06:46 h3ulcb systemd-udevd[331]: e6590000.usb: Device ready for processing (SEQNUM=4210, ACTION=add)
Jun 29 03:06:46 h3ulcb systemd-udevd[375]: e6560000.serial: hwdb modalias key: "of:NsocT(null)Csimple-bus"
Jun 29 03:06:46 h3ulcb systemd-udevd[367]: Loading module: of:NserialT(null)Crenesas,hscif-r8a7795Crenesas,rcar-gen3-hscifCrenesas,hscif
Jun 29 03:06:46 h3ulcb systemd-udevd[331]: e6590000.usb: sd-device-monitor: Passed 393 byte to netlink monitor
Jun 29 03:06:46 h3ulcb systemd-udevd[368]: e6590000.usb: Processing device (SEQNUM=4210, ACTION=add)
Jun 29 03:06:46 h3ulcb systemd-udevd[339]: v4l-subdev4: /usr/lib/udev/rules.d/70-camera.rules:7 Importing properties from results of builtin command 'hwdb 'camera:usb:vp:name:adv748x 2-0070 hdmi:''
Jun 29 03:06:46 h3ulcb systemd-udevd[375]: e6560000.serial: No entry found from hwdb.
Jun 29 03:06:46 h3ulcb systemd-udevd[331]: serial0: Device ready for processing (SEQNUM=4204, ACTION=add)
Jun 29 03:06:46 h3ulcb systemd-udevd[368]: e6590000.usb: /usr/lib/udev/rules.d/50-udev-default.rules:14 Importing properties from results of builtin command 'hwdb --subsystem=platform'
Jun 29 03:06:46 h3ulcb systemd-udevd[339]: v4l-subdev4: No entry found from hwdb.
Jun 29 03:06:46 h3ulcb systemd-udevd[375]: e6560000.serial: /usr/lib/udev/rules.d/50-udev-default.rules:14 Failed to run builtin 'hwdb --subsystem=platform': No data available
Jun 29 03:06:46 h3ulcb systemd-udevd[331]: serial0: sd-device-monitor: Passed 366 byte to netlink monitor
Jun 29 03:06:46 h3ulcb kernel: CAN device driver interface
Jun 29 03:06:46 h3ulcb kernel: Bluetooth: Core ver 2.22
Jun 29 03:06:46 h3ulcb systemd-udevd[353]: serial0: Processing device (SEQNUM=4204, ACTION=add)
Jun 29 03:06:46 h3ulcb systemd-udevd[368]: e6590000.usb: hwdb modalias key: "of:NusbT(null)Crenesas,usbhs-r8a7795Crenesas,rcar-gen3-usbhs"
Jun 29 03:06:46 h3ulcb systemd-udevd[339]: v4l-subdev4: /usr/lib/udev/rules.d/70-camera.rules:7 Failed to run builtin 'hwdb 'camera:usb:vp:name:adv748x 2-0070 hdmi:'': No data available
Jun 29 03:06:46 h3ulcb systemd-udevd[368]: e6590000.usb: hwdb modalias key: "of:NsocT(null)Csimple-bus"
Jun 29 03:06:46 h3ulcb systemd-udevd[368]: e6590000.usb: No entry found from hwdb.
Jun 29 03:06:46 h3ulcb systemd-udevd[339]: v4l-subdev4: /usr/lib/udev/rules.d/73-seat-late.rules:16 RUN 'uaccess'
Jun 29 03:06:46 h3ulcb systemd-udevd[375]: e6560000.serial: /usr/lib/udev/rules.d/60-drm.rules:3 Importing properties from results of builtin command 'path_id'
Jun 29 03:06:46 h3ulcb systemd-udevd[375]: e6560000.serial: /usr/lib/udev/rules.d/80-drivers.rules:5 RUN 'kmod load '$env{MODALIAS}''
Jun 29 03:06:46 h3ulcb systemd-udevd[353]: serial0: Device processed (SEQNUM=4204, ACTION=add)
Jun 29 03:06:46 h3ulcb systemd-udevd[337]: v4l-subdev5: Process 'v4l_id /dev/v4l-subdev5' succeeded.
Jun 29 03:06:46 h3ulcb systemd-udevd[331]: serial0-0: SEQNUM=4205 blocked by SEQNUM=4204
Jun 29 03:06:46 h3ulcb systemd-udevd[353]: serial0: sd-device-monitor: Passed 366 byte to netlink monitor
Jun 29 03:06:46 h3ulcb systemd-udevd[339]: v4l-subdev4: Setting permissions /dev/v4l-subdev4, uid=0, gid=44, mode=0660
Jun 29 03:06:46 h3ulcb systemd-udevd[375]: e6560000.serial: sd-device: Created db file '/run/udev/data/+platform:e6560000.serial' for '/devices/platform/soc/e6560000.serial'
Jun 29 03:06:46 h3ulcb systemd-udevd[368]: e6590000.usb: /usr/lib/udev/rules.d/50-udev-default.rules:14 Failed to run builtin 'hwdb --subsystem=platform': No data available
Jun 29 03:06:46 h3ulcb systemd-udevd[339]: v4l-subdev4: Handling device node '/dev/v4l-subdev4', devnum=c81:4
Jun 29 03:06:46 h3ulcb systemd-udevd[331]: e6590000.usb: Device is queued (SEQNUM=4211, ACTION=add)
Jun 29 03:06:46 h3ulcb systemd-udevd[375]: e6560000.serial: Running built-in command "kmod load 'of:NserialT(null)Crenesas,hscif-r8a7795Crenesas,rcar-gen3-hscifCrenesas,hscif'"
Jun 29 03:06:46 h3ulcb systemd-udevd[368]: e6590000.usb: /usr/lib/udev/rules.d/60-drm.rules:3 Importing properties from results of builtin command 'path_id'
Jun 29 03:06:46 h3ulcb systemd-udevd[337]: v4l-subdev5: /usr/lib/udev/rules.d/60-persistent-v4l.rules:16 Importing properties from results of builtin command 'path_id'
Jun 29 03:06:46 h3ulcb systemd-udevd[337]: v4l-subdev5: /usr/lib/udev/rules.d/70-camera.rules:7 Importing properties from results of builtin command 'hwdb 'camera:usb:vp:name:adv748x 2-0070 txa:''
Jun 29 03:06:46 h3ulcb systemd-udevd[375]: Loading module: of:NserialT(null)Crenesas,hscif-r8a7795Crenesas,rcar-gen3-hscifCrenesas,hscif
Jun 29 03:06:46 h3ulcb systemd-udevd[339]: v4l-subdev4: sd-device: Created db file '/run/udev/data/c81:4' for '/devices/platform/soc/e6510000.i2c/i2c-2/2-0070/video4linux/v4l-subdev4'
Jun 29 03:06:46 h3ulcb systemd-udevd[331]: e6590000.usb: SEQNUM=4211 blocked by SEQNUM=4210
Jun 29 03:06:46 h3ulcb systemd-udevd[367]: Module 'uio_pdrv_genirq' is already loaded
Jun 29 03:06:46 h3ulcb systemd-udevd[337]: v4l-subdev5: No entry found from hwdb.
Jun 29 03:06:46 h3ulcb systemd-udevd[368]: e6590000.usb: /usr/lib/udev/rules.d/80-drivers.rules:5 RUN 'kmod load '$env{MODALIAS}''
Jun 29 03:06:46 h3ulcb systemd-udevd[339]: v4l-subdev4: Running built-in command "uaccess"
Jun 29 03:06:46 h3ulcb systemd-udevd[331]: serial0-0: Device ready for processing (SEQNUM=4205, ACTION=add)
Jun 29 03:06:46 h3ulcb systemd-udevd[331]: serial0-0: sd-device-monitor: Passed 334 byte to netlink monitor
Jun 29 03:06:46 h3ulcb systemd-udevd[337]: v4l-subdev5: /usr/lib/udev/rules.d/70-camera.rules:7 Failed to run builtin 'hwdb 'camera:usb:vp:name:adv748x 2-0070 txa:'': No data available
Jun 29 03:06:46 h3ulcb systemd-udevd[339]: v4l-subdev4: Failed to apply ACL: Operation not supported
Jun 29 03:06:46 h3ulcb systemd-udevd[367]: Module 'uio_pdrv_genirq' is already loaded
Jun 29 03:06:46 h3ulcb systemd-udevd[353]: serial0-0: Processing device (SEQNUM=4205, ACTION=add)
Jun 29 03:06:46 h3ulcb systemd-udevd[368]: e6590000.usb: sd-device: Created db file '/run/udev/data/+platform:e6590000.usb' for '/devices/platform/soc/e6590000.usb'
Jun 29 03:06:46 h3ulcb systemd-udevd[339]: v4l-subdev4: Failed to run built-in command "uaccess", ignoring: Operation not supported
Jun 29 03:06:46 h3ulcb systemd-udevd[331]: e659c000.usb: Device is queued (SEQNUM=4212, ACTION=add)
Jun 29 03:06:46 h3ulcb systemd-udevd[367]: e6550000.serial: Device processed (SEQNUM=4206, ACTION=add)
Jun 29 03:06:46 h3ulcb systemd-udevd[337]: v4l-subdev5: /usr/lib/udev/rules.d/73-seat-late.rules:16 RUN 'uaccess'
Jun 29 03:06:46 h3ulcb systemd-udevd[353]: serial0-0: /usr/lib/udev/rules.d/50-udev-default.rules:14 Importing properties from results of builtin command 'hwdb --subsystem=serial'
Jun 29 03:06:46 h3ulcb systemd-udevd[368]: e6590000.usb: Running built-in command "kmod load 'of:NusbT(null)Crenesas,usbhs-r8a7795Crenesas,rcar-gen3-usbhs'"
Jun 29 03:06:46 h3ulcb systemd-udevd[375]: Module 'uio_pdrv_genirq' is already loaded
Jun 29 03:06:46 h3ulcb systemd-udevd[339]: v4l-subdev4: Failed to get watch handle, ignoring: No such file or directory
Jun 29 03:06:46 h3ulcb systemd-udevd[331]: e659c000.usb: Device ready for processing (SEQNUM=4212, ACTION=add)
Jun 29 03:06:46 h3ulcb systemd-udevd[367]: e6550000.serial: sd-device-monitor: Passed 531 byte to netlink monitor
Jun 29 03:06:46 h3ulcb systemd-udevd[353]: serial0-0: hwdb modalias key: "of:NbluetoothT(null)Cti,wl1837-st"
Jun 29 03:06:46 h3ulcb systemd-udevd[368]: Loading module: of:NusbT(null)Crenesas,usbhs-r8a7795Crenesas,rcar-gen3-usbhs
Jun 29 03:06:46 h3ulcb systemd-udevd[337]: v4l-subdev5: Setting permissions /dev/v4l-subdev5, uid=0, gid=44, mode=0660
Jun 29 03:06:46 h3ulcb systemd-udevd[375]: Module 'uio_pdrv_genirq' is already loaded
Jun 29 03:06:46 h3ulcb systemd-udevd[339]: v4l-subdev4: Device processed (SEQNUM=4195, ACTION=add)
Jun 29 03:06:46 h3ulcb systemd-udevd[342]: v4l-subdev1: Process 'v4l_id /dev/v4l-subdev1' succeeded.
Jun 29 03:06:46 h3ulcb systemd-udevd[359]: v4l-subdev2: Process 'v4l_id /dev/v4l-subdev2' succeeded.
Jun 29 03:06:46 h3ulcb systemd-udevd[331]: e659c000.usb: sd-device-monitor: Passed 393 byte to netlink monitor
Jun 29 03:06:46 h3ulcb systemd-udevd[336]: e659c000.usb: Processing device (SEQNUM=4212, ACTION=add)
Jun 29 03:06:46 h3ulcb systemd-udevd[337]: v4l-subdev5: Handling device node '/dev/v4l-subdev5', devnum=c81:5
Jun 29 03:06:46 h3ulcb systemd-udevd[375]: e6560000.serial: Device processed (SEQNUM=4208, ACTION=add)
Jun 29 03:06:46 h3ulcb systemd-udevd[339]: v4l-subdev4: sd-device-monitor: Passed 404 byte to netlink monitor
Jun 29 03:06:46 h3ulcb systemd-udevd[353]: serial0-0: No entry found from hwdb.
Jun 29 03:06:46 h3ulcb systemd-udevd[331]: ttySC3: Device ready for processing (SEQNUM=4207, ACTION=add)
Jun 29 03:06:46 h3ulcb systemd-udevd[367]: ttySC3: Processing device (SEQNUM=4207, ACTION=add)
Jun 29 03:06:46 h3ulcb systemd-udevd[375]: e6560000.serial: sd-device-monitor: Passed 531 byte to netlink monitor
Jun 29 03:06:46 h3ulcb systemd-udevd[337]: v4l-subdev5: sd-device: Created db file '/run/udev/data/c81:5' for '/devices/platform/soc/e6510000.i2c/i2c-2/2-0070/video4linux/v4l-subdev5'
Jun 29 03:06:46 h3ulcb systemd-udevd[353]: serial0-0: /usr/lib/udev/rules.d/50-udev-default.rules:14 Failed to run builtin 'hwdb --subsystem=serial': No data available
Jun 29 03:06:46 h3ulcb systemd-udevd[342]: v4l-subdev1: /usr/lib/udev/rules.d/60-persistent-v4l.rules:16 Importing properties from results of builtin command 'path_id'
Jun 29 03:06:46 h3ulcb systemd-udevd[331]: ttySC3: sd-device-monitor: Passed 212 byte to netlink monitor
Jun 29 03:06:46 h3ulcb systemd-udevd[336]: e659c000.usb: /usr/lib/udev/rules.d/50-udev-default.rules:14 Importing properties from results of builtin command 'hwdb --subsystem=platform'
Jun 29 03:06:46 h3ulcb systemd-udevd[367]: ttySC3: Failed to get watch handle, ignoring: No such file or directory
Jun 29 03:06:46 h3ulcb systemd-udevd[337]: v4l-subdev5: Running built-in command "uaccess"
Jun 29 03:06:46 h3ulcb systemd-udevd[359]: v4l-subdev2: /usr/lib/udev/rules.d/60-persistent-v4l.rules:16 Importing properties from results of builtin command 'path_id'
Jun 29 03:06:46 h3ulcb systemd-udevd[342]: v4l-subdev1: /usr/lib/udev/rules.d/70-camera.rules:7 Importing properties from results of builtin command 'hwdb 'camera:usb:vp:name:adv748x 2-0071 hdmi:''
Jun 29 03:06:46 h3ulcb systemd-udevd[353]: serial0-0: /usr/lib/udev/rules.d/80-drivers.rules:5 RUN 'kmod load '$env{MODALIAS}''
Jun 29 03:06:46 h3ulcb systemd-udevd[331]: e659c000.usb: Device is queued (SEQNUM=4213, ACTION=add)
Jun 29 03:06:46 h3ulcb systemd-udevd[368]: Module 'uio_pdrv_genirq' is already loaded
Jun 29 03:06:46 h3ulcb systemd-udevd[337]: v4l-subdev5: Failed to apply ACL: Operation not supported
Jun 29 03:06:46 h3ulcb systemd-udevd[342]: v4l-subdev1: No entry found from hwdb.
Jun 29 03:06:46 h3ulcb systemd-udevd[359]: v4l-subdev2: /usr/lib/udev/rules.d/70-camera.rules:7 Importing properties from results of builtin command 'hwdb 'camera:usb:vp:name:adv748x 2-0071 txa:''
Jun 29 03:06:46 h3ulcb systemd-udevd[331]: e659c000.usb: SEQNUM=4213 blocked by SEQNUM=4212
Jun 29 03:06:46 h3ulcb systemd-udevd[331]: ttySC5: Device ready for processing (SEQNUM=4209, ACTION=add)
Jun 29 03:06:46 h3ulcb systemd-udevd[353]: serial0-0: Running built-in command "kmod load 'of:NbluetoothT(null)Cti,wl1837-st'"
Jun 29 03:06:46 h3ulcb systemd-udevd[368]: Module 'uio_pdrv_genirq' is already loaded
Jun 29 03:06:46 h3ulcb systemd-udevd[367]: ttySC3: /usr/lib/udev/rules.d/50-udev-default.rules:26 GROUP 20
Jun 29 03:06:46 h3ulcb systemd-udevd[337]: v4l-subdev5: Failed to run built-in command "uaccess", ignoring: Operation not supported
Jun 29 03:06:46 h3ulcb systemd-udevd[342]: v4l-subdev1: /usr/lib/udev/rules.d/70-camera.rules:7 Failed to run builtin 'hwdb 'camera:usb:vp:name:adv748x 2-0071 hdmi:'': No data available
Jun 29 03:06:46 h3ulcb systemd-udevd[359]: v4l-subdev2: No entry found from hwdb.
Jun 29 03:06:46 h3ulcb systemd-udevd[336]: e659c000.usb: hwdb modalias key: "of:NusbT(null)Crenesas,usbhs-r8a7795Crenesas,rcar-gen3-usbhs"
Jun 29 03:06:46 h3ulcb systemd-udevd[342]: v4l-subdev1: /usr/lib/udev/rules.d/73-seat-late.rules:16 RUN 'uaccess'
Jun 29 03:06:46 h3ulcb systemd-udevd[353]: Loading module: of:NbluetoothT(null)Cti,wl1837-st
Jun 29 03:06:46 h3ulcb systemd-udevd[339]: ttySC5: Processing device (SEQNUM=4209, ACTION=add)
Jun 29 03:06:46 h3ulcb systemd-udevd[368]: e6590000.usb: Device processed (SEQNUM=4210, ACTION=add)
Jun 29 03:06:46 h3ulcb systemd-udevd[337]: v4l-subdev5: Failed to get watch handle, ignoring: No such file or directory
Jun 29 03:06:46 h3ulcb systemd-udevd[359]: v4l-subdev2: /usr/lib/udev/rules.d/70-camera.rules:7 Failed to run builtin 'hwdb 'camera:usb:vp:name:adv748x 2-0071 txa:'': No data available
Jun 29 03:06:46 h3ulcb systemd-udevd[367]: ttySC3: Setting permissions /dev/ttySC3, uid=0, gid=20, mode=0660
Jun 29 03:06:46 h3ulcb systemd-udevd[331]: ttySC5: sd-device-monitor: Passed 212 byte to netlink monitor
Jun 29 03:06:46 h3ulcb systemd-udevd[336]: e659c000.usb: hwdb modalias key: "of:NsocT(null)Csimple-bus"
Jun 29 03:06:46 h3ulcb systemd-udevd[342]: v4l-subdev1: Setting permissions /dev/v4l-subdev1, uid=0, gid=44, mode=0660
Jun 29 03:06:46 h3ulcb systemd-udevd[339]: ttySC5: Failed to get watch handle, ignoring: No such file or directory
Jun 29 03:06:46 h3ulcb systemd-udevd[368]: e6590000.usb: sd-device-monitor: Passed 457 byte to netlink monitor
Jun 29 03:06:46 h3ulcb systemd-udevd[337]: v4l-subdev5: Device processed (SEQNUM=4196, ACTION=add)
Jun 29 03:06:46 h3ulcb systemd-udevd[367]: ttySC3: Handling device node '/dev/ttySC3', devnum=c204:11
Jun 29 03:06:46 h3ulcb systemd-udevd[331]: e65a0000.dma-controller: Device is queued (SEQNUM=4214, ACTION=add)
Jun 29 03:06:46 h3ulcb systemd-udevd[359]: v4l-subdev2: /usr/lib/udev/rules.d/73-seat-late.rules:16 RUN 'uaccess'
Jun 29 03:06:46 h3ulcb systemd-udevd[342]: v4l-subdev1: Handling device node '/dev/v4l-subdev1', devnum=c81:1
Jun 29 03:06:46 h3ulcb systemd-udevd[336]: e659c000.usb: No entry found from hwdb.
Jun 29 03:06:46 h3ulcb systemd-udevd[353]: Module 'uio_pdrv_genirq' is already loaded
Jun 29 03:06:46 h3ulcb systemd-udevd[337]: v4l-subdev5: sd-device-monitor: Passed 404 byte to netlink monitor
Jun 29 03:06:46 h3ulcb systemd-udevd[331]: e65a0000.dma-controller: Device ready for processing (SEQNUM=4214, ACTION=add)
Jun 29 03:06:46 h3ulcb systemd-udevd[367]: ttySC3: sd-device: Created db file '/run/udev/data/c204:11' for '/devices/platform/soc/e6550000.serial/tty/ttySC3'
Jun 29 03:06:46 h3ulcb systemd-udevd[336]: e659c000.usb: /usr/lib/udev/rules.d/50-udev-default.rules:14 Failed to run builtin 'hwdb --subsystem=platform': No data available
Jun 29 03:06:46 h3ulcb systemd-udevd[336]: e659c000.usb: /usr/lib/udev/rules.d/60-drm.rules:3 Importing properties from results of builtin command 'path_id'
Jun 29 03:06:46 h3ulcb systemd-udevd[353]: Module 'uio_pdrv_genirq' is already loaded
Jun 29 03:06:46 h3ulcb systemd-udevd[359]: v4l-subdev2: Setting permissions /dev/v4l-subdev2, uid=0, gid=44, mode=0660
