Jun 29 03:06:47 h3ulcb systemd-udevd[331]: fe940000.fdpm: Device ready for processing (SEQNUM=4518, ACTION=add)
Jun 29 03:06:47 h3ulcb systemd-udevd[434]: v4l-subdev13: sd-device: Created db file '/run/udev/data/c81:27' for '/devices/platform/soc/fe920000.vsp/video4linux/v4l-subdev13'
Jun 29 03:06:47 h3ulcb systemd-udevd[375]: fe920000.vspm: hwdb modalias key: "of:NvspmT(null)Crenesas,vspm"
Jun 29 03:06:47 h3ulcb systemd-udevd[437]: v4l-subdev6: Preserve permissions of /dev/v4l-subdev6, uid=0, gid=44, mode=0660
Jun 29 03:06:47 h3ulcb systemd-udevd[342]: video13: 'v4l_id /dev/video13'(out) 'ID_V4L_PRODUCT=fe920000.vsp wpf.0 output'
Jun 29 03:06:47 h3ulcb systemd-udevd[344]: video12: 'v4l_id /dev/video12'(out) 'ID_V4L_PRODUCT=fe920000.vsp rpf.4 input'
Jun 29 03:06:47 h3ulcb systemd-udevd[436]: mmcblk0p1: /run/udev/links/disk\x2fby-uuid\x2fb62a5cf4-7fc9-4cf8-8951-322194aec530 is modified, but its timestamp is not changed, updating timestamp after 10ms.
Jun 29 03:06:47 h3ulcb systemd-udevd[363]: video11: 'v4l_id /dev/video11'(out) 'ID_V4L_CAPABILITIES=:video_output:'
Jun 29 03:06:47 h3ulcb systemd-udevd[433]: video10: 'v4l_id /dev/video10'(out) 'ID_V4L_PRODUCT=fe920000.vsp rpf.2 input'
Jun 29 03:06:47 h3ulcb systemd-udevd[336]: v4l-subdev7: Failed to run built-in command "uaccess", ignoring: Operation not supported
Jun 29 03:06:47 h3ulcb systemd-udevd[368]: v4l-subdev9: Preserve permissions of /dev/v4l-subdev9, uid=0, gid=44, mode=0660
Jun 29 03:06:47 h3ulcb systemd-udevd[341]: v4l-subdev11: sd-device-monitor: Passed 393 byte to netlink monitor
Jun 29 03:06:47 h3ulcb systemd-udevd[331]: fe940000.fdpm: sd-device-monitor: Passed 310 byte to netlink monitor
Jun 29 03:06:47 h3ulcb systemd-udevd[434]: v4l-subdev13: Running built-in command "uaccess"
Jun 29 03:06:47 h3ulcb systemd-udevd[435]: fe940000.fdpm: Processing device (SEQNUM=4518, ACTION=add)
Jun 29 03:06:47 h3ulcb systemd-udevd[437]: v4l-subdev6: Handling device node '/dev/v4l-subdev6', devnum=c81:20
Jun 29 03:06:47 h3ulcb systemd-udevd[375]: fe920000.vspm: hwdb modalias key: "of:NsocT(null)Csimple-bus"
Jun 29 03:06:47 h3ulcb systemd-udevd[342]: video13: 'v4l_id /dev/video13'(out) 'ID_V4L_CAPABILITIES=:capture:'
Jun 29 03:06:47 h3ulcb systemd-udevd[344]: video12: 'v4l_id /dev/video12'(out) 'ID_V4L_CAPABILITIES=:video_output:'
Jun 29 03:06:47 h3ulcb systemd-udevd[343]: Successfully forked off '(spawn)' as PID 523.
Jun 29 03:06:47 h3ulcb systemd-udevd[363]: video11: Process 'v4l_id /dev/video11' succeeded.
Jun 29 03:06:47 h3ulcb systemd-udevd[433]: video10: 'v4l_id /dev/video10'(out) 'ID_V4L_CAPABILITIES=:video_output:'
Jun 29 03:06:47 h3ulcb systemd-udevd[336]: v4l-subdev7: Failed to get watch handle, ignoring: No such file or directory
Jun 29 03:06:47 h3ulcb systemd-udevd[368]: v4l-subdev9: Handling device node '/dev/v4l-subdev9', devnum=c81:23
Jun 29 03:06:47 h3ulcb systemd-udevd[331]: fe944000.fdpm: Device is queued (SEQNUM=4519, ACTION=add)
Jun 29 03:06:47 h3ulcb systemd-udevd[434]: v4l-subdev13: Failed to apply ACL: Operation not supported
Jun 29 03:06:47 h3ulcb systemd-udevd[375]: fe920000.vspm: No entry found from hwdb.
Jun 29 03:06:47 h3ulcb systemd-udevd[342]: video13: Process 'v4l_id /dev/video13' succeeded.
Jun 29 03:06:47 h3ulcb systemd-udevd[435]: fe940000.fdpm: /usr/lib/udev/rules.d/50-udev-default.rules:14 Importing properties from results of builtin command 'hwdb --subsystem=platform'
Jun 29 03:06:47 h3ulcb systemd-udevd[344]: video12: Process 'v4l_id /dev/video12' succeeded.
Jun 29 03:06:47 h3ulcb systemd-udevd[437]: v4l-subdev6: sd-device: Created db file '/run/udev/data/c81:20' for '/devices/platform/soc/fe920000.vsp/video4linux/v4l-subdev6'
Jun 29 03:06:47 h3ulcb systemd-udevd[440]: mmcblk0p2: /run/udev/links/disk\x2fby-label\x2fpanasonic_navi is modified, but its timestamp is not changed, updating timestamp after 10ms.
Jun 29 03:06:47 h3ulcb systemd-udevd[433]: video10: Process 'v4l_id /dev/video10' succeeded.
Jun 29 03:06:47 h3ulcb systemd-udevd[337]: event0: Process 'libinput-fuzz-extract /sys/devices/platform/soc/ee000000.usb/usb9/9-1/9-1.4/9-1.4:1.0/0003:222A:0141.0001/input/input0/event0' succeeded.
Jun 29 03:06:47 h3ulcb systemd-udevd[336]: v4l-subdev7: Device processed (SEQNUM=4508, ACTION=add)
Jun 29 03:06:47 h3ulcb systemd-udevd[336]: v4l-subdev7: sd-device-monitor: Passed 391 byte to netlink monitor
Jun 29 03:06:47 h3ulcb systemd-udevd[434]: v4l-subdev13: Failed to run built-in command "uaccess", ignoring: Operation not supported
Jun 29 03:06:47 h3ulcb systemd-udevd[363]: video11: /usr/lib/udev/rules.d/60-persistent-v4l.rules:16 Importing properties from results of builtin command 'path_id'
Jun 29 03:06:47 h3ulcb systemd-udevd[368]: v4l-subdev9: sd-device: Created db file '/run/udev/data/c81:23' for '/devices/platform/soc/fe920000.vsp/video4linux/v4l-subdev9'
Jun 29 03:06:47 h3ulcb systemd-udevd[375]: fe920000.vspm: /usr/lib/udev/rules.d/50-udev-default.rules:14 Failed to run builtin 'hwdb --subsystem=platform': No data available
Jun 29 03:06:47 h3ulcb systemd-udevd[335]: mmcblk1p1: /run/udev/links/disk\x2fby-label\x2froot is modified, but its timestamp is not changed, updating timestamp after 10ms.
Jun 29 03:06:47 h3ulcb systemd-udevd[437]: v4l-subdev6: Running built-in command "uaccess"
Jun 29 03:06:47 h3ulcb systemd-udevd[342]: video13: /usr/lib/udev/rules.d/60-persistent-v4l.rules:16 Importing properties from results of builtin command 'path_id'
Jun 29 03:06:47 h3ulcb systemd-udevd[337]: event0: /usr/lib/udev/rules.d/90-libinput-fuzz-override.rules:25 RUN 'libinput-fuzz-to-zero %S%p'
Jun 29 03:06:47 h3ulcb systemd-udevd[331]: fe944000.fdpm: Device ready for processing (SEQNUM=4519, ACTION=add)
Jun 29 03:06:47 h3ulcb systemd-udevd[434]: v4l-subdev13: Failed to get watch handle, ignoring: No such file or directory
Jun 29 03:06:47 h3ulcb systemd-udevd[344]: video12: /usr/lib/udev/rules.d/60-persistent-v4l.rules:16 Importing properties from results of builtin command 'path_id'
Jun 29 03:06:47 h3ulcb systemd-udevd[363]: video11: /usr/lib/udev/rules.d/60-persistent-v4l.rules:17 LINK 'v4l/by-path/platform-fe920000.vsp-video-index3'
Jun 29 03:06:47 h3ulcb systemd-udevd[368]: v4l-subdev9: Running built-in command "uaccess"
Jun 29 03:06:47 h3ulcb systemd-udevd[433]: video10: /usr/lib/udev/rules.d/60-persistent-v4l.rules:16 Importing properties from results of builtin command 'path_id'
Jun 29 03:06:47 h3ulcb systemd-udevd[433]: video10: /usr/lib/udev/rules.d/60-persistent-v4l.rules:17 LINK 'v4l/by-path/platform-fe920000.vsp-video-index2'
Jun 29 03:06:47 h3ulcb systemd-udevd[435]: fe940000.fdpm: hwdb modalias key: "of:NfdpmT(null)Crenesas,fdpm"
Jun 29 03:06:47 h3ulcb systemd-udevd[437]: v4l-subdev6: Failed to apply ACL: Operation not supported
Jun 29 03:06:47 h3ulcb systemd-udevd[342]: video13: /usr/lib/udev/rules.d/60-persistent-v4l.rules:17 LINK 'v4l/by-path/platform-fe920000.vsp-video-index5'
Jun 29 03:06:47 h3ulcb systemd-udevd[342]: video13: /usr/lib/udev/rules.d/70-camera.rules:7 Importing properties from results of builtin command 'hwdb 'camera:usb:vp:name:fe920000.vsp wpf.0 output:''
Jun 29 03:06:47 h3ulcb systemd-udevd[434]: v4l-subdev13: Device processed (SEQNUM=4504, ACTION=add)
Jun 29 03:06:47 h3ulcb systemd-udevd[341]: fe944000.fdpm: Processing device (SEQNUM=4519, ACTION=add)
Jun 29 03:06:47 h3ulcb systemd-udevd[344]: video12: /usr/lib/udev/rules.d/60-persistent-v4l.rules:17 LINK 'v4l/by-path/platform-fe920000.vsp-video-index4'
Jun 29 03:06:47 h3ulcb systemd-udevd[363]: video11: /usr/lib/udev/rules.d/70-camera.rules:7 Importing properties from results of builtin command 'hwdb 'camera:usb:vp:name:fe920000.vsp rpf.3 input:''
Jun 29 03:06:47 h3ulcb systemd-udevd[341]: fe944000.fdpm: /usr/lib/udev/rules.d/50-udev-default.rules:14 Importing properties from results of builtin command 'hwdb --subsystem=platform'
Jun 29 03:06:47 h3ulcb systemd-udevd[337]: event0: Setting permissions /dev/input/event0, uid=0, gid=19, mode=0660
Jun 29 03:06:47 h3ulcb systemd-udevd[375]: fe920000.vspm: /usr/lib/udev/rules.d/60-drm.rules:3 Importing properties from results of builtin command 'path_id'
Jun 29 03:06:47 h3ulcb systemd-udevd[433]: video10: /usr/lib/udev/rules.d/70-camera.rules:7 Importing properties from results of builtin command 'hwdb 'camera:usb:vp:name:fe920000.vsp rpf.2 input:''
Jun 29 03:06:47 h3ulcb systemd-udevd[437]: v4l-subdev6: Failed to run built-in command "uaccess", ignoring: Operation not supported
Jun 29 03:06:47 h3ulcb systemd-udevd[331]: fe944000.fdpm: sd-device-monitor: Passed 310 byte to netlink monitor
Jun 29 03:06:47 h3ulcb systemd-udevd[342]: video13: No entry found from hwdb.
Jun 29 03:06:47 h3ulcb systemd-udevd[435]: fe940000.fdpm: hwdb modalias key: "of:NsocT(null)Csimple-bus"
Jun 29 03:06:47 h3ulcb systemd-udevd[360]: video8: 'v4l_id /dev/video8'(out) 'ID_V4L_VERSION=2'
Jun 29 03:06:47 h3ulcb systemd-udevd[434]: v4l-subdev13: sd-device-monitor: Passed 393 byte to netlink monitor
Jun 29 03:06:47 h3ulcb systemd-udevd[363]: video11: No entry found from hwdb.
Jun 29 03:06:47 h3ulcb systemd-udevd[344]: video12: /usr/lib/udev/rules.d/70-camera.rules:7 Importing properties from results of builtin command 'hwdb 'camera:usb:vp:name:fe920000.vsp rpf.4 input:''
Jun 29 03:06:47 h3ulcb systemd-udevd[368]: v4l-subdev9: Failed to apply ACL: Operation not supported
Jun 29 03:06:47 h3ulcb systemd-udevd[341]: fe944000.fdpm: hwdb modalias key: "of:NfdpmT(null)Crenesas,fdpm"
Jun 29 03:06:47 h3ulcb systemd-udevd[337]: event0: Handling device node '/dev/input/event0', devnum=c13:64
Jun 29 03:06:47 h3ulcb systemd-udevd[375]: fe920000.vspm: /usr/lib/udev/rules.d/80-drivers.rules:5 RUN 'kmod load '$env{MODALIAS}''
Jun 29 03:06:47 h3ulcb systemd-udevd[433]: video10: No entry found from hwdb.
Jun 29 03:06:47 h3ulcb systemd-udevd[437]: v4l-subdev6: Failed to get watch handle, ignoring: No such file or directory
Jun 29 03:06:47 h3ulcb systemd-udevd[342]: video13: /usr/lib/udev/rules.d/70-camera.rules:7 Failed to run builtin 'hwdb 'camera:usb:vp:name:fe920000.vsp wpf.0 output:'': No data available
Jun 29 03:06:47 h3ulcb systemd-udevd[343]: video9: 'v4l_id /dev/video9'(out) 'ID_V4L_VERSION=2'
Jun 29 03:06:47 h3ulcb systemd-udevd[360]: video8: 'v4l_id /dev/video8'(out) 'ID_V4L_PRODUCT=fe920000.vsp rpf.0 input'
Jun 29 03:06:47 h3ulcb systemd-udevd[331]: fe960000.vsp: Device is queued (SEQNUM=4520, ACTION=add)
Jun 29 03:06:47 h3ulcb systemd-udevd[435]: fe940000.fdpm: No entry found from hwdb.
Jun 29 03:06:47 h3ulcb systemd-udevd[363]: video11: /usr/lib/udev/rules.d/70-camera.rules:7 Failed to run builtin 'hwdb 'camera:usb:vp:name:fe920000.vsp rpf.3 input:'': No data available
Jun 29 03:06:47 h3ulcb systemd-udevd[344]: video12: No entry found from hwdb.
Jun 29 03:06:47 h3ulcb systemd-udevd[368]: v4l-subdev9: Failed to run built-in command "uaccess", ignoring: Operation not supported
Jun 29 03:06:47 h3ulcb systemd-udevd[436]: mmcblk0p1: /run/udev/links/disk\x2fby-path\x2fplatform-ee140000.mmc-part1 is modified, but its timestamp is not changed, updating timestamp after 10ms.
Jun 29 03:06:47 h3ulcb systemd-udevd[337]: event0: /run/udev/links/input\x2fby-id\x2fusb-ILITEK_ILITEK-TP_V06.00.00.05-event-if00 is modified, but its timestamp is not changed, updating timestamp after 10ms.
Jun 29 03:06:47 h3ulcb systemd-udevd[433]: video10: /usr/lib/udev/rules.d/70-camera.rules:7 Failed to run builtin 'hwdb 'camera:usb:vp:name:fe920000.vsp rpf.2 input:'': No data available
Jun 29 03:06:47 h3ulcb systemd-udevd[341]: fe944000.fdpm: hwdb modalias key: "of:NsocT(null)Csimple-bus"
Jun 29 03:06:47 h3ulcb systemd-udevd[437]: v4l-subdev6: Device processed (SEQNUM=4507, ACTION=add)
Jun 29 03:06:47 h3ulcb systemd-udevd[375]: fe920000.vspm: sd-device: Created db file '/run/udev/data/+platform:fe920000.vspm' for '/devices/platform/soc/fe920000.vspm'
Jun 29 03:06:47 h3ulcb systemd-udevd[343]: video9: 'v4l_id /dev/video9'(out) 'ID_V4L_PRODUCT=fe920000.vsp rpf.1 input'
Jun 29 03:06:47 h3ulcb systemd-udevd[360]: video8: 'v4l_id /dev/video8'(out) 'ID_V4L_CAPABILITIES=:video_output:'
Jun 29 03:06:47 h3ulcb systemd-udevd[342]: video13: /usr/lib/udev/rules.d/73-seat-late.rules:16 RUN 'uaccess'
Jun 29 03:06:47 h3ulcb systemd-udevd[331]: fe960000.vsp: Device ready for processing (SEQNUM=4520, ACTION=add)
Jun 29 03:06:47 h3ulcb systemd-udevd[435]: fe940000.fdpm: /usr/lib/udev/rules.d/50-udev-default.rules:14 Failed to run builtin 'hwdb --subsystem=platform': No data available
Jun 29 03:06:47 h3ulcb systemd-udevd[344]: video12: /usr/lib/udev/rules.d/70-camera.rules:7 Failed to run builtin 'hwdb 'camera:usb:vp:name:fe920000.vsp rpf.4 input:'': No data available
Jun 29 03:06:47 h3ulcb systemd-udevd[368]: v4l-subdev9: Failed to get watch handle, ignoring: No such file or directory
Jun 29 03:06:47 h3ulcb systemd-udevd[363]: video11: /usr/lib/udev/rules.d/73-seat-late.rules:16 RUN 'uaccess'
Jun 29 03:06:47 h3ulcb systemd-udevd[437]: v4l-subdev6: sd-device-monitor: Passed 391 byte to netlink monitor
Jun 29 03:06:47 h3ulcb systemd-udevd[341]: fe944000.fdpm: No entry found from hwdb.
Jun 29 03:06:47 h3ulcb systemd-udevd[375]: fe920000.vspm: Running built-in command "kmod load 'of:NvspmT(null)Crenesas,vspm'"
Jun 29 03:06:47 h3ulcb systemd-udevd[433]: video10: /usr/lib/udev/rules.d/73-seat-late.rules:16 RUN 'uaccess'
Jun 29 03:06:47 h3ulcb systemd-udevd[343]: video9: 'v4l_id /dev/video9'(out) 'ID_V4L_CAPABILITIES=:video_output:'
Jun 29 03:06:47 h3ulcb systemd-udevd[360]: video8: Process 'v4l_id /dev/video8' succeeded.
Jun 29 03:06:47 h3ulcb systemd-udevd[331]: fe960000.vsp: sd-device-monitor: Passed 312 byte to netlink monitor
Jun 29 03:06:47 h3ulcb systemd-udevd[342]: video13: Preserve permissions of /dev/video13, uid=0, gid=44, mode=0660
Jun 29 03:06:47 h3ulcb systemd-udevd[336]: fe960000.vsp: Processing device (SEQNUM=4520, ACTION=add)
Jun 29 03:06:47 h3ulcb systemd-udevd[435]: fe940000.fdpm: /usr/lib/udev/rules.d/60-drm.rules:3 Importing properties from results of builtin command 'path_id'
Jun 29 03:06:47 h3ulcb systemd-udevd[368]: v4l-subdev9: Device processed (SEQNUM=4510, ACTION=add)
Jun 29 03:06:47 h3ulcb systemd-udevd[344]: video12: /usr/lib/udev/rules.d/73-seat-late.rules:16 RUN 'uaccess'
Jun 29 03:06:47 h3ulcb systemd-udevd[440]: mmcblk0p2: /run/udev/links/disk\x2fby-id\x2fmmc-CJUD4R_0xe0555fef-part2 is modified, but its timestamp is not changed, updating timestamp after 10ms.
Jun 29 03:06:47 h3ulcb systemd-udevd[363]: video11: Preserve permissions of /dev/video11, uid=0, gid=44, mode=0660
Jun 29 03:06:47 h3ulcb systemd-udevd[341]: fe944000.fdpm: /usr/lib/udev/rules.d/50-udev-default.rules:14 Failed to run builtin 'hwdb --subsystem=platform': No data available
Jun 29 03:06:47 h3ulcb systemd-udevd[375]: Loading module: of:NvspmT(null)Crenesas,vspm
Jun 29 03:06:47 h3ulcb systemd-udevd[343]: video9: Process 'v4l_id /dev/video9' succeeded.
Jun 29 03:06:47 h3ulcb systemd-udevd[433]: video10: Preserve permissions of /dev/video10, uid=0, gid=44, mode=0660
Jun 29 03:06:47 h3ulcb systemd-udevd[342]: video13: Handling device node '/dev/video13', devnum=c81:19
Jun 29 03:06:47 h3ulcb systemd-udevd[331]: media2: Device is queued (SEQNUM=4521, ACTION=add)
Jun 29 03:06:47 h3ulcb systemd-udevd[368]: v4l-subdev9: sd-device-monitor: Passed 391 byte to netlink monitor
Jun 29 03:06:47 h3ulcb systemd-udevd[360]: video8: /usr/lib/udev/rules.d/60-persistent-v4l.rules:16 Importing properties from results of builtin command 'path_id'
Jun 29 03:06:47 h3ulcb systemd-udevd[435]: fe940000.fdpm: /usr/lib/udev/rules.d/80-drivers.rules:5 RUN 'kmod load '$env{MODALIAS}''
Jun 29 03:06:47 h3ulcb systemd-udevd[336]: fe960000.vsp: /usr/lib/udev/rules.d/50-udev-default.rules:14 Importing properties from results of builtin command 'hwdb --subsystem=platform'
Jun 29 03:06:47 h3ulcb systemd-udevd[335]: mmcblk1p1: /run/udev/links/disk\x2fby-id\x2fmmc-LX32G_0x4123d950-part1 is modified, but its timestamp is not changed, updating timestamp after 10ms.
Jun 29 03:06:47 h3ulcb systemd-udevd[363]: video11: Handling device node '/dev/video11', devnum=c81:17
Jun 29 03:06:47 h3ulcb systemd-udevd[344]: video12: Preserve permissions of /dev/video12, uid=0, gid=44, mode=0660
Jun 29 03:06:47 h3ulcb systemd-udevd[341]: fe944000.fdpm: /usr/lib/udev/rules.d/60-drm.rules:3 Importing properties from results of builtin command 'path_id'
Jun 29 03:06:47 h3ulcb systemd-udevd[433]: video10: Handling device node '/dev/video10', devnum=c81:16
Jun 29 03:06:47 h3ulcb systemd-udevd[331]: media2: SEQNUM=4521 blocked by SEQNUM=4520
Jun 29 03:06:47 h3ulcb systemd-udevd[342]: video13: sd-device: Created db file '/run/udev/data/c81:19' for '/devices/platform/soc/fe920000.vsp/video4linux/video13'
Jun 29 03:06:47 h3ulcb systemd-udevd[360]: video8: /usr/lib/udev/rules.d/60-persistent-v4l.rules:17 LINK 'v4l/by-path/platform-fe920000.vsp-video-index0'
Jun 29 03:06:47 h3ulcb systemd-udevd[343]: video9: /usr/lib/udev/rules.d/60-persistent-v4l.rules:16 Importing properties from results of builtin command 'path_id'
Jun 29 03:06:47 h3ulcb systemd-udevd[331]: v4l-subdev16: Device is queued (SEQNUM=4522, ACTION=add)
Jun 29 03:06:47 h3ulcb systemd-udevd[375]: Module 'uio_pdrv_genirq' is already loaded
Jun 29 03:06:47 h3ulcb systemd-udevd[435]: fe940000.fdpm: sd-device: Created db file '/run/udev/data/+platform:fe940000.fdpm' for '/devices/platform/soc/fe940000.fdpm'
Jun 29 03:06:47 h3ulcb systemd-udevd[344]: video12: Handling device node '/dev/video12', devnum=c81:18
Jun 29 03:06:47 h3ulcb systemd-udevd[363]: video11: sd-device: Created db file '/run/udev/data/c81:17' for '/devices/platform/soc/fe920000.vsp/video4linux/video11'
Jun 29 03:06:47 h3ulcb systemd-udevd[341]: fe944000.fdpm: /usr/lib/udev/rules.d/80-drivers.rules:5 RUN 'kmod load '$env{MODALIAS}''
Jun 29 03:06:47 h3ulcb systemd-udevd[342]: video13: Running built-in command "uaccess"
Jun 29 03:06:47 h3ulcb systemd-udevd[360]: video8: /usr/lib/udev/rules.d/70-camera.rules:7 Importing properties from results of builtin command 'hwdb 'camera:usb:vp:name:fe920000.vsp rpf.0 input:''
Jun 29 03:06:47 h3ulcb systemd-udevd[344]: video12: sd-device: Created db file '/run/udev/data/c81:18' for '/devices/platform/soc/fe920000.vsp/video4linux/video12'
Jun 29 03:06:47 h3ulcb systemd-udevd[336]: fe960000.vsp: hwdb modalias key: "of:NvspT(null)Crenesas,vspm-vsp2"
Jun 29 03:06:47 h3ulcb systemd-udevd[343]: video9: /usr/lib/udev/rules.d/60-persistent-v4l.rules:17 LINK 'v4l/by-path/platform-fe920000.vsp-video-index1'
Jun 29 03:06:47 h3ulcb systemd-udevd[331]: v4l-subdev16: SEQNUM=4522 blocked by SEQNUM=4520
Jun 29 03:06:47 h3ulcb systemd-udevd[375]: Module 'uio_pdrv_genirq' is already loaded
Jun 29 03:06:47 h3ulcb systemd-udevd[435]: fe940000.fdpm: Running built-in command "kmod load 'of:NfdpmT(null)Crenesas,fdpm'"
Jun 29 03:06:47 h3ulcb systemd-udevd[363]: video11: Running built-in command "uaccess"
Jun 29 03:06:47 h3ulcb systemd-udevd[342]: video13: Failed to apply ACL: Operation not supported
Jun 29 03:06:47 h3ulcb systemd-udevd[360]: video8: No entry found from hwdb.
Jun 29 03:06:47 h3ulcb systemd-udevd[433]: video10: sd-device: Created db file '/run/udev/data/c81:16' for '/devices/platform/soc/fe920000.vsp/video4linux/video10'
Jun 29 03:06:47 h3ulcb systemd-udevd[344]: video12: Running built-in command "uaccess"
Jun 29 03:06:47 h3ulcb systemd-udevd[341]: fe944000.fdpm: sd-device: Created db file '/run/udev/data/+platform:fe944000.fdpm' for '/devices/platform/soc/fe944000.fdpm'
Jun 29 03:06:47 h3ulcb systemd-udevd[343]: video9: /usr/lib/udev/rules.d/70-camera.rules:7 Importing properties from results of builtin command 'hwdb 'camera:usb:vp:name:fe920000.vsp rpf.1 input:''
Jun 29 03:06:47 h3ulcb systemd-udevd[375]: fe920000.vspm: Device processed (SEQNUM=4517, ACTION=add)
Jun 29 03:06:47 h3ulcb systemd-udevd[336]: fe960000.vsp: hwdb modalias key: "of:NsocT(null)Csimple-bus"
Jun 29 03:06:47 h3ulcb systemd-udevd[435]: Loading module: of:NfdpmT(null)Crenesas,fdpm
Jun 29 03:06:47 h3ulcb systemd-udevd[436]: mmcblk0p1: sd-device: Created db file '/run/udev/data/b179:1' for '/devices/platform/soc/ee140000.mmc/mmc_host/mmc0/mmc0:0001/block/mmcblk0/mmcblk0p1'
Jun 29 03:06:47 h3ulcb systemd-udevd[363]: video11: Failed to apply ACL: Operation not supported
Jun 29 03:06:47 h3ulcb systemd-udevd[342]: video13: Failed to run built-in command "uaccess", ignoring: Operation not supported
Jun 29 03:06:47 h3ulcb systemd-udevd[360]: video8: /usr/lib/udev/rules.d/70-camera.rules:7 Failed to run builtin 'hwdb 'camera:usb:vp:name:fe920000.vsp rpf.0 input:'': No data available
Jun 29 03:06:47 h3ulcb systemd-udevd[433]: video10: Running built-in command "uaccess"
Jun 29 03:06:47 h3ulcb systemd-udevd[344]: video12: Failed to apply ACL: Operation not supported
Jun 29 03:06:47 h3ulcb systemd-udevd[341]: fe944000.fdpm: Running built-in command "kmod load 'of:NfdpmT(null)Crenesas,fdpm'"
Jun 29 03:06:47 h3ulcb systemd-udevd[343]: video9: No entry found from hwdb.
Jun 29 03:06:47 h3ulcb systemd-udevd[375]: fe920000.vspm: sd-device-monitor: Passed 375 byte to netlink monitor
Jun 29 03:06:47 h3ulcb systemd-udevd[337]: event0: /run/udev/links/input\x2fby-path\x2fplatform-ee000000.usb-usb-0:1.4:1.0-event is modified, but its timestamp is not changed, updating timestamp after 10ms.
Jun 29 03:06:47 h3ulcb systemd-udevd[331]: v4l-subdev17: Device is queued (SEQNUM=4523, ACTION=add)
Jun 29 03:06:47 h3ulcb systemd-udevd[436]: mmcblk0p1: Adding watch on '/dev/mmcblk0p1'
Jun 29 03:06:47 h3ulcb systemd-udevd[336]: fe960000.vsp: No entry found from hwdb.
Jun 29 03:06:47 h3ulcb systemd-udevd[363]: video11: Failed to run built-in command "uaccess", ignoring: Operation not supported
Jun 29 03:06:47 h3ulcb systemd-udevd[342]: video13: Failed to get watch handle, ignoring: No such file or directory
Jun 29 03:06:47 h3ulcb systemd-udevd[433]: video10: Failed to apply ACL: Operation not supported
Jun 29 03:06:47 h3ulcb systemd-udevd[344]: video12: Failed to run built-in command "uaccess", ignoring: Operation not supported
Jun 29 03:06:47 h3ulcb systemd-udevd[360]: video8: /usr/lib/udev/rules.d/73-seat-late.rules:16 RUN 'uaccess'
Jun 29 03:06:47 h3ulcb systemd-udevd[341]: Loading module: of:NfdpmT(null)Crenesas,fdpm
Jun 29 03:06:47 h3ulcb systemd-udevd[343]: video9: /usr/lib/udev/rules.d/70-camera.rules:7 Failed to run builtin 'hwdb 'camera:usb:vp:name:fe920000.vsp rpf.1 input:'': No data available
Jun 29 03:06:47 h3ulcb systemd-udevd[331]: v4l-subdev17: SEQNUM=4523 blocked by SEQNUM=4520
Jun 29 03:06:47 h3ulcb systemd-udevd[336]: fe960000.vsp: /usr/lib/udev/rules.d/50-udev-default.rules:14 Failed to run builtin 'hwdb --subsystem=platform': No data available
Jun 29 03:06:47 h3ulcb systemd-udevd[436]: mmcblk0p1: Device processed (SEQNUM=4475, ACTION=add)
Jun 29 03:06:47 h3ulcb systemd-udevd[436]: mmcblk0p1: sd-device-monitor: Passed 1087 byte to netlink monitor
Jun 29 03:06:47 h3ulcb systemd-udevd[342]: video13: Device processed (SEQNUM=4514, ACTION=add)
Jun 29 03:06:47 h3ulcb systemd-udevd[433]: video10: Failed to run built-in command "uaccess", ignoring: Operation not supported
Jun 29 03:06:47 h3ulcb systemd-udevd[344]: video12: Failed to get watch handle, ignoring: No such file or directory
Jun 29 03:06:47 h3ulcb systemd-udevd[360]: video8: Preserve permissions of /dev/video8, uid=0, gid=44, mode=0660
Jun 29 03:06:47 h3ulcb systemd-udevd[336]: fe960000.vsp: /usr/lib/udev/rules.d/60-drm.rules:3 Importing properties from results of builtin command 'path_id'
Jun 29 03:06:47 h3ulcb systemd-udevd[331]: v4l-subdev18: Device is queued (SEQNUM=4524, ACTION=add)
Jun 29 03:06:47 h3ulcb systemd-udevd[440]: mmcblk0p2: /run/udev/links/disk\x2fby-uuid\x2f7536c307-ffc2-4c92-9503-a0a039abf925 is modified, but its timestamp is not changed, updating timestamp after 10ms.
Jun 29 03:06:47 h3ulcb systemd-udevd[363]: video11: Failed to get watch handle, ignoring: No such file or directory
Jun 29 03:06:47 h3ulcb systemd-udevd[343]: video9: /usr/lib/udev/rules.d/73-seat-late.rules:16 RUN 'uaccess'
Jun 29 03:06:47 h3ulcb systemd-udevd[435]: Module 'uio_pdrv_genirq' is already loaded
Jun 29 03:06:47 h3ulcb systemd-udevd[342]: video13: sd-device-monitor: Passed 533 byte to netlink monitor
Jun 29 03:06:47 h3ulcb systemd-udevd[433]: video10: Failed to get watch handle, ignoring: No such file or directory
Jun 29 03:06:47 h3ulcb systemd-udevd[344]: video12: Device processed (SEQNUM=4513, ACTION=add)
Jun 29 03:06:47 h3ulcb systemd-udevd[360]: video8: Handling device node '/dev/video8', devnum=c81:14
Jun 29 03:06:47 h3ulcb systemd-udevd[331]: v4l-subdev18: SEQNUM=4524 blocked by SEQNUM=4520
Jun 29 03:06:47 h3ulcb systemd-udevd[335]: mmcblk1p1: sd-device: Created db file '/run/udev/data/b179:97' for '/devices/platform/soc/ee100000.mmc/mmc_host/mmc1/mmc1:59b4/block/mmcblk1/mmcblk1p1'
Jun 29 03:06:47 h3ulcb systemd-udevd[341]: Module 'uio_pdrv_genirq' is already loaded
Jun 29 03:06:47 h3ulcb systemd-udevd[435]: Module 'uio_pdrv_genirq' is already loaded
Jun 29 03:06:47 h3ulcb systemd-udevd[433]: video10: Device processed (SEQNUM=4511, ACTION=add)
Jun 29 03:06:47 h3ulcb systemd-udevd[343]: video9: Preserve permissions of /dev/video9, uid=0, gid=44, mode=0660
Jun 29 03:06:47 h3ulcb systemd-udevd[344]: video12: sd-device-monitor: Passed 537 byte to netlink monitor
Jun 29 03:06:47 h3ulcb systemd-udevd[336]: fe960000.vsp: /usr/lib/udev/rules.d/80-drivers.rules:5 RUN 'kmod load '$env{MODALIAS}''
Jun 29 03:06:47 h3ulcb systemd-udevd[335]: mmcblk1p1: Adding watch on '/dev/mmcblk1p1'
Jun 29 03:06:47 h3ulcb systemd-udevd[363]: video11: Device processed (SEQNUM=4512, ACTION=add)
Jun 29 03:06:47 h3ulcb systemd-udevd[360]: video8: sd-device: Created db file '/run/udev/data/c81:14' for '/devices/platform/soc/fe920000.vsp/video4linux/video8'
Jun 29 03:06:47 h3ulcb systemd-udevd[341]: Module 'uio_pdrv_genirq' is already loaded
Jun 29 03:06:47 h3ulcb systemd-udevd[435]: fe940000.fdpm: Device processed (SEQNUM=4518, ACTION=add)
Jun 29 03:06:47 h3ulcb systemd-udevd[435]: fe940000.fdpm: sd-device-monitor: Passed 375 byte to netlink monitor
Jun 29 03:06:47 h3ulcb systemd-udevd[433]: video10: sd-device-monitor: Passed 536 byte to netlink monitor
Jun 29 03:06:47 h3ulcb systemd-udevd[343]: video9: Handling device node '/dev/video9', devnum=c81:15
Jun 29 03:06:47 h3ulcb systemd-udevd[335]: mmcblk1p1: Device processed (SEQNUM=4468, ACTION=add)
Jun 29 03:06:47 h3ulcb systemd-udevd[363]: video11: sd-device-monitor: Passed 537 byte to netlink monitor
Jun 29 03:06:47 h3ulcb systemd-udevd[360]: video8: Running built-in command "uaccess"
Jun 29 03:06:47 h3ulcb systemd-udevd[336]: fe960000.vsp: sd-device: Created db file '/run/udev/data/+platform:fe960000.vsp' for '/devices/platform/soc/fe960000.vsp'
Jun 29 03:06:47 h3ulcb systemd-udevd[343]: video9: sd-device: Created db file '/run/udev/data/c81:15' for '/devices/platform/soc/fe920000.vsp/video4linux/video9'
Jun 29 03:06:47 h3ulcb systemd-udevd[331]: v4l-subdev19: Device is queued (SEQNUM=4525, ACTION=add)
Jun 29 03:06:47 h3ulcb systemd-udevd[335]: mmcblk1p1: sd-device-monitor: Passed 1147 byte to netlink monitor
Jun 29 03:06:47 h3ulcb systemd-udevd[360]: video8: Failed to apply ACL: Operation not supported
Jun 29 03:06:47 h3ulcb systemd-udevd[336]: fe960000.vsp: Running built-in command "kmod load 'of:NvspT(null)Crenesas,vspm-vsp2'"
Jun 29 03:06:47 h3ulcb systemd-udevd[341]: fe944000.fdpm: Device processed (SEQNUM=4519, ACTION=add)
Jun 29 03:06:47 h3ulcb systemd-udevd[341]: fe944000.fdpm: sd-device-monitor: Passed 375 byte to netlink monitor
Jun 29 03:06:47 h3ulcb systemd-udevd[331]: v4l-subdev19: SEQNUM=4525 blocked by SEQNUM=4520
Jun 29 03:06:47 h3ulcb systemd-udevd[360]: video8: Failed to run built-in command "uaccess", ignoring: Operation not supported
Jun 29 03:06:47 h3ulcb systemd-udevd[336]: Loading module: of:NvspT(null)Crenesas,vspm-vsp2
Jun 29 03:06:47 h3ulcb systemd-udevd[343]: video9: Running built-in command "uaccess"
Jun 29 03:06:47 h3ulcb systemd-udevd[360]: video8: Failed to get watch handle, ignoring: No such file or directory
Jun 29 03:06:47 h3ulcb systemd-udevd[343]: video9: Failed to apply ACL: Operation not supported
Jun 29 03:06:47 h3ulcb systemd-udevd[360]: video8: Device processed (SEQNUM=4515, ACTION=add)
Jun 29 03:06:47 h3ulcb systemd-udevd[343]: video9: Failed to run built-in command "uaccess", ignoring: Operation not supported
Jun 29 03:06:47 h3ulcb systemd-udevd[331]: v4l-subdev20: Device is queued (SEQNUM=4526, ACTION=add)
Jun 29 03:06:47 h3ulcb systemd-udevd[360]: video8: sd-device-monitor: Passed 535 byte to netlink monitor
Jun 29 03:06:47 h3ulcb systemd-udevd[343]: video9: Failed to get watch handle, ignoring: No such file or directory
Jun 29 03:06:47 h3ulcb systemd-udevd[331]: v4l-subdev20: SEQNUM=4526 blocked by SEQNUM=4520
Jun 29 03:06:47 h3ulcb systemd-udevd[343]: video9: Device processed (SEQNUM=4516, ACTION=add)
Jun 29 03:06:47 h3ulcb systemd-udevd[343]: video9: sd-device-monitor: Passed 535 byte to netlink monitor
Jun 29 03:06:47 h3ulcb systemd-udevd[331]: v4l-subdev21: Device is queued (SEQNUM=4527, ACTION=add)
Jun 29 03:06:47 h3ulcb systemd-udevd[331]: v4l-subdev21: SEQNUM=4527 blocked by SEQNUM=4520
Jun 29 03:06:47 h3ulcb systemd-udevd[331]: v4l-subdev22: Device is queued (SEQNUM=4528, ACTION=add)
Jun 29 03:06:47 h3ulcb systemd-udevd[331]: v4l-subdev22: SEQNUM=4528 blocked by SEQNUM=4520
Jun 29 03:06:47 h3ulcb systemd[1]: dev-disk-by\x2duuid-b62a5cf4\x2d7fc9\x2d4cf8\x2d8951\x2d322194aec530.device: Changed dead -> plugged
Jun 29 03:06:47 h3ulcb systemd[1]: dev-disk-by\x2dpath-platform\x2dee140000.mmc\x2dpart1.device: Changed dead -> plugged
Jun 29 03:06:47 h3ulcb systemd[1]: dev-disk-by\x2dpartuuid-6a130b0e\x2d01.device: Changed dead -> plugged
Jun 29 03:06:47 h3ulcb systemd-udevd[331]: video14: Device is queued (SEQNUM=4529, ACTION=add)
Jun 29 03:06:47 h3ulcb systemd[1]: dev-disk-by\x2did-mmc\x2dCJUD4R_0xe0555fef\x2dpart1.device: Changed dead -> plugged
Jun 29 03:06:47 h3ulcb systemd-udevd[331]: video14: SEQNUM=4529 blocked by SEQNUM=4520
Jun 29 03:06:47 h3ulcb systemd[1]: dev-mmcblk0p1.device: Changed dead -> plugged
Jun 29 03:06:47 h3ulcb systemd-udevd[331]: video15: Device is queued (SEQNUM=4530, ACTION=add)
Jun 29 03:06:47 h3ulcb systemd[1]: sys-devices-platform-soc-ee140000.mmc-mmc_host-mmc0-mmc0:0001-block-mmcblk0-mmcblk0p1.device: Changed dead -> plugged
Jun 29 03:06:47 h3ulcb systemd-udevd[337]: event0: sd-device: Created db file '/run/udev/data/c13:64' for '/devices/platform/soc/ee000000.usb/usb9/9-1/9-1.4/9-1.4:1.0/0003:222A:0141.0001/input/input0/event0'
Jun 29 03:06:47 h3ulcb systemd-udevd[331]: video15: SEQNUM=4530 blocked by SEQNUM=4520
Jun 29 03:06:47 h3ulcb systemd-udevd[336]: Module 'uio_pdrv_genirq' is already loaded
Jun 29 03:06:47 h3ulcb systemd-udevd[337]: event0: Running command "libinput-fuzz-to-zero /sys/devices/platform/soc/ee000000.usb/usb9/9-1/9-1.4/9-1.4:1.0/0003:222A:0141.0001/input/input0/event0"
Jun 29 03:06:47 h3ulcb systemd-udevd[336]: Module 'uio_pdrv_genirq' is already loaded
Jun 29 03:06:47 h3ulcb systemd-udevd[331]: video16: Device is queued (SEQNUM=4531, ACTION=add)
Jun 29 03:06:47 h3ulcb systemd-udevd[337]: event0: Starting 'libinput-fuzz-to-zero /sys/devices/platform/soc/ee000000.usb/usb9/9-1/9-1.4/9-1.4:1.0/0003:222A:0141.0001/input/input0/event0'
Jun 29 03:06:47 h3ulcb systemd-udevd[336]: Module 'vsp2' is already loaded
Jun 29 03:06:47 h3ulcb systemd-udevd[331]: video16: SEQNUM=4531 blocked by SEQNUM=4520
Jun 29 03:06:47 h3ulcb systemd-udevd[336]: fe960000.vsp: Device processed (SEQNUM=4520, ACTION=add)
Jun 29 03:06:47 h3ulcb systemd-udevd[331]: video17: Device is queued (SEQNUM=4532, ACTION=add)
Jun 29 03:06:47 h3ulcb systemd-udevd[336]: fe960000.vsp: sd-device-monitor: Passed 376 byte to netlink monitor
Jun 29 03:06:47 h3ulcb systemd-udevd[331]: video17: SEQNUM=4532 blocked by SEQNUM=4520
Jun 29 03:06:47 h3ulcb systemd-udevd[337]: Successfully forked off '(spawn)' as PID 526.
Jun 29 03:06:47 h3ulcb systemd-udevd[331]: media2: Device ready for processing (SEQNUM=4521, ACTION=add)
Jun 29 03:06:47 h3ulcb systemd-udevd[331]: media2: sd-device-monitor: Passed 206 byte to netlink monitor
Jun 29 03:06:47 h3ulcb systemd-udevd[331]: v4l-subdev16: Device ready for processing (SEQNUM=4522, ACTION=add)
Jun 29 03:06:47 h3ulcb systemd-udevd[435]: media2: Processing device (SEQNUM=4521, ACTION=add)
Jun 29 03:06:47 h3ulcb systemd-udevd[331]: v4l-subdev16: sd-device-monitor: Passed 236 byte to netlink monitor
Jun 29 03:06:47 h3ulcb systemd-udevd[440]: mmcblk0p2: /run/udev/links/disk\x2fby-partuuid\x2f6a130b0e-02 is modified, but its timestamp is not changed, updating timestamp after 10ms.
Jun 29 03:06:47 h3ulcb systemd-udevd[433]: v4l-subdev16: Processing device (SEQNUM=4522, ACTION=add)
Jun 29 03:06:47 h3ulcb systemd-udevd[435]: media2: Failed to get watch handle, ignoring: No such file or directory
Jun 29 03:06:47 h3ulcb systemd-udevd[331]: v4l-subdev17: Device ready for processing (SEQNUM=4523, ACTION=add)
Jun 29 03:06:47 h3ulcb systemd-udevd[433]: v4l-subdev16: Failed to get watch handle, ignoring: No such file or directory
Jun 29 03:06:47 h3ulcb systemd-udevd[331]: v4l-subdev17: sd-device-monitor: Passed 236 byte to netlink monitor
Jun 29 03:06:47 h3ulcb systemd-udevd[435]: media2: /usr/lib/udev/rules.d/50-udev-default.rules:37 GROUP 44
Jun 29 03:06:47 h3ulcb systemd-udevd[437]: v4l-subdev17: Processing device (SEQNUM=4523, ACTION=add)
Jun 29 03:06:47 h3ulcb systemd-udevd[331]: v4l-subdev18: Device ready for processing (SEQNUM=4524, ACTION=add)
Jun 29 03:06:47 h3ulcb systemd-udevd[433]: v4l-subdev16: /usr/lib/udev/rules.d/50-udev-default.rules:33 GROUP 44
Jun 29 03:06:47 h3ulcb systemd-udevd[437]: v4l-subdev17: Failed to get watch handle, ignoring: No such file or directory
Jun 29 03:06:47 h3ulcb systemd-udevd[435]: media2: /usr/lib/udev/rules.d/71-seat.rules:74 Importing properties from results of builtin command 'path_id'
Jun 29 03:06:47 h3ulcb systemd-udevd[331]: v4l-subdev18: sd-device-monitor: Passed 236 byte to netlink monitor
Jun 29 03:06:47 h3ulcb systemd-udevd[336]: v4l-subdev18: Processing device (SEQNUM=4524, ACTION=add)
Jun 29 03:06:47 h3ulcb systemd-udevd[433]: v4l-subdev16: /usr/lib/udev/rules.d/60-persistent-v4l.rules:7 Importing properties from results of 'v4l_id /dev/v4l-subdev16'
Jun 29 03:06:47 h3ulcb systemd-udevd[331]: v4l-subdev19: Device ready for processing (SEQNUM=4525, ACTION=add)
Jun 29 03:06:47 h3ulcb systemd-udevd[336]: v4l-subdev18: Failed to get watch handle, ignoring: No such file or directory
Jun 29 03:06:47 h3ulcb systemd-udevd[437]: v4l-subdev17: /usr/lib/udev/rules.d/50-udev-default.rules:33 GROUP 44
Jun 29 03:06:47 h3ulcb systemd-udevd[433]: v4l-subdev16: Starting 'v4l_id /dev/v4l-subdev16'
Jun 29 03:06:47 h3ulcb systemd-udevd[331]: v4l-subdev19: sd-device-monitor: Passed 236 byte to netlink monitor
Jun 29 03:06:47 h3ulcb systemd-udevd[335]: v4l-subdev19: Processing device (SEQNUM=4525, ACTION=add)
Jun 29 03:06:47 h3ulcb systemd-udevd[336]: v4l-subdev18: /usr/lib/udev/rules.d/50-udev-default.rules:33 GROUP 44
Jun 29 03:06:47 h3ulcb systemd-udevd[435]: media2: /usr/lib/udev/rules.d/73-seat-late.rules:16 RUN 'uaccess'
Jun 29 03:06:47 h3ulcb systemd-udevd[437]: v4l-subdev17: /usr/lib/udev/rules.d/60-persistent-v4l.rules:7 Importing properties from results of 'v4l_id /dev/v4l-subdev17'
Jun 29 03:06:47 h3ulcb systemd-udevd[437]: v4l-subdev17: Starting 'v4l_id /dev/v4l-subdev17'
Jun 29 03:06:47 h3ulcb systemd-udevd[435]: media2: Preserve permissions of /dev/media2, uid=0, gid=44, mode=0660
Jun 29 03:06:47 h3ulcb systemd-udevd[335]: v4l-subdev19: Failed to get watch handle, ignoring: No such file or directory
Jun 29 03:06:47 h3ulcb systemd-udevd[433]: Successfully forked off '(spawn)' as PID 527.
Jun 29 03:06:47 h3ulcb systemd-udevd[331]: v4l-subdev20: Device ready for processing (SEQNUM=4526, ACTION=add)
Jun 29 03:06:47 h3ulcb systemd-udevd[331]: v4l-subdev20: sd-device-monitor: Passed 236 byte to netlink monitor
Jun 29 03:06:47 h3ulcb systemd-udevd[435]: media2: Handling device node '/dev/media2', devnum=c250:2
Jun 29 03:06:47 h3ulcb systemd-udevd[335]: v4l-subdev19: /usr/lib/udev/rules.d/50-udev-default.rules:33 GROUP 44
Jun 29 03:06:47 h3ulcb systemd-udevd[331]: v4l-subdev21: Device ready for processing (SEQNUM=4527, ACTION=add)
Jun 29 03:06:47 h3ulcb systemd-udevd[336]: v4l-subdev18: /usr/lib/udev/rules.d/60-persistent-v4l.rules:7 Importing properties from results of 'v4l_id /dev/v4l-subdev18'
Jun 29 03:06:47 h3ulcb systemd-udevd[336]: v4l-subdev18: Starting 'v4l_id /dev/v4l-subdev18'
Jun 29 03:06:47 h3ulcb systemd-udevd[437]: Successfully forked off '(spawn)' as PID 528.
Jun 29 03:06:47 h3ulcb systemd-udevd[335]: v4l-subdev19: /usr/lib/udev/rules.d/60-persistent-v4l.rules:7 Importing properties from results of 'v4l_id /dev/v4l-subdev19'
Jun 29 03:06:47 h3ulcb systemd-udevd[331]: v4l-subdev21: sd-device-monitor: Passed 236 byte to netlink monitor
Jun 29 03:06:47 h3ulcb systemd-udevd[363]: v4l-subdev21: Processing device (SEQNUM=4527, ACTION=add)
Jun 29 03:06:47 h3ulcb systemd-udevd[341]: v4l-subdev20: Processing device (SEQNUM=4526, ACTION=add)
Jun 29 03:06:47 h3ulcb systemd-udevd[435]: media2: sd-device: Created db file '/run/udev/data/c250:2' for '/devices/platform/soc/fe960000.vsp/media2'
Jun 29 03:06:47 h3ulcb systemd-udevd[335]: v4l-subdev19: Starting 'v4l_id /dev/v4l-subdev19'
Jun 29 03:06:47 h3ulcb systemd-udevd[331]: v4l-subdev22: Device ready for processing (SEQNUM=4528, ACTION=add)
Jun 29 03:06:47 h3ulcb systemd[1]: dev-disk-by\x2dlabel-root.device: Changed dead -> plugged
Jun 29 03:06:47 h3ulcb systemd-udevd[363]: v4l-subdev21: Failed to get watch handle, ignoring: No such file or directory
Jun 29 03:06:47 h3ulcb systemd-udevd[341]: v4l-subdev20: Failed to get watch handle, ignoring: No such file or directory
Jun 29 03:06:47 h3ulcb systemd-udevd[336]: Successfully forked off '(spawn)' as PID 529.
Jun 29 03:06:47 h3ulcb systemd-udevd[435]: media2: Running built-in command "uaccess"
Jun 29 03:06:47 h3ulcb systemd-udevd[331]: v4l-subdev22: sd-device-monitor: Passed 236 byte to netlink monitor
Jun 29 03:06:47 h3ulcb systemd[1]: dev-disk-by\x2duuid-474b2032\x2db05c\x2d48d9\x2dba4c\x2d5250b7b179b5.device: Changed dead -> plugged
Jun 29 03:06:47 h3ulcb systemd-udevd[436]: v4l-subdev22: Processing device (SEQNUM=4528, ACTION=add)
Jun 29 03:06:47 h3ulcb systemd-udevd[335]: Successfully forked off '(spawn)' as PID 530.
Jun 29 03:06:47 h3ulcb systemd-udevd[363]: v4l-subdev21: /usr/lib/udev/rules.d/50-udev-default.rules:33 GROUP 44
Jun 29 03:06:47 h3ulcb systemd-udevd[435]: media2: Failed to apply ACL: Operation not supported
Jun 29 03:06:47 h3ulcb systemd-udevd[341]: v4l-subdev20: /usr/lib/udev/rules.d/50-udev-default.rules:33 GROUP 44
Jun 29 03:06:47 h3ulcb systemd-udevd[331]: video14: Device ready for processing (SEQNUM=4529, ACTION=add)
Jun 29 03:06:47 h3ulcb systemd[1]: dev-disk-by\x2dpath-platform\x2dee100000.mmc\x2dpart1.device: Changed dead -> plugged
Jun 29 03:06:47 h3ulcb systemd-udevd[436]: v4l-subdev22: Failed to get watch handle, ignoring: No such file or directory
Jun 29 03:06:47 h3ulcb systemd-udevd[363]: v4l-subdev21: /usr/lib/udev/rules.d/60-persistent-v4l.rules:7 Importing properties from results of 'v4l_id /dev/v4l-subdev21'
Jun 29 03:06:47 h3ulcb systemd-udevd[435]: media2: Failed to run built-in command "uaccess", ignoring: Operation not supported
Jun 29 03:06:47 h3ulcb systemd-udevd[331]: video14: sd-device-monitor: Passed 226 byte to netlink monitor
Jun 29 03:06:47 h3ulcb systemd-udevd[341]: v4l-subdev20: /usr/lib/udev/rules.d/60-persistent-v4l.rules:7 Importing properties from results of 'v4l_id /dev/v4l-subdev20'
Jun 29 03:06:47 h3ulcb systemd[1]: dev-disk-by\x2did-mmc\x2dLX32G_0x4123d950\x2dpart1.device: Changed dead -> plugged
Jun 29 03:06:47 h3ulcb systemd-udevd[434]: video14: Processing device (SEQNUM=4529, ACTION=add)
Jun 29 03:06:47 h3ulcb systemd-udevd[363]: v4l-subdev21: Starting 'v4l_id /dev/v4l-subdev21'
Jun 29 03:06:47 h3ulcb systemd-udevd[435]: media2: Failed to get watch handle, ignoring: No such file or directory
Jun 29 03:06:47 h3ulcb systemd-udevd[331]: video15: Device ready for processing (SEQNUM=4530, ACTION=add)
Jun 29 03:06:47 h3ulcb systemd-udevd[436]: v4l-subdev22: /usr/lib/udev/rules.d/50-udev-default.rules:33 GROUP 44
Jun 29 03:06:47 h3ulcb systemd-udevd[341]: v4l-subdev20: Starting 'v4l_id /dev/v4l-subdev20'
Jun 29 03:06:47 h3ulcb systemd[1]: dev-disk-by\x2dpartuuid-00867569\x2d01.device: Changed dead -> plugged
Jun 29 03:06:47 h3ulcb systemd-udevd[434]: video14: Failed to get watch handle, ignoring: No such file or directory
Jun 29 03:06:47 h3ulcb systemd-udevd[343]: video15: Processing device (SEQNUM=4530, ACTION=add)
Jun 29 03:06:47 h3ulcb systemd-udevd[343]: video15: Failed to get watch handle, ignoring: No such file or directory
Jun 29 03:06:47 h3ulcb systemd-udevd[363]: Successfully forked off '(spawn)' as PID 531.
Jun 29 03:06:47 h3ulcb systemd-udevd[436]: v4l-subdev22: /usr/lib/udev/rules.d/60-persistent-v4l.rules:7 Importing properties from results of 'v4l_id /dev/v4l-subdev22'
Jun 29 03:06:47 h3ulcb systemd-udevd[436]: v4l-subdev22: Starting 'v4l_id /dev/v4l-subdev22'
Jun 29 03:06:47 h3ulcb systemd[1]: sys-devices-platform-soc-ee100000.mmc-mmc_host-mmc1-mmc1:59b4-block-mmcblk1-mmcblk1p1.device: Changed dead -> plugged
Jun 29 03:06:47 h3ulcb systemd-udevd[440]: mmcblk0p2: sd-device: Created db file '/run/udev/data/b179:2' for '/devices/platform/soc/ee140000.mmc/mmc_host/mmc0/mmc0:0001/block/mmcblk0/mmcblk0p2'
Jun 29 03:06:47 h3ulcb systemd-udevd[343]: video15: /usr/lib/udev/rules.d/50-udev-default.rules:33 GROUP 44
Jun 29 03:06:47 h3ulcb systemd-udevd[343]: video15: /usr/lib/udev/rules.d/60-persistent-v4l.rules:7 Importing properties from results of 'v4l_id /dev/video15'
Jun 29 03:06:47 h3ulcb systemd-udevd[343]: video15: Starting 'v4l_id /dev/video15'
Jun 29 03:06:47 h3ulcb systemd-udevd[436]: Successfully forked off '(spawn)' as PID 533.
Jun 29 03:06:47 h3ulcb systemd[1]: dev-mmcblk1p1.device: Changed tentative -> plugged
Jun 29 03:06:47 h3ulcb systemd-udevd[440]: mmcblk0p2: Adding watch on '/dev/mmcblk0p2'
Jun 29 03:06:47 h3ulcb systemd-udevd[440]: mmcblk0p2: Device processed (SEQNUM=4476, ACTION=add)
Jun 29 03:06:47 h3ulcb systemd-udevd[440]: mmcblk0p2: sd-device-monitor: Passed 1182 byte to netlink monitor
Jun 29 03:06:47 h3ulcb systemd-udevd[343]: Successfully forked off '(spawn)' as PID 534.
Jun 29 03:06:47 h3ulcb systemd-udevd[341]: Successfully forked off '(spawn)' as PID 532.
Jun 29 03:06:47 h3ulcb systemd-udevd[435]: media2: Device processed (SEQNUM=4521, ACTION=add)
Jun 29 03:06:47 h3ulcb systemd-udevd[435]: media2: sd-device-monitor: Passed 358 byte to netlink monitor
Jun 29 03:06:47 h3ulcb systemd-udevd[437]: v4l-subdev17: Process 'v4l_id /dev/v4l-subdev17' succeeded.
Jun 29 03:06:47 h3ulcb systemd-udevd[437]: v4l-subdev17: /usr/lib/udev/rules.d/60-persistent-v4l.rules:16 Importing properties from results of builtin command 'path_id'
Jun 29 03:06:47 h3ulcb systemd-udevd[437]: v4l-subdev17: /usr/lib/udev/rules.d/70-camera.rules:7 Importing properties from results of builtin command 'hwdb 'camera:usb:vp:name:fe960000.vsp rpf.0:''
Jun 29 03:06:47 h3ulcb systemd-udevd[437]: v4l-subdev17: No entry found from hwdb.
Jun 29 03:06:47 h3ulcb systemd-udevd[437]: v4l-subdev17: /usr/lib/udev/rules.d/70-camera.rules:7 Failed to run builtin 'hwdb 'camera:usb:vp:name:fe960000.vsp rpf.0:'': No data available
Jun 29 03:06:47 h3ulcb systemd-udevd[437]: v4l-subdev17: /usr/lib/udev/rules.d/73-seat-late.rules:16 RUN 'uaccess'
Jun 29 03:06:47 h3ulcb systemd-udevd[437]: v4l-subdev17: Preserve permissions of /dev/v4l-subdev17, uid=0, gid=44, mode=0660
Jun 29 03:06:47 h3ulcb systemd-udevd[437]: v4l-subdev17: Handling device node '/dev/v4l-subdev17', devnum=c81:37
Jun 29 03:06:47 h3ulcb systemd-udevd[437]: v4l-subdev17: sd-device: Created db file '/run/udev/data/c81:37' for '/devices/platform/soc/fe960000.vsp/video4linux/v4l-subdev17'
Jun 29 03:06:47 h3ulcb systemd-udevd[437]: v4l-subdev17: Running built-in command "uaccess"
Jun 29 03:06:47 h3ulcb systemd-udevd[437]: v4l-subdev17: Failed to apply ACL: Operation not supported
Jun 29 03:06:47 h3ulcb systemd-udevd[437]: v4l-subdev17: Failed to run built-in command "uaccess", ignoring: Operation not supported
Jun 29 03:06:47 h3ulcb systemd-udevd[437]: v4l-subdev17: Failed to get watch handle, ignoring: No such file or directory
Jun 29 03:06:47 h3ulcb systemd-udevd[437]: v4l-subdev17: Device processed (SEQNUM=4523, ACTION=add)
Jun 29 03:06:47 h3ulcb systemd-udevd[437]: v4l-subdev17: sd-device-monitor: Passed 394 byte to netlink monitor
Jun 29 03:06:47 h3ulcb systemd-udevd[336]: v4l-subdev18: Process 'v4l_id /dev/v4l-subdev18' succeeded.
Jun 29 03:06:47 h3ulcb systemd-udevd[433]: v4l-subdev16: Process 'v4l_id /dev/v4l-subdev16' succeeded.
Jun 29 03:06:47 h3ulcb systemd-udevd[434]: video14: /usr/lib/udev/rules.d/50-udev-default.rules:33 GROUP 44
Jun 29 03:06:47 h3ulcb systemd-udevd[434]: video14: /usr/lib/udev/rules.d/60-persistent-v4l.rules:7 Importing properties from results of 'v4l_id /dev/video14'
Jun 29 03:06:47 h3ulcb systemd-udevd[434]: video14: Starting 'v4l_id /dev/video14'
Jun 29 03:06:47 h3ulcb systemd-udevd[336]: v4l-subdev18: /usr/lib/udev/rules.d/60-persistent-v4l.rules:16 Importing properties from results of builtin command 'path_id'
Jun 29 03:06:47 h3ulcb systemd-udevd[336]: v4l-subdev18: /usr/lib/udev/rules.d/70-camera.rules:7 Importing properties from results of builtin command 'hwdb 'camera:usb:vp:name:fe960000.vsp rpf.1:''
Jun 29 03:06:47 h3ulcb systemd-udevd[336]: v4l-subdev18: No entry found from hwdb.
Jun 29 03:06:47 h3ulcb systemd-udevd[336]: v4l-subdev18: /usr/lib/udev/rules.d/70-camera.rules:7 Failed to run builtin 'hwdb 'camera:usb:vp:name:fe960000.vsp rpf.1:'': No data available
Jun 29 03:06:47 h3ulcb systemd-udevd[433]: v4l-subdev16: /usr/lib/udev/rules.d/60-persistent-v4l.rules:16 Importing properties from results of builtin command 'path_id'
Jun 29 03:06:47 h3ulcb systemd-udevd[433]: v4l-subdev16: /usr/lib/udev/rules.d/70-camera.rules:7 Importing properties from results of builtin command 'hwdb 'camera:usb:vp:name:fe960000.vsp bru:''
Jun 29 03:06:47 h3ulcb systemd-udevd[336]: v4l-subdev18: /usr/lib/udev/rules.d/73-seat-late.rules:16 RUN 'uaccess'
Jun 29 03:06:47 h3ulcb systemd-udevd[433]: v4l-subdev16: No entry found from hwdb.
Jun 29 03:06:47 h3ulcb systemd-udevd[434]: Successfully forked off '(spawn)' as PID 535.
Jun 29 03:06:47 h3ulcb systemd-udevd[433]: v4l-subdev16: /usr/lib/udev/rules.d/70-camera.rules:7 Failed to run builtin 'hwdb 'camera:usb:vp:name:fe960000.vsp bru:'': No data available
Jun 29 03:06:47 h3ulcb systemd-udevd[336]: v4l-subdev18: Preserve permissions of /dev/v4l-subdev18, uid=0, gid=44, mode=0660
Jun 29 03:06:47 h3ulcb systemd-udevd[336]: v4l-subdev18: Handling device node '/dev/v4l-subdev18', devnum=c81:38
Jun 29 03:06:47 h3ulcb systemd-udevd[363]: v4l-subdev21: Process 'v4l_id /dev/v4l-subdev21' succeeded.
Jun 29 03:06:47 h3ulcb systemd-udevd[433]: v4l-subdev16: /usr/lib/udev/rules.d/73-seat-late.rules:16 RUN 'uaccess'
Jun 29 03:06:47 h3ulcb systemd-udevd[336]: v4l-subdev18: sd-device: Created db file '/run/udev/data/c81:38' for '/devices/platform/soc/fe960000.vsp/video4linux/v4l-subdev18'
Jun 29 03:06:47 h3ulcb systemd-udevd[336]: v4l-subdev18: Running built-in command "uaccess"
Jun 29 03:06:47 h3ulcb systemd-udevd[336]: v4l-subdev18: Failed to apply ACL: Operation not supported
Jun 29 03:06:47 h3ulcb systemd-udevd[336]: v4l-subdev18: Failed to run built-in command "uaccess", ignoring: Operation not supported
Jun 29 03:06:47 h3ulcb systemd-udevd[336]: v4l-subdev18: Failed to get watch handle, ignoring: No such file or directory
Jun 29 03:06:47 h3ulcb systemd-udevd[335]: v4l-subdev19: Process 'v4l_id /dev/v4l-subdev19' succeeded.
Jun 29 03:06:47 h3ulcb systemd-udevd[363]: v4l-subdev21: /usr/lib/udev/rules.d/60-persistent-v4l.rules:16 Importing properties from results of builtin command 'path_id'
Jun 29 03:06:47 h3ulcb systemd-udevd[363]: v4l-subdev21: /usr/lib/udev/rules.d/70-camera.rules:7 Importing properties from results of builtin command 'hwdb 'camera:usb:vp:name:fe960000.vsp rpf.4:''
Jun 29 03:06:47 h3ulcb systemd-udevd[433]: v4l-subdev16: Preserve permissions of /dev/v4l-subdev16, uid=0, gid=44, mode=0660
Jun 29 03:06:47 h3ulcb systemd-udevd[363]: v4l-subdev21: No entry found from hwdb.
Jun 29 03:06:47 h3ulcb systemd-udevd[433]: v4l-subdev16: Handling device node '/dev/v4l-subdev16', devnum=c81:36
Jun 29 03:06:47 h3ulcb systemd-udevd[335]: v4l-subdev19: /usr/lib/udev/rules.d/60-persistent-v4l.rules:16 Importing properties from results of builtin command 'path_id'
Jun 29 03:06:47 h3ulcb systemd-udevd[433]: v4l-subdev16: sd-device: Created db file '/run/udev/data/c81:36' for '/devices/platform/soc/fe960000.vsp/video4linux/v4l-subdev16'
Jun 29 03:06:47 h3ulcb systemd-udevd[335]: v4l-subdev19: /usr/lib/udev/rules.d/70-camera.rules:7 Importing properties from results of builtin command 'hwdb 'camera:usb:vp:name:fe960000.vsp rpf.2:''
Jun 29 03:06:47 h3ulcb systemd-udevd[363]: v4l-subdev21: /usr/lib/udev/rules.d/70-camera.rules:7 Failed to run builtin 'hwdb 'camera:usb:vp:name:fe960000.vsp rpf.4:'': No data available
Jun 29 03:06:47 h3ulcb systemd-udevd[341]: v4l-subdev20: Process 'v4l_id /dev/v4l-subdev20' succeeded.
Jun 29 03:06:47 h3ulcb systemd-udevd[433]: v4l-subdev16: Running built-in command "uaccess"
Jun 29 03:06:47 h3ulcb systemd-udevd[335]: v4l-subdev19: No entry found from hwdb.
Jun 29 03:06:47 h3ulcb systemd-udevd[363]: v4l-subdev21: /usr/lib/udev/rules.d/73-seat-late.rules:16 RUN 'uaccess'
Jun 29 03:06:47 h3ulcb systemd-udevd[433]: v4l-subdev16: Failed to apply ACL: Operation not supported
Jun 29 03:06:47 h3ulcb systemd-udevd[335]: v4l-subdev19: /usr/lib/udev/rules.d/70-camera.rules:7 Failed to run builtin 'hwdb 'camera:usb:vp:name:fe960000.vsp rpf.2:'': No data available
