Jun 29 03:06:46 h3ulcb systemd-udevd[331]: video6: Device ready for processing (SEQNUM=4281, ACTION=add)
Jun 29 03:06:46 h3ulcb systemd-udevd[331]: video6: sd-device-monitor: Passed 226 byte to netlink monitor
Jun 29 03:06:46 h3ulcb systemd-udevd[338]: video4: /usr/lib/udev/rules.d/60-persistent-v4l.rules:7 Importing properties from results of 'v4l_id /dev/video4'
Jun 29 03:06:46 h3ulcb systemd-udevd[338]: video4: Starting 'v4l_id /dev/video4'
Jun 29 03:06:46 h3ulcb systemd-udevd[373]: video6: Processing device (SEQNUM=4281, ACTION=add)
Jun 29 03:06:46 h3ulcb systemd-udevd[336]: video0: 'v4l_id /dev/video0'(out) 'ID_V4L_CAPABILITIES=:capture:'
Jun 29 03:06:46 h3ulcb systemd-udevd[359]: video3: /usr/lib/udev/rules.d/60-persistent-v4l.rules:7 Importing properties from results of 'v4l_id /dev/video3'
Jun 29 03:06:46 h3ulcb systemd-udevd[373]: video6: Failed to get watch handle, ignoring: No such file or directory
Jun 29 03:06:46 h3ulcb systemd-udevd[336]: video0: Process 'v4l_id /dev/video0' succeeded.
Jun 29 03:06:46 h3ulcb systemd-udevd[373]: video6: /usr/lib/udev/rules.d/50-udev-default.rules:33 GROUP 44
Jun 29 03:06:46 h3ulcb systemd-udevd[338]: Successfully forked off '(spawn)' as PID 428.
Jun 29 03:06:46 h3ulcb systemd-udevd[373]: video6: /usr/lib/udev/rules.d/60-persistent-v4l.rules:7 Importing properties from results of 'v4l_id /dev/video6'
Jun 29 03:06:46 h3ulcb systemd-udevd[373]: video6: Starting 'v4l_id /dev/video6'
Jun 29 03:06:46 h3ulcb systemd-udevd[336]: video0: /usr/lib/udev/rules.d/60-persistent-v4l.rules:16 Importing properties from results of builtin command 'path_id'
Jun 29 03:06:46 h3ulcb systemd-udevd[336]: video0: /usr/lib/udev/rules.d/60-persistent-v4l.rules:17 LINK 'v4l/by-path/platform-e6ef0000.video-video-index0'
Jun 29 03:06:46 h3ulcb systemd-udevd[336]: video0: /usr/lib/udev/rules.d/70-camera.rules:7 Importing properties from results of builtin command 'hwdb 'camera:usb:vp:name:VIN0 output:''
Jun 29 03:06:46 h3ulcb systemd-udevd[336]: video0: No entry found from hwdb.
Jun 29 03:06:46 h3ulcb systemd-udevd[375]: Module 'uio_pdrv_genirq' is already loaded
Jun 29 03:06:46 h3ulcb systemd-udevd[331]: e6ef7000.video: Device is queued (SEQNUM=4282, ACTION=add)
Jun 29 03:06:46 h3ulcb systemd-udevd[336]: video0: /usr/lib/udev/rules.d/70-camera.rules:7 Failed to run builtin 'hwdb 'camera:usb:vp:name:VIN0 output:'': No data available
Jun 29 03:06:46 h3ulcb systemd-udevd[375]: Module 'uio_pdrv_genirq' is already loaded
Jun 29 03:06:46 h3ulcb systemd-udevd[337]: video1: 'v4l_id /dev/video1'(out) 'ID_V4L_VERSION=2'
Jun 29 03:06:46 h3ulcb systemd-udevd[331]: e6ef7000.video: Device ready for processing (SEQNUM=4282, ACTION=add)
Jun 29 03:06:46 h3ulcb systemd-udevd[373]: Successfully forked off '(spawn)' as PID 429.
Jun 29 03:06:46 h3ulcb systemd-udevd[359]: video3: Starting 'v4l_id /dev/video3'
Jun 29 03:06:46 h3ulcb systemd-udevd[375]: e6ef5000.video: Device processed (SEQNUM=4278, ACTION=add)
Jun 29 03:06:46 h3ulcb systemd-udevd[336]: video0: /usr/lib/udev/rules.d/73-seat-late.rules:16 RUN 'uaccess'
Jun 29 03:06:46 h3ulcb systemd-udevd[375]: e6ef5000.video: sd-device-monitor: Passed 396 byte to netlink monitor
Jun 29 03:06:46 h3ulcb systemd-udevd[331]: e6ef7000.video: sd-device-monitor: Passed 328 byte to netlink monitor
Jun 29 03:06:46 h3ulcb systemd-udevd[336]: video0: Setting permissions /dev/video0, uid=0, gid=44, mode=0660
Jun 29 03:06:46 h3ulcb systemd-udevd[337]: video1: 'v4l_id /dev/video1'(out) 'ID_V4L_PRODUCT=R_Car_VIN'
Jun 29 03:06:46 h3ulcb systemd-udevd[331]: video5: Device ready for processing (SEQNUM=4279, ACTION=add)
Jun 29 03:06:46 h3ulcb systemd-udevd[336]: video0: Handling device node '/dev/video0', devnum=c81:6
Jun 29 03:06:46 h3ulcb systemd-udevd[336]: video0: /run/udev/links/v4l\x2fby-path\x2fplatform-e6ef0000.video-video-index0 is modified, but its timestamp is not changed, updating timestamp after 10ms.
Jun 29 03:06:46 h3ulcb systemd-udevd[337]: video1: 'v4l_id /dev/video1'(out) 'ID_V4L_CAPABILITIES=:capture:'
Jun 29 03:06:46 h3ulcb systemd-udevd[337]: video1: Process 'v4l_id /dev/video1' succeeded.
Jun 29 03:06:46 h3ulcb systemd-udevd[359]: Successfully forked off '(spawn)' as PID 430.
Jun 29 03:06:46 h3ulcb systemd-udevd[363]: e6ef7000.video: Processing device (SEQNUM=4282, ACTION=add)
Jun 29 03:06:46 h3ulcb systemd-udevd[363]: e6ef7000.video: /usr/lib/udev/rules.d/50-udev-default.rules:14 Importing properties from results of builtin command 'hwdb --subsystem=platform'
Jun 29 03:06:46 h3ulcb systemd-udevd[363]: e6ef7000.video: hwdb modalias key: "of:NvideoT(null)Crenesas,vin-r8a7795"
Jun 29 03:06:46 h3ulcb systemd-udevd[363]: e6ef7000.video: hwdb modalias key: "of:NsocT(null)Csimple-bus"
Jun 29 03:06:46 h3ulcb systemd-udevd[363]: e6ef7000.video: No entry found from hwdb.
Jun 29 03:06:46 h3ulcb systemd-udevd[363]: e6ef7000.video: /usr/lib/udev/rules.d/50-udev-default.rules:14 Failed to run builtin 'hwdb --subsystem=platform': No data available
Jun 29 03:06:46 h3ulcb systemd-udevd[363]: e6ef7000.video: /usr/lib/udev/rules.d/60-drm.rules:3 Importing properties from results of builtin command 'path_id'
Jun 29 03:06:46 h3ulcb systemd-udevd[337]: video1: /usr/lib/udev/rules.d/60-persistent-v4l.rules:16 Importing properties from results of builtin command 'path_id'
Jun 29 03:06:46 h3ulcb systemd-udevd[363]: e6ef7000.video: /usr/lib/udev/rules.d/80-drivers.rules:5 RUN 'kmod load '$env{MODALIAS}''
Jun 29 03:06:46 h3ulcb systemd-udevd[375]: video5: Processing device (SEQNUM=4279, ACTION=add)
Jun 29 03:06:46 h3ulcb systemd-udevd[375]: video5: Failed to get watch handle, ignoring: No such file or directory
Jun 29 03:06:46 h3ulcb systemd-udevd[339]: video2: 'v4l_id /dev/video2'(out) 'ID_V4L_VERSION=2'
Jun 29 03:06:46 h3ulcb systemd-udevd[339]: video2: 'v4l_id /dev/video2'(out) 'ID_V4L_PRODUCT=R_Car_VIN'
Jun 29 03:06:46 h3ulcb systemd-udevd[363]: e6ef7000.video: sd-device: Created db file '/run/udev/data/+platform:e6ef7000.video' for '/devices/platform/soc/e6ef7000.video'
Jun 29 03:06:46 h3ulcb systemd-udevd[339]: video2: 'v4l_id /dev/video2'(out) 'ID_V4L_CAPABILITIES=:capture:'
Jun 29 03:06:46 h3ulcb systemd-udevd[375]: video5: /usr/lib/udev/rules.d/50-udev-default.rules:33 GROUP 44
Jun 29 03:06:46 h3ulcb systemd-udevd[375]: video5: /usr/lib/udev/rules.d/60-persistent-v4l.rules:7 Importing properties from results of 'v4l_id /dev/video5'
Jun 29 03:06:46 h3ulcb systemd-udevd[331]: video5: sd-device-monitor: Passed 226 byte to netlink monitor
Jun 29 03:06:46 h3ulcb systemd-udevd[339]: video2: Process 'v4l_id /dev/video2' succeeded.
Jun 29 03:06:46 h3ulcb systemd-udevd[331]: video7: Device is queued (SEQNUM=4283, ACTION=add)
Jun 29 03:06:46 h3ulcb systemd-udevd[331]: video7: SEQNUM=4283 blocked by SEQNUM=4282
Jun 29 03:06:46 h3ulcb systemd-udevd[331]: e6f30000.serial: Device is queued (SEQNUM=4284, ACTION=add)
Jun 29 03:06:46 h3ulcb systemd-udevd[331]: e6f30000.serial: Device ready for processing (SEQNUM=4284, ACTION=add)
Jun 29 03:06:46 h3ulcb systemd-udevd[362]: e6f30000.serial: Processing device (SEQNUM=4284, ACTION=add)
Jun 29 03:06:46 h3ulcb systemd-udevd[339]: video2: /usr/lib/udev/rules.d/60-persistent-v4l.rules:16 Importing properties from results of builtin command 'path_id'
Jun 29 03:06:46 h3ulcb systemd-udevd[339]: video2: /usr/lib/udev/rules.d/60-persistent-v4l.rules:17 LINK 'v4l/by-path/platform-e6ef2000.video-video-index0'
Jun 29 03:06:46 h3ulcb systemd-udevd[362]: e6f30000.serial: /usr/lib/udev/rules.d/50-udev-default.rules:14 Importing properties from results of builtin command 'hwdb --subsystem=platform'
Jun 29 03:06:46 h3ulcb systemd-udevd[362]: e6f30000.serial: hwdb modalias key: "of:NserialT(null)Crenesas,scif-r8a7795Crenesas,rcar-gen3-scifCrenesas,scif"
Jun 29 03:06:46 h3ulcb systemd-udevd[339]: video2: /usr/lib/udev/rules.d/70-camera.rules:7 Importing properties from results of builtin command 'hwdb 'camera:usb:vp:name:VIN2 output:''
Jun 29 03:06:46 h3ulcb systemd-udevd[339]: video2: No entry found from hwdb.
Jun 29 03:06:46 h3ulcb systemd-udevd[339]: video2: /usr/lib/udev/rules.d/70-camera.rules:7 Failed to run builtin 'hwdb 'camera:usb:vp:name:VIN2 output:'': No data available
Jun 29 03:06:46 h3ulcb systemd-udevd[362]: e6f30000.serial: hwdb modalias key: "of:NsocT(null)Csimple-bus"
Jun 29 03:06:46 h3ulcb systemd-udevd[362]: e6f30000.serial: No entry found from hwdb.
Jun 29 03:06:46 h3ulcb systemd-udevd[339]: video2: /usr/lib/udev/rules.d/73-seat-late.rules:16 RUN 'uaccess'
Jun 29 03:06:46 h3ulcb systemd-udevd[362]: e6f30000.serial: /usr/lib/udev/rules.d/50-udev-default.rules:14 Failed to run builtin 'hwdb --subsystem=platform': No data available
Jun 29 03:06:46 h3ulcb systemd-udevd[362]: e6f30000.serial: /usr/lib/udev/rules.d/60-drm.rules:3 Importing properties from results of builtin command 'path_id'
Jun 29 03:06:46 h3ulcb systemd-udevd[362]: e6f30000.serial: /usr/lib/udev/rules.d/80-drivers.rules:5 RUN 'kmod load '$env{MODALIAS}''
Jun 29 03:06:46 h3ulcb systemd-udevd[339]: video2: Setting permissions /dev/video2, uid=0, gid=44, mode=0660
Jun 29 03:06:46 h3ulcb systemd-udevd[339]: video2: Handling device node '/dev/video2', devnum=c81:8
Jun 29 03:06:46 h3ulcb systemd-udevd[339]: video2: /run/udev/links/v4l\x2fby-path\x2fplatform-e6ef2000.video-video-index0 is modified, but its timestamp is not changed, updating timestamp after 10ms.
Jun 29 03:06:46 h3ulcb systemd-udevd[363]: e6ef7000.video: Running built-in command "kmod load 'of:NvideoT(null)Crenesas,vin-r8a7795'"
Jun 29 03:06:46 h3ulcb systemd-udevd[362]: e6f30000.serial: sd-device: Created db file '/run/udev/data/+platform:e6f30000.serial' for '/devices/platform/soc/e6f30000.serial'
Jun 29 03:06:46 h3ulcb kernel: ccree e6601000.crypto: ARM ccree device initialized
Jun 29 03:06:46 h3ulcb kernel: Bluetooth: HCI UART driver ver 2.3
Jun 29 03:06:46 h3ulcb systemd-udevd[363]: Loading module: of:NvideoT(null)Crenesas,vin-r8a7795
Jun 29 03:06:46 h3ulcb systemd-udevd[331]: e6f30000.serial: sd-device-monitor: Passed 455 byte to netlink monitor
Jun 29 03:06:46 h3ulcb systemd-udevd[331]: ttySC2: Device is queued (SEQNUM=4285, ACTION=add)
Jun 29 03:06:46 h3ulcb systemd-udevd[331]: ttySC2: SEQNUM=4285 blocked by SEQNUM=4284
Jun 29 03:06:46 h3ulcb systemd-udevd[331]: e7300000.dma-controller: Device is queued (SEQNUM=4286, ACTION=add)
Jun 29 03:06:46 h3ulcb systemd-udevd[331]: e7300000.dma-controller: Device ready for processing (SEQNUM=4286, ACTION=add)
Jun 29 03:06:46 h3ulcb systemd-udevd[331]: e7300000.dma-controller: sd-device-monitor: Passed 419 byte to netlink monitor
Jun 29 03:06:46 h3ulcb systemd-udevd[373]: video6: 'v4l_id /dev/video6'(out) 'ID_V4L_VERSION=2'
Jun 29 03:06:46 h3ulcb systemd-udevd[373]: video6: 'v4l_id /dev/video6'(out) 'ID_V4L_PRODUCT=R_Car_VIN'
Jun 29 03:06:46 h3ulcb systemd-udevd[373]: video6: 'v4l_id /dev/video6'(out) 'ID_V4L_CAPABILITIES=:capture:'
Jun 29 03:06:46 h3ulcb systemd-udevd[331]: dma1chan0: Device is queued (SEQNUM=4287, ACTION=add)
Jun 29 03:06:46 h3ulcb systemd-udevd[331]: dma1chan0: SEQNUM=4287 blocked by SEQNUM=4286
Jun 29 03:06:46 h3ulcb systemd-udevd[331]: dma1chan1: Device is queued (SEQNUM=4288, ACTION=add)
Jun 29 03:06:46 h3ulcb systemd-udevd[331]: dma1chan1: SEQNUM=4288 blocked by SEQNUM=4286
Jun 29 03:06:46 h3ulcb systemd-udevd[338]: video4: 'v4l_id /dev/video4'(out) 'ID_V4L_VERSION=2'
Jun 29 03:06:46 h3ulcb systemd-udevd[338]: video4: 'v4l_id /dev/video4'(out) 'ID_V4L_PRODUCT=R_Car_VIN'
Jun 29 03:06:46 h3ulcb systemd-udevd[338]: video4: 'v4l_id /dev/video4'(out) 'ID_V4L_CAPABILITIES=:capture:'
Jun 29 03:06:46 h3ulcb systemd-udevd[336]: video0: sd-device: Created db file '/run/udev/data/c81:6' for '/devices/platform/soc/e6ef0000.video/video4linux/video0'
Jun 29 03:06:46 h3ulcb systemd-udevd[336]: video0: Running built-in command "uaccess"
Jun 29 03:06:46 h3ulcb systemd-udevd[331]: dma1chan10: Device is queued (SEQNUM=4289, ACTION=add)
Jun 29 03:06:46 h3ulcb systemd-udevd[337]: video1: /usr/lib/udev/rules.d/60-persistent-v4l.rules:17 LINK 'v4l/by-path/platform-e6ef1000.video-video-index0'
Jun 29 03:06:46 h3ulcb systemd-udevd[375]: video5: Starting 'v4l_id /dev/video5'
Jun 29 03:06:46 h3ulcb systemd-udevd[359]: video3: 'v4l_id /dev/video3'(out) 'ID_V4L_VERSION=2'
Jun 29 03:06:46 h3ulcb systemd-udevd[336]: video0: Failed to apply ACL: Operation not supported
Jun 29 03:06:46 h3ulcb systemd-udevd[362]: e6f30000.serial: Running built-in command "kmod load 'of:NserialT(null)Crenesas,scif-r8a7795Crenesas,rcar-gen3-scifCrenesas,scif'"
Jun 29 03:06:46 h3ulcb systemd-udevd[373]: video6: Process 'v4l_id /dev/video6' succeeded.
Jun 29 03:06:46 h3ulcb systemd-udevd[338]: video4: Process 'v4l_id /dev/video4' succeeded.
Jun 29 03:06:46 h3ulcb systemd-udevd[363]: Module 'uio_pdrv_genirq' is already loaded
Jun 29 03:06:46 h3ulcb systemd-udevd[331]: dma1chan10: SEQNUM=4289 blocked by SEQNUM=4286
Jun 29 03:06:46 h3ulcb systemd-udevd[337]: video1: /usr/lib/udev/rules.d/70-camera.rules:7 Importing properties from results of builtin command 'hwdb 'camera:usb:vp:name:VIN1 output:''
Jun 29 03:06:46 h3ulcb systemd-udevd[359]: video3: 'v4l_id /dev/video3'(out) 'ID_V4L_PRODUCT=R_Car_VIN'
Jun 29 03:06:46 h3ulcb systemd-udevd[373]: video6: /usr/lib/udev/rules.d/60-persistent-v4l.rules:16 Importing properties from results of builtin command 'path_id'
Jun 29 03:06:46 h3ulcb systemd-udevd[362]: Loading module: of:NserialT(null)Crenesas,scif-r8a7795Crenesas,rcar-gen3-scifCrenesas,scif
Jun 29 03:06:46 h3ulcb systemd-udevd[363]: Module 'uio_pdrv_genirq' is already loaded
Jun 29 03:06:46 h3ulcb systemd-udevd[375]: Successfully forked off '(spawn)' as PID 431.
Jun 29 03:06:46 h3ulcb systemd-udevd[337]: video1: No entry found from hwdb.
Jun 29 03:06:46 h3ulcb systemd-udevd[359]: video3: 'v4l_id /dev/video3'(out) 'ID_V4L_CAPABILITIES=:capture:'
Jun 29 03:06:46 h3ulcb systemd-udevd[331]: dma1chan11: Device is queued (SEQNUM=4290, ACTION=add)
Jun 29 03:06:46 h3ulcb systemd-udevd[336]: video0: Failed to run built-in command "uaccess", ignoring: Operation not supported
Jun 29 03:06:46 h3ulcb systemd-udevd[373]: video6: /usr/lib/udev/rules.d/60-persistent-v4l.rules:17 LINK 'v4l/by-path/platform-e6ef6000.video-video-index0'
Jun 29 03:06:46 h3ulcb systemd-udevd[363]: e6ef7000.video: Device processed (SEQNUM=4282, ACTION=add)
Jun 29 03:06:46 h3ulcb systemd-udevd[373]: video6: /usr/lib/udev/rules.d/70-camera.rules:7 Importing properties from results of builtin command 'hwdb 'camera:usb:vp:name:VIN6 output:''
Jun 29 03:06:46 h3ulcb systemd-udevd[337]: video1: /usr/lib/udev/rules.d/70-camera.rules:7 Failed to run builtin 'hwdb 'camera:usb:vp:name:VIN1 output:'': No data available
Jun 29 03:06:46 h3ulcb systemd-udevd[359]: video3: Process 'v4l_id /dev/video3' succeeded.
Jun 29 03:06:46 h3ulcb systemd-udevd[331]: dma1chan11: SEQNUM=4290 blocked by SEQNUM=4286
Jun 29 03:06:46 h3ulcb systemd-udevd[336]: video0: Failed to get watch handle, ignoring: No such file or directory
Jun 29 03:06:46 h3ulcb systemd-udevd[336]: video0: Device processed (SEQNUM=4269, ACTION=add)
Jun 29 03:06:46 h3ulcb systemd-udevd[331]: dma1chan12: Device is queued (SEQNUM=4291, ACTION=add)
Jun 29 03:06:46 h3ulcb systemd-udevd[363]: e6ef7000.video: sd-device-monitor: Passed 396 byte to netlink monitor
Jun 29 03:06:46 h3ulcb systemd-udevd[338]: video4: /usr/lib/udev/rules.d/60-persistent-v4l.rules:16 Importing properties from results of builtin command 'path_id'
Jun 29 03:06:46 h3ulcb systemd-udevd[336]: video0: sd-device-monitor: Passed 524 byte to netlink monitor
Jun 29 03:06:46 h3ulcb systemd-udevd[373]: video6: No entry found from hwdb.
Jun 29 03:06:46 h3ulcb systemd-udevd[359]: video3: /usr/lib/udev/rules.d/60-persistent-v4l.rules:16 Importing properties from results of builtin command 'path_id'
Jun 29 03:06:46 h3ulcb systemd-udevd[331]: dma1chan12: SEQNUM=4291 blocked by SEQNUM=4286
Jun 29 03:06:46 h3ulcb systemd-udevd[337]: video1: /usr/lib/udev/rules.d/73-seat-late.rules:16 RUN 'uaccess'
Jun 29 03:06:46 h3ulcb systemd-udevd[338]: video4: /usr/lib/udev/rules.d/60-persistent-v4l.rules:17 LINK 'v4l/by-path/platform-e6ef4000.video-video-index0'
Jun 29 03:06:46 h3ulcb systemd-udevd[373]: video6: /usr/lib/udev/rules.d/70-camera.rules:7 Failed to run builtin 'hwdb 'camera:usb:vp:name:VIN6 output:'': No data available
Jun 29 03:06:46 h3ulcb systemd-udevd[362]: Module 'uio_pdrv_genirq' is already loaded
Jun 29 03:06:46 h3ulcb systemd-udevd[359]: video3: /usr/lib/udev/rules.d/60-persistent-v4l.rules:17 LINK 'v4l/by-path/platform-e6ef3000.video-video-index0'
Jun 29 03:06:46 h3ulcb systemd-udevd[331]: video7: Device ready for processing (SEQNUM=4283, ACTION=add)
Jun 29 03:06:46 h3ulcb systemd-udevd[338]: video4: /usr/lib/udev/rules.d/70-camera.rules:7 Importing properties from results of builtin command 'hwdb 'camera:usb:vp:name:VIN4 output:''
Jun 29 03:06:46 h3ulcb systemd-udevd[362]: Module 'uio_pdrv_genirq' is already loaded
Jun 29 03:06:46 h3ulcb systemd-udevd[337]: video1: Setting permissions /dev/video1, uid=0, gid=44, mode=0660
Jun 29 03:06:46 h3ulcb systemd-udevd[359]: video3: /usr/lib/udev/rules.d/70-camera.rules:7 Importing properties from results of builtin command 'hwdb 'camera:usb:vp:name:VIN3 output:''
Jun 29 03:06:46 h3ulcb systemd-udevd[331]: video7: sd-device-monitor: Passed 226 byte to netlink monitor
Jun 29 03:06:46 h3ulcb systemd-udevd[338]: video4: No entry found from hwdb.
Jun 29 03:06:46 h3ulcb systemd-udevd[373]: video6: /usr/lib/udev/rules.d/73-seat-late.rules:16 RUN 'uaccess'
Jun 29 03:06:46 h3ulcb systemd-udevd[331]: dma1chan13: Device is queued (SEQNUM=4292, ACTION=add)
Jun 29 03:06:46 h3ulcb systemd-udevd[336]: video7: Processing device (SEQNUM=4283, ACTION=add)
Jun 29 03:06:46 h3ulcb systemd-udevd[337]: video1: Handling device node '/dev/video1', devnum=c81:7
Jun 29 03:06:46 h3ulcb systemd-udevd[337]: video1: /run/udev/links/v4l\x2fby-path\x2fplatform-e6ef1000.video-video-index0 is modified, but its timestamp is not changed, updating timestamp after 10ms.
Jun 29 03:06:46 h3ulcb systemd-udevd[338]: video4: /usr/lib/udev/rules.d/70-camera.rules:7 Failed to run builtin 'hwdb 'camera:usb:vp:name:VIN4 output:'': No data available
Jun 29 03:06:46 h3ulcb systemd-udevd[362]: e6f30000.serial: Device processed (SEQNUM=4284, ACTION=add)
Jun 29 03:06:46 h3ulcb systemd-udevd[331]: dma1chan13: SEQNUM=4292 blocked by SEQNUM=4286
Jun 29 03:06:46 h3ulcb systemd-udevd[338]: video4: /usr/lib/udev/rules.d/73-seat-late.rules:16 RUN 'uaccess'
Jun 29 03:06:46 h3ulcb systemd-udevd[359]: video3: No entry found from hwdb.
Jun 29 03:06:46 h3ulcb systemd-udevd[360]: e7300000.dma-controller: Processing device (SEQNUM=4286, ACTION=add)
Jun 29 03:06:46 h3ulcb systemd-udevd[362]: e6f30000.serial: sd-device-monitor: Passed 525 byte to netlink monitor
Jun 29 03:06:46 h3ulcb systemd-udevd[336]: video7: Failed to get watch handle, ignoring: No such file or directory
Jun 29 03:06:46 h3ulcb systemd-udevd[339]: video2: sd-device: Created db file '/run/udev/data/c81:8' for '/devices/platform/soc/e6ef2000.video/video4linux/video2'
Jun 29 03:06:46 h3ulcb systemd-udevd[331]: dma1chan14: Device is queued (SEQNUM=4293, ACTION=add)
Jun 29 03:06:46 h3ulcb systemd-udevd[359]: video3: /usr/lib/udev/rules.d/70-camera.rules:7 Failed to run builtin 'hwdb 'camera:usb:vp:name:VIN3 output:'': No data available
Jun 29 03:06:46 h3ulcb systemd-udevd[373]: video6: Setting permissions /dev/video6, uid=0, gid=44, mode=0660
Jun 29 03:06:46 h3ulcb systemd-udevd[338]: video4: Setting permissions /dev/video4, uid=0, gid=44, mode=0660
Jun 29 03:06:46 h3ulcb systemd-udevd[360]: e7300000.dma-controller: /usr/lib/udev/rules.d/50-udev-default.rules:14 Importing properties from results of builtin command 'hwdb --subsystem=platform'
Jun 29 03:06:46 h3ulcb systemd-udevd[339]: video2: Running built-in command "uaccess"
Jun 29 03:06:46 h3ulcb systemd-udevd[331]: dma1chan14: SEQNUM=4293 blocked by SEQNUM=4286
Jun 29 03:06:46 h3ulcb systemd-udevd[336]: video7: /usr/lib/udev/rules.d/50-udev-default.rules:33 GROUP 44
Jun 29 03:06:46 h3ulcb systemd-udevd[373]: video6: Handling device node '/dev/video6', devnum=c81:12
Jun 29 03:06:46 h3ulcb systemd-udevd[338]: video4: Handling device node '/dev/video4', devnum=c81:10
Jun 29 03:06:46 h3ulcb systemd-udevd[360]: e7300000.dma-controller: hwdb modalias key: "of:Ndma-controllerT(null)Crenesas,dmac-r8a7795Crenesas,rcar-dmac"
Jun 29 03:06:46 h3ulcb systemd-udevd[359]: video3: /usr/lib/udev/rules.d/73-seat-late.rules:16 RUN 'uaccess'
Jun 29 03:06:46 h3ulcb systemd-udevd[339]: video2: Failed to apply ACL: Operation not supported
Jun 29 03:06:46 h3ulcb systemd-udevd[331]: ttySC2: Device ready for processing (SEQNUM=4285, ACTION=add)
Jun 29 03:06:46 h3ulcb systemd-udevd[336]: video7: /usr/lib/udev/rules.d/60-persistent-v4l.rules:7 Importing properties from results of 'v4l_id /dev/video7'
Jun 29 03:06:46 h3ulcb systemd-udevd[373]: video6: /run/udev/links/v4l\x2fby-path\x2fplatform-e6ef6000.video-video-index0 is modified, but its timestamp is not changed, updating timestamp after 10ms.
Jun 29 03:06:46 h3ulcb systemd-udevd[338]: video4: /run/udev/links/v4l\x2fby-path\x2fplatform-e6ef4000.video-video-index0 is modified, but its timestamp is not changed, updating timestamp after 10ms.
Jun 29 03:06:46 h3ulcb systemd-udevd[360]: e7300000.dma-controller: hwdb modalias key: "of:NsocT(null)Csimple-bus"
Jun 29 03:06:46 h3ulcb systemd-udevd[339]: video2: Failed to run built-in command "uaccess", ignoring: Operation not supported
Jun 29 03:06:46 h3ulcb systemd-udevd[331]: ttySC2: sd-device-monitor: Passed 212 byte to netlink monitor
Jun 29 03:06:46 h3ulcb kernel: Bluetooth: HCI UART protocol H4 registered
Jun 29 03:06:46 h3ulcb kernel: Bluetooth: HCI UART protocol BCSP registered
Jun 29 03:06:46 h3ulcb systemd-udevd[336]: video7: Starting 'v4l_id /dev/video7'
Jun 29 03:06:46 h3ulcb systemd-udevd[363]: ttySC2: Processing device (SEQNUM=4285, ACTION=add)
Jun 29 03:06:46 h3ulcb systemd-udevd[359]: video3: Setting permissions /dev/video3, uid=0, gid=44, mode=0660
Jun 29 03:06:46 h3ulcb systemd-udevd[359]: video3: Handling device node '/dev/video3', devnum=c81:9
Jun 29 03:06:46 h3ulcb systemd-udevd[339]: video2: Failed to get watch handle, ignoring: No such file or directory
Jun 29 03:06:46 h3ulcb systemd-udevd[363]: ttySC2: Failed to get watch handle, ignoring: No such file or directory
Jun 29 03:06:46 h3ulcb systemd-udevd[331]: dma1chan15: Device is queued (SEQNUM=4294, ACTION=add)
Jun 29 03:06:46 h3ulcb systemd-udevd[360]: e7300000.dma-controller: No entry found from hwdb.
Jun 29 03:06:46 h3ulcb systemd-udevd[359]: video3: /run/udev/links/v4l\x2fby-path\x2fplatform-e6ef3000.video-video-index0 is modified, but its timestamp is not changed, updating timestamp after 10ms.
Jun 29 03:06:46 h3ulcb systemd-udevd[339]: video2: Device processed (SEQNUM=4273, ACTION=add)
Jun 29 03:06:46 h3ulcb systemd-udevd[336]: Successfully forked off '(spawn)' as PID 432.
Jun 29 03:06:46 h3ulcb systemd-udevd[331]: dma1chan15: SEQNUM=4294 blocked by SEQNUM=4286
Jun 29 03:06:46 h3ulcb systemd-udevd[360]: e7300000.dma-controller: /usr/lib/udev/rules.d/50-udev-default.rules:14 Failed to run builtin 'hwdb --subsystem=platform': No data available
Jun 29 03:06:46 h3ulcb systemd-udevd[360]: e7300000.dma-controller: /usr/lib/udev/rules.d/60-drm.rules:3 Importing properties from results of builtin command 'path_id'
Jun 29 03:06:46 h3ulcb systemd-udevd[363]: ttySC2: /usr/lib/udev/rules.d/50-udev-default.rules:26 GROUP 20
Jun 29 03:06:46 h3ulcb systemd-udevd[339]: video2: sd-device-monitor: Passed 524 byte to netlink monitor
Jun 29 03:06:46 h3ulcb systemd-udevd[331]: dma1chan2: Device is queued (SEQNUM=4295, ACTION=add)
Jun 29 03:06:46 h3ulcb systemd-udevd[360]: e7300000.dma-controller: /usr/lib/udev/rules.d/80-drivers.rules:5 RUN 'kmod load '$env{MODALIAS}''
Jun 29 03:06:46 h3ulcb systemd-udevd[331]: dma1chan2: SEQNUM=4295 blocked by SEQNUM=4286
Jun 29 03:06:46 h3ulcb systemd-udevd[363]: ttySC2: Setting permissions /dev/ttySC2, uid=0, gid=20, mode=0660
Jun 29 03:06:46 h3ulcb systemd-udevd[363]: ttySC2: Handling device node '/dev/ttySC2', devnum=c204:10
Jun 29 03:06:46 h3ulcb systemd-udevd[331]: dma1chan3: Device is queued (SEQNUM=4296, ACTION=add)
Jun 29 03:06:46 h3ulcb systemd-udevd[360]: e7300000.dma-controller: sd-device: Created db file '/run/udev/data/+platform:e7300000.dma-controller' for '/devices/platform/soc/e7300000.dma-controller'
Jun 29 03:06:46 h3ulcb systemd-udevd[331]: dma1chan3: SEQNUM=4296 blocked by SEQNUM=4286
Jun 29 03:06:46 h3ulcb systemd-udevd[363]: ttySC2: sd-device: Created db file '/run/udev/data/c204:10' for '/devices/platform/soc/e6f30000.serial/tty/ttySC2'
Jun 29 03:06:46 h3ulcb systemd-udevd[360]: e7300000.dma-controller: Running built-in command "kmod load 'of:Ndma-controllerT(null)Crenesas,dmac-r8a7795Crenesas,rcar-dmac'"
Jun 29 03:06:46 h3ulcb systemd-udevd[363]: ttySC2: Failed to get watch handle, ignoring: No such file or directory
Jun 29 03:06:46 h3ulcb systemd-udevd[375]: video5: 'v4l_id /dev/video5'(out) 'ID_V4L_VERSION=2'
Jun 29 03:06:46 h3ulcb systemd-udevd[360]: Loading module: of:Ndma-controllerT(null)Crenesas,dmac-r8a7795Crenesas,rcar-dmac
Jun 29 03:06:46 h3ulcb systemd-udevd[331]: dma1chan4: Device is queued (SEQNUM=4297, ACTION=add)
Jun 29 03:06:46 h3ulcb systemd-udevd[363]: ttySC2: Device processed (SEQNUM=4285, ACTION=add)
Jun 29 03:06:46 h3ulcb systemd-udevd[375]: video5: 'v4l_id /dev/video5'(out) 'ID_V4L_PRODUCT=R_Car_VIN'
Jun 29 03:06:46 h3ulcb systemd-udevd[331]: dma1chan4: SEQNUM=4297 blocked by SEQNUM=4286
Jun 29 03:06:46 h3ulcb systemd-udevd[363]: ttySC2: sd-device-monitor: Passed 250 byte to netlink monitor
Jun 29 03:06:46 h3ulcb systemd-udevd[375]: video5: 'v4l_id /dev/video5'(out) 'ID_V4L_CAPABILITIES=:capture:'
Jun 29 03:06:46 h3ulcb systemd-udevd[331]: dma1chan5: Device is queued (SEQNUM=4298, ACTION=add)
Jun 29 03:06:46 h3ulcb systemd-udevd[375]: video5: Process 'v4l_id /dev/video5' succeeded.
Jun 29 03:06:46 h3ulcb systemd-udevd[331]: dma1chan5: SEQNUM=4298 blocked by SEQNUM=4286
Jun 29 03:06:46 h3ulcb systemd-udevd[331]: dma1chan6: Device is queued (SEQNUM=4299, ACTION=add)
Jun 29 03:06:46 h3ulcb systemd-udevd[331]: dma1chan6: SEQNUM=4299 blocked by SEQNUM=4286
Jun 29 03:06:46 h3ulcb systemd-udevd[331]: dma1chan7: Device is queued (SEQNUM=4300, ACTION=add)
Jun 29 03:06:46 h3ulcb systemd-udevd[331]: dma1chan7: SEQNUM=4300 blocked by SEQNUM=4286
Jun 29 03:06:46 h3ulcb systemd-udevd[375]: video5: /usr/lib/udev/rules.d/60-persistent-v4l.rules:16 Importing properties from results of builtin command 'path_id'
Jun 29 03:06:46 h3ulcb systemd-udevd[375]: video5: /usr/lib/udev/rules.d/60-persistent-v4l.rules:17 LINK 'v4l/by-path/platform-e6ef5000.video-video-index0'
Jun 29 03:06:46 h3ulcb systemd-udevd[331]: dma1chan8: Device is queued (SEQNUM=4301, ACTION=add)
Jun 29 03:06:46 h3ulcb systemd-udevd[375]: video5: /usr/lib/udev/rules.d/70-camera.rules:7 Importing properties from results of builtin command 'hwdb 'camera:usb:vp:name:VIN5 output:''
Jun 29 03:06:46 h3ulcb systemd-udevd[331]: dma1chan8: SEQNUM=4301 blocked by SEQNUM=4286
Jun 29 03:06:46 h3ulcb systemd-udevd[375]: video5: No entry found from hwdb.
Jun 29 03:06:46 h3ulcb systemd-udevd[375]: video5: /usr/lib/udev/rules.d/70-camera.rules:7 Failed to run builtin 'hwdb 'camera:usb:vp:name:VIN5 output:'': No data available
Jun 29 03:06:46 h3ulcb systemd-udevd[337]: video1: sd-device: Created db file '/run/udev/data/c81:7' for '/devices/platform/soc/e6ef1000.video/video4linux/video1'
Jun 29 03:06:46 h3ulcb systemd-udevd[331]: dma1chan9: Device is queued (SEQNUM=4302, ACTION=add)
Jun 29 03:06:46 h3ulcb systemd[1]: dev-ttySC2.device: Changed dead -> plugged
Jun 29 03:06:46 h3ulcb systemd-udevd[337]: video1: Running built-in command "uaccess"
Jun 29 03:06:46 h3ulcb systemd-udevd[331]: dma1chan9: SEQNUM=4302 blocked by SEQNUM=4286
Jun 29 03:06:46 h3ulcb systemd-udevd[375]: video5: /usr/lib/udev/rules.d/73-seat-late.rules:16 RUN 'uaccess'
Jun 29 03:06:46 h3ulcb systemd[1]: sys-devices-platform-soc-e6f30000.serial-tty-ttySC2.device: Changed dead -> plugged
Jun 29 03:06:46 h3ulcb systemd-udevd[331]: e7310000.dma-controller: Device is queued (SEQNUM=4303, ACTION=add)
Jun 29 03:06:46 h3ulcb systemd-udevd[360]: Module 'uio_pdrv_genirq' is already loaded
Jun 29 03:06:46 h3ulcb systemd-udevd[337]: video1: Failed to apply ACL: Operation not supported
Jun 29 03:06:46 h3ulcb systemd-udevd[331]: e7310000.dma-controller: Device ready for processing (SEQNUM=4303, ACTION=add)
Jun 29 03:06:46 h3ulcb systemd-udevd[375]: video5: Setting permissions /dev/video5, uid=0, gid=44, mode=0660
Jun 29 03:06:46 h3ulcb systemd-udevd[360]: Module 'uio_pdrv_genirq' is already loaded
Jun 29 03:06:46 h3ulcb systemd-udevd[337]: video1: Failed to run built-in command "uaccess", ignoring: Operation not supported
Jun 29 03:06:46 h3ulcb systemd-udevd[331]: e7310000.dma-controller: sd-device-monitor: Passed 419 byte to netlink monitor
Jun 29 03:06:46 h3ulcb systemd-udevd[339]: e7310000.dma-controller: Processing device (SEQNUM=4303, ACTION=add)
Jun 29 03:06:46 h3ulcb systemd-udevd[375]: video5: Handling device node '/dev/video5', devnum=c81:11
Jun 29 03:06:46 h3ulcb systemd-udevd[360]: e7300000.dma-controller: Device processed (SEQNUM=4286, ACTION=add)
Jun 29 03:06:46 h3ulcb systemd-udevd[360]: e7300000.dma-controller: sd-device-monitor: Passed 505 byte to netlink monitor
Jun 29 03:06:46 h3ulcb systemd-udevd[331]: dma2chan0: Device is queued (SEQNUM=4304, ACTION=add)
Jun 29 03:06:46 h3ulcb systemd-udevd[375]: video5: /run/udev/links/v4l\x2fby-path\x2fplatform-e6ef5000.video-video-index0 is modified, but its timestamp is not changed, updating timestamp after 10ms.
Jun 29 03:06:46 h3ulcb systemd-udevd[339]: e7310000.dma-controller: /usr/lib/udev/rules.d/50-udev-default.rules:14 Importing properties from results of builtin command 'hwdb --subsystem=platform'
Jun 29 03:06:46 h3ulcb systemd-udevd[337]: video1: Failed to get watch handle, ignoring: No such file or directory
Jun 29 03:06:46 h3ulcb systemd-udevd[331]: dma2chan0: SEQNUM=4304 blocked by SEQNUM=4303
Jun 29 03:06:46 h3ulcb systemd-udevd[338]: video4: sd-device: Created db file '/run/udev/data/c81:10' for '/devices/platform/soc/e6ef4000.video/video4linux/video4'
Jun 29 03:06:46 h3ulcb systemd-udevd[339]: e7310000.dma-controller: hwdb modalias key: "of:Ndma-controllerT(null)Crenesas,dmac-r8a7795Crenesas,rcar-dmac"
Jun 29 03:06:46 h3ulcb systemd-udevd[373]: video6: sd-device: Created db file '/run/udev/data/c81:12' for '/devices/platform/soc/e6ef6000.video/video4linux/video6'
Jun 29 03:06:46 h3ulcb systemd-udevd[337]: video1: Device processed (SEQNUM=4271, ACTION=add)
Jun 29 03:06:46 h3ulcb systemd-udevd[338]: video4: Running built-in command "uaccess"
Jun 29 03:06:46 h3ulcb systemd-udevd[331]: dma1chan0: Device ready for processing (SEQNUM=4287, ACTION=add)
Jun 29 03:06:46 h3ulcb systemd-udevd[373]: video6: Running built-in command "uaccess"
Jun 29 03:06:46 h3ulcb systemd-udevd[339]: e7310000.dma-controller: hwdb modalias key: "of:NsocT(null)Csimple-bus"
Jun 29 03:06:46 h3ulcb systemd-udevd[337]: video1: sd-device-monitor: Passed 524 byte to netlink monitor
Jun 29 03:06:46 h3ulcb systemd-udevd[338]: video4: Failed to apply ACL: Operation not supported
Jun 29 03:06:46 h3ulcb systemd-udevd[331]: dma1chan0: sd-device-monitor: Passed 184 byte to netlink monitor
Jun 29 03:06:46 h3ulcb systemd-udevd[363]: dma1chan0: Processing device (SEQNUM=4287, ACTION=add)
Jun 29 03:06:46 h3ulcb systemd-udevd[373]: video6: Failed to apply ACL: Operation not supported
Jun 29 03:06:46 h3ulcb systemd-udevd[339]: e7310000.dma-controller: No entry found from hwdb.
Jun 29 03:06:46 h3ulcb systemd-udevd[338]: video4: Failed to run built-in command "uaccess", ignoring: Operation not supported
Jun 29 03:06:46 h3ulcb systemd-udevd[331]: dma1chan1: Device ready for processing (SEQNUM=4288, ACTION=add)
Jun 29 03:06:46 h3ulcb systemd-udevd[359]: video3: sd-device: Created db file '/run/udev/data/c81:9' for '/devices/platform/soc/e6ef3000.video/video4linux/video3'
Jun 29 03:06:46 h3ulcb systemd-udevd[373]: video6: Failed to run built-in command "uaccess", ignoring: Operation not supported
Jun 29 03:06:46 h3ulcb systemd-udevd[339]: e7310000.dma-controller: /usr/lib/udev/rules.d/50-udev-default.rules:14 Failed to run builtin 'hwdb --subsystem=platform': No data available
Jun 29 03:06:46 h3ulcb systemd-udevd[338]: video4: Failed to get watch handle, ignoring: No such file or directory
Jun 29 03:06:46 h3ulcb systemd-udevd[331]: dma1chan1: sd-device-monitor: Passed 184 byte to netlink monitor
Jun 29 03:06:46 h3ulcb systemd-udevd[362]: dma1chan1: Processing device (SEQNUM=4288, ACTION=add)
Jun 29 03:06:46 h3ulcb systemd-udevd[359]: video3: Running built-in command "uaccess"
Jun 29 03:06:46 h3ulcb systemd-udevd[359]: video3: Failed to apply ACL: Operation not supported
Jun 29 03:06:46 h3ulcb systemd-udevd[339]: e7310000.dma-controller: /usr/lib/udev/rules.d/60-drm.rules:3 Importing properties from results of builtin command 'path_id'
Jun 29 03:06:46 h3ulcb systemd-udevd[363]: dma1chan0: Device processed (SEQNUM=4287, ACTION=add)
Jun 29 03:06:46 h3ulcb systemd-udevd[338]: video4: Device processed (SEQNUM=4277, ACTION=add)
Jun 29 03:06:46 h3ulcb systemd-udevd[331]: dma1chan10: Device ready for processing (SEQNUM=4289, ACTION=add)
Jun 29 03:06:46 h3ulcb systemd-udevd[373]: video6: Failed to get watch handle, ignoring: No such file or directory
Jun 29 03:06:46 h3ulcb systemd-udevd[359]: video3: Failed to run built-in command "uaccess", ignoring: Operation not supported
Jun 29 03:06:46 h3ulcb systemd-udevd[339]: e7310000.dma-controller: /usr/lib/udev/rules.d/80-drivers.rules:5 RUN 'kmod load '$env{MODALIAS}''
Jun 29 03:06:46 h3ulcb systemd-udevd[363]: dma1chan0: sd-device-monitor: Passed 184 byte to netlink monitor
Jun 29 03:06:46 h3ulcb systemd-udevd[336]: video7: 'v4l_id /dev/video7'(out) 'ID_V4L_VERSION=2'
Jun 29 03:06:46 h3ulcb systemd-udevd[338]: video4: sd-device-monitor: Passed 525 byte to netlink monitor
Jun 29 03:06:46 h3ulcb systemd-udevd[331]: dma1chan10: sd-device-monitor: Passed 185 byte to netlink monitor
Jun 29 03:06:46 h3ulcb systemd-udevd[373]: video6: Device processed (SEQNUM=4281, ACTION=add)
Jun 29 03:06:46 h3ulcb systemd-udevd[360]: dma1chan10: Processing device (SEQNUM=4289, ACTION=add)
Jun 29 03:06:46 h3ulcb systemd-udevd[362]: dma1chan1: Device processed (SEQNUM=4288, ACTION=add)
Jun 29 03:06:46 h3ulcb systemd-udevd[359]: video3: Failed to get watch handle, ignoring: No such file or directory
Jun 29 03:06:46 h3ulcb systemd-udevd[336]: video7: 'v4l_id /dev/video7'(out) 'ID_V4L_PRODUCT=R_Car_VIN'
Jun 29 03:06:46 h3ulcb systemd-udevd[339]: e7310000.dma-controller: sd-device: Created db file '/run/udev/data/+platform:e7310000.dma-controller' for '/devices/platform/soc/e7310000.dma-controller'
Jun 29 03:06:46 h3ulcb systemd-udevd[331]: dma1chan11: Device ready for processing (SEQNUM=4290, ACTION=add)
Jun 29 03:06:46 h3ulcb systemd-udevd[373]: video6: sd-device-monitor: Passed 525 byte to netlink monitor
Jun 29 03:06:46 h3ulcb systemd-udevd[362]: dma1chan1: sd-device-monitor: Passed 184 byte to netlink monitor
Jun 29 03:06:46 h3ulcb systemd-udevd[359]: video3: Device processed (SEQNUM=4275, ACTION=add)
Jun 29 03:06:46 h3ulcb systemd-udevd[359]: video3: sd-device-monitor: Passed 524 byte to netlink monitor
Jun 29 03:06:46 h3ulcb systemd-udevd[339]: e7310000.dma-controller: Running built-in command "kmod load 'of:Ndma-controllerT(null)Crenesas,dmac-r8a7795Crenesas,rcar-dmac'"
Jun 29 03:06:46 h3ulcb systemd-udevd[331]: dma1chan11: sd-device-monitor: Passed 185 byte to netlink monitor
Jun 29 03:06:46 h3ulcb systemd-udevd[340]: dma1chan11: Processing device (SEQNUM=4290, ACTION=add)
Jun 29 03:06:46 h3ulcb kernel: Bluetooth: HCI UART protocol LL registered
Jun 29 03:06:46 h3ulcb kernel: Bluetooth: HCI UART protocol Broadcom registered
Jun 29 03:06:46 h3ulcb systemd-udevd[336]: video7: 'v4l_id /dev/video7'(out) 'ID_V4L_CAPABILITIES=:capture:'
Jun 29 03:06:46 h3ulcb systemd-udevd[339]: Loading module: of:Ndma-controllerT(null)Crenesas,dmac-r8a7795Crenesas,rcar-dmac
Jun 29 03:06:46 h3ulcb systemd-udevd[331]: dma1chan12: Device ready for processing (SEQNUM=4291, ACTION=add)
Jun 29 03:06:46 h3ulcb systemd-udevd[360]: dma1chan10: Device processed (SEQNUM=4289, ACTION=add)
Jun 29 03:06:46 h3ulcb systemd-udevd[336]: video7: Process 'v4l_id /dev/video7' succeeded.
Jun 29 03:06:46 h3ulcb systemd-udevd[331]: dma1chan12: sd-device-monitor: Passed 185 byte to netlink monitor
Jun 29 03:06:46 h3ulcb systemd-udevd[342]: Inserted module 'rcar_canfd'
Jun 29 03:06:46 h3ulcb systemd-udevd[360]: dma1chan10: sd-device-monitor: Passed 185 byte to netlink monitor
Jun 29 03:06:46 h3ulcb systemd-udevd[343]: dma1chan12: Processing device (SEQNUM=4291, ACTION=add)
Jun 29 03:06:46 h3ulcb systemd-udevd[331]: dma1chan13: Device ready for processing (SEQNUM=4292, ACTION=add)
Jun 29 03:06:46 h3ulcb systemd-udevd[342]: Module 'uio_pdrv_genirq' is already loaded
Jun 29 03:06:46 h3ulcb systemd-udevd[331]: dma1chan13: sd-device-monitor: Passed 185 byte to netlink monitor
Jun 29 03:06:46 h3ulcb systemd-udevd[342]: Module 'uio_pdrv_genirq' is already loaded
Jun 29 03:06:46 h3ulcb systemd-udevd[335]: dma1chan13: Processing device (SEQNUM=4292, ACTION=add)
Jun 29 03:06:46 h3ulcb systemd-udevd[331]: dma1chan14: Device ready for processing (SEQNUM=4293, ACTION=add)
Jun 29 03:06:46 h3ulcb systemd-udevd[336]: video7: /usr/lib/udev/rules.d/60-persistent-v4l.rules:16 Importing properties from results of builtin command 'path_id'
Jun 29 03:06:46 h3ulcb systemd-udevd[339]: Module 'uio_pdrv_genirq' is already loaded
Jun 29 03:06:46 h3ulcb systemd-udevd[342]: e66c0000.can: Device processed (SEQNUM=4223, ACTION=add)
Jun 29 03:06:46 h3ulcb systemd-udevd[340]: dma1chan11: Device processed (SEQNUM=4290, ACTION=add)
Jun 29 03:06:46 h3ulcb systemd-udevd[331]: dma1chan14: sd-device-monitor: Passed 185 byte to netlink monitor
Jun 29 03:06:46 h3ulcb systemd-udevd[341]: dma1chan14: Processing device (SEQNUM=4293, ACTION=add)
Jun 29 03:06:46 h3ulcb systemd-udevd[336]: video7: /usr/lib/udev/rules.d/60-persistent-v4l.rules:17 LINK 'v4l/by-path/platform-e6ef7000.video-video-index6'
Jun 29 03:06:46 h3ulcb systemd-udevd[339]: Module 'uio_pdrv_genirq' is already loaded
Jun 29 03:06:46 h3ulcb systemd-udevd[342]: e66c0000.can: sd-device-monitor: Passed 436 byte to netlink monitor
Jun 29 03:06:46 h3ulcb systemd-udevd[340]: dma1chan11: sd-device-monitor: Passed 185 byte to netlink monitor
Jun 29 03:06:46 h3ulcb systemd-udevd[331]: dma1chan15: Device ready for processing (SEQNUM=4294, ACTION=add)
Jun 29 03:06:46 h3ulcb systemd-udevd[375]: video5: sd-device: Created db file '/run/udev/data/c81:11' for '/devices/platform/soc/e6ef5000.video/video4linux/video5'
Jun 29 03:06:46 h3ulcb systemd-udevd[344]: dma1chan15: Processing device (SEQNUM=4294, ACTION=add)
Jun 29 03:06:46 h3ulcb systemd-udevd[339]: e7310000.dma-controller: Device processed (SEQNUM=4303, ACTION=add)
Jun 29 03:06:46 h3ulcb systemd-udevd[336]: video7: /usr/lib/udev/rules.d/70-camera.rules:7 Importing properties from results of builtin command 'hwdb 'camera:usb:vp:name:VIN7 output:''
Jun 29 03:06:46 h3ulcb systemd-udevd[336]: video7: No entry found from hwdb.
Jun 29 03:06:46 h3ulcb systemd-udevd[335]: dma1chan13: Device processed (SEQNUM=4292, ACTION=add)
Jun 29 03:06:46 h3ulcb systemd-udevd[375]: video5: Running built-in command "uaccess"
Jun 29 03:06:46 h3ulcb systemd-udevd[343]: dma1chan12: Device processed (SEQNUM=4291, ACTION=add)
Jun 29 03:06:46 h3ulcb systemd-udevd[339]: e7310000.dma-controller: sd-device-monitor: Passed 505 byte to netlink monitor
Jun 29 03:06:46 h3ulcb systemd-udevd[331]: dma1chan15: sd-device-monitor: Passed 185 byte to netlink monitor
Jun 29 03:06:46 h3ulcb systemd-udevd[336]: video7: /usr/lib/udev/rules.d/70-camera.rules:7 Failed to run builtin 'hwdb 'camera:usb:vp:name:VIN7 output:'': No data available
Jun 29 03:06:46 h3ulcb systemd-udevd[335]: dma1chan13: sd-device-monitor: Passed 185 byte to netlink monitor
Jun 29 03:06:46 h3ulcb systemd-udevd[375]: video5: Failed to apply ACL: Operation not supported
Jun 29 03:06:46 h3ulcb systemd-udevd[343]: dma1chan12: sd-device-monitor: Passed 185 byte to netlink monitor
Jun 29 03:06:46 h3ulcb systemd-udevd[336]: video7: /usr/lib/udev/rules.d/73-seat-late.rules:16 RUN 'uaccess'
Jun 29 03:06:46 h3ulcb systemd-udevd[331]: dma1chan2: Device ready for processing (SEQNUM=4295, ACTION=add)
Jun 29 03:06:46 h3ulcb systemd-udevd[375]: video5: Failed to run built-in command "uaccess", ignoring: Operation not supported
Jun 29 03:06:46 h3ulcb systemd-udevd[341]: dma1chan14: Device processed (SEQNUM=4293, ACTION=add)
Jun 29 03:06:46 h3ulcb systemd-udevd[375]: video5: Failed to get watch handle, ignoring: No such file or directory
Jun 29 03:06:46 h3ulcb systemd-udevd[336]: video7: Setting permissions /dev/video7, uid=0, gid=44, mode=0660
Jun 29 03:06:46 h3ulcb systemd-udevd[341]: dma1chan14: sd-device-monitor: Passed 185 byte to netlink monitor
Jun 29 03:06:46 h3ulcb systemd-udevd[344]: dma1chan15: Device processed (SEQNUM=4294, ACTION=add)
Jun 29 03:06:46 h3ulcb systemd-udevd[375]: video5: Device processed (SEQNUM=4279, ACTION=add)
Jun 29 03:06:46 h3ulcb systemd-udevd[336]: video7: Handling device node '/dev/video7', devnum=c81:13
Jun 29 03:06:46 h3ulcb systemd-udevd[331]: Successfully forked off 'n/a' as PID 433.
Jun 29 03:06:46 h3ulcb systemd-udevd[344]: dma1chan15: sd-device-monitor: Passed 185 byte to netlink monitor
Jun 29 03:06:46 h3ulcb systemd-udevd[375]: video5: sd-device-monitor: Passed 525 byte to netlink monitor
Jun 29 03:06:46 h3ulcb kernel: Bluetooth: HCI UART protocol QCA registered
Jun 29 03:06:46 h3ulcb systemd-udevd[336]: video7: /run/udev/links/v4l\x2fby-path\x2fplatform-e6ef7000.video-video-index6 is modified, but its timestamp is not changed, updating timestamp after 10ms.
Jun 29 03:06:46 h3ulcb systemd-udevd[331]: dma1chan2: Worker [433] is forked for processing SEQNUM=4295.
Jun 29 03:06:46 h3ulcb systemd-udevd[331]: dma1chan3: Device ready for processing (SEQNUM=4296, ACTION=add)
Jun 29 03:06:46 h3ulcb systemd-udevd[331]: Successfully forked off 'n/a' as PID 434.
Jun 29 03:06:46 h3ulcb systemd-udevd[331]: dma1chan3: Worker [434] is forked for processing SEQNUM=4296.
Jun 29 03:06:46 h3ulcb systemd-udevd[331]: dma1chan4: Device ready for processing (SEQNUM=4297, ACTION=add)
Jun 29 03:06:46 h3ulcb systemd-udevd[433]: dma1chan2: Processing device (SEQNUM=4295, ACTION=add)
Jun 29 03:06:46 h3ulcb systemd-udevd[331]: Successfully forked off 'n/a' as PID 435.
Jun 29 03:06:46 h3ulcb systemd-udevd[331]: dma1chan4: Worker [435] is forked for processing SEQNUM=4297.
Jun 29 03:06:46 h3ulcb systemd-udevd[331]: dma1chan5: Device ready for processing (SEQNUM=4298, ACTION=add)
Jun 29 03:06:46 h3ulcb systemd-udevd[331]: Successfully forked off 'n/a' as PID 436.
Jun 29 03:06:46 h3ulcb systemd-udevd[331]: dma1chan5: Worker [436] is forked for processing SEQNUM=4298.
Jun 29 03:06:46 h3ulcb systemd-udevd[331]: dma1chan6: Device ready for processing (SEQNUM=4299, ACTION=add)
Jun 29 03:06:46 h3ulcb systemd-udevd[435]: dma1chan4: Processing device (SEQNUM=4297, ACTION=add)
Jun 29 03:06:46 h3ulcb systemd-udevd[331]: Successfully forked off 'n/a' as PID 437.
Jun 29 03:06:46 h3ulcb systemd-udevd[331]: dma1chan6: Worker [437] is forked for processing SEQNUM=4299.
Jun 29 03:06:46 h3ulcb systemd-udevd[331]: dma1chan7: Device ready for processing (SEQNUM=4300, ACTION=add)
Jun 29 03:06:46 h3ulcb systemd-udevd[434]: dma1chan3: Processing device (SEQNUM=4296, ACTION=add)
Jun 29 03:06:46 h3ulcb systemd-udevd[433]: dma1chan2: Device processed (SEQNUM=4295, ACTION=add)
Jun 29 03:06:46 h3ulcb systemd-udevd[433]: dma1chan2: sd-device-monitor: Passed 184 byte to netlink monitor
Jun 29 03:06:46 h3ulcb systemd-udevd[331]: Successfully forked off 'n/a' as PID 438.
Jun 29 03:06:46 h3ulcb systemd-udevd[436]: dma1chan5: Processing device (SEQNUM=4298, ACTION=add)
Jun 29 03:06:46 h3ulcb systemd-udevd[331]: dma1chan7: Worker [438] is forked for processing SEQNUM=4300.
Jun 29 03:06:46 h3ulcb systemd-udevd[331]: dma1chan8: Device ready for processing (SEQNUM=4301, ACTION=add)
Jun 29 03:06:46 h3ulcb systemd-udevd[437]: dma1chan6: Processing device (SEQNUM=4299, ACTION=add)
Jun 29 03:06:46 h3ulcb systemd-udevd[331]: Successfully forked off 'n/a' as PID 439.
Jun 29 03:06:46 h3ulcb systemd-udevd[435]: dma1chan4: Device processed (SEQNUM=4297, ACTION=add)
Jun 29 03:06:46 h3ulcb systemd-udevd[435]: dma1chan4: sd-device-monitor: Passed 184 byte to netlink monitor
Jun 29 03:06:46 h3ulcb systemd-udevd[331]: dma1chan8: Worker [439] is forked for processing SEQNUM=4301.
Jun 29 03:06:46 h3ulcb systemd-udevd[331]: dma1chan9: Device ready for processing (SEQNUM=4302, ACTION=add)
Jun 29 03:06:46 h3ulcb systemd-udevd[434]: dma1chan3: Device processed (SEQNUM=4296, ACTION=add)
Jun 29 03:06:46 h3ulcb systemd-udevd[434]: dma1chan3: sd-device-monitor: Passed 184 byte to netlink monitor
Jun 29 03:06:46 h3ulcb systemd-udevd[331]: Successfully forked off 'n/a' as PID 440.
Jun 29 03:06:46 h3ulcb systemd-udevd[436]: dma1chan5: Device processed (SEQNUM=4298, ACTION=add)
Jun 29 03:06:46 h3ulcb systemd-udevd[436]: dma1chan5: sd-device-monitor: Passed 184 byte to netlink monitor
Jun 29 03:06:46 h3ulcb systemd-udevd[331]: dma1chan9: Worker [440] is forked for processing SEQNUM=4302.
Jun 29 03:06:46 h3ulcb systemd-udevd[331]: dma2chan1: Device is queued (SEQNUM=4305, ACTION=add)
Jun 29 03:06:46 h3ulcb systemd-udevd[331]: dma2chan1: SEQNUM=4305 blocked by SEQNUM=4303
Jun 29 03:06:46 h3ulcb systemd-udevd[437]: dma1chan6: Device processed (SEQNUM=4299, ACTION=add)
Jun 29 03:06:46 h3ulcb systemd-udevd[437]: dma1chan6: sd-device-monitor: Passed 184 byte to netlink monitor
Jun 29 03:06:46 h3ulcb systemd-udevd[438]: dma1chan7: Processing device (SEQNUM=4300, ACTION=add)
Jun 29 03:06:46 h3ulcb systemd-udevd[331]: dma2chan0: Device ready for processing (SEQNUM=4304, ACTION=add)
Jun 29 03:06:46 h3ulcb systemd-udevd[331]: dma2chan0: sd-device-monitor: Passed 184 byte to netlink monitor
Jun 29 03:06:46 h3ulcb systemd-udevd[331]: dma2chan1: Device ready for processing (SEQNUM=4305, ACTION=add)
Jun 29 03:06:46 h3ulcb systemd-udevd[331]: dma2chan1: sd-device-monitor: Passed 184 byte to netlink monitor
Jun 29 03:06:46 h3ulcb systemd-udevd[435]: dma2chan0: Processing device (SEQNUM=4304, ACTION=add)
Jun 29 03:06:46 h3ulcb systemd-udevd[336]: video7: sd-device: Created db file '/run/udev/data/c81:13' for '/devices/platform/soc/e6ef7000.video/video4linux/video7'
Jun 29 03:06:46 h3ulcb systemd-udevd[331]: dma2chan10: Device is queued (SEQNUM=4306, ACTION=add)
Jun 29 03:06:46 h3ulcb systemd-udevd[336]: video7: Running built-in command "uaccess"
Jun 29 03:06:46 h3ulcb systemd-udevd[331]: dma2chan10: Device ready for processing (SEQNUM=4306, ACTION=add)
Jun 29 03:06:46 h3ulcb systemd-udevd[331]: dma2chan10: sd-device-monitor: Passed 185 byte to netlink monitor
Jun 29 03:06:46 h3ulcb systemd-udevd[336]: video7: Failed to apply ACL: Operation not supported
Jun 29 03:06:46 h3ulcb systemd-udevd[336]: video7: Failed to run built-in command "uaccess", ignoring: Operation not supported
Jun 29 03:06:46 h3ulcb systemd-udevd[336]: video7: Failed to get watch handle, ignoring: No such file or directory
Jun 29 03:06:46 h3ulcb systemd-udevd[336]: video7: Device processed (SEQNUM=4283, ACTION=add)
Jun 29 03:06:46 h3ulcb systemd-udevd[331]: dma2chan11: Device is queued (SEQNUM=4307, ACTION=add)
Jun 29 03:06:46 h3ulcb systemd-udevd[336]: video7: sd-device-monitor: Passed 525 byte to netlink monitor
Jun 29 03:06:46 h3ulcb systemd-udevd[331]: dma2chan11: Device ready for processing (SEQNUM=4307, ACTION=add)
Jun 29 03:06:46 h3ulcb systemd-udevd[331]: dma2chan11: sd-device-monitor: Passed 185 byte to netlink monitor
Jun 29 03:06:46 h3ulcb systemd-udevd[433]: dma2chan1: Processing device (SEQNUM=4305, ACTION=add)
Jun 29 03:06:46 h3ulcb systemd-udevd[331]: dma2chan12: Device is queued (SEQNUM=4308, ACTION=add)
Jun 29 03:06:46 h3ulcb systemd-udevd[331]: dma2chan12: Device ready for processing (SEQNUM=4308, ACTION=add)
Jun 29 03:06:46 h3ulcb systemd-udevd[331]: dma2chan12: sd-device-monitor: Passed 185 byte to netlink monitor
Jun 29 03:06:46 h3ulcb systemd-udevd[336]: dma2chan12: Processing device (SEQNUM=4308, ACTION=add)
Jun 29 03:06:46 h3ulcb systemd-udevd[331]: dma2chan13: Device is queued (SEQNUM=4309, ACTION=add)
Jun 29 03:06:46 h3ulcb systemd-udevd[331]: dma2chan13: Device ready for processing (SEQNUM=4309, ACTION=add)
Jun 29 03:06:46 h3ulcb systemd-udevd[331]: dma2chan13: sd-device-monitor: Passed 185 byte to netlink monitor
Jun 29 03:06:46 h3ulcb systemd-udevd[331]: dma2chan14: Device is queued (SEQNUM=4310, ACTION=add)
Jun 29 03:06:46 h3ulcb systemd-udevd[341]: dma2chan13: Processing device (SEQNUM=4309, ACTION=add)
Jun 29 03:06:46 h3ulcb systemd-udevd[435]: dma2chan0: Device processed (SEQNUM=4304, ACTION=add)
Jun 29 03:06:46 h3ulcb systemd-udevd[435]: dma2chan0: sd-device-monitor: Passed 184 byte to netlink monitor
Jun 29 03:06:46 h3ulcb systemd-udevd[336]: dma2chan12: Device processed (SEQNUM=4308, ACTION=add)
Jun 29 03:06:46 h3ulcb systemd-udevd[336]: dma2chan12: sd-device-monitor: Passed 185 byte to netlink monitor
Jun 29 03:06:46 h3ulcb systemd-udevd[335]: dma2chan11: Processing device (SEQNUM=4307, ACTION=add)
Jun 29 03:06:46 h3ulcb systemd-udevd[433]: dma2chan1: Device processed (SEQNUM=4305, ACTION=add)
Jun 29 03:06:46 h3ulcb systemd-udevd[433]: dma2chan1: sd-device-monitor: Passed 184 byte to netlink monitor
Jun 29 03:06:46 h3ulcb systemd-udevd[341]: dma2chan13: Device processed (SEQNUM=4309, ACTION=add)
Jun 29 03:06:46 h3ulcb systemd-udevd[341]: dma2chan13: sd-device-monitor: Passed 185 byte to netlink monitor
Jun 29 03:06:46 h3ulcb systemd-udevd[439]: dma1chan8: Processing device (SEQNUM=4301, ACTION=add)
